Back
From: metabase:user:314402c4-2aae-11df-837a-5e0a49663a4f
Subject: FAIL Text-EmacsColor-0.03 v5.25.4 GNU/Linux
Date: 2016-09-04T20:09:25Z
This distribution has been tested as part of the CPAN Testers
project, supporting the Perl programming language. See
http://wiki.cpantesters.org/ for more information or email
questions to cpan-testers-discuss@perl.org
--
Dear Jonathan Rockway,
This is a computer-generated report for Text-EmacsColor-0.03
on perl 5.25.4, created by CPAN-Reporter-1.2018.
Thank you for uploading your work to CPAN. However, there was a problem
testing your distribution.
If you think this report is invalid, please consult the CPAN Testers Wiki
for suggestions on how to avoid getting FAIL reports for missing library
or binary dependencies, unsupported operating systems, and so on:
http://wiki.cpantesters.org/wiki/CPANAuthorNotes
Sections of this report:
* Tester comments
* Program output
* Prerequisites
* Environment and other context
------------------------------
TESTER COMMENTS
------------------------------
Additional comments from tester:
none provided
------------------------------
PROGRAM OUTPUT
------------------------------
Output from 'make test':
PERL_DL_NONLAZY=1 "/opt/perl-5.25.4/bin/perl5.25.4" "-MExtUtils::Command::MM" "-MTest::Harness" "-e" "undef *Test::Harness::Switches; test_harness(0, 'inc', 'blib/lib', 'blib/arch')" t/*.t
t/00-load.t .......... ok
# GNU Emacs 24.4.1
# Copyright (C) 2014 Free Software Foundation, Inc.
# GNU Emacs comes with ABSOLUTELY NO WARRANTY.
# You may redistribute copies of Emacs
# under the terms of the GNU General Public License.
# For more information about these matters, see the file named COPYING.
# Failed test at t/emacs-live.t line 18.
# ''
# doesn't match '(?^:<span class="builtin">:foo)'
# Failed test at t/emacs-live.t line 27.
# ''
# doesn't match '(?^:<span class="string">"Hello\\n")'
# Looks like you failed 2 tests of 5.
t/emacs-live.t .......
Dubious, test returned 2 (wstat 512, 0x200)
Failed 2/5 subtests
Devel::Hide hides CSS/Tiny.pm, XML/LibXML.pm
t/no-dependencies.t .. ok
t/result-css.t ....... skipped: need CSS::Tiny
t/result-parser.t .... ok
Test Summary Report
-------------------
t/emacs-live.t (Wstat: 512 Tests: 5 Failed: 2)
Failed tests: 3, 5
Non-zero exit status: 2
Files=5, Tests=15, 0 wallclock secs ( 0.02 usr 0.00 sys + 0.32 cusr 0.04 csys = 0.38 CPU)
Result: FAIL
Failed 1/5 test programs. 2/15 subtests failed.
Makefile:782: recipe for target 'test_dynamic' failed
make: *** [test_dynamic] Error 255
------------------------------
PREREQUISITES
------------------------------
Prerequisite modules loaded:
requires:
Module Need Have
------------------- ---- --------
Devel::Hide 0 0.0009
ExtUtils::MakeMaker 6.42 7.24
File::ShareDir 0 1.102
File::Temp 0 0.2304
Mouse 0 v2.4.5
namespace::clean 0 0.27
ok 0 1.302052
Path::Class 0 0.37
Test::More 0 1.302052
build_requires:
Module Need Have
------------------- ---- --------
ExtUtils::MakeMaker 0 7.24
configure_requires:
Module Need Have
------------------- ---- --------
ExtUtils::MakeMaker 6.42 7.24
------------------------------
ENVIRONMENT AND OTHER CONTEXT
------------------------------
Environment variables:
LANG = en_US.UTF-8
PATH = /usr/local/bin:/usr/bin:/bin:/usr/local/sbin:/usr/sbin:/sbin:/home/eserte/bin/linux-gnu:/home/eserte/bin/sh:/home/eserte/bin:/home/eserte/bin/pistachio-perl/bin:/usr/games:/home/eserte/devel:/home/eserte/src/srezic-misc/scripts
PERL5LIB = /home/eserte/.cpan/build/2016090421/namespace-clean-0.27-0/blib/arch:/home/eserte/.cpan/build/2016090421/namespace-clean-0.27-0/blib/lib:/home/eserte/.cpan/build/2016090421/Mouse-v2.4.5-0/blib/arch:/home/eserte/.cpan/build/2016090421/Mouse-v2.4.5-0/blib/lib:/home/eserte/.cpan/build/2016090421/Test-Output-1.03-0/blib/arch:/home/eserte/.cpan/build/2016090421/Test-Output-1.03-0/blib/lib:/home/eserte/.cpan/build/2016090421/Module-Build-XSUtil-0.16-0/blib/arch:/home/eserte/.cpan/build/2016090421/Module-Build-XSUtil-0.16-0/blib/lib:/home/eserte/.cpan/build/2016090421/Devel-CheckCompiler-0.06-0/blib/arch:/home/eserte/.cpan/build/2016090421/Devel-CheckCompiler-0.06-0/blib/lib:/home/eserte/.cpan/build/2016090421/Cwd-Guard-0.05-0/blib/arch:/home/eserte/.cpan/build/2016090421/Cwd-Guard-0.05-0/blib/lib
PERL5OPT =
PERL5_CPANPLUS_IS_RUNNING = 17542
PERL5_CPAN_IS_RUNNING = 17542
PERL5_CPAN_IS_RUNNING_IN_RECURSION = 17523,17542
PERLDOC = -MPod::Perldoc::ToTextOverstrike
PERL_BATCH = yes
PERL_CANARY_STABILITY_NOPROMPT = 1
PERL_CPAN_REPORTER_CONFIG = /var/tmp/cpansmoker-1000/2016090421/cpanreporter_000_config.ini
PERL_EXTUTILS_AUTOINSTALL = --defaultdeps
PERL_USE_UNSAFE_INC = 1
SHELL = /bin/zsh
STDPERL = perl
TERM = xterm
TMPDIR = /var/tmp/cpansmoker-1000/2016090421
Perl special variables (and OS-specific diagnostics, for MSWin32):
$^X = /opt/perl-5.25.4/bin/perl5.25.4
$UID/$EUID = 1000 / 1000
$GID = 1000 24 25 27 29 30 44 46 108 111 115 1000 1024
$EGID = 1000 24 25 27 29 30 44 46 108 111 115 1000 1024
Perl module toolchain versions installed:
Module Have
------------------- ----------
CPAN 2.14_01
CPAN::Meta 2.150010
Cwd 3.65
ExtUtils::CBuilder 0.280225
ExtUtils::Command 7.24
ExtUtils::Install 2.04
ExtUtils::MakeMaker 7.24
ExtUtils::Manifest 1.70
ExtUtils::ParseXS 3.33
File::Spec 3.65
JSON 2.90
JSON::PP 2.27400_01
Module::Build 0.4220
Module::Signature n/a
Parse::CPAN::Meta 2.150010
Test::Harness 3.36_01
Test::More 1.302052
YAML 1.18
YAML::Syck 1.29
version 0.9917
--
Summary of my perl5 (revision 5 version 25 subversion 4) configuration:
Platform:
osname=linux
osvers=3.16.0-4-amd64
archname=x86_64-linux
uname='linux cabulja 3.16.0-4-amd64 #1 smp debian 3.16.7-ckt25-2+deb8u3 (2016-07-02) x86_64 gnulinux '
config_args='-ds -e -Dprefix=/opt/perl-5.25.4 -Dusedevel -Dusemallocwrap=no -Dcf_email=srezic@cpan.org'
hint=recommended
useposix=true
d_sigaction=define
useithreads=undef
usemultiplicity=undef
use64bitint=define
use64bitall=define
uselongdouble=undef
usemymalloc=n
bincompat5005=undef
Compiler:
cc='cc'
ccflags ='-fwrapv -fno-strict-aliasing -pipe -fstack-protector-strong -I/usr/local/include -D_LARGEFILE_SOURCE -D_FILE_OFFSET_BITS=64 -D_FORTIFY_SOURCE=2'
optimize='-O2'
cppflags='-fwrapv -fno-strict-aliasing -pipe -fstack-protector-strong -I/usr/local/include'
ccversion=''
gccversion='4.9.2'
gccosandvers=''
intsize=4
longsize=8
ptrsize=8
doublesize=8
byteorder=12345678
doublekind=3
d_longlong=define
longlongsize=8
d_longdbl=define
longdblsize=16
longdblkind=3
ivtype='long'
ivsize=8
nvtype='double'
nvsize=8
Off_t='off_t'
lseeksize=8
alignbytes=8
prototype=define
Linker and Libraries:
ld='cc'
ldflags =' -fstack-protector-strong -L/usr/local/lib'
libpth=/usr/local/lib /usr/lib/gcc/x86_64-linux-gnu/4.9/include-fixed /usr/include/x86_64-linux-gnu /usr/lib /lib/x86_64-linux-gnu /lib/../lib /usr/lib/x86_64-linux-gnu /usr/lib/../lib /lib
libs=-lpthread -lnsl -lgdbm -ldb -ldl -lm -lcrypt -lutil -lc -lgdbm_compat
perllibs=-lpthread -lnsl -ldl -lm -lcrypt -lutil -lc
libc=libc-2.19.so
so=so
useshrplib=false
libperl=libperl.a
gnulibc_version='2.19'
Dynamic Linking:
dlsrc=dl_dlopen.xs
dlext=so
d_dlsymun=undef
ccdlflags='-Wl,-E'
cccdlflags='-fPIC'
lddlflags='-shared -O2 -L/usr/local/lib -fstack-protector-strong'
Characteristics of this binary (from libperl):
Compile-time options:
HAS_TIMES
PERLIO_LAYERS
PERL_COPY_ON_WRITE
PERL_DONT_CREATE_GVSV
PERL_HASH_FUNC_ONE_AT_A_TIME_HARD
PERL_OP_PARENT
PERL_PRESERVE_IVUV
PERL_USE_DEVEL
USE_64_BIT_ALL
USE_64_BIT_INT
USE_LARGE_FILES
USE_LOCALE
USE_LOCALE_COLLATE
USE_LOCALE_CTYPE
USE_LOCALE_NUMERIC
USE_LOCALE_TIME
USE_PERLIO
USE_PERL_ATOF
Built under linux
Compiled at Aug 21 2016 14:41:29
%ENV:
PERL5LIB="/home/eserte/.cpan/build/2016090421/namespace-clean-0.27-0/blib/arch:/home/eserte/.cpan/build/2016090421/namespace-clean-0.27-0/blib/lib:/home/eserte/.cpan/build/2016090421/Mouse-v2.4.5-0/blib/arch:/home/eserte/.cpan/build/2016090421/Mouse-v2.4.5-0/blib/lib:/home/eserte/.cpan/build/2016090421/Test-Output-1.03-0/blib/arch:/home/eserte/.cpan/build/2016090421/Test-Output-1.03-0/blib/lib:/home/eserte/.cpan/build/2016090421/Module-Build-XSUtil-0.16-0/blib/arch:/home/eserte/.cpan/build/2016090421/Module-Build-XSUtil-0.16-0/blib/lib:/home/eserte/.cpan/build/2016090421/Devel-CheckCompiler-0.06-0/blib/arch:/home/eserte/.cpan/build/2016090421/Devel-CheckCompiler-0.06-0/blib/lib:/home/eserte/.cpan/build/2016090421/Cwd-Guard-0.05-0/blib/arch:/home/eserte/.cpan/build/2016090421/Cwd-Guard-0.05-0/blib/lib"
PERL5OPT=""
PERL5_CPANPLUS_IS_RUNNING="17542"
PERL5_CPAN_IS_RUNNING="17542"
PERL5_CPAN_IS_RUNNING_IN_RECURSION="17523,17542"
PERLDOC="-MPod::Perldoc::ToTextOverstrike"
PERL_BATCH="yes"
PERL_CANARY_STABILITY_NOPROMPT="1"
PERL_CPAN_REPORTER_CONFIG="/var/tmp/cpansmoker-1000/2016090421/cpanreporter_000_config.ini"
PERL_EXTUTILS_AUTOINSTALL="--defaultdeps"
PERL_USE_UNSAFE_INC="1"
@INC:
/home/eserte/.cpan/build/2016090421/namespace-clean-0.27-0/blib/arch
/home/eserte/.cpan/build/2016090421/namespace-clean-0.27-0/blib/lib
/home/eserte/.cpan/build/2016090421/Mouse-v2.4.5-0/blib/arch
/home/eserte/.cpan/build/2016090421/Mouse-v2.4.5-0/blib/lib
/home/eserte/.cpan/build/2016090421/Test-Output-1.03-0/blib/arch
/home/eserte/.cpan/build/2016090421/Test-Output-1.03-0/blib/lib
/home/eserte/.cpan/build/2016090421/Module-Build-XSUtil-0.16-0/blib/arch
/home/eserte/.cpan/build/2016090421/Module-Build-XSUtil-0.16-0/blib/lib
/home/eserte/.cpan/build/2016090421/Devel-CheckCompiler-0.06-0/blib/arch
/home/eserte/.cpan/build/2016090421/Devel-CheckCompiler-0.06-0/blib/lib
/home/eserte/.cpan/build/2016090421/Cwd-Guard-0.05-0/blib/arch
/home/eserte/.cpan/build/2016090421/Cwd-Guard-0.05-0/blib/lib
/opt/perl-5.25.4/lib/site_perl/5.25.4/x86_64-linux
/opt/perl-5.25.4/lib/site_perl/5.25.4
/opt/perl-5.25.4/lib/5.25.4/x86_64-linux
/opt/perl-5.25.4/lib/5.25.4
.