Report for PerlIO-via-Rotate-0.06

Back
From: metabase:user:30f0bd62-2aae-11df-837a-5e0a49663a4f
Subject: FAIL PerlIO-via-Rotate-0.06 v5.13.6 GNU/Linux
Date: 2010-12-02T19:43:46Z

This distribution has been tested as part of the CPAN Testers
project, supporting the Perl programming language.  See
http://wiki.cpantesters.org/ for more information or email
questions to cpan-testers-discuss@perl.org


--
Dear Elizabeth Mattijsen,

This is a computer-generated report for PerlIO-via-Rotate-0.06
on perl 5.13.6, created by CPAN-Reporter-1.1805.

Thank you for uploading your work to CPAN.  However, there was a problem
testing your distribution.

If you think this report is invalid, please consult the CPAN Testers Wiki
for suggestions on how to avoid getting FAIL reports for missing library
or binary dependencies, unsupported operating systems, and so on:

http://wiki.cpantesters.org/wiki/CPANAuthorNotes

Sections of this report:

    * Tester comments
    * Program output
    * Prerequisites
    * Environment and other context

------------------------------
TESTER COMMENTS
------------------------------

Additional comments from tester:

this report is from an automated smoke testing program
and was not reviewed by a human for accuracy

------------------------------
PROGRAM OUTPUT
------------------------------

Output from '/usr/bin/make test':

PERL_DL_NONLAZY=1 /home/sts/cpansmoke/perl-5.13.6/bin/perl5.13.6 "-MExtUtils::Command::MM" "-e" "test_harness(0, 'blib/lib', 'blib/arch')" t/*.t
t/Rotate1.t .. ok

#   Failed test 'use PerlIO::via::Rotate;'
#   at t/Rotate2.t line 19.
#     Tried to use 'PerlIO::via::Rotate'.
#     Error:  PerlIO::via::Rotate version 13 required--this is only version 0.06 at (eval 4) line 2.
# BEGIN failed--compilation aborted at (eval 4) line 2.
Cannot find package 'PerlIO::via::rot13' at t/Rotate2.t line 47.

#   Failed test 'opening 'test.rot13' for writing'
#   at t/Rotate2.t line 47.
print() on closed filehandle $out at t/Rotate2.t line 52.

#   Failed test 'print to file'
#   at t/Rotate2.t line 52.

#   Failed test 'closing encoding handle'
#   at t/Rotate2.t line 53.

#   Failed test 'opening without layer'
#   at t/Rotate2.t line 59.
readline() on closed filehandle $test at t/Rotate2.t line 60.

#   Failed test 'check encoded content'
#   at t/Rotate2.t line 60.
#          got: undef
#     expected: 'Guvf vf n grfg sbe ebgngrq grkg gung unf uneqyl nal fcrpvny punenpgref va vg
# ohg juvpu vf abarguryrff na vaqvpngvba bs gur erny jbeyq.
# 
# Jvgu ybat yvarf naq cnentencuf naq nyy gung fbeg bs guvatf.
# 
# Naq fb ba naq fb ba.
# -- 
# Naq n fvtangher
# '

#   Failed test 'close test handle'
#   at t/Rotate2.t line 61.
Cannot find package 'rot13' at t/Rotate2.t line 67.

#   Failed test 'opening 'test.rot13' for reading'
#   at t/Rotate2.t line 67.
readline() on closed filehandle $in at t/Rotate2.t line 70.

#   Failed test 'check decoding'
#   at t/Rotate2.t line 70.
#          got: ''
#     expected: 'This is a test for rotated text that has hardly any special characters in it
# but which is nonetheless an indication of the real world.
# 
# With long lines and paragraphs and all that sort of things.
# 
# And so on and so on.
# -- 
# And a signature
# '

#   Failed test 'close decoding handle'
#   at t/Rotate2.t line 71.

#   Failed test 'remove test file 'test.rot13''
#   at t/Rotate2.t line 75.
# Looks like you failed 11 tests of 11.
t/Rotate2.t .. 
Dubious, test returned 11 (wstat 2816, 0xb00)
Failed 11/11 subtests 
t/Rotate3.t .. ok

#   Failed test 'use PerlIO::via::Rotate;'
#   at t/Rotate4.t line 19.
#     Tried to use 'PerlIO::via::Rotate'.
#     Error:  PerlIO::via::Rotate version 1 required--this is only version 0.06 at (eval 4) line 2.
# BEGIN failed--compilation aborted at (eval 4) line 2.
# Looks like you failed 1 test of 12.
t/Rotate4.t .. 
Dubious, test returned 1 (wstat 256, 0x100)
Failed 1/12 subtests 

Test Summary Report
-------------------
t/Rotate2.t (Wstat: 2816 Tests: 11 Failed: 11)
  Failed tests:  1-11
  Non-zero exit status: 11
t/Rotate4.t (Wstat: 256 Tests: 12 Failed: 1)
  Failed test:  1
  Non-zero exit status: 1
Files=4, Tests=45,  0 wallclock secs ( 0.03 usr  0.00 sys +  0.09 cusr  0.01 csys =  0.13 CPU)
Result: FAIL
Failed 2/4 test programs. 12/45 subtests failed.
make: *** [test_dynamic] Error 1

------------------------------
PREREQUISITES
------------------------------

Prerequisite modules loaded:

build_requires:

    Module              Need Have   
    ------------------- ---- -------
    ExtUtils::MakeMaker 0    6.57_05


------------------------------
ENVIRONMENT AND OTHER CONTEXT
------------------------------

Environment variables:

    AUTOMATED_TESTING = 1
    LANG = en_US.UTF-8
    PATH = /usr/local/bin:/usr/bin:/bin:/usr/games
    PERL5LIB = 
    PERL5OPT = 
    PERL5_CPANPLUS_IS_RUNNING = 6021
    PERL5_CPAN_IS_RUNNING = 6021
    PERL5_CPAN_IS_RUNNING_IN_RECURSION = 4479,6021
    PERL_CR_SMOKER_CURRENT = PerlIO-via-Rotate-0.06
    PERL_EXTUTILS_AUTOINSTALL = --defaultdeps
    PERL_MM_USE_DEFAULT = 1
    SHELL = /bin/bash
    TERM = screen

Perl special variables (and OS-specific diagnostics, for MSWin32):

    $^X = /home/sts/cpansmoke/perl-5.13.6/bin/perl5.13.6
    $UID/$EUID = 1000 / 1000
    $GID = 1000 1000
    $EGID = 1000 1000

Perl module toolchain versions installed:

    Module              Have   
    ------------------- -------
    CPAN                1.94_61
    Cwd                 3.34   
    ExtUtils::CBuilder  0.2703 
    ExtUtils::Command   1.16   
    ExtUtils::Install   1.55   
    ExtUtils::MakeMaker 6.57_05
    ExtUtils::Manifest  1.58   
    ExtUtils::ParseXS   2.2207 
    File::Spec          3.33   
    Module::Build       0.3607 
    Module::Signature   n/a    
    Test::Harness       3.22   
    Test::More          0.97_01
    YAML                n/a    
    YAML::Syck          1.15   
    version             0.82   


--

Summary of my perl5 (revision 5 version 13 subversion 6) configuration:
   
  Platform:
    osname=linux, osvers=2.6.26-2-openvz-686, archname=i686-linux-thread-multi
    uname='linux cpansmoke1 2.6.26-2-openvz-686 #1 smp thu sep 16 22:16:19 utc 2010 i686 gnulinux '
    config_args='-des -Dusedevel -Dusethreads -Dprefix=/home/sts/cpansmoke/perl-5.13.6'
    hint=recommended, useposix=true, d_sigaction=define
    useithreads=define, usemultiplicity=define
    useperlio=define, d_sfio=undef, uselargefiles=define, usesocks=undef
    use64bitint=undef, use64bitall=undef, uselongdouble=undef
    usemymalloc=n, bincompat5005=undef
  Compiler:
    cc='cc', ccflags ='-D_REENTRANT -D_GNU_SOURCE -fno-strict-aliasing -pipe -fstack-protector -I/usr/local/include -D_LARGEFILE_SOURCE -D_FILE_OFFSET_BITS=64',
    optimize='-O2',
    cppflags='-D_REENTRANT -D_GNU_SOURCE -fno-strict-aliasing -pipe -fstack-protector -I/usr/local/include'
    ccversion='', gccversion='4.3.2', gccosandvers=''
    intsize=4, longsize=4, ptrsize=4, doublesize=8, byteorder=1234
    d_longlong=define, longlongsize=8, d_longdbl=define, longdblsize=12
    ivtype='long', ivsize=4, nvtype='double', nvsize=8, Off_t='off_t', lseeksize=8
    alignbytes=4, prototype=define
  Linker and Libraries:
    ld='cc', ldflags =' -fstack-protector -L/usr/local/lib'
    libpth=/usr/local/lib /lib /usr/lib
    libs=-lnsl -ldb -ldl -lm -lcrypt -lutil -lpthread -lc
    perllibs=-lnsl -ldl -lm -lcrypt -lutil -lpthread -lc
    libc=/lib/libc-2.7.so, so=so, useshrplib=false, libperl=libperl.a
    gnulibc_version='2.7'
  Dynamic Linking:
    dlsrc=dl_dlopen.xs, dlext=so, d_dlsymun=undef, ccdlflags='-Wl,-E'
    cccdlflags='-fPIC', lddlflags='-shared -O2 -L/usr/local/lib -fstack-protector'


Characteristics of this binary (from libperl): 
  Compile-time options: MULTIPLICITY PERL_DONT_CREATE_GVSV
                        PERL_IMPLICIT_CONTEXT PERL_MALLOC_WRAP PERL_USE_DEVEL
                        USE_ITHREADS USE_LARGE_FILES USE_PERLIO USE_PERL_ATOF
                        USE_REENTRANT_API
  Built under linux
  Compiled at Nov 14 2010 14:22:30
  %ENV:
    PERL5LIB=""
    PERL5OPT=""
    PERL5_CPANPLUS_IS_RUNNING="6021"
    PERL5_CPAN_IS_RUNNING="6021"
    PERL5_CPAN_IS_RUNNING_IN_RECURSION="4479,6021"
    PERL_CR_SMOKER_CURRENT="PerlIO-via-Rotate-0.06"
    PERL_EXTUTILS_AUTOINSTALL="--defaultdeps"
    PERL_MM_USE_DEFAULT="1"
  @INC:
    /home/sts/cpansmoke/perl-5.13.6/lib/site_perl/5.13.6/i686-linux-thread-multi
    /home/sts/cpansmoke/perl-5.13.6/lib/site_perl/5.13.6
    /home/sts/cpansmoke/perl-5.13.6/lib/5.13.6/i686-linux-thread-multi
    /home/sts/cpansmoke/perl-5.13.6/lib/5.13.6
    .