Report for Runops-Recorder-0.09

Back
From: metabase:user:314402c4-2aae-11df-837a-5e0a49663a4f
Subject: FAIL Runops-Recorder-0.09 v5.22.0 FreeBSD
Date: 2016-08-31T06:45:17Z

This distribution has been tested as part of the CPAN Testers
project, supporting the Perl programming language.  See
http://wiki.cpantesters.org/ for more information or email
questions to cpan-testers-discuss@perl.org


--
Dear Claes Jakobsson,

This is a computer-generated report for Runops-Recorder-0.09
on perl 5.22.0, created by CPAN-Reporter-1.2017.

Thank you for uploading your work to CPAN.  However, there was a problem
testing your distribution.

If you think this report is invalid, please consult the CPAN Testers Wiki
for suggestions on how to avoid getting FAIL reports for missing library
or binary dependencies, unsupported operating systems, and so on:

http://wiki.cpantesters.org/wiki/CPANAuthorNotes

Sections of this report:

    * Tester comments
    * Program output
    * Prerequisites
    * Environment and other context

------------------------------
TESTER COMMENTS
------------------------------

Additional comments from tester:

none provided

------------------------------
PROGRAM OUTPUT
------------------------------

Output from '/usr/bin/make test':

"/usr/perl5.22.0p/bin/perl5.22.0" -MExtUtils::Command::MM -e 'cp_nonempty' -- Recorder.bs blib/arch/auto/Runops/Recorder/Recorder.bs 644
PERL_DL_NONLAZY=1 "/usr/perl5.22.0p/bin/perl5.22.0" "-MExtUtils::Command::MM" "-MTest::Harness" "-e" "undef *Test::Harness::Switches; test_harness(0, 'blib/lib', 'blib/arch')" t/*.t
t/01-runops.t .................... 
Failed 9/10 subtests 

#   Failed test 'Failed to generate test data'
#   at t/02-reader.t line 16.

#   Failed test at t/02-reader.t line 21.
#          got: undef
#     expected: '0'

#   Failed test at t/02-reader.t line 22.
#          got: undef
#     expected: ''
Use of uninitialized value $cmd in hash element at /home/cpansand/.cpan/build/2016083106/Runops-Recorder-0.09-HC7uG7/blib/lib/Runops/Recorder/Reader.pm line 129.
Can't use an undefined value as a subroutine reference at /home/cpansand/.cpan/build/2016083106/Runops-Recorder-0.09-HC7uG7/blib/lib/Runops/Recorder/Reader.pm line 129.
# Looks like your test exited with 255 just after 4.
t/02-reader.t .................... 
Dubious, test returned 255 (wstat 65280, 0xff00)
Failed 3/4 subtests 

#   Failed test 'Failed to generate test data'
#   at t/03-reader-handler-object.t line 18.

#   Failed test at t/03-reader-handler-object.t line 63.
#          got: undef
#     expected: '1'

#   Failed test at t/03-reader-handler-object.t line 64.
#          got: undef
#     expected: '5'

#   Failed test at t/03-reader-handler-object.t line 65.
#          got: undef
#     expected: 't/data/example.pl'

#   Failed test at t/03-reader-handler-object.t line 66.
#          got: '0'
#     expected: '3'

#   Failed test at t/03-reader-handler-object.t line 66.
#          got: undef
#     expected: '14'

#   Failed test at t/03-reader-handler-object.t line 68.
#          got: undef
#     expected: '3'

#   Failed test at t/03-reader-handler-object.t line 69.
#          got: undef
#     expected: 'strict::import'

#   Failed test at t/03-reader-handler-object.t line 70.
#          got: undef
#     expected: 'main::foo'

#   Failed test at t/03-reader-handler-object.t line 71.
#          got: '0'
#     expected: '3'

#   Failed test at t/03-reader-handler-object.t line 71.
#          got: undef
#     expected: '1'

#   Failed test at t/03-reader-handler-object.t line 73.

#   Failed test at t/03-reader-handler-object.t line 74.
# Looks like you failed 13 tests of 14.
t/03-reader-handler-object.t ..... 
Dubious, test returned 13 (wstat 3328, 0xd00)
Failed 13/14 subtests 

#   Failed test 'Failed to generate test data'
#   at t/04-reader-handler-callbacks.t line 18.

#   Failed test at t/04-reader-handler-callbacks.t line 39.
#          got: undef
#     expected: '1'

#   Failed test at t/04-reader-handler-callbacks.t line 40.
#          got: undef
#     expected: '2'

#   Failed test at t/04-reader-handler-callbacks.t line 41.
#          got: undef
#     expected: '5'

#   Failed test at t/04-reader-handler-callbacks.t line 42.
#          got: undef
#     expected: '3'

#   Failed test at t/04-reader-handler-callbacks.t line 43.
#          got: undef
#     expected: '14'

#   Failed test at t/04-reader-handler-callbacks.t line 44.
#          got: undef
#     expected: '1'
# Looks like you failed 7 tests of 8.
t/04-reader-handler-callbacks.t .. 
Dubious, test returned 7 (wstat 1792, 0x700)
Failed 7/8 subtests 
t/05-runops-nostore.t ............ 
Failed 1/2 subtests 
t/06-runops-die.t ................ 
Failed 1/2 subtests 
t/07-dump.t ...................... 
Failed 2/3 subtests 

Test Summary Report
-------------------
t/01-runops.t                  (Wstat: 11 Tests: 1 Failed: 0)
  Non-zero wait status: 11
  Parse errors: Bad plan.  You planned 10 tests but ran 1.
t/02-reader.t                  (Wstat: 65280 Tests: 4 Failed: 3)
  Failed tests:  2-4
  Non-zero exit status: 255
t/03-reader-handler-object.t   (Wstat: 3328 Tests: 14 Failed: 13)
  Failed tests:  2-14
  Non-zero exit status: 13
t/04-reader-handler-callbacks.t (Wstat: 1792 Tests: 8 Failed: 7)
  Failed tests:  2-8
  Non-zero exit status: 7
t/05-runops-nostore.t          (Wstat: 11 Tests: 1 Failed: 0)
  Non-zero wait status: 11
  Parse errors: Bad plan.  You planned 2 tests but ran 1.
t/06-runops-die.t              (Wstat: 11 Tests: 1 Failed: 0)
  Non-zero wait status: 11
  Parse errors: Bad plan.  You planned 2 tests but ran 1.
t/07-dump.t                    (Wstat: 11 Tests: 1 Failed: 0)
  Non-zero wait status: 11
  Parse errors: Bad plan.  You planned 3 tests but ran 1.
Files=7, Tests=30,  2 wallclock secs ( 0.02 usr  0.02 sys +  0.30 cusr  0.07 csys =  0.41 CPU)
Result: FAIL
Failed 7/7 test programs. 23/30 subtests failed.
*** Error code 255

Stop.
make: stopped in /home/cpansand/.cpan/build/2016083106/Runops-Recorder-0.09-HC7uG7

------------------------------
PREREQUISITES
------------------------------

Prerequisite modules loaded:

requires:

    Module              Need Have
    ------------------- ---- ----
    accessors::ro       0    1.01
    Term::ReadKey       0    2.33
    Term::Screen        0    1.05

build_requires:

    Module              Need Have
    ------------------- ---- ----
    ExtUtils::MakeMaker 0    7.24

configure_requires:

    Module              Need Have
    ------------------- ---- ----
    ExtUtils::MakeMaker 0    7.24


------------------------------
ENVIRONMENT AND OTHER CONTEXT
------------------------------

Environment variables:

    LC_ALL = de_DE.ISO8859-1
    PATH = /usr/local/bin:/usr/bin:/bin:/usr/local/sbin:/usr/sbin:/sbin:/home/cpansand/bin/freebsd10.1:/home/cpansand/bin/sh:/home/cpansand/bin:/usr/games:/home/cpansand/devel:/home/eserte/src/srezic-misc/scripts
    PERL5LIB = 
    PERL5OPT = 
    PERL5_CPANPLUS_IS_RUNNING = 31923
    PERL5_CPAN_IS_RUNNING = 31923
    PERL5_CPAN_IS_RUNNING_IN_RECURSION = 29560,31923
    PERLDOC = -MPod::Perldoc::ToTextOverstrike
    PERL_BATCH = yes
    PERL_CANARY_STABILITY_NOPROMPT = 1
    PERL_CPAN_REPORTER_CONFIG = /var/tmp/cpansmoker-1023/2016083106/cpanreporter_001_config.ini
    PERL_EXTUTILS_AUTOINSTALL = --defaultdeps
    SHELL = /usr/local/bin/zsh
    TERM = screen
    TMPDIR = /var/tmp/cpansmoker-1023/2016083106

Perl special variables (and OS-specific diagnostics, for MSWin32):

    $^X = /usr/perl5.22.0p/bin/perl5.22.0
    $UID/$EUID = 1023 / 1023
    $GID = 1023 1023
    $EGID = 1023 1023

Perl module toolchain versions installed:

    Module              Have    
    ------------------- --------
    CPAN                2.11    
    CPAN::Meta          2.150010
    Cwd                 3.60    
    ExtUtils::CBuilder  0.280224
    ExtUtils::Command   7.24    
    ExtUtils::Install   2.04    
    ExtUtils::MakeMaker 7.24    
    ExtUtils::Manifest  1.70    
    ExtUtils::ParseXS   3.28    
    File::Spec          3.60    
    JSON                2.90    
    JSON::PP            2.27300 
    Module::Build       0.4220  
    Module::Signature   0.79    
    Parse::CPAN::Meta   2.150010
    Test::Harness       3.35    
    Test::More          1.302052
    YAML                1.15    
    YAML::Syck          1.29    
    version             0.9917  


--

Summary of my perl5 (revision 5 version 22 subversion 0) configuration:
   
  Platform:
    osname=freebsd, osvers=10.1-release, archname=amd64-freebsd
    uname='freebsd cvrsnica-freebsd-101.herceg.de 10.1-release freebsd 10.1-release #0 r274401: tue nov 11 21:02:49 utc 2014 root@releng1.nyi.freebsd.org:usrobjusrsrcsysgeneric amd64 '
    config_args='-ds -e -Dprefix=/usr/perl5.22.0p -Dcf_email=srezic@cpan.org'
    hint=recommended, useposix=true, d_sigaction=define
    useithreads=undef, usemultiplicity=undef
    use64bitint=define, use64bitall=define, uselongdouble=undef
    usemymalloc=n, bincompat5005=undef
  Compiler:
    cc='cc', ccflags ='-DHAS_FPSETMASK -DHAS_FLOATINGPOINT_H -fno-strict-aliasing -pipe -fstack-protector -I/usr/local/include -D_FORTIFY_SOURCE=2',
    optimize='-O',
    cppflags='-DHAS_FPSETMASK -DHAS_FLOATINGPOINT_H -fno-strict-aliasing -pipe -fstack-protector -I/usr/local/include'
    ccversion='', gccversion='4.2.1 Compatible FreeBSD Clang 3.4.1 (tags/RELEASE_34/dot1-final 208032)', gccosandvers=''
    intsize=4, longsize=8, ptrsize=8, doublesize=8, byteorder=12345678, doublekind=3
    d_longlong=define, longlongsize=8, d_longdbl=define, longdblsize=16, longdblkind=3
    ivtype='long', ivsize=8, nvtype='double', nvsize=8, Off_t='off_t', lseeksize=8
    alignbytes=8, prototype=define
  Linker and Libraries:
    ld='cc', ldflags ='-pthread -Wl,-E  -fstack-protector -L/usr/local/lib'
    libpth=/usr/lib /usr/local/lib /usr/include/clang/3.4.1 /usr/lib
    libs=-lpthread -lgdbm -lm -lcrypt -lutil -lc
    perllibs=-lpthread -lm -lcrypt -lutil -lc
    libc=, so=so, useshrplib=false, libperl=libperl.a
    gnulibc_version=''
  Dynamic Linking:
    dlsrc=dl_dlopen.xs, dlext=so, d_dlsymun=undef, ccdlflags=' '
    cccdlflags='-DPIC -fPIC', lddlflags='-shared  -L/usr/local/lib -fstack-protector'


Characteristics of this binary (from libperl): 
  Compile-time options: HAS_TIMES PERLIO_LAYERS PERL_DONT_CREATE_GVSV
                        PERL_HASH_FUNC_ONE_AT_A_TIME_HARD PERL_MALLOC_WRAP
                        PERL_NEW_COPY_ON_WRITE PERL_PRESERVE_IVUV
                        USE_64_BIT_ALL USE_64_BIT_INT USE_LARGE_FILES
                        USE_LOCALE USE_LOCALE_COLLATE USE_LOCALE_CTYPE
                        USE_LOCALE_NUMERIC USE_LOCALE_TIME USE_PERLIO
                        USE_PERL_ATOF
  Built under freebsd
  Compiled at Jun  1 2015 20:19:01
  %ENV:
    PERL5LIB=""
    PERL5OPT=""
    PERL5_CPANPLUS_IS_RUNNING="31923"
    PERL5_CPAN_IS_RUNNING="31923"
    PERL5_CPAN_IS_RUNNING_IN_RECURSION="29560,31923"
    PERLDOC="-MPod::Perldoc::ToTextOverstrike"
    PERL_BATCH="yes"
    PERL_CANARY_STABILITY_NOPROMPT="1"
    PERL_CPAN_REPORTER_CONFIG="/var/tmp/cpansmoker-1023/2016083106/cpanreporter_001_config.ini"
    PERL_EXTUTILS_AUTOINSTALL="--defaultdeps"
  @INC:
    /usr/perl5.22.0p/lib/site_perl/5.22.0/amd64-freebsd
    /usr/perl5.22.0p/lib/site_perl/5.22.0
    /usr/perl5.22.0p/lib/5.22.0/amd64-freebsd
    /usr/perl5.22.0p/lib/5.22.0
    .