Plack-Middleware-DoCoMoGUID v0.06 Perl 5 v5.12.5 x86_64-linux
- Status
- Fail
- From
- Andreas J. König (ANDK)
- Dist
-
Plack-Middleware-DoCoMoGUID v0.06
- Platform
- Perl 5 v5.12.5 x86_64-linux
- Date
- 2017-08-16 14:37:50
- ID
- 7a9309e2-8290-11e7-b51f-1e26ace16252
This distribution has been tested as part of the CPAN Testers
project, supporting the Perl programming language. See
http://wiki.cpantesters.org/ for more information or email
questions to cpan-testers-discuss@perl.org
--
Dear Keiji Yoshimi,
This is a computer-generated report for Plack-Middleware-DoCoMoGUID-0.06
on perl 5.12.5, created by CPAN-Reporter-1.2018.
Thank you for uploading your work to CPAN. However, there was a problem
testing your distribution.
If you think this report is invalid, please consult the CPAN Testers Wiki
for suggestions on how to avoid getting FAIL reports for missing library
or binary dependencies, unsupported operating systems, and so on:
http://wiki.cpantesters.org/wiki/CPANAuthorNotes
Sections of this report:
* Tester comments
* Program output
* Prerequisites
* Environment and other context
------------------------------
TESTER COMMENTS
------------------------------
Additional comments from tester:
this report is from an automated smoke testing program
and was not reviewed by a human for accuracy
------------------------------
PROGRAM OUTPUT
------------------------------
Output from '/usr/bin/make test':
PERL_DL_NONLAZY=1 "/home/sand/src/perl/repoperls/installed-perls/host/k93msid/v5.12.5/89ad/bin/perl" "-MExtUtils::Command::MM" "-MTest::Harness" "-e" "undef *Test::Harness::Switches; test_harness(0, 'inc', 'blib/lib', 'blib/arch')" t/*.t xt/*.t
t/00_compile.t ............ ok
t/01_redirect_filter.t .... ok
Subroutine _xml_escape_text redefined at /home/sand/src/perl/repoperls/installed-perls/host/k93msid/v5.12.5/89ad/lib/site_perl/5.12.5/HTML/TreeBuilder/XPath.pm line 375.
t/02_html_sticky_query.t .. ok
t/03_check_param.t ........ ok
# Failed test 'Test::Perl::Critic for "lib/Plack/Middleware/DoCoMoGUID/HTMLStickyQuery.pm"'
# at /home/sand/src/perl/repoperls/installed-perls/host/k93msid/v5.12.5/89ad/lib/site_perl/5.12.5/Test/Perl/Critic.pm line 104.
#
# Private Member Data shouldn't be accessed directly at line 11, column 10. Accessing an objects data directly breaks encapsulation and should be avoided. Example: $object->{ some_key }. (Severity: 5)
# Private Member Data shouldn't be accessed directly at line 12, column 23. Accessing an objects data directly breaks encapsulation and should be avoided. Example: $object->{ some_key }. (Severity: 5)
# Private Member Data shouldn't be accessed directly at line 13, column 20. Accessing an objects data directly breaks encapsulation and should be avoided. Example: $object->{ some_key }. (Severity: 5)
# Private Member Data shouldn't be accessed directly at line 14, column 52. Accessing an objects data directly breaks encapsulation and should be avoided. Example: $object->{ some_key }. (Severity: 5)
# Private Member Data shouldn't be accessed directly at line 17, column 13. Accessing an objects data directly breaks encapsulation and should be avoided. Example: $object->{ some_key }. (Severity: 5)
# Private Member Data shouldn't be accessed directly at line 22, column 45. Accessing an objects data directly breaks encapsulation and should be avoided. Example: $object->{ some_key }. (Severity: 5)
# Private Member Data shouldn't be accessed directly at line 23, column 41. Accessing an objects data directly breaks encapsulation and should be avoided. Example: $object->{ some_key }. (Severity: 5)
# Private Member Data shouldn't be accessed directly at line 25, column 13. Accessing an objects data directly breaks encapsulation and should be avoided. Example: $object->{ some_key }. (Severity: 5)
# Failed test 'Test::Perl::Critic for "lib/Plack/Middleware/DoCoMoGUID/CheckParam.pm"'
# at /home/sand/src/perl/repoperls/installed-perls/host/k93msid/v5.12.5/89ad/lib/site_perl/5.12.5/Test/Perl/Critic.pm line 104.
#
# Private Member Data shouldn't be accessed directly at line 11, column 5. Accessing an objects data directly breaks encapsulation and should be avoided. Example: $object->{ some_key }. (Severity: 5)
# Private Member Data shouldn't be accessed directly at line 22, column 49. Accessing an objects data directly breaks encapsulation and should be avoided. Example: $object->{ some_key }. (Severity: 5)
# Private Member Data shouldn't be accessed directly at line 22, column 77. Accessing an objects data directly breaks encapsulation and should be avoided. Example: $object->{ some_key }. (Severity: 5)
# Private Member Data shouldn't be accessed directly at line 22, column 98. Accessing an objects data directly breaks encapsulation and should be avoided. Example: $object->{ some_key }. (Severity: 5)
# Private Member Data shouldn't be accessed directly at line 22, column 120. Accessing an objects data directly breaks encapsulation and should be avoided. Example: $object->{ some_key }. (Severity: 5)
# Private Member Data shouldn't be accessed directly at line 27, column 24. Accessing an objects data directly breaks encapsulation and should be avoided. Example: $object->{ some_key }. (Severity: 5)
# Failed test 'Test::Perl::Critic for "lib/Plack/Middleware/DoCoMoGUID/RedirectFilter.pm"'
# at /home/sand/src/perl/repoperls/installed-perls/host/k93msid/v5.12.5/89ad/lib/site_perl/5.12.5/Test/Perl/Critic.pm line 104.
#
# Private Member Data shouldn't be accessed directly at line 11, column 10. Accessing an objects data directly breaks encapsulation and should be avoided. Example: $object->{ some_key }. (Severity: 5)
# Private Member Data shouldn't be accessed directly at line 11, column 30. Accessing an objects data directly breaks encapsulation and should be avoided. Example: $object->{ some_key }. (Severity: 5)
# Private Member Data shouldn't be accessed directly at line 12, column 48. Accessing an objects data directly breaks encapsulation and should be avoided. Example: $object->{ some_key }. (Severity: 5)
# Private Member Data shouldn't be accessed directly at line 16, column 30. Accessing an objects data directly breaks encapsulation and should be avoided. Example: $object->{ some_key }. (Severity: 5)
# Private Member Data shouldn't be accessed directly at line 16, column 51. Accessing an objects data directly breaks encapsulation and should be avoided. Example: $object->{ some_key }. (Severity: 5)
# Private Member Data shouldn't be accessed directly at line 18, column 13. Accessing an objects data directly breaks encapsulation and should be avoided. Example: $object->{ some_key }. (Severity: 5)
# Private Member Data shouldn't be accessed directly at line 28, column 42. Accessing an objects data directly breaks encapsulation and should be avoided. Example: $object->{ some_key }. (Severity: 5)
# Private Member Data shouldn't be accessed directly at line 31, column 41. Accessing an objects data directly breaks encapsulation and should be avoided. Example: $object->{ some_key }. (Severity: 5)
xt/02_perlcritic.t ........
Dubious, test returned 1 (wstat 256, 0x100)
Failed 3/4 subtests
xt/03_pod.t ............... ok
Test Summary Report
-------------------
xt/02_perlcritic.t (Wstat: 256 Tests: 4 Failed: 3)
Failed tests: 2-4
Non-zero exit status: 1
Files=6, Tests=18, 5 wallclock secs ( 0.02 usr 0.04 sys + 2.88 cusr 0.42 csys = 3.36 CPU)
Result: FAIL
Failed 1/6 test programs. 3/18 subtests failed.
Makefile:791: recipe for target 'test_dynamic' failed
make: *** [test_dynamic] Error 255
------------------------------
PREREQUISITES
------------------------------
Prerequisite modules loaded:
requires:
Module Need Have
------------------------------ ---- --------
HTML::StickyQuery::DoCoMoGUID 0 0.03
Plack::Middleware 0 0
URI 0 1.71
build_requires:
Module Need Have
------------------------------ ---- --------
ExtUtils::MakeMaker 6.36 7.31_03
HTML::TreeBuilder::XPath 0 0.14
HTTP::Request 0 6.13
Module::Install::ReadmeFromPod 0 0.30
Plack::Test 0 0
Test::LoadAllModules 0 0.022
Test::More 0 1.302089
configure_requires:
Module Need Have
------------------------------ ---- --------
ExtUtils::MakeMaker 6.36 7.31_03
------------------------------
ENVIRONMENT AND OTHER CONTEXT
------------------------------
Environment variables:
AUTOMATED_TESTING = 1
LANG = en_US.UTF-8
PATH = /home/sand/bin:/usr/local/bin:/usr/bin:/bin:/usr/games:/usr/local/perl/bin:/usr/X11/bin:/sbin:/usr/sbin
PERL5LIB =
PERL5OPT =
PERL5_CPANPLUS_IS_RUNNING = 22004
PERL5_CPAN_IS_RUNNING = 22004
PERL_CANARY_STABILITY_NOPROMPT = 1
PERL_MM_USE_DEFAULT = 1
PERL_USE_UNSAFE_INC = 1
SHELL = /usr/bin/zsh
TERM = screen
Perl special variables (and OS-specific diagnostics, for MSWin32):
$^X = /home/sand/src/perl/repoperls/installed-perls/host/k93msid/v5.12.5/89ad/bin/perl
$UID/$EUID = 1005 / 1005
$GID = 1005 1005
$EGID = 1005 1005
Perl module toolchain versions installed:
Module Have
------------------- --------
CPAN 2.18
CPAN::Meta 2.150010
Cwd 3.62
ExtUtils::CBuilder 0.280226
ExtUtils::Command 7.31_03
ExtUtils::Install 2.14
ExtUtils::MakeMaker 7.31_03
ExtUtils::Manifest 1.70
ExtUtils::ParseXS 3.35
File::Spec 3.62
JSON 2.94
JSON::PP 2.94
Module::Build 0.4224
Module::Signature 0.81
Parse::CPAN::Meta 1.4422
Test::Harness 3.39
Test::More 1.302089
YAML 1.23
YAML::Syck 1.30
version 0.9918
--
Summary of my perl5 (revision 5 version 12 subversion 5) configuration:
Derived from: 9a9cbd715960a905dcbc9166349a73a64a007e4e
Platform:
osname=linux, osvers=4.9.0-2-amd64, archname=x86_64-linux
uname='linux k93msid 4.9.0-2-amd64 #1 smp debian 4.9.18-1 (2017-03-30) x86_64 gnulinux '
config_args='-Dprefix=/home/sand/src/perl/repoperls/installed-perls/host/k93msid/v5.12.5/89ad -Dmyhostname=k93msid -Dinstallusrbinperl=n -Uversiononly -Dusedevel -des -Ui_db -Dlibswanted=cl pthread socket inet nsl gdbm dbm malloc dl ld sun m crypt sec util c cposix posix ucb BSD gdbm_compat -Uuseithreads -Uuselongdouble -DDEBUGGING=-g'
hint=recommended, useposix=true, d_sigaction=define
useithreads=undef, usemultiplicity=undef
useperlio=define, d_sfio=undef, uselargefiles=define, usesocks=undef
use64bitint=define, use64bitall=define, uselongdouble=undef
usemymalloc=n, bincompat5005=undef
Compiler:
cc='cc', ccflags ='-fno-strict-aliasing -pipe -fstack-protector -I/usr/local/include -D_LARGEFILE_SOURCE -D_FILE_OFFSET_BITS=64',
optimize='-O2 -g',
cppflags='-fno-strict-aliasing -pipe -fstack-protector -I/usr/local/include'
ccversion='', gccversion='6.3.0 20170406', gccosandvers=''
intsize=4, longsize=8, ptrsize=8, doublesize=8, byteorder=12345678
d_longlong=define, longlongsize=8, d_longdbl=define, longdblsize=16
ivtype='long', ivsize=8, nvtype='double', nvsize=8, Off_t='off_t', lseeksize=8
alignbytes=8, prototype=define
Linker and Libraries:
ld='cc', ldflags =' -fstack-protector -L/usr/local/lib'
libpth=/usr/local/lib /lib/x86_64-linux-gnu /lib/../lib /usr/lib/x86_64-linux-gnu /usr/lib/../lib /lib /usr/lib
libs=-lpthread -lnsl -ldl -lm -lcrypt -lutil -lc
perllibs=-lpthread -lnsl -ldl -lm -lcrypt -lutil -lc
libc=libc-2.24.so, so=so, useshrplib=false, libperl=libperl.a
gnulibc_version='2.24'
Dynamic Linking:
dlsrc=dl_dlopen.xs, dlext=so, d_dlsymun=undef, ccdlflags='-Wl,-E'
cccdlflags='-fPIC', lddlflags='-shared -O2 -g -L/usr/local/lib -fstack-protector'
Characteristics of this binary (from libperl):
Compile-time options: PERL_DONT_CREATE_GVSV PERL_MALLOC_WRAP PERL_USE_DEVEL
USE_64_BIT_ALL USE_64_BIT_INT USE_LARGE_FILES
USE_PERLIO USE_PERL_ATOF
Locally applied patches:
uncommitted-changes
Built under linux
Compiled at Apr 14 2017 07:21:55
%ENV:
PERL5LIB=""
PERL5OPT=""
PERL5_CPANPLUS_IS_RUNNING="22004"
PERL5_CPAN_IS_RUNNING="22004"
PERL_CANARY_STABILITY_NOPROMPT="1"
PERL_MM_USE_DEFAULT="1"
PERL_USE_UNSAFE_INC="1"
@INC:
/home/sand/src/perl/repoperls/installed-perls/host/k93msid/v5.12.5/89ad/lib/site_perl/5.12.5/x86_64-linux
/home/sand/src/perl/repoperls/installed-perls/host/k93msid/v5.12.5/89ad/lib/site_perl/5.12.5
/home/sand/src/perl/repoperls/installed-perls/host/k93msid/v5.12.5/89ad/lib/5.12.5/x86_64-linux
/home/sand/src/perl/repoperls/installed-perls/host/k93msid/v5.12.5/89ad/lib/5.12.5
.