Back
From: metabase:user:320bfe00-2aae-11df-837a-5e0a49663a4f
Subject: FAIL Sys-PageCache-0.02 v5.8.9 GNU/Linux
Date: 2014-11-09T06:56:07Z
This distribution has been tested as part of the CPAN Testers
project, supporting the Perl programming language. See
http://wiki.cpantesters.org/ for more information or email
questions to cpan-testers-discuss@perl.org
--
Dear HIROSE Masaaki,
This is a computer-generated report for Sys-PageCache-0.02
on perl 5.8.9, created by CPAN-Reporter-1.2011.
Thank you for uploading your work to CPAN. However, there was a problem
testing your distribution.
If you think this report is invalid, please consult the CPAN Testers Wiki
for suggestions on how to avoid getting FAIL reports for missing library
or binary dependencies, unsupported operating systems, and so on:
http://wiki.cpantesters.org/wiki/CPANAuthorNotes
Sections of this report:
* Tester comments
* Program output
* Prerequisites
* Environment and other context
------------------------------
TESTER COMMENTS
------------------------------
Additional comments from tester:
this report is from an automated smoke testing program
and was not reviewed by a human for accuracy
------------------------------
PROGRAM OUTPUT
------------------------------
Output from '/usr/bin/make test':
Running Mkbootstrap for Sys::PageCache ()
chmod 644 "PageCache.bs"
PERL_DL_NONLAZY=1 "/home/sand/src/perl/repoperls/installed-perls/perl/perl-5.8.9/5da8/bin/perl" "-MExtUtils::Command::MM" "-MTest::Harness" "-e" "undef *Test::Harness::Switches; test_harness(0, 'blib/lib', 'blib/arch')" t/*.t
t/00_compile.t .......... ok
# page_size: 4096
t/09_page_size.t ........ ok
# page_size: 4096
# tempfile: /tmp/DFUf5GXH_O
t/10_fincore.t .......... ok
# page_size: 4096
# tempfile: /tmp/gioLPejE9W
# Failed test 'cached pages (0)'
# at t/11_fadvise.t line 38.
# got: '9'
# expected: '0'
# Looks like you failed 1 test of 11.
t/11_fadvise.t ..........
Dubious, test returned 1 (wstat 256, 0x100)
Failed 1/11 subtests
# page_size: 4096
# tempfile: /tmp/QxSgjpgN2j
t/15_too-long-length.t .. ok
# page_size: 4096
# tempfile: /tmp/OigFnk15Y_
# Failed test 'cached pages (0)'
# at t/20_fincore-more.t line 23.
# got: '9'
# expected: '0'
# Failed test 'cached pages 9 < 8 + 1'
# at t/20_fincore-more.t line 32.
# offset: 40960
mmap: Cannot allocate memory at /tmp/loop_over_bdir-10340-fmjOMv/Sys-PageCache-0.02-Ael4Yk/blib/lib/Sys/PageCache.pm line 64, <$fh> line 1. at t/20_fincore-more.t line 36.
# Failed test 'total pages'
# at t/20_fincore-more.t line 38.
# got: undef
# expected: '9'
# Failed test 'cached pages 9 < 8 + 1'
# at t/20_fincore-more.t line 44.
# Looks like you failed 4 tests of 8.
t/20_fincore-more.t .....
Dubious, test returned 4 (wstat 1024, 0x400)
Failed 4/8 subtests
# page_size: 4096
# tempfile: /tmp/UdRoYndXrt
# Failed test 'cached pages 9 == 0'
# at t/21_fadvice-more.t line 46.
# Looks like you failed 1 test of 5.
# Failed test '1.0'
# at t/21_fadvice-more.t line 47.
# Failed test 'cached pages 9 < 8+1'
# at t/21_fadvice-more.t line 61.
# Looks like you failed 1 test of 6.
# Failed test '0.6'
# at t/21_fadvice-more.t line 62.
# Looks like you failed 2 tests of 10.
t/21_fadvice-more.t .....
Dubious, test returned 2 (wstat 512, 0x200)
Failed 2/10 subtests
Test Summary Report
-------------------
t/11_fadvise.t (Wstat: 256 Tests: 11 Failed: 1)
Failed test: 11
Non-zero exit status: 1
t/20_fincore-more.t (Wstat: 1024 Tests: 8 Failed: 4)
Failed tests: 2, 4-5, 8
Non-zero exit status: 4
t/21_fadvice-more.t (Wstat: 512 Tests: 10 Failed: 2)
Failed tests: 5, 10
Non-zero exit status: 2
Files=7, Tests=38, 1 wallclock secs ( 0.03 usr 0.01 sys + 0.48 cusr 0.06 csys = 0.58 CPU)
Result: FAIL
Failed 3/7 test programs. 7/38 subtests failed.
Makefile:1025: recipe for target 'test_dynamic' failed
make: *** [test_dynamic] Error 2
------------------------------
PREREQUISITES
------------------------------
Prerequisite modules loaded:
requires:
Module Need Have
------------------- ---- ------------
Pod::Usage 1.36 1.64
build_requires:
Module Need Have
------------------- ---- ------------
File::Temp 0 0.2304
Test::More 0 1.301001_072
Test::Output 0 1.03
configure_requires:
Module Need Have
------------------- ---- ------------
ExtUtils::MakeMaker 6.30 7.01_09
------------------------------
ENVIRONMENT AND OTHER CONTEXT
------------------------------
Environment variables:
AUTOMATED_TESTING = 1
LANG = en_US.UTF-8
LANGUAGE = en_US:en
PATH = /home/sand/bin:/usr/local/bin:/usr/bin:/bin:/usr/games:/usr/local/perl/bin:/usr/X11/bin:/sbin:/usr/sbin
PERL5LIB =
PERL5OPT =
PERL5_CPANPLUS_IS_RUNNING = 10344
PERL5_CPAN_IS_RUNNING = 10344
PERL_MM_USE_DEFAULT = 1
SHELL = /usr/bin/zsh
TERM = screen
Perl special variables (and OS-specific diagnostics, for MSWin32):
$^X = /home/sand/src/perl/repoperls/installed-perls/perl/perl-5.8.9/5da8/bin/perl
$UID/$EUID = 1005 / 1005
$GID = 1005 1005
$EGID = 1005 1005
Perl module toolchain versions installed:
Module Have
------------------- ------------
CPAN 2.05
CPAN::Meta 2.142690
Cwd 3.47
ExtUtils::CBuilder 0.280220
ExtUtils::Command 1.16
ExtUtils::Install 1.54
ExtUtils::MakeMaker 7.01_09
ExtUtils::Manifest 1.68
ExtUtils::ParseXS 3.24
File::Spec 3.47
JSON 2.90
JSON::PP 2.27203
Module::Build 0.4210
Module::Signature 0.73
Parse::CPAN::Meta 1.4414
Test::Harness 3.34
Test::More 1.301001_072
YAML 1.13
YAML::Syck 1.27
version 0.9909
--
Summary of my perl5 (revision 5 version 8 subversion 9) configuration:
Platform:
osname=linux, osvers=3.16-2-amd64, archname=x86_64-linux
uname='linux k83 3.16-2-amd64 #1 smp debian 3.16.3-2 (2014-09-20) x86_64 gnulinux '
config_args='-Dprefix=/home/sand/src/perl/repoperls/installed-perls/perl/perl-5.8.9/5da8 -Dmyhostname=k83 -Dinstallusrbinperl=n -Uversiononly -Dusedevel -des -Ui_db -Uuseithreads -Uuselongdouble -DDEBUGGING=-g -Dusedl -Ddlsrc=dl_dlopen.xs -Dlibs=-lnsl -ldb -ldl -lm -lcrypt -lutil -lc -Dlibpth=/usr/lib/x86_64-linux-gnu /usr/local/lib /lib /usr/lib'
hint=recommended, useposix=true, d_sigaction=define
usethreads=undef use5005threads=undef useithreads=undef usemultiplicity=undef
useperlio=define d_sfio=undef uselargefiles=define usesocks=undef
use64bitint=define use64bitall=define uselongdouble=undef
usemymalloc=n, bincompat5005=undef
Compiler:
cc='cc', ccflags ='-fno-strict-aliasing -pipe -I/usr/local/include -D_LARGEFILE_SOURCE -D_FILE_OFFSET_BITS=64',
optimize='-O2 -g',
cppflags='-fno-strict-aliasing -pipe -I/usr/local/include'
ccversion='', gccversion='4.9.1', gccosandvers=''
intsize=4, longsize=8, ptrsize=8, doublesize=8, byteorder=12345678
d_longlong=define, longlongsize=8, d_longdbl=define, longdblsize=16
ivtype='long', ivsize=8, nvtype='double', nvsize=8, Off_t='off_t', lseeksize=8
alignbytes=8, prototype=define
Linker and Libraries:
ld='cc', ldflags =' -L/usr/local/lib'
libpth=/usr/lib/x86_64-linux-gnu /usr/local/lib /lib /usr/lib
libs=-lnsl -ldb -ldl -lm -lcrypt -lutil -lc
perllibs=-lnsl -ldl -lm -lcrypt -lutil -lc
libc=, so=so, useshrplib=false, libperl=libperl.a
gnulibc_version='2.19'
Dynamic Linking:
dlsrc=dl_dlopen.xs, dlext=so, d_dlsymun=undef, ccdlflags='-Wl,-E'
cccdlflags='-fPIC', lddlflags='-shared -O2 -g -L/usr/local/lib'
Characteristics of this binary (from libperl):
Compile-time options: PERL_MALLOC_WRAP USE_64_BIT_ALL USE_64_BIT_INT
USE_FAST_STDIO USE_LARGE_FILES USE_PERLIO
Built under linux
Compiled at Oct 17 2014 13:54:34
%ENV:
PERL5LIB=""
PERL5OPT=""
PERL5_CPANPLUS_IS_RUNNING="10344"
PERL5_CPAN_IS_RUNNING="10344"
PERL_MM_USE_DEFAULT="1"
@INC:
/home/sand/src/perl/repoperls/installed-perls/perl/perl-5.8.9/5da8/lib/5.8.9/x86_64-linux
/home/sand/src/perl/repoperls/installed-perls/perl/perl-5.8.9/5da8/lib/5.8.9
/home/sand/src/perl/repoperls/installed-perls/perl/perl-5.8.9/5da8/lib/site_perl/5.8.9/x86_64-linux
/home/sand/src/perl/repoperls/installed-perls/perl/perl-5.8.9/5da8/lib/site_perl/5.8.9
.