Wiki-Toolkit v0.87 Perl 5 v5.26.3 x86_64-linux-thread-multi
- Status
- Fail
- From
- Nigel Horne
- Dist
-
Wiki-Toolkit v0.87
- Platform
- Perl 5 v5.26.3 x86_64-linux-thread-multi
- Date
- 2021-01-18 10:39:45
- ID
- 7aee753e-5979-11eb-b9db-b6c7a8faccfa
This distribution has been tested as part of the CPAN Testers
project, supporting the Perl programming language. See
http://wiki.cpantesters.org/ for more information or email
questions to cpan-testers-discuss@perl.org
--
Dear bob walker,
This is a computer-generated report for Wiki-Toolkit-0.87
on perl 5.26.3, created by CPAN-Reporter-1.2018.
Thank you for uploading your work to CPAN. However, there was a problem
testing your distribution.
If you think this report is invalid, please consult the CPAN Testers Wiki
for suggestions on how to avoid getting FAIL reports for missing library
or binary dependencies, unsupported operating systems, and so on:
http://wiki.cpantesters.org/wiki/CPANAuthorNotes
Sections of this report:
* Tester comments
* Program output
* Prerequisites
* Environment and other context
------------------------------
TESTER COMMENTS
------------------------------
Additional comments from tester:
this report is from an automated smoke testing program
and was not reviewed by a human for accuracy
------------------------------
PROGRAM OUTPUT
------------------------------
Output from '/usr/bin/make test':
PERL_DL_NONLAZY=1 "/home/smoker/perl5/perlbrew/perls/perl-5.26.3-thread/bin/perl5.26.3" "-MExtUtils::Command::MM" "-MTest::Harness" "-e" "undef *Test::Harness::Switches; test_harness(0, 'blib/lib', 'blib/arch')" t/*.t
t/001_load.t ........................... ok
t/002_datastore_setup.t ................ ok
t/003_instantiate.t .................... ok
# Failed test 'write_node can create a node'
# at t/004_write_and_retrieve.t line 15.
t/005_delete.t ......................... ok
# Failed test 'list_all_nodes returns the right number of nodes'
# at t/006_list_all.t line 19.
# got: '8'
# expected: '3'
# Failed test '...and the right ones, too'
# at t/006_list_all.t line 21.
# Structures begin differing at:
# $got->[0] = 'BacklinkTestThree'
# $expected->[0] = 'Carrots'
# Failed test 'list_all_nodes returns the right number of nodes'
# at t/006_list_all.t line 25.
# got: '8'
# expected: '3'
# Failed test '...and the right ones, too'
# at t/006_list_all.t line 29.
# Structures begin differing at:
# $got->{node_id} = '4'
# $expected->{node_id} = '1'
# Failed test '...and the right ones, too'
# at t/006_list_all.t line 32.
# Structures begin differing at:
# $got->{name} = 'BacklinkTestTwo'
# $expected->{name} = 'Cheese'
# Failed test '...and the right ones, too'
# at t/006_list_all.t line 35.
# Structures begin differing at:
# $got->{node_id} = '7'
# $expected->{node_id} = '2'
# Looks like you failed 6 tests of 6.
t/006_list_all.t .......................
Dubious, test returned 6 (wstat 1536, 0x600)
Failed 6/6 subtests
t/009_backlinks.t ...................... ok
# Failed test 'retrieve_node can retrieve it'
# at t/004_write_and_retrieve.t line 17.
# got: ''
# expected: 'Node content.'
# Failed test 'retrieve_node still works if we supply params as a hash'
# at t/004_write_and_retrieve.t line 23.
# got: ''
# expected: 'Node content.'
# Failed test '...still works if we supply a version param'
# at t/004_write_and_retrieve.t line 25.
# got: ''
# expected: 'Node content.'
# Failed test '...still works when called in list context'
# at t/004_write_and_retrieve.t line 28.
# got: ''
# expected: 'Node content.'
# Failed test 'node_exists returns true for an existing node'
# at t/004_write_and_retrieve.t line 35.
# Failed test 'Can fetch the name of a node with a id'
# at t/004_write_and_retrieve.t line 42.
# got: 'A Node'
# expected: undef
# Looks like you failed 7 tests of 12.
t/004_write_and_retrieve.t .............
Dubious, test returned 7 (wstat 1792, 0x700)
Failed 7/12 subtests
# Failed test 'write_node succeeds when node matches checksum'
# at t/008_write_and_rewrite.t line 25.
# Failed test '...and the version number is updated on successful writing'
# at t/008_write_and_rewrite.t line 31.
# got: '0'
# expected: '2'
# Failed test '...as is last_modified'
# at t/008_write_and_rewrite.t line 38.
# Failed test '...and old versions are still available'
# at t/008_write_and_rewrite.t line 41.
# got: '0'
# expected: '2'
# Failed test '...and old versions have right content'
# at t/008_write_and_rewrite.t line 42.
# got: ''
# expected: 'xx'
# Looks like you failed 5 tests of 12.
t/008_write_and_rewrite.t ..............
Dubious, test returned 5 (wstat 1280, 0x500)
Failed 5/12 subtests
t/007_search.t ......................... ok
# Failed test 'All have metadata category'
# at t/010_metadata.t line 73.
# got: '2'
# expected: '0'
# Failed test 'By lat, not Reun Thai'
# at t/010_metadata.t line 78.
# Structures begin differing at:
# $got->[0] = 'Home'
# $expected->[0] = 'The Old Trout'
# Failed test 'By long, get all'
# at t/010_metadata.t line 84.
# Structures begin differing at:
# $got->[0] = 'Home'
# $expected->[0] = 'Reun Thai'
# Failed test 'Reun Thai not a pub'
# at t/010_metadata.t line 90.
# Structures begin differing at:
# $got->[0] = 'Home'
# $expected->[0] = 'Reun Thai'
# Failed test 'By Category, get all'
# at t/010_metadata.t line 95.
# Structures begin differing at:
# $got->[0] = 'Home'
# $expected->[0] = 'Reun Thai'
# Failed test 'By category=hammersmith (case sensitive), get all'
# at t/010_metadata.t line 101.
# Structures begin differing at:
# $got->[0] = 'Home'
# $expected->[0] = 'Reun Thai'
# Failed test 'By category=hammersmith (ci), get all but the three cups'
# at t/010_metadata.t line 108.
# Structures begin differing at:
# $got->[0] = 'Home'
# $expected->[0] = 'The Three Cups'
# Looks like you failed 7 tests of 22.
t/010_metadata.t .......................
Dubious, test returned 7 (wstat 1792, 0x700)
Failed 7/22 subtests
t/012_blank_data.t ..................... ok
t/013_fuzzy_title_match.t .............. ok
# Failed test 'recent_changes for last 1 day gets the right results'
# at t/011_recent_changes.t line 62.
# Structures begin differing at:
# $got->[1] = Does not exist
# $expected->[1] = 'Everyone's Favourite Hobby'
# Failed test '...in the right order'
# at t/011_recent_changes.t line 66.
# Structures begin differing at:
# $got->[1] = Does not exist
# $expected->[1] = 'Everyone's Favourite Hobby'
# Failed test 'recent_changes 'last_n_changes' works'
# at t/011_recent_changes.t line 81.
# Structures begin differing at:
# $got->[1] = Does not exist
# $expected->[1] = 'Everyone's Favourite Hobby'
DBD::SQLite::st execute failed: UNIQUE constraint failed: node.name at t/016_recent_changes_between.t line 35.
# Looks like your test exited with 2 before it could output anything.
t/016_recent_changes_between.t .........
Dubious, test returned 2 (wstat 512, 0x200)
Failed 1/1 subtests
Unhandled error: [DBD::SQLite::db selectrow_array failed: no such table: node at /tmp/build/Wiki-Toolkit-0.87-0/blib/lib/Wiki/Toolkit/Store/Database.pm line 289.
] at /tmp/build/Wiki-Toolkit-0.87-0/blib/lib/Wiki/Toolkit.pm line 852.
# Looks like your test exited with 2 before it could output anything.
t/021_moderation.t .....................
Dubious, test returned 2 (wstat 512, 0x200)
Failed 89/89 subtests
Unhandled error: [DBD::SQLite::db selectrow_array failed: no such table: node at /tmp/build/Wiki-Toolkit-0.87-0/blib/lib/Wiki/Toolkit/Store/Database.pm line 289.
] at /tmp/build/Wiki-Toolkit-0.87-0/blib/lib/Wiki/Toolkit.pm line 852.
# Looks like your test exited with 2 before it could output anything.
t/020_node_exists_case_insensitive.t ...
Dubious, test returned 2 (wstat 512, 0x200)
Failed 3/3 subtests
t/015_dangling_links.t ................. ok
t/014_advanced_metadata.t .............. ok
# Failed test 'ignore_case => 1 ignores case of metadata value'
# at t/019_recent_changes_case.t line 29.
# Structures begin differing at:
# $got->[0] = Does not exist
# $expected->[0] = 'Test 1'
# Failed test 'ignore_case => 1 ignores case of metadata type'
# at t/019_recent_changes_case.t line 40.
# Structures begin differing at:
# $got->[0] = Does not exist
# $expected->[0] = 'Test 1'
# Looks like you failed 2 tests of 2.
t/019_recent_changes_case.t ............
Dubious, test returned 2 (wstat 512, 0x200)
Failed 2/2 subtests
# Failed test 'recent_changes 'since' returns the right results'
# at t/011_recent_changes.t line 90.
# Structures begin differing at:
# $got->[0] = 'Hammersmith Station'
# $expected->[0] = 'Another Node'
# Failed test 'metadata_is does constrain the search'
# at t/011_recent_changes.t line 104.
# got: '0'
# expected: '1'
# Failed test '...correctly'
# at t/011_recent_changes.t line 105.
# got: undef
# expected: 'Node1'
# Failed test 'metadata_isnt, too'
# at t/011_recent_changes.t line 112.
# got: '0'
# expected: '1'
# Failed test '...correctly'
# at t/011_recent_changes.t line 113.
# got: undef
# expected: 'Another Node'
# Failed test 'metadata_isnt includes nodes where this metadata type isn't set'
# at t/011_recent_changes.t line 122.
# got: '0'
# expected: '1'
# Failed test '...correctly'
# at t/011_recent_changes.t line 124.
# got: undef
# expected: 'Another Node'
DBD::SQLite::db do failed: database is locked at /tmp/build/Wiki-Toolkit-0.87-0/blib/lib/Wiki/Toolkit/Setup/SQLite.pm line 290.
DBD::SQLite::db do failed: database is locked at /tmp/build/Wiki-Toolkit-0.87-0/blib/lib/Wiki/Toolkit/Setup/SQLite.pm line 290.
# Looks like your test exited with 11 before it could output anything.
t/018_rc_multiple_metadata_criteria.t ..
Dubious, test returned 11 (wstat 2816, 0xb00)
Failed 6/6 subtests
Can't write node at t/025_list_node_all_versions.t line 16.
# Looks like your test exited with 2 before it could output anything.
t/025_list_node_all_versions.t .........
Dubious, test returned 2 (wstat 512, 0x200)
Failed 59/59 subtests
t/041_long_node_names.t ................ ok
t/026_schema_current.t ................. ok
t/050_mysql_store.t .................... ok
t/022_list_unmoderated.t ............... ok
# Failed test 'By default each node returned only once however many times changed'
# at t/011_recent_changes.t line 153.
# got: '4'
# expected: '3'
# Failed test '...returned more than once when 'include_all_changes' set'
# at t/011_recent_changes.t line 157.
# got: '1'
# expected: '4'
# Failed test 'metadata_was returns nodes whose current version doesn't match'
# at t/011_recent_changes.t line 166.
# got: '0'
# expected: '1'
# Failed test '...correctly'
# at t/011_recent_changes.t line 168.
# got: undef
# expected: 'Another Node'
# Failed test '...and the correct version'
# at t/011_recent_changes.t line 169.
# got: undef
# expected: '1'
# Failed test 'metadata_wasnt returns nodes whose current version matches'
# at t/011_recent_changes.t line 184.
# got: '5'
# expected: '2'
# Failed test 'By default each node returned only once however many times changed'
# at t/011_recent_changes.t line 202.
# got: '1'
# expected: '3'
# Failed test '...returned more than once when 'include_all_changes' set'
# at t/011_recent_changes.t line 205.
# got: '1'
# expected: '5'
# Looks like you planned 27 tests but ran 23.
# Looks like you failed 18 tests of 23 run.
t/011_recent_changes.t .................
Dubious, test returned 18 (wstat 4608, 0x1200)
Failed 22/27 subtests
t/051_pg_store.t ....................... ok
t/027_list_last_version_before.t ....... ok
t/061_list_metadata_by_type.t .......... ok
t/052_sqlite_store.t ................... ok
t/040_rename.t ......................... ok
t/100_formatting.t ..................... ok
# Failed test '...and ->node_exists still returns true'
# at t/017_delete_version.t line 197.
# Failed test '...and retrieving the node returns the correct thing'
# at t/017_delete_version.t line 199.
# got: ''
# expected: 'elephant'
# Looks like you failed 2 tests of 39.
t/017_delete_version.t .................
Dubious, test returned 2 (wstat 512, 0x200)
Failed 2/39 subtests
(less 6 skipped subtests: 31 okay)
t/101_default_formatter.t .............. ok
t/102_multiple_formatter.t ............. ok
# Failed test 'all nodes returned when new_only omitted'
# at t/060_recent_changes_new_only.t line 40.
# Structures begin differing at:
# $got->[4] = 'Another Node'
# $expected->[4] = Does not exist
# Failed test '...and when it's set to false'
# at t/060_recent_changes_new_only.t line 49.
# Structures begin differing at:
# $got->[4] = 'Another Node'
# $expected->[4] = Does not exist
# Failed test 'nodes edited but not added in last n days are omitted with new_only'
# at t/060_recent_changes_new_only.t line 58.
# Structures begin differing at:
# $got->[2] = 'Another Node'
# $expected->[2] = Does not exist
# Failed test '...and for since'
# at t/060_recent_changes_new_only.t line 75.
# Structures begin differing at:
# $got->[2] = 'Another Node'
# $expected->[2] = Does not exist
# Failed test '...and for last n'
# at t/060_recent_changes_new_only.t line 83.
# Structures begin differing at:
# $got->[0] = 'Ae Nother Pub'
# $expected->[0] = 'Ae Bar'
# Failed test '...and metadata_wasnt works too'
# at t/060_recent_changes_new_only.t line 112.
# Structures begin differing at:
# $got->[3] = 'Another Node'
# $expected->[3] = Does not exist
# Looks like you failed 6 tests of 10.
t/060_recent_changes_new_only.t ........
Dubious, test returned 6 (wstat 1536, 0x600)
Failed 6/10 subtests
t/151_plugin_methods.t ................. ok
t/300_feed_atom_setup.t ................ ok
t/150_plugins.t ........................ ok
Database schema version 0 is too old (need 11) at /tmp/build/Wiki-Toolkit-0.87-0/blib/lib/Wiki/Toolkit/TestConfig/Utilities.pm line 30.
Compilation failed in require at t/299_feed_rss_gen_node_dist_feed.t line 2.
BEGIN failed--compilation aborted at t/299_feed_rss_gen_node_dist_feed.t line 2.
t/299_feed_rss_gen_node_dist_feed.t ....
Dubious, test returned 2 (wstat 512, 0x200)
No subtests run
# Failed test 'All nodes returned when no criteria given except time'
# at t/062_recent_changes_metadata_was.t line 42.
# Structures begin differing at:
# $got->[2] = 'Test node 1'
# $expected->[2] = Does not exist
# Looks like you failed 1 test of 4.
t/062_recent_changes_metadata_was.t ....
Dubious, test returned 1 (wstat 256, 0x100)
Failed 1/4 subtests
t/152_pre_plugin_approval.t ............ ok
# Failed test '->recent_changes doesn't croak'
# at t/302_feed_atom_recentchanges.t line 53.
# got: 'Error parsing time at /home/smoker/perl5/perlbrew/perls/perl-5.26.3-thread/lib/5.26.3/x86_64-linux-thread-multi/Time/Piece.pm line 481.
# '
# expected: ''
# Failed test 'make_node_url is used'
# at t/302_feed_atom_recentchanges.t line 56.
# undef
# doesn't match '(?^:<link href="http://example.com/\?id=Test%20Node%201;version=1" />)'
# Failed test 'username picked up as author'
# at t/302_feed_atom_recentchanges.t line 60.
# undef
# doesn't match '(?^:<author><name>Kake</name></author>)'
# Failed test 'username included in summary'
# at t/302_feed_atom_recentchanges.t line 63.
# undef
# doesn't match '(?^:<summary>.*\[nou]</summary>)'
# Failed test 'contains categories'
# at t/302_feed_atom_recentchanges.t line 67.
# undef
# doesn't match '(?^:<category term="TestCategory1" />)'
# Failed test 'is xml'
# at t/302_feed_atom_recentchanges.t line 71.
# undef
# doesn't match '(?^:<?xml version="1.0")'
# Failed test 'is xml'
# at t/302_feed_atom_recentchanges.t line 72.
# undef
# doesn't match '(?^:<?xml version="1.0" encoding="iso-8859-1")'
Error parsing time at /home/smoker/perl5/perlbrew/perls/perl-5.26.3-thread/lib/5.26.3/x86_64-linux-thread-multi/Time/Piece.pm line 481.
# Looks like your test exited with 2 just after 12.
t/302_feed_atom_recentchanges.t ........
Dubious, test returned 2 (wstat 512, 0x200)
Failed 46/51 subtests
t/400_upgrade.t ........................ ok
# Failed test 'Only found it once'
# at t/298_feed_rss_node_all_versions.t line 63.
# got: '0'
# expected: '1'
# Failed test 'Found right node'
# at t/298_feed_rss_node_all_versions.t line 66.
# '<?xml version="1.0" encoding="iso-8859-1"?>
#
# <rdf:RDF
# xmlns = "http://purl.org/rss/1.0/"
# xmlns:dc = "http://purl.org/dc/elements/1.1/"
# xmlns:doap = "http://usefulinc.com/ns/doap#"
# xmlns:foaf = "http://xmlns.com/foaf/0.1/"
# xmlns:rdf = "http://www.w3.org/1999/02/22-rdf-syntax-ns#"
# xmlns:rdfs = "http://www.w3.org/2000/01/rdf-schema#"
# xmlns:modwiki = "http://www.usemod.com/cgi-bin/mb.pl?ModWiki"
# xmlns:geo = "http://www.w3.org/2003/01/geo/wgs84_pos#"
# xmlns:space = "http://frot.org/space/0.1/"
# >
#
#
# <channel rdf:about="">
#
# <dc:publisher>http://example.com/kakeswiki/</dc:publisher>
# <title>Wiki::Toolkit Test Site</title>
# <link>http://example.com/recentchanges</link>
# <description></description>
# <dc:date>2021-01-18T10:39:29+00:00</dc:date>
# <modwiki:interwiki></modwiki:interwiki>
#
# <items>
# <rdf:Seq>
# </rdf:Seq>
# </items>
#
# </channel>
#
# </rdf:RDF>
# '
# doesn't match '(?^:<title>Test Node 1</title>)'
# Failed test 'And right version'
# at t/298_feed_rss_node_all_versions.t line 69.
# '<?xml version="1.0" encoding="iso-8859-1"?>
#
# <rdf:RDF
# xmlns = "http://purl.org/rss/1.0/"
# xmlns:dc = "http://purl.org/dc/elements/1.1/"
# xmlns:doap = "http://usefulinc.com/ns/doap#"
# xmlns:foaf = "http://xmlns.com/foaf/0.1/"
# xmlns:rdf = "http://www.w3.org/1999/02/22-rdf-syntax-ns#"
# xmlns:rdfs = "http://www.w3.org/2000/01/rdf-schema#"
# xmlns:modwiki = "http://www.usemod.com/cgi-bin/mb.pl?ModWiki"
# xmlns:geo = "http://www.w3.org/2003/01/geo/wgs84_pos#"
# xmlns:space = "http://frot.org/space/0.1/"
# >
#
#
# <channel rdf:about="">
#
# <dc:publisher>http://example.com/kakeswiki/</dc:publisher>
# <title>Wiki::Toolkit Test Site</title>
# <link>http://example.com/recentchanges</link>
# <description></description>
# <dc:date>2021-01-18T10:39:29+00:00</dc:date>
# <modwiki:interwiki></modwiki:interwiki>
#
# <items>
# <rdf:Seq>
# </rdf:Seq>
# </items>
#
# </channel>
#
# </rdf:RDF>
# '
# doesn't match '(?^:<modwiki:version>1</modwiki:version>)'
# Failed test 'Found it twice'
# at t/298_feed_rss_node_all_versions.t line 78.
# got: '0'
# expected: '2'
# Failed test 'Had the right name'
# at t/298_feed_rss_node_all_versions.t line 82.
# got: '0'
# expected: '2'
# Failed test 'And right version'
# at t/298_feed_rss_node_all_versions.t line 85.
# '<?xml version="1.0" encoding="iso-8859-1"?>
#
# <rdf:RDF
# xmlns = "http://purl.org/rss/1.0/"
# xmlns:dc = "http://purl.org/dc/elements/1.1/"
# xmlns:doap = "http://usefulinc.com/ns/doap#"
# xmlns:foaf = "http://xmlns.com/foaf/0.1/"
# xmlns:rdf = "http://www.w3.org/1999/02/22-rdf-syntax-ns#"
# xmlns:rdfs = "http://www.w3.org/2000/01/rdf-schema#"
# xmlns:modwiki = "http://www.usemod.com/cgi-bin/mb.pl?ModWiki"
# xmlns:geo = "http://www.w3.org/2003/01/geo/wgs84_pos#"
# xmlns:space = "http://frot.org/space/0.1/"
# >
#
#
# <channel rdf:about="">
#
# <dc:publisher>http://example.com/kakeswiki/</dc:publisher>
# <title>Wiki::Toolkit Test Site</title>
# <link>http://example.com/recentchanges</link>
# <description></description>
# <dc:date>2021-01-18T10:39:29+00:00</dc:date>
# <modwiki:interwiki></modwiki:interwiki>
#
# <items>
# <rdf:Seq>
# </rdf:Seq>
# </items>
#
# </channel>
#
# </rdf:RDF>
# '
# doesn't match '(?^:<modwiki:version>2</modwiki:version>)'
# Failed test 'And right version'
# at t/298_feed_rss_node_all_versions.t line 86.
# '<?xml version="1.0" encoding="iso-8859-1"?>
#
# <rdf:RDF
# xmlns = "http://purl.org/rss/1.0/"
# xmlns:dc = "http://purl.org/dc/elements/1.1/"
# xmlns:doap = "http://usefulinc.com/ns/doap#"
# xmlns:foaf = "http://xmlns.com/foaf/0.1/"
# xmlns:rdf = "http://www.w3.org/1999/02/22-rdf-syntax-ns#"
# xmlns:rdfs = "http://www.w3.org/2000/01/rdf-schema#"
# xmlns:modwiki = "http://www.usemod.com/cgi-bin/mb.pl?ModWiki"
# xmlns:geo = "http://www.w3.org/2003/01/geo/wgs84_pos#"
# xmlns:space = "http://frot.org/space/0.1/"
# >
#
#
# <channel rdf:about="">
#
# <dc:publisher>http://example.com/kakeswiki/</dc:publisher>
# <title>Wiki::Toolkit Test Site</title>
# <link>http://example.com/recentchanges</link>
# <description></description>
# <dc:date>2021-01-18T10:39:29+00:00</dc:date>
# <modwiki:interwiki></modwiki:interwiki>
#
# <items>
# <rdf:Seq>
# </rdf:Seq>
# </items>
#
# </channel>
#
# </rdf:RDF>
# '
# doesn't match '(?^:<modwiki:version>1</modwiki:version>)'
# Failed test 'Right order'
# at t/298_feed_rss_node_all_versions.t line 89.
# '<?xml version="1.0" encoding="iso-8859-1"?>
#
# <rdf:RDF
# xmlns = "http://purl.org/rss/1.0/"
# xmlns:dc = "http://purl.org/dc/elements/1.1/"
# xmlns:doap = "http://usefulinc.com/ns/doap#"
# xmlns:foaf = "http://xmlns.com/foaf/0.1/"
# xmlns:rdf = "http://www.w3.org/1999/02/22-rdf-syntax-ns#"
# xmlns:rdfs = "http://www.w3.org/2000/01/rdf-schema#"
# xmlns:modwiki = "http://www.usemod.com/cgi-bin/mb.pl?ModWiki"
# xmlns:geo = "http://www.w3.org/2003/01/geo/wgs84_pos#"
# xmlns:space = "http://frot.org/space/0.1/"
# >
#
#
# <channel rdf:about="">
#
# <dc:publisher>http://example.com/kakeswiki/</dc:publisher>
# <title>Wiki::Toolkit Test Site</title>
# <link>http://example.com/recentchanges</link>
# <description></description>
# <dc:date>2021-01-18T10:39:29+00:00</dc:date>
# <modwiki:interwiki></modwiki:interwiki>
#
# <items>
# <rdf:Seq>
# </rdf:Seq>
# </items>
#
# </channel>
#
# </rdf:RDF>
# '
# doesn't match '/<modwiki:version>2<\/modwiki:version>.*<modwiki:version>1<\/modwiki:version>/s'
# Looks like you failed 8 tests of 45.
t/298_feed_rss_node_all_versions.t .....
Dubious, test returned 8 (wstat 2048, 0x800)
Failed 8/45 subtests
(less 28 skipped subtests: 9 okay)
t/500_pod.t ............................ skipped: Test::Pod 1.00 required for testing POD
t/701_lucy_setup.t ..................... ok
t/702_metadata_search.t ................ ok
t/700_lucy_bug.t ....................... ok
Database schema version 0 is too old (need 11) at /tmp/build/Wiki-Toolkit-0.87-0/blib/lib/Wiki/Toolkit/TestConfig/Utilities.pm line 30.
Compilation failed in require at t/303_feed_atom_node_all_versions.t line 2.
BEGIN failed--compilation aborted at t/303_feed_atom_node_all_versions.t line 2.
t/303_feed_atom_node_all_versions.t ....
Dubious, test returned 11 (wstat 2816, 0xb00)
No subtests run
t/705_search_exclusion.t ............... ok
Database schema version 0 is too old (need 11) at /tmp/build/Wiki-Toolkit-0.87-0/blib/lib/Wiki/Toolkit/TestConfig/Utilities.pm line 30.
Compilation failed in require at t/304_feed_atom_gen_node_dist_feed.t line 2.
BEGIN failed--compilation aborted at t/304_feed_atom_gen_node_dist_feed.t line 2.
t/304_feed_atom_gen_node_dist_feed.t ...
Dubious, test returned 11 (wstat 2816, 0xb00)
No subtests run
t/704_search_content_munging.t ......... ok
DBD::SQLite::db prepare failed: no such table: schema_info at /tmp/build/Wiki-Toolkit-0.87-0/blib/lib/Wiki/Toolkit/Setup/Database.pm line 97.
Database schema too old â must be at least version 10 at /tmp/build/Wiki-Toolkit-0.87-0/blib/lib/Wiki/Toolkit/TestLib.pm line 238.
# Looks like your test exited with 2 before it could output anything.
t/703_search_weightings.t ..............
Dubious, test returned 2 (wstat 512, 0x200)
Failed 3/3 subtests
Unhandled error: [DBD::SQLite::db selectrow_array failed: no such table: node at /tmp/build/Wiki-Toolkit-0.87-0/blib/lib/Wiki/Toolkit/Store/Database.pm line 289.
] at /tmp/build/Wiki-Toolkit-0.87-0/blib/lib/Wiki/Toolkit.pm line 852.
# Looks like your test exited with 2 before it could output anything.
t/401_null_change.t ....................
Dubious, test returned 2 (wstat 512, 0x200)
Failed 4/4 subtests
DBD::SQLite::db selectrow_array failed: no such table: node at /tmp/build/Wiki-Toolkit-0.87-0/blib/lib/Wiki/Toolkit/Store/Database.pm line 289.
# Looks like your test exited with 2 just after 3.
t/297_feed_rss_recentchanges.t .........
Dubious, test returned 2 (wstat 512, 0x200)
Failed 22/25 subtests
Unhandled error: [DBD::SQLite::db selectrow_array failed: no such table: node at /tmp/build/Wiki-Toolkit-0.87-0/blib/lib/Wiki/Toolkit/Store/Database.pm line 289.
] at /tmp/build/Wiki-Toolkit-0.87-0/blib/lib/Wiki/Toolkit.pm line 852.
# Looks like your test exited with 2 before it could output anything.
t/301_feed_atom_add_test_data.t ........
Dubious, test returned 2 (wstat 512, 0x200)
Failed 3/3 subtests
Test Summary Report
-------------------
t/006_list_all.t (Wstat: 1536 Tests: 6 Failed: 6)
Failed tests: 1-6
Non-zero exit status: 6
t/004_write_and_retrieve.t (Wstat: 1792 Tests: 12 Failed: 7)
Failed tests: 1-2, 4-6, 10, 12
Non-zero exit status: 7
t/008_write_and_rewrite.t (Wstat: 1280 Tests: 12 Failed: 5)
Failed tests: 1, 3-6
Non-zero exit status: 5
t/010_metadata.t (Wstat: 1792 Tests: 22 Failed: 7)
Failed tests: 9-15
Non-zero exit status: 7
t/016_recent_changes_between.t (Wstat: 512 Tests: 0 Failed: 0)
Non-zero exit status: 2
Parse errors: Bad plan. You planned 1 tests but ran 0.
t/021_moderation.t (Wstat: 512 Tests: 0 Failed: 0)
Non-zero exit status: 2
Parse errors: Bad plan. You planned 89 tests but ran 0.
t/020_node_exists_case_insensitive.t (Wstat: 512 Tests: 0 Failed: 0)
Non-zero exit status: 2
Parse errors: Bad plan. You planned 3 tests but ran 0.
t/019_recent_changes_case.t (Wstat: 512 Tests: 2 Failed: 2)
Failed tests: 1-2
Non-zero exit status: 2
t/018_rc_multiple_metadata_criteria.t (Wstat: 2816 Tests: 0 Failed: 0)
Non-zero exit status: 11
Parse errors: Bad plan. You planned 6 tests but ran 0.
t/025_list_node_all_versions.t (Wstat: 512 Tests: 0 Failed: 0)
Non-zero exit status: 2
Parse errors: Bad plan. You planned 59 tests but ran 0.
t/011_recent_changes.t (Wstat: 4608 Tests: 23 Failed: 18)
Failed tests: 1-2, 5, 7, 9-14, 16-23
Non-zero exit status: 18
Parse errors: Bad plan. You planned 27 tests but ran 23.
t/017_delete_version.t (Wstat: 512 Tests: 39 Failed: 2)
Failed tests: 38-39
Non-zero exit status: 2
t/060_recent_changes_new_only.t (Wstat: 1536 Tests: 10 Failed: 6)
Failed tests: 1-3, 5-6, 9
Non-zero exit status: 6
t/299_feed_rss_gen_node_dist_feed.t (Wstat: 512 Tests: 0 Failed: 0)
Non-zero exit status: 2
Parse errors: No plan found in TAP output
t/062_recent_changes_metadata_was.t (Wstat: 256 Tests: 4 Failed: 1)
Failed test: 1
Non-zero exit status: 1
t/302_feed_atom_recentchanges.t (Wstat: 512 Tests: 12 Failed: 7)
Failed tests: 6-12
Non-zero exit status: 2
Parse errors: Bad plan. You planned 51 tests but ran 12.
t/298_feed_rss_node_all_versions.t (Wstat: 2048 Tests: 45 Failed: 8)
Failed tests: 37-39, 41-45
Non-zero exit status: 8
t/303_feed_atom_node_all_versions.t (Wstat: 2816 Tests: 0 Failed: 0)
Non-zero exit status: 11
Parse errors: No plan found in TAP output
t/304_feed_atom_gen_node_dist_feed.t (Wstat: 2816 Tests: 0 Failed: 0)
Non-zero exit status: 11
Parse errors: No plan found in TAP output
t/703_search_weightings.t (Wstat: 512 Tests: 0 Failed: 0)
Non-zero exit status: 2
Parse errors: Bad plan. You planned 3 tests but ran 0.
t/401_null_change.t (Wstat: 512 Tests: 0 Failed: 0)
Non-zero exit status: 2
Parse errors: Bad plan. You planned 4 tests but ran 0.
t/297_feed_rss_recentchanges.t (Wstat: 512 Tests: 3 Failed: 0)
Non-zero exit status: 2
Parse errors: Bad plan. You planned 25 tests but ran 3.
t/301_feed_atom_add_test_data.t (Wstat: 512 Tests: 0 Failed: 0)
Non-zero exit status: 2
Parse errors: Bad plan. You planned 3 tests but ran 0.
Files=56, Tests=546, 158 wallclock secs ( 0.13 usr 0.06 sys + 4.85 cusr 1.93 csys = 6.97 CPU)
Result: FAIL
Failed 23/56 test programs. 69/546 subtests failed.
Makefile:932: recipe for target 'test_dynamic' failed
make: *** [test_dynamic] Error 2
------------------------------
PREREQUISITES
------------------------------
Prerequisite modules loaded:
requires:
Module Need Have
------------------- ---- --------
CGI 0 4.51
DBD::SQLite 0.25 1.62
DBI 0 1.642
Digest::MD5 0 2.55
Digest::SHA 0 5.96
HTML::PullParser 0 3.57
Test::More 0 1.302073
Text::WikiFormat 0.78 0.81
Time::Piece 0 1.31
build_requires:
Module Need Have
------------------- ---- --------
ExtUtils::MakeMaker 0 7.34
configure_requires:
Module Need Have
------------------- ---- --------
ExtUtils::MakeMaker 0 7.34
------------------------------
ENVIRONMENT AND OTHER CONTEXT
------------------------------
Environment variables:
AUTOMATED_TESTING = 1
HARNESS_OPTIONS = j10
NONINTERACTIVE_TESTING = 1
PATH = /home/smoker/perl5/perlbrew/bin:/home/smoker/perl5/perlbrew/perls/perl-5.26.3-thread/bin:/usr/local/sbin:/usr/local/bin:/usr/sbin:/usr/bin:/sbin:/bin
PERL5LIB = /tmp/build/Text-WikiFormat-0.81-0/blib/arch:/tmp/build/Text-WikiFormat-0.81-0/blib/lib:/tmp/build/CGI-4.51-0/blib/arch:/tmp/build/CGI-4.51-0/blib/lib:/tmp/build/Test-Warn-0.36-0/blib/arch:/tmp/build/Test-Warn-0.36-0/blib/lib:/tmp/build/Test-NoWarnings-1.04-0/blib/arch:/tmp/build/Test-NoWarnings-1.04-0/blib/lib
PERL5OPT =
PERL5_CPANPLUS_IS_RUNNING = 105838
PERL5_CPAN_IS_RUNNING = 105838
PERLBREW_HOME = /home/smoker/.perlbrew
PERLBREW_MANPATH = /home/smoker/perl5/perlbrew/perls/perl-5.26.3-thread/man
PERLBREW_PATH = /home/smoker/perl5/perlbrew/bin:/home/smoker/perl5/perlbrew/perls/perl-5.26.3-thread/bin
PERLBREW_PERL = perl-5.26.3-thread
PERLBREW_ROOT = /home/smoker/perl5/perlbrew
PERLBREW_SHELLRC_VERSION = 0.86
PERLBREW_VERSION = 0.86
PERL_MM_USE_DEFAULT = 1
PERL_USE_UNSAFE_INC = 1
SHELL = /bin/bash
TERM = xterm
TMPDIR = /tmp/testwrapper.105827
Perl special variables (and OS-specific diagnostics, for MSWin32):
$^X = /home/smoker/perl5/perlbrew/perls/perl-5.26.3-thread/bin/perl5.26.3
$UID/$EUID = 1000 / 1000
$GID = 1000
$EGID = 1000
Perl module toolchain versions installed:
Module Have
------------------- ----------
CPAN 2.22
CPAN::Meta 2.150010
Cwd 3.75
ExtUtils::CBuilder 0.280225
ExtUtils::Command 7.34
ExtUtils::Install 2.06
ExtUtils::MakeMaker 7.34
ExtUtils::Manifest 1.70
ExtUtils::ParseXS 3.34
File::Spec 3.75
JSON 4.00
JSON::PP 2.27400_02
Module::Build 0.4224
Module::Signature n/a
Parse::CPAN::Meta 2.150010
Test::Harness 3.38
Test::More 1.302073
YAML 1.27
YAML::Syck 1.31
version 0.9917
--
Summary of my perl5 (revision 5 version 26 subversion 3) configuration:
Platform:
osname=linux
osvers=4.19.0-1-amd64
archname=x86_64-linux-thread-multi
uname='linux 1a4329f5b08b 4.19.0-1-amd64 #1 smp debian 4.19.12-1 (2018-12-22) x86_64 gnulinux '
config_args='-de -Dprefix=/home/smoker/perl5/perlbrew/perls/perl-5.26.3-thread -Dusedevel -Dusethreads -Accflags=-O2 -pipe -Wall -Wextra -mtune=native -march=native -Aeval:scriptdir=/home/smoker/perl5/perlbrew/perls/perl-5.26.3-thread/bin'
hint=recommended
useposix=true
d_sigaction=define
useithreads=define
usemultiplicity=define
use64bitint=define
use64bitall=define
uselongdouble=undef
usemymalloc=n
default_inc_excludes_dot=define
bincompat5005=undef
Compiler:
cc='cc'
ccflags ='-D_REENTRANT -D_GNU_SOURCE -O2 -pipe -Wall -Wextra -mtune=native -march=native -fwrapv -fno-strict-aliasing -fstack-protector-strong -I/usr/local/include -D_LARGEFILE_SOURCE -D_FILE_OFFSET_BITS=64 -D_FORTIFY_SOURCE=2'
optimize='-O2'
cppflags='-D_REENTRANT -D_GNU_SOURCE -O2 -pipe -Wall -Wextra -mtune=native -march=native -fwrapv -fno-strict-aliasing -fstack-protector-strong -I/usr/local/include'
ccversion=''
gccversion='6.3.0 20170516'
gccosandvers=''
intsize=4
longsize=8
ptrsize=8
doublesize=8
byteorder=12345678
doublekind=3
d_longlong=define
longlongsize=8
d_longdbl=define
longdblsize=16
longdblkind=3
ivtype='long'
ivsize=8
nvtype='double'
nvsize=8
Off_t='off_t'
lseeksize=8
alignbytes=8
prototype=define
Linker and Libraries:
ld='cc'
ldflags =' -fstack-protector-strong -L/usr/local/lib'
libpth=/usr/local/lib /usr/lib/gcc/x86_64-linux-gnu/6/include-fixed /usr/include/x86_64-linux-gnu /usr/lib /lib/x86_64-linux-gnu /lib/../lib /usr/lib/x86_64-linux-gnu /usr/lib/../lib /lib
libs=-lpthread -lnsl -ldl -lm -lcrypt -lutil -lc
perllibs=-lpthread -lnsl -ldl -lm -lcrypt -lutil -lc
libc=libc-2.24.so
so=so
useshrplib=false
libperl=libperl.a
gnulibc_version='2.24'
Dynamic Linking:
dlsrc=dl_dlopen.xs
dlext=so
d_dlsymun=undef
ccdlflags='-Wl,-E'
cccdlflags='-fPIC'
lddlflags='-shared -O2 -L/usr/local/lib -fstack-protector-strong'
Characteristics of this binary (from libperl):
Compile-time options:
HAS_TIMES
MULTIPLICITY
PERLIO_LAYERS
PERL_COPY_ON_WRITE
PERL_DONT_CREATE_GVSV
PERL_IMPLICIT_CONTEXT
PERL_MALLOC_WRAP
PERL_OP_PARENT
PERL_PRESERVE_IVUV
PERL_USE_DEVEL
USE_64_BIT_ALL
USE_64_BIT_INT
USE_ITHREADS
USE_LARGE_FILES
USE_LOCALE
USE_LOCALE_COLLATE
USE_LOCALE_CTYPE
USE_LOCALE_NUMERIC
USE_LOCALE_TIME
USE_PERLIO
USE_PERL_ATOF
USE_REENTRANT_API
Locally applied patches:
Devel::PatchPerl 1.52
Built under linux
Compiled at Jan 19 2019 18:11:24
%ENV:
PERL5LIB="/tmp/build/Text-WikiFormat-0.81-0/blib/arch:/tmp/build/Text-WikiFormat-0.81-0/blib/lib:/tmp/build/CGI-4.51-0/blib/arch:/tmp/build/CGI-4.51-0/blib/lib:/tmp/build/Test-Warn-0.36-0/blib/arch:/tmp/build/Test-Warn-0.36-0/blib/lib:/tmp/build/Test-NoWarnings-1.04-0/blib/arch:/tmp/build/Test-NoWarnings-1.04-0/blib/lib"
PERL5OPT=""
PERL5_CPANPLUS_IS_RUNNING="105838"
PERL5_CPAN_IS_RUNNING="105838"
PERLBREW_HOME="/home/smoker/.perlbrew"
PERLBREW_MANPATH="/home/smoker/perl5/perlbrew/perls/perl-5.26.3-thread/man"
PERLBREW_PATH="/home/smoker/perl5/perlbrew/bin:/home/smoker/perl5/perlbrew/perls/perl-5.26.3-thread/bin"
PERLBREW_PERL="perl-5.26.3-thread"
PERLBREW_ROOT="/home/smoker/perl5/perlbrew"
PERLBREW_SHELLRC_VERSION="0.86"
PERLBREW_VERSION="0.86"
PERL_MM_USE_DEFAULT="1"
PERL_USE_UNSAFE_INC="1"
@INC:
/tmp/build/Text-WikiFormat-0.81-0/blib/arch
/tmp/build/Text-WikiFormat-0.81-0/blib/lib
/tmp/build/CGI-4.51-0/blib/arch
/tmp/build/CGI-4.51-0/blib/lib
/tmp/build/Test-Warn-0.36-0/blib/arch
/tmp/build/Test-Warn-0.36-0/blib/lib
/tmp/build/Test-NoWarnings-1.04-0/blib/arch
/tmp/build/Test-NoWarnings-1.04-0/blib/lib
/home/smoker/perl5/perlbrew/perls/perl-5.26.3-thread/lib/site_perl/5.26.3/x86_64-linux-thread-multi
/home/smoker/perl5/perlbrew/perls/perl-5.26.3-thread/lib/site_perl/5.26.3
/home/smoker/perl5/perlbrew/perls/perl-5.26.3-thread/lib/5.26.3/x86_64-linux-thread-multi
/home/smoker/perl5/perlbrew/perls/perl-5.26.3-thread/lib/5.26.3
.