XML-LibXML-SAX-ChunkParser v0.00008 Perl 5 v5.32.1 i386-openbsd
- Status
- Fail
- From
- Alceu Rodrigues de Freitas Junior
- Dist
-
XML-LibXML-SAX-ChunkParser v0.00008
- Platform
- Perl 5 v5.32.1 i386-openbsd
- Date
- 2022-06-27 20:55:30
- ID
- 7b0d3174-f65b-11ec-b737-db65ffa5fe2c
This distribution has been tested as part of the CPAN Testers
project, supporting the Perl programming language. See
http://wiki.cpantesters.org/ for more information or email
questions to cpan-testers-discuss@perl.org
--
Dear Daisuke Maki,
This is a computer-generated report for XML-LibXML-SAX-ChunkParser-0.00008
on perl 5.32.1, created by CPAN-Reporter-1.2018.
Thank you for uploading your work to CPAN. However, there was a problem
testing your distribution.
If you think this report is invalid, please consult the CPAN Testers Wiki
for suggestions on how to avoid getting FAIL reports for missing library
or binary dependencies, unsupported operating systems, and so on:
http://wiki.cpantesters.org/wiki/CPANAuthorNotes
Sections of this report:
* Tester comments
* Program output
* Prerequisites
* Environment and other context
------------------------------
TESTER COMMENTS
------------------------------
Additional comments from tester:
this report is from an automated smoke testing program
and was not reviewed by a human for accuracy
If you would like to try to reproduce this report results or even to work with
the same environment for a bug fix, please refer to
https://github.com/glasswalk3r/cpan-openbsd-smoker to see how to use the
prebuilt virtual machines available.
------------------------------
PROGRAM OUTPUT
------------------------------
Output from './Build test':
t/00_compile.t .. ok
# parsing chunk '<?xml v'
# parsing chunk 'ersion="1.0"?>'
# Failed test 'event should be start_document'
# at t/01_basic.t line 104.
# got: 'set_document_locator'
# expected: 'start_document'
# Failed test 'event should be xml_decl'
# at t/01_basic.t line 104.
# got: 'start_document'
# expected: 'xml_decl'
# Failed test at t/01_basic.t line 105.
# Structures begin differing at:
# $got->{Version} = Does not exist
# $expected->{Version} = '1.0'
# Failed test 'event should be start_prefix_mapping'
# at t/01_basic.t line 104.
# got: 'xml_decl'
# expected: 'start_prefix_mapping'
# Failed test at t/01_basic.t line 105.
# Structures begin differing at:
# $got->{Prefix} = Does not exist
# $expected->{Prefix} = ''
# parsing chunk '<foo xml'
# parsing chunk 'ns="http://foobar.com">'
# Failed test 'event should be start_element'
# at t/01_basic.t line 104.
# got: 'start_prefix_mapping'
# expected: 'start_element'
# Failed test at t/01_basic.t line 105.
# Structures begin differing at:
# $got->{LocalName} = Does not exist
# $expected->{LocalName} = 'foo'
# Failed test at t/01_basic.t line 105.
# Structures begin differing at:
# $got->{Attributes}{{}x} = Does not exist
# $expected->{Attributes}{{}x} = HASH(0x69224db0)
# parsing chunk '<'
# parsing chunk 'bar x="1"'
# parsing chunk '>'
# Failed test at t/01_basic.t line 105.
# Structures begin differing at:
# $got->{Attributes}{{}x} = HASH(0x5c634e60)
# $expected->{Attributes}{{}x} = Does not exist
# parsing chunk '<baz>whoopla</b'
# Failed test 'event should be characters'
# at t/01_basic.t line 104.
# got: 'start_element'
# expected: 'characters'
# Failed test at t/01_basic.t line 105.
# Structures begin differing at:
# $got->{Attributes} = HASH(0x5255ef90)
# $expected->{Attributes} = Does not exist
# Failed test 'event should be end_element'
# at t/01_basic.t line 104.
# got: 'characters'
# expected: 'end_element'
# Failed test at t/01_basic.t line 105.
# Structures begin differing at:
# $got->{NamespaceURI} = Does not exist
# $expected->{NamespaceURI} = 'http://foobar.com'
# parsing chunk 'az>'
# Failed test at t/01_basic.t line 105.
# Structures begin differing at:
# $got->{LocalName} = 'baz'
# $expected->{LocalName} = 'bar'
# parsing chunk '<'
# parsing chunk '/'
# parsing chunk 'bar>'
# Failed test at t/01_basic.t line 105.
# Structures begin differing at:
# $got->{LocalName} = 'bar'
# $expected->{LocalName} = 'foo'
# parsing chunk '</foo>'
# Failed test 'event should be end_prefix_mapping'
# at t/01_basic.t line 104.
# got: 'end_element'
# expected: 'end_prefix_mapping'
# Failed test at t/01_basic.t line 105.
# Structures begin differing at:
# $got->{LocalName} = 'foo'
# $expected->{LocalName} = Does not exist
# Failed test 'event should be '
# at t/01_basic.t line 104.
# got: 'end_prefix_mapping'
# expected: undef
# Failed test at t/01_basic.t line 105.
# Structures begin differing at:
# $got->{Prefix} = ''
# $expected->{Prefix} = Does not exist
# Looks like you planned 23 tests but ran 25.
# Looks like you failed 19 tests of 25 run.
t/01_basic.t ....
Dubious, test returned 19 (wstat 4864, 0x1300)
Failed 17/23 subtests
t/rt94173.t ..... ok
Test Summary Report
-------------------
t/01_basic.t (Wstat: 4864 (exited 19) Tests: 25 Failed: 19)
Failed tests: 2, 4-9, 11, 13-17, 19, 21-25
Non-zero exit status: 19
Parse errors: Bad plan. You planned 23 tests but ran 25.
Files=3, Tests=29, 1 wallclock secs ( 0.02 usr 0.02 sys + 0.49 cusr 0.33 csys = 0.86 CPU)
Result: FAIL
Failed 1/3 test programs. 19/29 subtests failed.
------------------------------
PREREQUISITES
------------------------------
Prerequisite modules loaded:
requires:
Module Need Have
------------------- ---- --------
XML::LibXML 1.66 2.0207
XML::SAX 0 1.02
build_requires:
Module Need Have
------------------- ---- --------
ExtUtils::CBuilder 0 0.280236
ExtUtils::MakeMaker 6.36 7.65_01
Test::Fatal 0 0.016
Test::More 0 1.302190
configure_requires:
Module Need Have
------------------- ---- --------
CPAN::Meta 0 2.150010
CPAN::Meta::Prereqs 0 2.150010
Module::Build 0.38 0.4231
------------------------------
ENVIRONMENT AND OTHER CONTEXT
------------------------------
Environment variables:
AUTOMATED_TESTING = 1
PATH = /home/goku/perl5/bin:/usr/bin:/bin:/usr/sbin:/sbin:/usr/X11R6/bin:/usr/local/bin:/usr/local/sbin
PERL5LIB = /home/goku/perl5/lib/perl5
PERL5OPT =
PERL5_CPANPLUS_IS_RUNNING = 49073
PERL5_CPAN_IS_RUNNING = 49073
PERL5_CPAN_IS_RUNNING_IN_RECURSION = 1201,49073
PERL_CR_SMOKER_CURRENT = XML-Writer-Lazy-0.05
PERL_EXTUTILS_AUTOINSTALL = --defaultdeps
PERL_LOCAL_LIB_ROOT = /home/goku/perl5
PERL_MB_OPT = --install_base "/home/goku/perl5"
PERL_MM_OPT = INSTALL_BASE=/home/goku/perl5
PERL_MM_USE_DEFAULT = 1
PERL_USE_UNSAFE_INC = 1
SHELL = /bin/ksh
TERM = xterm-256color
Perl special variables (and OS-specific diagnostics, for MSWin32):
$^X = /usr/bin/perl
$UID/$EUID = 1001 / 1001
$GID = 1002 1002 1001
$EGID = 1002 1002 1001
Perl module toolchain versions installed:
Module Have
------------------- --------
CPAN 2.34
CPAN::Meta 2.150010
Cwd 3.78
ExtUtils::CBuilder 0.280236
ExtUtils::Command 7.65_01
ExtUtils::Install 2.20
ExtUtils::MakeMaker 7.65_01
ExtUtils::Manifest 1.73
ExtUtils::ParseXS 3.44
File::Spec 3.78
JSON 4.06
JSON::PP 4.09
Module::Build 0.4231
Module::Signature n/a
Parse::CPAN::Meta 2.150010
Test::Harness 3.44
Test::More 1.302190
YAML 1.30
YAML::Syck 1.34
version 0.9929
--
Summary of my perl5 (revision 5 version 32 subversion 1) configuration:
Platform:
osname=openbsd
osvers=7.1
archname=i386-openbsd
uname='openbsd'
config_args='-dse -Dopenbsd_distribution=defined -Dmksymlinks'
hint=recommended
useposix=true
d_sigaction=define
useithreads=undef
usemultiplicity=undef
use64bitint=undef
use64bitall=undef
uselongdouble=undef
usemymalloc=n
default_inc_excludes_dot=define
bincompat5005=undef
Compiler:
cc='cc'
ccflags ='-DNO_LOCALE_NUMERIC -DNO_LOCALE_COLLATE -fno-strict-aliasing -fno-delete-null-pointer-checks -pipe -fstack-protector-strong -I/usr/local/include'
optimize='-O2'
cppflags='-DBIG_TIME -DNO_LOCALE_NUMERIC -DNO_LOCALE_COLLATE -fno-strict-aliasing -fno-delete-null-pointer-checks -pipe -fstack-protector-strong -I/usr/local/include'
ccversion=''
gccversion='OpenBSD Clang 13.0.0'
gccosandvers=''
intsize=4
longsize=4
ptrsize=4
doublesize=8
byteorder=1234
doublekind=3
d_longlong=define
longlongsize=8
d_longdbl=define
longdblsize=12
longdblkind=3
ivtype='long'
ivsize=4
nvtype='double'
nvsize=8
Off_t='off_t'
lseeksize=8
alignbytes=4
prototype=define
Linker and Libraries:
ld='cc'
ldflags ='-Wl,-E -fstack-protector-strong -L/usr/local/lib'
libpth=/usr/lib /usr/lib/clang/13.0.0/lib /usr/lib
libs=-lm -lc
perllibs=-lm -lc
libc=/usr/lib/libc.so.96.1
so=so
useshrplib=true
libperl=libperl.so.22.0
gnulibc_version=''
Dynamic Linking:
dlsrc=dl_dlopen.xs
dlext=so
d_dlsymun=undef
ccdlflags='-Wl,-R/usr/libdata/perl5/i386-openbsd/CORE'
cccdlflags='-DPIC -fpic '
lddlflags='-shared -fpic -fstack-protector-strong -L/usr/local/lib'
Characteristics of this binary (from libperl):
Compile-time options:
HAS_TIMES
PERLIO_LAYERS
PERL_COPY_ON_WRITE
PERL_DONT_CREATE_GVSV
PERL_MALLOC_WRAP
PERL_OP_PARENT
PERL_PRESERVE_IVUV
USE_LARGE_FILES
USE_LOCALE
USE_LOCALE_CTYPE
USE_LOCALE_TIME
USE_PERLIO
USE_PERL_ATOF
Built under openbsd
%ENV:
PERL5LIB="/home/goku/perl5/lib/perl5"
PERL5OPT=""
PERL5_CPANPLUS_IS_RUNNING="49073"
PERL5_CPAN_IS_RUNNING="49073"
PERL5_CPAN_IS_RUNNING_IN_RECURSION="1201,49073"
PERL_CR_SMOKER_CURRENT="XML-Writer-Lazy-0.05"
PERL_EXTUTILS_AUTOINSTALL="--defaultdeps"
PERL_LOCAL_LIB_ROOT="/home/goku/perl5"
PERL_MB_OPT="--install_base "/home/goku/perl5""
PERL_MM_OPT="INSTALL_BASE=/home/goku/perl5"
PERL_MM_USE_DEFAULT="1"
PERL_USE_UNSAFE_INC="1"
@INC:
/home/goku/perl5/lib/perl5/5.32.1/i386-openbsd
/home/goku/perl5/lib/perl5/5.32.1
/home/goku/perl5/lib/perl5/i386-openbsd
/home/goku/perl5/lib/perl5
/usr/local/libdata/perl5/site_perl/i386-openbsd
/usr/local/libdata/perl5/site_perl
/usr/libdata/perl5/i386-openbsd
/usr/libdata/perl5
.