MetasploitExpress-Parser v0.02 Perl 5 v5.24.2 amd64-freebsd

Status
Fail
From
Slaven Rezić (SREZIC)
Dist
MetasploitExpress-Parser v0.02
Platform
Perl 5 v5.24.2 amd64-freebsd
Date
2018-06-10 15:46:46
ID
7b135d5c-6cc5-11e8-b3f7-e8ec363de2bc
This distribution has been tested as part of the CPAN Testers
project, supporting the Perl programming language.  See
http://wiki.cpantesters.org/ for more information or email
questions to cpan-testers-discuss@perl.org


--
Dear Joshua 'Jabra' Abraham,

This is a computer-generated report for MetasploitExpress-Parser-0.02
on perl 5.24.2, created by CPAN-Reporter-1.2018.

Thank you for uploading your work to CPAN.  However, there was a problem
testing your distribution.

If you think this report is invalid, please consult the CPAN Testers Wiki
for suggestions on how to avoid getting FAIL reports for missing library
or binary dependencies, unsupported operating systems, and so on:

http://wiki.cpantesters.org/wiki/CPANAuthorNotes

Sections of this report:

    * Tester comments
    * Program output
    * Prerequisites
    * Environment and other context

------------------------------
TESTER COMMENTS
------------------------------

Additional comments from tester:

none provided

------------------------------
PROGRAM OUTPUT
------------------------------

Output from '/usr/bin/make test':

PERL_DL_NONLAZY=1 "/usr/perl5.24.2p/bin/perl" "-MExtUtils::Command::MM" "-MTest::Harness" "-e" "undef *Test::Harness::Switches; test_harness(0, 'blib/lib', 'blib/arch')" t/*.t
t/00-load.t ..... ok
t/01-pod.t ...... ok
t/02-modules.t .. ok
Base class package "t::Test" is not empty but "t/Test.pm" exists in the current directory.
    To help avoid security issues, base.pm now refuses to load optional modules
    from the current working directory when it is the last entry in @INC.
    If your software worked on previous versions of Perl, the best solution
    is to use FindBin to detect the path properly and to add that path to
    @INC.  As a last resort, you can re-enable looking in the current working
    directory by adding "use lib '.'" to your code.
 at t/Test/Parser.pm line 5.
BEGIN failed--compilation aborted at t/Test/Parser.pm line 5.
Compilation failed in require at t/parser.t line 3.
BEGIN failed--compilation aborted at t/parser.t line 3.
t/parser.t ...... 
Dubious, test returned 255 (wstat 65280, 0xff00)
No subtests run 

Test Summary Report
-------------------
t/parser.t    (Wstat: 65280 Tests: 0 Failed: 0)
  Non-zero exit status: 255
  Parse errors: No plan found in TAP output
Files=4, Tests=19,  0 wallclock secs ( 0.00 usr  0.04 sys +  0.05 cusr  0.20 csys =  0.29 CPU)
Result: FAIL
Failed 1/4 test programs. 0/19 subtests failed.
*** Error code 255

Stop.
make: stopped in /home/cpansand/.cpan/build/2018060923/MetasploitExpress-Parser-0.02-c14OkE

------------------------------
PREREQUISITES
------------------------------

Prerequisite modules loaded:

requires:

    Module              Need Have    
    ------------------- ---- --------
    Object::InsideOut   0    4.04    
    Test::Class         0    0.50    
    Test::More          0    1.302086
    XML::LibXML         0    2.0132  

build_requires:

    Module              Need Have    
    ------------------- ---- --------
    ExtUtils::MakeMaker 0    7.10_02 

configure_requires:

    Module              Need Have    
    ------------------- ---- --------
    ExtUtils::MakeMaker 0    7.10_02 


------------------------------
ENVIRONMENT AND OTHER CONTEXT
------------------------------

Environment variables:

    LC_ALL = de_DE.ISO8859-1
    PATH = /usr/local/bin:/usr/bin:/bin:/usr/local/sbin:/usr/sbin:/sbin:/home/cpansand/bin/freebsd10.3:/home/cpansand/bin/sh:/home/cpansand/bin:/usr/games:/home/cpansand/devel:/home/eserte/src/srezic-misc/scripts
    PERL5LIB = /home/cpansand/.cpan/build/2018060923/Test-Class-0.50-Wa_i1v/blib/arch:/home/cpansand/.cpan/build/2018060923/Test-Class-0.50-Wa_i1v/blib/lib:/home/cpansand/.cpan/build/2018060923/XML-LibXML-2.0132-mH8S48/blib/arch:/home/cpansand/.cpan/build/2018060923/XML-LibXML-2.0132-mH8S48/blib/lib:/home/cpansand/.cpan/build/2018060923/Object-InsideOut-4.04-E8qsmM/blib/arch:/home/cpansand/.cpan/build/2018060923/Object-InsideOut-4.04-E8qsmM/blib/lib
    PERL5OPT = 
    PERL5_CPANPLUS_IS_RUNNING = 64520
    PERL5_CPAN_IS_RUNNING = 64520
    PERL5_CPAN_IS_RUNNING_IN_RECURSION = 63557,64520
    PERLDOC = -MPod::Perldoc::ToTextOverstrike
    PERL_BATCH = yes
    PERL_CANARY_STABILITY_NOPROMPT = 1
    PERL_CPAN_REPORTER_CONFIG = /var/tmp/cpansmoker-1023/2018060923/cpanreporter_000_config.ini
    PERL_EXTUTILS_AUTOINSTALL = --defaultdeps
    SHELL = /usr/local/bin/zsh
    TERM = screen
    TMPDIR = /var/tmp/cpansmoker-1023/2018060923

Perl special variables (and OS-specific diagnostics, for MSWin32):

    $^X = /usr/perl5.24.2p/bin/perl
    $UID/$EUID = 1023 / 1023
    $GID = 1023 1023
    $EGID = 1023 1023

Perl module toolchain versions installed:

    Module              Have      
    ------------------- ----------
    CPAN                2.11_01   
    CPAN::Meta          2.150005  
    Cwd                 3.63_01   
    ExtUtils::CBuilder  0.280225  
    ExtUtils::Command   7.10_02   
    ExtUtils::Install   2.04      
    ExtUtils::MakeMaker 7.10_02   
    ExtUtils::Manifest  1.70      
    ExtUtils::ParseXS   3.31      
    File::Spec          3.63_01   
    JSON                2.94      
    JSON::PP            2.27300_01
    Module::Build       0.4224    
    Module::Signature   n/a       
    Parse::CPAN::Meta   1.4417_001
    Test::Harness       3.36_01   
    Test::More          1.302086  
    YAML                1.23      
    YAML::Syck          1.30      
    version             0.9916    


--

Summary of my perl5 (revision 5 version 24 subversion 2) configuration:
   
  Platform:
    osname=freebsd, osvers=10.3-release-p11, archname=amd64-freebsd
    uname='freebsd cvrsnica-freebsd-101.herceg.de 10.3-release-p11 freebsd 10.3-release-p11 #0: mon oct 24 18:49:24 utc 2016 root@amd64-builder.daemonology.net:usrobjusrsrcsysgeneric amd64 '
    config_args='-ds -e -Dprefix=/usr/perl5.24.2p -Dcf_email=srezic@cpan.org -Doptimize=-O2 -pipe'
    hint=recommended, useposix=true, d_sigaction=define
    useithreads=undef, usemultiplicity=undef
    use64bitint=define, use64bitall=define, uselongdouble=undef
    usemymalloc=n, bincompat5005=undef
  Compiler:
    cc='cc', ccflags ='-DHAS_FPSETMASK -DHAS_FLOATINGPOINT_H -fno-strict-aliasing -pipe -fstack-protector -I/usr/local/include -D_FORTIFY_SOURCE=2',
    optimize='-O2 -pipe',
    cppflags='-DHAS_FPSETMASK -DHAS_FLOATINGPOINT_H -fno-strict-aliasing -pipe -fstack-protector -I/usr/local/include'
    ccversion='', gccversion='4.2.1 Compatible FreeBSD Clang 3.4.1 (tags/RELEASE_34/dot1-final 208032)', gccosandvers=''
    intsize=4, longsize=8, ptrsize=8, doublesize=8, byteorder=12345678, doublekind=3
    d_longlong=define, longlongsize=8, d_longdbl=define, longdblsize=16, longdblkind=3
    ivtype='long', ivsize=8, nvtype='double', nvsize=8, Off_t='off_t', lseeksize=8
    alignbytes=8, prototype=define
  Linker and Libraries:
    ld='cc', ldflags ='-pthread -Wl,-E  -fstack-protector -L/usr/local/lib'
    libpth=/usr/lib /usr/local/lib /usr/include/clang/3.4.1 /usr/lib
    libs=-lpthread -lgdbm -lm -lcrypt -lutil -lc
    perllibs=-lpthread -lm -lcrypt -lutil -lc
    libc=, so=so, useshrplib=false, libperl=libperl.a
    gnulibc_version=''
  Dynamic Linking:
    dlsrc=dl_dlopen.xs, dlext=so, d_dlsymun=undef, ccdlflags=' '
    cccdlflags='-DPIC -fPIC', lddlflags='-shared  -L/usr/local/lib -fstack-protector'


Characteristics of this binary (from libperl): 
  Compile-time options: HAS_TIMES PERLIO_LAYERS PERL_COPY_ON_WRITE
                        PERL_DONT_CREATE_GVSV
                        PERL_HASH_FUNC_ONE_AT_A_TIME_HARD PERL_MALLOC_WRAP
                        PERL_PRESERVE_IVUV USE_64_BIT_ALL USE_64_BIT_INT
                        USE_LARGE_FILES USE_LOCALE USE_LOCALE_COLLATE
                        USE_LOCALE_CTYPE USE_LOCALE_NUMERIC USE_LOCALE_TIME
                        USE_PERLIO USE_PERL_ATOF
  Built under freebsd
  Compiled at Jul 29 2017 11:20:18
  %ENV:
    PERL5LIB="/home/cpansand/.cpan/build/2018060923/Test-Class-0.50-Wa_i1v/blib/arch:/home/cpansand/.cpan/build/2018060923/Test-Class-0.50-Wa_i1v/blib/lib:/home/cpansand/.cpan/build/2018060923/XML-LibXML-2.0132-mH8S48/blib/arch:/home/cpansand/.cpan/build/2018060923/XML-LibXML-2.0132-mH8S48/blib/lib:/home/cpansand/.cpan/build/2018060923/Object-InsideOut-4.04-E8qsmM/blib/arch:/home/cpansand/.cpan/build/2018060923/Object-InsideOut-4.04-E8qsmM/blib/lib"
    PERL5OPT=""
    PERL5_CPANPLUS_IS_RUNNING="64520"
    PERL5_CPAN_IS_RUNNING="64520"
    PERL5_CPAN_IS_RUNNING_IN_RECURSION="63557,64520"
    PERLDOC="-MPod::Perldoc::ToTextOverstrike"
    PERL_BATCH="yes"
    PERL_CANARY_STABILITY_NOPROMPT="1"
    PERL_CPAN_REPORTER_CONFIG="/var/tmp/cpansmoker-1023/2018060923/cpanreporter_000_config.ini"
    PERL_EXTUTILS_AUTOINSTALL="--defaultdeps"
  @INC:
    /home/cpansand/.cpan/build/2018060923/Test-Class-0.50-Wa_i1v/blib/arch
    /home/cpansand/.cpan/build/2018060923/Test-Class-0.50-Wa_i1v/blib/lib
    /home/cpansand/.cpan/build/2018060923/XML-LibXML-2.0132-mH8S48/blib/arch
    /home/cpansand/.cpan/build/2018060923/XML-LibXML-2.0132-mH8S48/blib/lib
    /home/cpansand/.cpan/build/2018060923/Object-InsideOut-4.04-E8qsmM/blib/arch
    /home/cpansand/.cpan/build/2018060923/Object-InsideOut-4.04-E8qsmM/blib/lib
    /usr/perl5.24.2p/lib/site_perl/5.24.2/amd64-freebsd
    /usr/perl5.24.2p/lib/site_perl/5.24.2
    /usr/perl5.24.2p/lib/5.24.2/amd64-freebsd
    /usr/perl5.24.2p/lib/5.24.2
    .