PDL-DSP-Windows v0.100 Perl 5 v5.35.10 x86_64-linux-ld
- Status
- Fail
- From
- Andreas J. König (ANDK)
- Dist
-
PDL-DSP-Windows v0.100
- Platform
- Perl 5 v5.35.10 x86_64-linux-ld
- Date
- 2022-04-19 09:31:25
- ID
- 7be1ea46-bfc3-11ec-a261-997dd2cfa9f7
This distribution has been tested as part of the CPAN Testers
project, supporting the Perl programming language. See
http://wiki.cpantesters.org/ for more information or email
questions to cpan-testers-discuss@perl.org
--
Dear Jose Joaquin Atria,
This is a computer-generated report for PDL-DSP-Windows-0.100
on perl 5.35.10, created by CPAN-Reporter-1.2018.
Thank you for uploading your work to CPAN. However, there was a problem
testing your distribution.
If you think this report is invalid, please consult the CPAN Testers Wiki
for suggestions on how to avoid getting FAIL reports for missing library
or binary dependencies, unsupported operating systems, and so on:
http://wiki.cpantesters.org/wiki/CPANAuthorNotes
Sections of this report:
* Tester comments
* Program output
* Prerequisites
* Environment and other context
------------------------------
TESTER COMMENTS
------------------------------
Additional comments from tester:
this report is from an automated smoke testing program
and was not reviewed by a human for accuracy
------------------------------
PROGRAM OUTPUT
------------------------------
Output from '/usr/bin/make test':
PERL_DL_NONLAZY=1 "/home/sand/src/perl/repoperls/installed-perls/host/k93msid/v5.35.10/af11/bin/perl" "-MExtUtils::Command::MM" "-MTest::Harness" "-e" "undef *Test::Harness::Switches; test_harness(0, 'blib/lib', 'blib/arch')" t/*.t
#
# Versions for all modules listed in MYMETA.json (including optional ones):
#
# === Configure Requires ===
#
# Module Want Have
# ------------------- ---- ----
# ExtUtils::MakeMaker any 7.64
#
# === Build Requires ===
#
# Module Want Have
# ------------------- ---- ----
# ExtUtils::MakeMaker any 7.64
#
# === Test Requires ===
#
# Module Want Have
# ------------------- ---- --------
# Capture::Tiny any 0.48
# ExtUtils::MakeMaker any 7.64
# File::Spec any 3.84
# Test::More 0.96 1.302190
# Try::Tiny any 0.31
#
# === Test Recommends ===
#
# Module Want Have
# ---------- -------- --------
# CPAN::Meta 2.120900 2.150010
#
# === Runtime Requires ===
#
# Module Want Have
# ------ ---- -----
# PDL any 2.077
#
t/00-report-prereqs.t .. ok
t/exports.t ............ ok
t/helpers.t ............ ok
t/list_windows.t ....... ok
t/namespace.t .......... ok
t/oo.t ................. ok
t/plot.t ............... skipped: Need PDL::Graphics::Gnuplot with svg support to run plot tests
Error in slice:slice has too many dims (indexes dim 1; highest is 0) at ops.pd line 660.
PDL::__ANON__(PDL=SCALAR(0x564fe7161dd8), PDL=SCALAR(0x564fe715ec30), undef) called at /home/sand/src/perl/repoperls/installed-perls/host/k93msid/v5.35.10/af11/lib/site_perl/5.35.10/x86_64-linux-ld/PDL/LinearAlgebra/Special.pm line 225
PDL::mtoeplitz(PDL=SCALAR(0x564fe7165690)) called at /tmp/loop_over_bdir-3690974-ZTwNdk/PDL-DSP-Windows-0.100-0/blib/lib/PDL/DSP/Windows.pm line 1204
PDL::DSP::Windows::dpss(101, 4) called at /tmp/loop_over_bdir-3690974-ZTwNdk/PDL-DSP-Windows-0.100-0/blib/lib/PDL/DSP/Windows.pm line 475
PDL::DSP::Windows::samples(PDL::DSP::Windows=HASH(0x564fe7164d30)) called at /tmp/loop_over_bdir-3690974-ZTwNdk/PDL-DSP-Windows-0.100-0/blib/lib/PDL/DSP/Windows.pm line 322
PDL::DSP::Windows::window(101, "dpss", HASH(0x564fe715bfe8)) called at t/windows.t line 275
main::__ANON__() called at /home/sand/src/perl/repoperls/installed-perls/host/k93msid/v5.35.10/af11/lib/5.35.10/Test/Builder.pm line 374
eval {...} called at /home/sand/src/perl/repoperls/installed-perls/host/k93msid/v5.35.10/af11/lib/5.35.10/Test/Builder.pm line 374
Test::Builder::subtest(Test::Builder=HASH(0x564fe5e1d438), "relation between periodic and symmetric.", CODE(0x564fe5ddf8d0)) called at /home/sand/src/perl/repoperls/installed-perls/host/k93msid/v5.35.10/af11/lib/5.35.10/Test/More.pm line 809
Test::More::subtest("relation between periodic and symmetric.", CODE(0x564fe5ddf8d0)) called at t/windows.t line 283
# Tests were run but no plan was declared and done_testing() was not seen.
# Looks like your test exited with 255 just after 5.
t/windows.t ............
Dubious, test returned 255 (wstat 65280, 0xff00)
All 5 subtests passed
Test Summary Report
-------------------
t/windows.t (Wstat: 65280 Tests: 5 Failed: 0)
Non-zero exit status: 255
Parse errors: No plan found in TAP output
Files=8, Tests=24, 8 wallclock secs ( 0.04 usr 0.03 sys + 3.70 cusr 0.34 csys = 4.11 CPU)
Result: FAIL
Failed 1/8 test programs. 0/24 subtests failed.
make: *** [Makefile:860: test_dynamic] Error 255
------------------------------
PREREQUISITES
------------------------------
Prerequisite modules loaded:
requires:
Module Need Have
------------------- ----- --------
PDL 0 2.077
perl 5.010 5.035010
build_requires:
Module Need Have
------------------- ----- --------
Capture::Tiny 0 0.48
ExtUtils::MakeMaker 0 7.64
File::Spec 0 3.84
Test::More 0.96 1.302190
Try::Tiny 0 0.31
configure_requires:
Module Need Have
------------------- ----- --------
ExtUtils::MakeMaker 0 7.64
perl 5.010 5.035010
------------------------------
ENVIRONMENT AND OTHER CONTEXT
------------------------------
Environment variables:
AUTOMATED_TESTING = 1
LANG = en_US.UTF-8
NO_NETWORK_TESTING = 1
PATH = /home/sand/bin:/usr/local/bin:/usr/bin:/bin:/usr/games:/usr/local/perl/bin:/usr/X11/bin:/sbin:/usr/sbin
PERL5LIB =
PERL5OPT =
PERL5_CPANPLUS_IS_RUNNING = 3691000
PERL5_CPAN_IS_RUNNING = 3691000
PERL_CANARY_STABILITY_NOPROMPT = 1
PERL_MM_USE_DEFAULT = 1
PERL_USE_UNSAFE_INC = 1
SHELL = /usr/bin/zsh
TERM = screen
Perl special variables (and OS-specific diagnostics, for MSWin32):
$^X = /home/sand/src/perl/repoperls/installed-perls/host/k93msid/v5.35.10/af11/bin/perl
$UID/$EUID = 1005 / 1005
$GID = 1005 1005
$EGID = 1005 1005
Perl module toolchain versions installed:
Module Have
------------------- --------
CPAN 2.33
CPAN::Meta 2.150010
Cwd 3.84
ExtUtils::CBuilder 0.280236
ExtUtils::Command 7.64
ExtUtils::Install 2.20
ExtUtils::MakeMaker 7.64
ExtUtils::Manifest 1.73
ExtUtils::ParseXS 3.45
File::Spec 3.84
JSON 4.05
JSON::PP 4.08
Module::Build 0.4231
Module::Signature 0.88
Parse::CPAN::Meta 2.150010
Test::Harness 3.43
Test::More 1.302190
YAML 1.30
YAML::Syck 1.34
version 0.9929
--
Summary of my perl5 (revision 5 version 35 subversion 10) configuration:
Commit id: a1655185e6f80da0d630b3c2d8df5f32364b0e35
Platform:
osname=linux
osvers=5.16.0-5-amd64
archname=x86_64-linux-ld
uname='linux k93msid 5.16.0-5-amd64 #1 smp preempt debian 5.16.14-1 (2022-03-15) x86_64 gnulinux '
config_args='-Dprefix=/home/sand/src/perl/repoperls/installed-perls/host/k93msid/v5.35.10/af11 -Dmyhostname=k93msid -Dinstallusrbinperl=n -Uversiononly -Dusedevel -des -Ui_db -Dlibswanted=cl pthread socket inet nsl gdbm dbm malloc dl ld sun m crypt sec util c cposix posix ucb BSD gdbm_compat -Uuseithreads -Duselongdouble -DEBUGGING=-g'
hint=recommended
useposix=true
d_sigaction=define
useithreads=undef
usemultiplicity=undef
use64bitint=define
use64bitall=define
uselongdouble=define
usemymalloc=n
default_inc_excludes_dot=define
Compiler:
cc='cc'
ccflags ='-fwrapv -fno-strict-aliasing -pipe -fstack-protector-strong -I/usr/local/include -D_LARGEFILE_SOURCE -D_FILE_OFFSET_BITS=64 -D_FORTIFY_SOURCE=2'
optimize='-O2 -g'
cppflags='-fwrapv -fno-strict-aliasing -pipe -fstack-protector-strong -I/usr/local/include'
ccversion=''
gccversion='11.2.0'
gccosandvers=''
intsize=4
longsize=8
ptrsize=8
doublesize=8
byteorder=12345678
doublekind=3
d_longlong=define
longlongsize=8
d_longdbl=define
longdblsize=16
longdblkind=3
ivtype='long'
ivsize=8
nvtype='long double'
nvsize=16
Off_t='off_t'
lseeksize=8
alignbytes=16
prototype=define
Linker and Libraries:
ld='cc'
ldflags =' -fstack-protector-strong -L/usr/local/lib'
libpth=/usr/local/lib /usr/lib/x86_64-linux-gnu /usr/lib /lib/x86_64-linux-gnu /lib
libs=-lpthread -lnsl -ldl -lm -lcrypt -lutil -lc
perllibs=-lpthread -lnsl -ldl -lm -lcrypt -lutil -lc
libc=libc-2.33.so
so=so
useshrplib=false
libperl=libperl.a
gnulibc_version='2.33'
Dynamic Linking:
dlsrc=dl_dlopen.xs
dlext=so
d_dlsymun=undef
ccdlflags='-Wl,-E'
cccdlflags='-fPIC'
lddlflags='-shared -O2 -g -L/usr/local/lib -fstack-protector-strong'
Characteristics of this binary (from libperl):
Compile-time options:
HAS_TIMES
PERLIO_LAYERS
PERL_COPY_ON_WRITE
PERL_DONT_CREATE_GVSV
PERL_MALLOC_WRAP
PERL_OP_PARENT
PERL_PRESERVE_IVUV
PERL_USE_DEVEL
USE_64_BIT_ALL
USE_64_BIT_INT
USE_LARGE_FILES
USE_LOCALE
USE_LOCALE_COLLATE
USE_LOCALE_CTYPE
USE_LOCALE_NUMERIC
USE_LOCALE_TIME
USE_LONG_DOUBLE
USE_PERLIO
USE_PERL_ATOF
Built under linux
Compiled at Mar 20 2022 21:00:40
%ENV:
PERL5LIB=""
PERL5OPT=""
PERL5_CPANPLUS_IS_RUNNING="3691000"
PERL5_CPAN_IS_RUNNING="3691000"
PERL_CANARY_STABILITY_NOPROMPT="1"
PERL_MM_USE_DEFAULT="1"
PERL_USE_UNSAFE_INC="1"
@INC:
/home/sand/src/perl/repoperls/installed-perls/host/k93msid/v5.35.10/af11/lib/site_perl/5.35.10/x86_64-linux-ld
/home/sand/src/perl/repoperls/installed-perls/host/k93msid/v5.35.10/af11/lib/site_perl/5.35.10
/home/sand/src/perl/repoperls/installed-perls/host/k93msid/v5.35.10/af11/lib/5.35.10/x86_64-linux-ld
/home/sand/src/perl/repoperls/installed-perls/host/k93msid/v5.35.10/af11/lib/5.35.10
.