Report for HTTP-MobileAgent-Plugin-CIDR-0.0.1

Back
From: metabase:user:9c36dc84-a30f-11e0-a9fc-0a18abbd4f2f
Subject: FAIL HTTP-MobileAgent-Plugin-CIDR-0.0.1 v5.20.2 OpenBSD
Date: 2016-08-27T03:22:29Z

This distribution has been tested as part of the CPAN Testers
project, supporting the Perl programming language.  See
http://wiki.cpantesters.org/ for more information or email
questions to cpan-testers-discuss@perl.org


--
Dear OHTSUKA Ko-hei,

This is a computer-generated report for HTTP-MobileAgent-Plugin-CIDR-0.0.1
on perl 5.20.2, created by CPAN-Reporter-1.2018.

Thank you for uploading your work to CPAN.  However, there was a problem
testing your distribution.

If you think this report is invalid, please consult the CPAN Testers Wiki
for suggestions on how to avoid getting FAIL reports for missing library
or binary dependencies, unsupported operating systems, and so on:

http://wiki.cpantesters.org/wiki/CPANAuthorNotes

Sections of this report:

    * Tester comments
    * Program output
    * Prerequisites
    * Environment and other context

------------------------------
TESTER COMMENTS
------------------------------

Additional comments from tester:

this report is from an automated smoke testing program
and was not reviewed by a human for accuracy

------------------------------
PROGRAM OUTPUT
------------------------------

Output from './Build test':

# Testing HTTP::MobileAgent::Plugin::CIDR 0.0.1
t/00.load.t ....... ok
t/01.chkip.t ...... ok

#   Failed test 'Test::Perl::Critic for "blib/lib/HTTP/MobileAgent/Plugin/CIDR/RegEx.pm"'
#   at /home/arfreitas/perl5/lib/perl5/Test/Perl/Critic.pm line 104.
# 
#   Variable, subroutine, and package names have to be in CamelCase at line 9, column 1.  (no explanation).  (Severity: 5)
#   Variable, subroutine, and package names have to be in CamelCase at line 14, column 1.  (no explanation).  (Severity: 5)
#   Variable, subroutine, and package names have to be in CamelCase at line 19, column 1.  (no explanation).  (Severity: 5)
#   Variable, subroutine, and package names have to be in CamelCase at line 24, column 1.  (no explanation).  (Severity: 5)

#   Failed test 'Test::Perl::Critic for "blib/script/makeipregex"'
#   at /home/arfreitas/perl5/lib/perl5/Test/Perl/Critic.pm line 104.
# 
#   Variable, subroutine, and package names have to be in CamelCase at line 12, column 4.  (no explanation).  (Severity: 5)
#   Three-argument form of open used at line 19, column 1.  Three-argument open is not available until perl 5.6.  (Severity: 5)
#   Use of "open" is not allowed at line 19, column 1.  Use file operation methods of MainObject instead.  (Severity: 5)
#   Variable, subroutine, and package names have to be in CamelCase at line 19, column 9.  (no explanation).  (Severity: 5)
#   Three-argument form of open used at line 20, column 1.  Three-argument open is not available until perl 5.6.  (Severity: 5)
#   Use of "open" is not allowed at line 20, column 1.  Use file operation methods of MainObject instead.  (Severity: 5)
#   Variable, subroutine, and package names have to be in CamelCase at line 20, column 9.  (no explanation).  (Severity: 5)
#   Variable, subroutine, and package names have to be in CamelCase at line 22, column 7.  (no explanation).  (Severity: 5)
#   Variable, subroutine, and package names have to be in CamelCase at line 30, column 7.  (no explanation).  (Severity: 5)
#   Variable, subroutine, and package names have to be in CamelCase at line 55, column 12.  (no explanation).  (Severity: 5)
#   Variable, subroutine, and package names have to be in CamelCase at line 55, column 21.  (no explanation).  (Severity: 5)
#   Variable, subroutine, and package names have to be in CamelCase at line 55, column 40.  (no explanation).  (Severity: 5)
#   Perlsecret risk. Venus  at line 55, column 40.  Perlsecret detected: %s.  (Severity: 5)
#   Variable, subroutine, and package names have to be in CamelCase at line 56, column 8.  (no explanation).  (Severity: 5)
#   Variable, subroutine, and package names have to be in CamelCase at line 57, column 8.  (no explanation).  (Severity: 5)
#   Variable, subroutine, and package names have to be in CamelCase at line 57, column 17.  (no explanation).  (Severity: 5)
#   Variable, subroutine, and package names have to be in CamelCase at line 59, column 8.  (no explanation).  (Severity: 5)
#   Variable, subroutine, and package names have to be in CamelCase at line 60, column 16.  (no explanation).  (Severity: 5)
#   Variable, subroutine, and package names have to be in CamelCase at line 60, column 25.  (no explanation).  (Severity: 5)
#   Variable, subroutine, and package names have to be in CamelCase at line 61, column 12.  (no explanation).  (Severity: 5)
#   Variable, subroutine, and package names have to be in CamelCase at line 61, column 60.  (no explanation).  (Severity: 5)
#   Private Member Data shouldn't be accessed directly at line 61, column 60.  Accessing an objects data directly breaks encapsulation and should be avoided.  Example: $object->{ some_key }.  (Severity: 5)
#   Variable, subroutine, and package names have to be in CamelCase at line 61, column 72.  (no explanation).  (Severity: 5)
#   Private Member Data shouldn't be accessed directly at line 61, column 72.  Accessing an objects data directly breaks encapsulation and should be avoided.  Example: $object->{ some_key }.  (Severity: 5)
#   Variable, subroutine, and package names have to be in CamelCase at line 62, column 15.  (no explanation).  (Severity: 5)
#   Variable, subroutine, and package names have to be in CamelCase at line 62, column 30.  (no explanation).  (Severity: 5)
#   Variable, subroutine, and package names have to be in CamelCase at line 64, column 12.  (no explanation).  (Severity: 5)
#   Variable, subroutine, and package names have to be in CamelCase at line 64, column 18.  (no explanation).  (Severity: 5)
#   Private Member Data shouldn't be accessed directly at line 64, column 18.  Accessing an objects data directly breaks encapsulation and should be avoided.  Example: $object->{ some_key }.  (Severity: 5)
#   Variable, subroutine, and package names have to be in CamelCase at line 65, column 15.  (no explanation).  (Severity: 5)
#   Variable, subroutine, and package names have to be in CamelCase at line 75, column 8.  (no explanation).  (Severity: 5)
#   Variable, subroutine, and package names have to be in CamelCase at line 75, column 35.  (no explanation).  (Severity: 5)
#   Variable, subroutine, and package names have to be in CamelCase at line 77, column 11.  (no explanation).  (Severity: 5)
#   Variable, subroutine, and package names have to be in CamelCase at line 86, column 7.  (no explanation).  (Severity: 5)

#   Failed test 'Test::Perl::Critic for "blib/lib/HTTP/MobileAgent/Plugin/CIDR.pm"'
#   at /home/arfreitas/perl5/lib/perl5/Test/Perl/Critic.pm line 104.
# 
#   Variable, subroutine, and package names have to be in CamelCase at line 14, column 1.  (no explanation).  (Severity: 5)
#   Variable, subroutine, and package names have to be in CamelCase at line 15, column 9.  (no explanation).  (Severity: 5)
#   Variable, subroutine, and package names have to be in CamelCase at line 15, column 15.  (no explanation).  (Severity: 5)
#   Variable, subroutine, and package names have to be in CamelCase at line 17, column 8.  (no explanation).  (Severity: 5)
#   Variable, subroutine, and package names have to be in CamelCase at line 17, column 30.  (no explanation).  (Severity: 5)
#   Variable, subroutine, and package names have to be in CamelCase at line 19, column 5.  (no explanation).  (Severity: 5)
#   Variable, subroutine, and package names have to be in CamelCase at line 19, column 15.  (no explanation).  (Severity: 5)
#   Method invocation should use "()" at line 19, column 20.  Use "->MethodName()" instead of "->MethodName".  (Severity: 5)
#   Variable, subroutine, and package names have to be in CamelCase at line 22, column 1.  (no explanation).  (Severity: 5)
#   Variable, subroutine, and package names have to be in CamelCase at line 24, column 1.  (no explanation).  (Severity: 5)
#   Variable, subroutine, and package names have to be in CamelCase at line 25, column 9.  (no explanation).  (Severity: 5)
#   Variable, subroutine, and package names have to be in CamelCase at line 25, column 13.  (no explanation).  (Severity: 5)
#   Variable, subroutine, and package names have to be in CamelCase at line 25, column 18.  (no explanation).  (Severity: 5)
#   Variable, subroutine, and package names have to be in CamelCase at line 26, column 5.  (no explanation).  (Severity: 5)
#   Variable, subroutine, and package names have to be in CamelCase at line 28, column 8.  (no explanation).  (Severity: 5)
#   Variable, subroutine, and package names have to be in CamelCase at line 28, column 15.  (no explanation).  (Severity: 5)
#   Perlsecret risk. Venus  at line 28, column 29.  Perlsecret detected: %s.  (Severity: 5)
#   Variable, subroutine, and package names have to be in CamelCase at line 28, column 86.  (no explanation).  (Severity: 5)
#   Variable, subroutine, and package names have to be in CamelCase at line 28, column 94.  (no explanation).  (Severity: 5)
#   Variable, subroutine, and package names have to be in CamelCase at line 30, column 9.  (no explanation).  (Severity: 5)
#   Variable, subroutine, and package names have to be in CamelCase at line 31, column 9.  (no explanation).  (Severity: 5)
#   Variable, subroutine, and package names have to be in CamelCase at line 31, column 39.  (no explanation).  (Severity: 5)
#   Variable, subroutine, and package names have to be in CamelCase at line 31, column 52.  (no explanation).  (Severity: 5)
#   Variable, subroutine, and package names have to be in CamelCase at line 34, column 12.  (no explanation).  (Severity: 5)
t/perlcritic.t .... 
Dubious, test returned 1 (wstat 256, 0x100)
Failed 3/3 subtests 
t/pod-coverage.t .. ok
t/pod.t ........... ok

Test Summary Report
-------------------
t/perlcritic.t  (Wstat: 256 Tests: 3 Failed: 3)
  Failed tests:  1-3
  Non-zero exit status: 1
Files=5, Tests=649,  3 wallclock secs ( 0.04 usr  0.08 sys +  1.81 cusr  1.45 csys =  3.38 CPU)
Result: FAIL
Failed 1/5 test programs. 3/649 subtests failed.

------------------------------
PREREQUISITES
------------------------------

Prerequisite modules loaded:

requires:

    Module            Need   Have    
    ----------------- ------ --------
    HTTP::MobileAgent 0.26_1 0.36    
    Test::More        0      1.302052
    version           0      0.9912  


------------------------------
ENVIRONMENT AND OTHER CONTEXT
------------------------------

Environment variables:

    AUTOMATED_TESTING = 1
    PATH = /home/arfreitas/bin:/home/arfreitas/perl5/bin:/usr/bin:/bin:/usr/sbin:/sbin:/usr/X11R6/bin:/usr/local/bin:/usr/local/sbin
    PERL5LIB = /home/arfreitas/perl5/lib/perl5
    PERL5OPT = 
    PERL5_CPANPLUS_IS_RUNNING = 12616
    PERL5_CPAN_IS_RUNNING = 12616
    PERL5_CPAN_IS_RUNNING_IN_RECURSION = 28004,12616
    PERL_AUTOINSTALL = --skip
    PERL_CR_SMOKER_CURRENT = HTTP-MobileAgent-Plugin-CIDR-0.0.1
    PERL_EXTUTILS_AUTOINSTALL = --defaultdeps
    PERL_LOCAL_LIB_ROOT = /home/arfreitas/perl5
    PERL_MB_OPT = --install_base "/home/arfreitas/perl5"
    PERL_MM_OPT = INSTALL_BASE=/home/arfreitas/perl5
    PERL_MM_USE_DEFAULT = 1
    SHELL = /usr/local/bin/bash
    TERM = vt220

Perl special variables (and OS-specific diagnostics, for MSWin32):

    $^X = /usr/bin/perl
    $UID/$EUID = 1000 / 1000
    $GID = 1000 1000 0
    $EGID = 1000 1000 0

Perl module toolchain versions installed:

    Module              Have    
    ------------------- --------
    CPAN                2.15    
    CPAN::Meta          2.150009
    Cwd                 3.62    
    ExtUtils::CBuilder  0.280224
    ExtUtils::Command   7.22    
    ExtUtils::Install   2.04    
    ExtUtils::MakeMaker 7.22    
    ExtUtils::Manifest  1.70    
    ExtUtils::ParseXS   3.30    
    File::Spec          3.62    
    JSON                2.90    
    JSON::PP            2.27400 
    Module::Build       0.4220  
    Module::Signature   n/a     
    Parse::CPAN::Meta   1.4422  
    Test::Harness       3.36    
    Test::More          1.302052
    YAML                1.18    
    YAML::Syck          1.29    
    version             0.9912  


--

Summary of my perl5 (revision 5 version 20 subversion 2) configuration:
   
  Platform:
    osname=openbsd, osvers=5.9, archname=amd64-openbsd
    uname='openbsd'
    config_args='-dsE -Dopenbsd_distribution=defined -Dccflags=-DNO_LOCALE_NUMERIC -DNO_LOCALE_COLLATE -Dmksymlinks'
    hint=recommended, useposix=true, d_sigaction=define
    useithreads=undef, usemultiplicity=undef
    use64bitint=define, use64bitall=define, uselongdouble=undef
    usemymalloc=n, bincompat5005=undef
  Compiler:
    cc='cc', ccflags ='-DNO_LOCALE_NUMERIC -DNO_LOCALE_COLLATE -fno-strict-aliasing -fno-delete-null-pointer-checks -pipe -fstack-protector -I/usr/local/include',
    optimize='-O2',
    cppflags='-DNO_LOCALE_NUMERIC -DNO_LOCALE_COLLATE -fno-strict-aliasing -fno-delete-null-pointer-checks -pipe -fstack-protector -I/usr/local/include'
    ccversion='', gccversion='4.2.1 20070719 ', gccosandvers='openbsd5.9'
    intsize=4, longsize=8, ptrsize=8, doublesize=8, byteorder=12345678
    d_longlong=define, longlongsize=8, d_longdbl=define, longdblsize=16
    ivtype='long', ivsize=8, nvtype='double', nvsize=8, Off_t='off_t', lseeksize=8
    alignbytes=8, prototype=define
  Linker and Libraries:
    ld='cc', ldflags ='-Wl,-E  -fstack-protector -L/usr/local/lib'
    libpth=/usr/lib /usr/local/lib
    libs=-lm -lutil -lc
    perllibs=-lm -lutil -lc
    libc=/usr/lib/libc.a, so=so, useshrplib=true, libperl=libperl.so.17.1
    gnulibc_version=''
  Dynamic Linking:
    dlsrc=dl_dlopen.xs, dlext=so, d_dlsymun=undef, ccdlflags='-Wl,-R/usr/libdata/perl5/amd64-openbsd/5.20.2/CORE'
    cccdlflags='-DPIC -fPIC ', lddlflags='-shared -fPIC  -fstack-protector -L/usr/local/lib'


Characteristics of this binary (from libperl): 
  Compile-time options: HAS_TIMES PERLIO_LAYERS PERL_DONT_CREATE_GVSV
                        PERL_HASH_FUNC_ONE_AT_A_TIME_HARD PERL_MALLOC_WRAP
                        PERL_NEW_COPY_ON_WRITE PERL_PRESERVE_IVUV
                        USE_64_BIT_ALL USE_64_BIT_INT USE_LARGE_FILES
                        USE_LOCALE USE_LOCALE_CTYPE USE_PERLIO USE_PERL_ATOF
  Built under openbsd
  Compiled at Feb 26 2016 01:02:08
  %ENV:
    PERL5LIB="/home/arfreitas/perl5/lib/perl5"
    PERL5OPT=""
    PERL5_CPANPLUS_IS_RUNNING="12616"
    PERL5_CPAN_IS_RUNNING="12616"
    PERL5_CPAN_IS_RUNNING_IN_RECURSION="28004,12616"
    PERL_AUTOINSTALL="--skip"
    PERL_CR_SMOKER_CURRENT="HTTP-MobileAgent-Plugin-CIDR-0.0.1"
    PERL_EXTUTILS_AUTOINSTALL="--defaultdeps"
    PERL_LOCAL_LIB_ROOT="/home/arfreitas/perl5"
    PERL_MB_OPT="--install_base "/home/arfreitas/perl5""
    PERL_MM_OPT="INSTALL_BASE=/home/arfreitas/perl5"
    PERL_MM_USE_DEFAULT="1"
  @INC:
    /home/arfreitas/perl5/lib/perl5/5.20.2/amd64-openbsd
    /home/arfreitas/perl5/lib/perl5/5.20.2
    /home/arfreitas/perl5/lib/perl5/amd64-openbsd
    /home/arfreitas/perl5/lib/perl5
    /usr/local/libdata/perl5/site_perl/amd64-openbsd
    /usr/libdata/perl5/site_perl/amd64-openbsd
    /usr/local/libdata/perl5/site_perl
    /usr/libdata/perl5/site_perl
    /usr/libdata/perl5/amd64-openbsd/5.20.2
    /usr/local/libdata/perl5/amd64-openbsd/5.20.2
    /usr/libdata/perl5
    /usr/local/libdata/perl5
    .