Math-GSL v0.48 Perl 5 v5.30.3 x86_64-linux-ld
- Status
- Fail
- From
- David Cantrell (DCANTRELL)
- Dist
-
Math-GSL v0.48
- Platform
- Perl 5 v5.30.3 x86_64-linux-ld
- Date
- 2024-07-27 23:25:17
- ID
- 7c0c492c-4c6f-11ef-80c3-a204d97271f4
This distribution has been tested as part of the CPAN Testers
project, supporting the Perl programming language. See
http://wiki.cpantesters.org/ for more information or email
questions to cpan-testers-discuss@perl.org
--
Dear Hakon Haegland,
This is a computer-generated report for Math-GSL-0.48
on perl 5.30.3, created by CPAN-Reporter-1.2018.
Thank you for uploading your work to CPAN. However, there was a problem
testing your distribution.
If you think this report is invalid, please consult the CPAN Testers Wiki
for suggestions on how to avoid getting FAIL reports for missing library
or binary dependencies, unsupported operating systems, and so on:
http://wiki.cpantesters.org/wiki/CPANAuthorNotes
Sections of this report:
* Tester comments
* Program output
* Prerequisites
* Environment and other context
------------------------------
TESTER COMMENTS
------------------------------
Additional comments from tester:
this report is from an automated smoke testing program
and was not reviewed by a human for accuracy
------------------------------
PROGRAM OUTPUT
------------------------------
Output from './Build test':
Processing 2.8 XS files, GSL 2.8 (via gsl-config) at /home/david/cpantesting/perl-5.30.3-longdouble/lib/site_perl/5.30.3/x86_64-linux-ld/auto/share/dist/Math-GSL-Alien
Compiler = cc (Debian 12.2.0-14) 12.2.0
Copyright (C) 2022 Free Software Foundation, Inc.
This is free software; see the source for copying conditions. There is NO
warranty; not even for MERCHANTABILITY or FITNESS FOR A PARTICULAR PURPOSE.
ccflags = -fPIC -I/home/david/cpantesting/perl-5.30.3-longdouble/lib/site_perl/5.30.3/x86_64-linux-ld/auto/share/dist/Math-GSL-Alien/include -fwrapv -fno-strict-aliasing -pipe -fstack-protector-strong -I/usr/local/include -D_LARGEFILE_SOURCE -D_FILE_OFFSET_BITS=64 -D_FORTIFY_SOURCE=2 -Wall -Wno-sometimes-uninitialized -Wno-unused-function -Wno-unused-value -Wno-unused-function -Wno-unused-variable -Wno-gnu -g -fPIC -fno-omit-frame-pointer -I/home/david/cpantesting/perl-5.30.3-longdouble/lib/site_perl/5.30.3/x86_64-linux-ld/auto/share/dist/Math-GSL-Alien/include
ldflags = -shared -L/home/david/cpantesting/perl-5.30.3-longdouble/lib/site_perl/5.30.3/x86_64-linux-ld/auto/share/dist/Math-GSL-Alien/lib -lgsl -lgslcblas -lm -fPIC -fno-omit-frame-pointer
PERL5LIB =
LD_LIBRARY_PATH =
# Failed test 'use Math::GSL;'
# at t/00-load.t line 11.
# Tried to use 'Math::GSL'.
# Error: Can't load '/home/david/cpantesting/perl-5.30.3-longdouble/.cpan/build/Math-GSL-0.48-0/blib/arch/auto/Math/GSL/Errno/Errno.so' for module Math::GSL::Errno: libgsl.so.28: cannot open shared object file: No such file or directory at /home/david/cpantesting/perl-5.30.3-longdouble/lib/5.30.3/x86_64-linux-ld/DynaLoader.pm line 193.
# at /home/david/cpantesting/perl-5.30.3-longdouble/.cpan/build/Math-GSL-0.48-0/blib/lib/Math/GSL/Errno.pm line 11.
# Compilation failed in require at /home/david/cpantesting/perl-5.30.3-longdouble/.cpan/build/Math-GSL-0.48-0/blib/lib/Math/GSL/Test.pm line 7.
# BEGIN failed--compilation aborted at /home/david/cpantesting/perl-5.30.3-longdouble/.cpan/build/Math-GSL-0.48-0/blib/lib/Math/GSL/Test.pm line 7.
# Compilation failed in require at /home/david/cpantesting/perl-5.30.3-longdouble/.cpan/build/Math-GSL-0.48-0/blib/lib/Math/GSL.pm line 10.
# BEGIN failed--compilation aborted at /home/david/cpantesting/perl-5.30.3-longdouble/.cpan/build/Math-GSL-0.48-0/blib/lib/Math/GSL.pm line 10.
# Compilation failed in require at t/00-load.t line 11.
# BEGIN failed--compilation aborted at t/00-load.t line 11.
Undefined subroutine &main::gsl_version called at t/00-load.t line 13.
BEGIN failed--compilation aborted at t/00-load.t line 15.
# Tests were run but no plan was declared and done_testing() was not seen.
# Looks like your test exited with 255 just after 1.
t/00-load.t ........
Dubious, test returned 255 (wstat 65280, 0xff00)
Failed 1/1 subtests
Can't load '/home/david/cpantesting/perl-5.30.3-longdouble/.cpan/build/Math-GSL-0.48-0/blib/arch/auto/Math/GSL/Errno/Errno.so' for module Math::GSL::Errno: libgsl.so.28: cannot open shared object file: No such file or directory at /home/david/cpantesting/perl-5.30.3-longdouble/lib/5.30.3/x86_64-linux-ld/DynaLoader.pm line 193.
at /home/david/cpantesting/perl-5.30.3-longdouble/.cpan/build/Math-GSL-0.48-0/blib/lib/Math/GSL/Errno.pm line 11.
Compilation failed in require at /home/david/cpantesting/perl-5.30.3-longdouble/.cpan/build/Math-GSL-0.48-0/blib/lib/Math/GSL/Test.pm line 7.
BEGIN failed--compilation aborted at /home/david/cpantesting/perl-5.30.3-longdouble/.cpan/build/Math-GSL-0.48-0/blib/lib/Math/GSL/Test.pm line 7.
Compilation failed in require at /home/david/cpantesting/perl-5.30.3-longdouble/.cpan/build/Math-GSL-0.48-0/blib/lib/Math/GSL.pm line 10.
BEGIN failed--compilation aborted at /home/david/cpantesting/perl-5.30.3-longdouble/.cpan/build/Math-GSL-0.48-0/blib/lib/Math/GSL.pm line 10.
Compilation failed in require at t/BLAS.t line 4.
BEGIN failed--compilation aborted at t/BLAS.t line 4.
# Looks like your test exited with 2 before it could output anything.
t/BLAS.t ...........
Dubious, test returned 2 (wstat 512, 0x200)
Failed 109/109 subtests
Can't load '/home/david/cpantesting/perl-5.30.3-longdouble/.cpan/build/Math-GSL-0.48-0/blib/arch/auto/Math/GSL/Errno/Errno.so' for module Math::GSL::Errno: libgsl.so.28: cannot open shared object file: No such file or directory at /home/david/cpantesting/perl-5.30.3-longdouble/lib/5.30.3/x86_64-linux-ld/DynaLoader.pm line 193.
at /home/david/cpantesting/perl-5.30.3-longdouble/.cpan/build/Math-GSL-0.48-0/blib/lib/Math/GSL/Errno.pm line 11.
Compilation failed in require at /home/david/cpantesting/perl-5.30.3-longdouble/.cpan/build/Math-GSL-0.48-0/blib/lib/Math/GSL/Test.pm line 7.
BEGIN failed--compilation aborted at /home/david/cpantesting/perl-5.30.3-longdouble/.cpan/build/Math-GSL-0.48-0/blib/lib/Math/GSL/Test.pm line 7.
Compilation failed in require at t/BSpline.t line 2.
BEGIN failed--compilation aborted at t/BSpline.t line 2.
t/BSpline.t ........
Dubious, test returned 2 (wstat 512, 0x200)
No subtests run
Can't load '/home/david/cpantesting/perl-5.30.3-longdouble/.cpan/build/Math-GSL-0.48-0/blib/arch/auto/Math/GSL/Errno/Errno.so' for module Math::GSL::Errno: libgsl.so.28: cannot open shared object file: No such file or directory at /home/david/cpantesting/perl-5.30.3-longdouble/lib/5.30.3/x86_64-linux-ld/DynaLoader.pm line 193.
at /home/david/cpantesting/perl-5.30.3-longdouble/.cpan/build/Math-GSL-0.48-0/blib/lib/Math/GSL/Errno.pm line 11.
Compilation failed in require at /home/david/cpantesting/perl-5.30.3-longdouble/.cpan/build/Math-GSL-0.48-0/blib/lib/Math/GSL/Test.pm line 7.
BEGIN failed--compilation aborted at /home/david/cpantesting/perl-5.30.3-longdouble/.cpan/build/Math-GSL-0.48-0/blib/lib/Math/GSL/Test.pm line 7.
Compilation failed in require at t/CBLAS.t line 4.
BEGIN failed--compilation aborted at t/CBLAS.t line 4.
# Looks like your test exited with 2 before it could output anything.
t/CBLAS.t ..........
Dubious, test returned 2 (wstat 512, 0x200)
Failed 3/3 subtests
Can't load '/home/david/cpantesting/perl-5.30.3-longdouble/.cpan/build/Math-GSL-0.48-0/blib/arch/auto/Math/GSL/Errno/Errno.so' for module Math::GSL::Errno: libgsl.so.28: cannot open shared object file: No such file or directory at /home/david/cpantesting/perl-5.30.3-longdouble/lib/5.30.3/x86_64-linux-ld/DynaLoader.pm line 193.
at /home/david/cpantesting/perl-5.30.3-longdouble/.cpan/build/Math-GSL-0.48-0/blib/lib/Math/GSL/Errno.pm line 11.
Compilation failed in require at /home/david/cpantesting/perl-5.30.3-longdouble/.cpan/build/Math-GSL-0.48-0/blib/lib/Math/GSL/Test.pm line 7.
BEGIN failed--compilation aborted at /home/david/cpantesting/perl-5.30.3-longdouble/.cpan/build/Math-GSL-0.48-0/blib/lib/Math/GSL/Test.pm line 7.
Compilation failed in require at /home/david/cpantesting/perl-5.30.3-longdouble/.cpan/build/Math-GSL-0.48-0/blib/lib/Math/GSL.pm line 10.
BEGIN failed--compilation aborted at /home/david/cpantesting/perl-5.30.3-longdouble/.cpan/build/Math-GSL-0.48-0/blib/lib/Math/GSL.pm line 10.
Compilation failed in require at t/CDF.t line 2.
BEGIN failed--compilation aborted at t/CDF.t line 2.
# Looks like your test exited with 2 before it could output anything.
t/CDF.t ............
Dubious, test returned 2 (wstat 512, 0x200)
Failed 794/794 subtests
Can't load '/home/david/cpantesting/perl-5.30.3-longdouble/.cpan/build/Math-GSL-0.48-0/blib/arch/auto/Math/GSL/Chebyshev/Chebyshev.so' for module Math::GSL::Chebyshev: libgsl.so.28: cannot open shared object file: No such file or directory at /home/david/cpantesting/perl-5.30.3-longdouble/lib/5.30.3/x86_64-linux-ld/DynaLoader.pm line 193.
at /home/david/cpantesting/perl-5.30.3-longdouble/.cpan/build/Math-GSL-0.48-0/blib/lib/Math/GSL/Chebyshev.pm line 11.
Compilation failed in require at t/Chebyshev.t line 5.
BEGIN failed--compilation aborted at t/Chebyshev.t line 5.
t/Chebyshev.t ......
Dubious, test returned 2 (wstat 512, 0x200)
No subtests run
Can't load '/home/david/cpantesting/perl-5.30.3-longdouble/.cpan/build/Math-GSL-0.48-0/blib/arch/auto/Math/GSL/Errno/Errno.so' for module Math::GSL::Errno: libgsl.so.28: cannot open shared object file: No such file or directory at /home/david/cpantesting/perl-5.30.3-longdouble/lib/5.30.3/x86_64-linux-ld/DynaLoader.pm line 193.
at /home/david/cpantesting/perl-5.30.3-longdouble/.cpan/build/Math-GSL-0.48-0/blib/lib/Math/GSL/Errno.pm line 11.
Compilation failed in require at /home/david/cpantesting/perl-5.30.3-longdouble/.cpan/build/Math-GSL-0.48-0/blib/lib/Math/GSL/Test.pm line 7.
BEGIN failed--compilation aborted at /home/david/cpantesting/perl-5.30.3-longdouble/.cpan/build/Math-GSL-0.48-0/blib/lib/Math/GSL/Test.pm line 7.
Compilation failed in require at t/Combination.t line 4.
BEGIN failed--compilation aborted at t/Combination.t line 4.
# Looks like your test exited with 2 before it could output anything.
t/Combination.t ....
Dubious, test returned 2 (wstat 512, 0x200)
Failed 23/23 subtests
Can't load '/home/david/cpantesting/perl-5.30.3-longdouble/.cpan/build/Math-GSL-0.48-0/blib/arch/auto/Math/GSL/Errno/Errno.so' for module Math::GSL::Errno: libgsl.so.28: cannot open shared object file: No such file or directory at /home/david/cpantesting/perl-5.30.3-longdouble/lib/5.30.3/x86_64-linux-ld/DynaLoader.pm line 193.
at /home/david/cpantesting/perl-5.30.3-longdouble/.cpan/build/Math-GSL-0.48-0/blib/lib/Math/GSL/Errno.pm line 11.
Compilation failed in require at /home/david/cpantesting/perl-5.30.3-longdouble/.cpan/build/Math-GSL-0.48-0/blib/lib/Math/GSL/Complex.pm line 286.
BEGIN failed--compilation aborted at /home/david/cpantesting/perl-5.30.3-longdouble/.cpan/build/Math-GSL-0.48-0/blib/lib/Math/GSL/Complex.pm line 286.
Compilation failed in require at t/Complex.t line 6.
BEGIN failed--compilation aborted at t/Complex.t line 6.
t/Complex.t ........
Dubious, test returned 2 (wstat 512, 0x200)
No subtests run
Can't load '/home/david/cpantesting/perl-5.30.3-longdouble/.cpan/build/Math-GSL-0.48-0/blib/arch/auto/Math/GSL/Errno/Errno.so' for module Math::GSL::Errno: libgsl.so.28: cannot open shared object file: No such file or directory at /home/david/cpantesting/perl-5.30.3-longdouble/lib/5.30.3/x86_64-linux-ld/DynaLoader.pm line 193.
at /home/david/cpantesting/perl-5.30.3-longdouble/.cpan/build/Math-GSL-0.48-0/blib/lib/Math/GSL/Errno.pm line 11.
Compilation failed in require at /home/david/cpantesting/perl-5.30.3-longdouble/.cpan/build/Math-GSL-0.48-0/blib/lib/Math/GSL/Test.pm line 7.
BEGIN failed--compilation aborted at /home/david/cpantesting/perl-5.30.3-longdouble/.cpan/build/Math-GSL-0.48-0/blib/lib/Math/GSL/Test.pm line 7.
Compilation failed in require at /home/david/cpantesting/perl-5.30.3-longdouble/.cpan/build/Math-GSL-0.48-0/blib/lib/Math/GSL.pm line 10.
BEGIN failed--compilation aborted at /home/david/cpantesting/perl-5.30.3-longdouble/.cpan/build/Math-GSL-0.48-0/blib/lib/Math/GSL.pm line 10.
Compilation failed in require at t/Const.t line 4.
BEGIN failed--compilation aborted at t/Const.t line 4.
# Looks like your test exited with 2 before it could output anything.
t/Const.t ..........
Dubious, test returned 2 (wstat 512, 0x200)
Failed 6/6 subtests
Can't load '/home/david/cpantesting/perl-5.30.3-longdouble/.cpan/build/Math-GSL-0.48-0/blib/arch/auto/Math/GSL/Errno/Errno.so' for module Math::GSL::Errno: libgsl.so.28: cannot open shared object file: No such file or directory at /home/david/cpantesting/perl-5.30.3-longdouble/lib/5.30.3/x86_64-linux-ld/DynaLoader.pm line 193.
at /home/david/cpantesting/perl-5.30.3-longdouble/.cpan/build/Math-GSL-0.48-0/blib/lib/Math/GSL/Errno.pm line 11.
Compilation failed in require at /home/david/cpantesting/perl-5.30.3-longdouble/.cpan/build/Math-GSL-0.48-0/blib/lib/Math/GSL/Test.pm line 7.
BEGIN failed--compilation aborted at /home/david/cpantesting/perl-5.30.3-longdouble/.cpan/build/Math-GSL-0.48-0/blib/lib/Math/GSL/Test.pm line 7.
Compilation failed in require at /home/david/cpantesting/perl-5.30.3-longdouble/.cpan/build/Math-GSL-0.48-0/blib/lib/Math/GSL.pm line 10.
BEGIN failed--compilation aborted at /home/david/cpantesting/perl-5.30.3-longdouble/.cpan/build/Math-GSL-0.48-0/blib/lib/Math/GSL.pm line 10.
Compilation failed in require at t/DHT.t line 4.
BEGIN failed--compilation aborted at t/DHT.t line 4.
t/DHT.t ............
Dubious, test returned 2 (wstat 512, 0x200)
No subtests run
Can't load '/home/david/cpantesting/perl-5.30.3-longdouble/.cpan/build/Math-GSL-0.48-0/blib/arch/auto/Math/GSL/Errno/Errno.so' for module Math::GSL::Errno: libgsl.so.28: cannot open shared object file: No such file or directory at /home/david/cpantesting/perl-5.30.3-longdouble/lib/5.30.3/x86_64-linux-ld/DynaLoader.pm line 193.
at /home/david/cpantesting/perl-5.30.3-longdouble/.cpan/build/Math-GSL-0.48-0/blib/lib/Math/GSL/Errno.pm line 11.
Compilation failed in require at /home/david/cpantesting/perl-5.30.3-longdouble/.cpan/build/Math-GSL-0.48-0/blib/lib/Math/GSL/Test.pm line 7.
BEGIN failed--compilation aborted at /home/david/cpantesting/perl-5.30.3-longdouble/.cpan/build/Math-GSL-0.48-0/blib/lib/Math/GSL/Test.pm line 7.
Compilation failed in require at /home/david/cpantesting/perl-5.30.3-longdouble/.cpan/build/Math-GSL-0.48-0/blib/lib/Math/GSL.pm line 10.
BEGIN failed--compilation aborted at /home/david/cpantesting/perl-5.30.3-longdouble/.cpan/build/Math-GSL-0.48-0/blib/lib/Math/GSL.pm line 10.
Compilation failed in require at t/Deriv.t line 4.
BEGIN failed--compilation aborted at t/Deriv.t line 4.
# Looks like your test exited with 2 before it could output anything.
t/Deriv.t ..........
Dubious, test returned 2 (wstat 512, 0x200)
Failed 13/13 subtests
Can't load '/home/david/cpantesting/perl-5.30.3-longdouble/.cpan/build/Math-GSL-0.48-0/blib/arch/auto/Math/GSL/Errno/Errno.so' for module Math::GSL::Errno: libgsl.so.28: cannot open shared object file: No such file or directory at /home/david/cpantesting/perl-5.30.3-longdouble/lib/5.30.3/x86_64-linux-ld/DynaLoader.pm line 193.
at /home/david/cpantesting/perl-5.30.3-longdouble/.cpan/build/Math-GSL-0.48-0/blib/lib/Math/GSL/Errno.pm line 11.
Compilation failed in require at /home/david/cpantesting/perl-5.30.3-longdouble/.cpan/build/Math-GSL-0.48-0/blib/lib/Math/GSL/Test.pm line 7.
BEGIN failed--compilation aborted at /home/david/cpantesting/perl-5.30.3-longdouble/.cpan/build/Math-GSL-0.48-0/blib/lib/Math/GSL/Test.pm line 7.
Compilation failed in require at t/Diff.t line 4.
BEGIN failed--compilation aborted at t/Diff.t line 4.
t/Diff.t ...........
Dubious, test returned 2 (wstat 512, 0x200)
No subtests run
Can't load '/home/david/cpantesting/perl-5.30.3-longdouble/.cpan/build/Math-GSL-0.48-0/blib/arch/auto/Math/GSL/Errno/Errno.so' for module Math::GSL::Errno: libgsl.so.28: cannot open shared object file: No such file or directory at /home/david/cpantesting/perl-5.30.3-longdouble/lib/5.30.3/x86_64-linux-ld/DynaLoader.pm line 193.
at /home/david/cpantesting/perl-5.30.3-longdouble/.cpan/build/Math-GSL-0.48-0/blib/lib/Math/GSL/Errno.pm line 11.
Compilation failed in require at /home/david/cpantesting/perl-5.30.3-longdouble/.cpan/build/Math-GSL-0.48-0/blib/lib/Math/GSL/Test.pm line 7.
BEGIN failed--compilation aborted at /home/david/cpantesting/perl-5.30.3-longdouble/.cpan/build/Math-GSL-0.48-0/blib/lib/Math/GSL/Test.pm line 7.
Compilation failed in require at /home/david/cpantesting/perl-5.30.3-longdouble/.cpan/build/Math-GSL-0.48-0/blib/lib/Math/GSL.pm line 10.
BEGIN failed--compilation aborted at /home/david/cpantesting/perl-5.30.3-longdouble/.cpan/build/Math-GSL-0.48-0/blib/lib/Math/GSL.pm line 10.
Compilation failed in require at t/Eigen.t line 4.
BEGIN failed--compilation aborted at t/Eigen.t line 4.
# Looks like your test exited with 2 before it could output anything.
t/Eigen.t ..........
Dubious, test returned 2 (wstat 512, 0x200)
Failed 59/59 subtests
Can't load '/home/david/cpantesting/perl-5.30.3-longdouble/.cpan/build/Math-GSL-0.48-0/blib/arch/auto/Math/GSL/Errno/Errno.so' for module Math::GSL::Errno: libgsl.so.28: cannot open shared object file: No such file or directory at /home/david/cpantesting/perl-5.30.3-longdouble/lib/5.30.3/x86_64-linux-ld/DynaLoader.pm line 193.
at /home/david/cpantesting/perl-5.30.3-longdouble/.cpan/build/Math-GSL-0.48-0/blib/lib/Math/GSL/Errno.pm line 11.
Compilation failed in require at /home/david/cpantesting/perl-5.30.3-longdouble/.cpan/build/Math-GSL-0.48-0/blib/lib/Math/GSL/Test.pm line 7.
BEGIN failed--compilation aborted at /home/david/cpantesting/perl-5.30.3-longdouble/.cpan/build/Math-GSL-0.48-0/blib/lib/Math/GSL/Test.pm line 7.
Compilation failed in require at /home/david/cpantesting/perl-5.30.3-longdouble/.cpan/build/Math-GSL-0.48-0/blib/lib/Math/GSL.pm line 10.
BEGIN failed--compilation aborted at /home/david/cpantesting/perl-5.30.3-longdouble/.cpan/build/Math-GSL-0.48-0/blib/lib/Math/GSL.pm line 10.
Compilation failed in require at t/Errno.t line 4.
BEGIN failed--compilation aborted at t/Errno.t line 4.
t/Errno.t ..........
Dubious, test returned 2 (wstat 512, 0x200)
No subtests run
Can't load '/home/david/cpantesting/perl-5.30.3-longdouble/.cpan/build/Math-GSL-0.48-0/blib/arch/auto/Math/GSL/Errno/Errno.so' for module Math::GSL::Errno: libgsl.so.28: cannot open shared object file: No such file or directory at /home/david/cpantesting/perl-5.30.3-longdouble/lib/5.30.3/x86_64-linux-ld/DynaLoader.pm line 193.
at /home/david/cpantesting/perl-5.30.3-longdouble/.cpan/build/Math-GSL-0.48-0/blib/lib/Math/GSL/Errno.pm line 11.
Compilation failed in require at /home/david/cpantesting/perl-5.30.3-longdouble/.cpan/build/Math-GSL-0.48-0/blib/lib/Math/GSL/Test.pm line 7.
BEGIN failed--compilation aborted at /home/david/cpantesting/perl-5.30.3-longdouble/.cpan/build/Math-GSL-0.48-0/blib/lib/Math/GSL/Test.pm line 7.
Compilation failed in require at t/FFT.t line 4.
BEGIN failed--compilation aborted at t/FFT.t line 4.
t/FFT.t ............
Dubious, test returned 2 (wstat 512, 0x200)
No subtests run
Can't load '/home/david/cpantesting/perl-5.30.3-longdouble/.cpan/build/Math-GSL-0.48-0/blib/arch/auto/Math/GSL/Errno/Errno.so' for module Math::GSL::Errno: libgsl.so.28: cannot open shared object file: No such file or directory at /home/david/cpantesting/perl-5.30.3-longdouble/lib/5.30.3/x86_64-linux-ld/DynaLoader.pm line 193.
at /home/david/cpantesting/perl-5.30.3-longdouble/.cpan/build/Math-GSL-0.48-0/blib/lib/Math/GSL/Errno.pm line 11.
Compilation failed in require at /home/david/cpantesting/perl-5.30.3-longdouble/.cpan/build/Math-GSL-0.48-0/blib/lib/Math/GSL/Test.pm line 7.
BEGIN failed--compilation aborted at /home/david/cpantesting/perl-5.30.3-longdouble/.cpan/build/Math-GSL-0.48-0/blib/lib/Math/GSL/Test.pm line 7.
Compilation failed in require at /home/david/cpantesting/perl-5.30.3-longdouble/.cpan/build/Math-GSL-0.48-0/blib/lib/Math/GSL.pm line 10.
BEGIN failed--compilation aborted at /home/david/cpantesting/perl-5.30.3-longdouble/.cpan/build/Math-GSL-0.48-0/blib/lib/Math/GSL.pm line 10.
Compilation failed in require at t/Fit.t line 5.
BEGIN failed--compilation aborted at t/Fit.t line 5.
# Looks like your test exited with 2 before it could output anything.
t/Fit.t ............
Dubious, test returned 2 (wstat 512, 0x200)
Failed 23/23 subtests
Can't load '/home/david/cpantesting/perl-5.30.3-longdouble/.cpan/build/Math-GSL-0.48-0/blib/arch/auto/Math/GSL/SF/SF.so' for module Math::GSL::SF: libgsl.so.28: cannot open shared object file: No such file or directory at /home/david/cpantesting/perl-5.30.3-longdouble/lib/5.30.3/x86_64-linux-ld/DynaLoader.pm line 193.
at /home/david/cpantesting/perl-5.30.3-longdouble/.cpan/build/Math-GSL-0.48-0/blib/lib/Math/GSL/SF.pm line 11.
Compilation failed in require at t/GSL.t line 11.
BEGIN failed--compilation aborted at t/GSL.t line 11.
t/GSL.t ............
Dubious, test returned 2 (wstat 512, 0x200)
No subtests run
Can't load '/home/david/cpantesting/perl-5.30.3-longdouble/.cpan/build/Math-GSL-0.48-0/blib/arch/auto/Math/GSL/Errno/Errno.so' for module Math::GSL::Errno: libgsl.so.28: cannot open shared object file: No such file or directory at /home/david/cpantesting/perl-5.30.3-longdouble/lib/5.30.3/x86_64-linux-ld/DynaLoader.pm line 193.
at /home/david/cpantesting/perl-5.30.3-longdouble/.cpan/build/Math-GSL-0.48-0/blib/lib/Math/GSL/Errno.pm line 11.
Compilation failed in require at /home/david/cpantesting/perl-5.30.3-longdouble/.cpan/build/Math-GSL-0.48-0/blib/lib/Math/GSL/Test.pm line 7.
BEGIN failed--compilation aborted at /home/david/cpantesting/perl-5.30.3-longdouble/.cpan/build/Math-GSL-0.48-0/blib/lib/Math/GSL/Test.pm line 7.
Compilation failed in require at /home/david/cpantesting/perl-5.30.3-longdouble/.cpan/build/Math-GSL-0.48-0/blib/lib/Math/GSL.pm line 10.
BEGIN failed--compilation aborted at /home/david/cpantesting/perl-5.30.3-longdouble/.cpan/build/Math-GSL-0.48-0/blib/lib/Math/GSL.pm line 10.
Compilation failed in require at t/Heapsort.t line 4.
BEGIN failed--compilation aborted at t/Heapsort.t line 4.
# Looks like your test exited with 2 before it could output anything.
t/Heapsort.t .......
Dubious, test returned 2 (wstat 512, 0x200)
Failed 1/1 subtests
Can't load '/home/david/cpantesting/perl-5.30.3-longdouble/.cpan/build/Math-GSL-0.48-0/blib/arch/auto/Math/GSL/Errno/Errno.so' for module Math::GSL::Errno: libgsl.so.28: cannot open shared object file: No such file or directory at /home/david/cpantesting/perl-5.30.3-longdouble/lib/5.30.3/x86_64-linux-ld/DynaLoader.pm line 193.
at /home/david/cpantesting/perl-5.30.3-longdouble/.cpan/build/Math-GSL-0.48-0/blib/lib/Math/GSL/Errno.pm line 11.
Compilation failed in require at /home/david/cpantesting/perl-5.30.3-longdouble/.cpan/build/Math-GSL-0.48-0/blib/lib/Math/GSL/Test.pm line 7.
BEGIN failed--compilation aborted at /home/david/cpantesting/perl-5.30.3-longdouble/.cpan/build/Math-GSL-0.48-0/blib/lib/Math/GSL/Test.pm line 7.
Compilation failed in require at /home/david/cpantesting/perl-5.30.3-longdouble/.cpan/build/Math-GSL-0.48-0/blib/lib/Math/GSL.pm line 10.
BEGIN failed--compilation aborted at /home/david/cpantesting/perl-5.30.3-longdouble/.cpan/build/Math-GSL-0.48-0/blib/lib/Math/GSL.pm line 10.
Compilation failed in require at t/Histogram.t line 4.
BEGIN failed--compilation aborted at t/Histogram.t line 4.
# Looks like your test exited with 2 before it could output anything.
t/Histogram.t ......
Dubious, test returned 2 (wstat 512, 0x200)
Failed 74/74 subtests
Can't load '/home/david/cpantesting/perl-5.30.3-longdouble/.cpan/build/Math-GSL-0.48-0/blib/arch/auto/Math/GSL/Errno/Errno.so' for module Math::GSL::Errno: libgsl.so.28: cannot open shared object file: No such file or directory at /home/david/cpantesting/perl-5.30.3-longdouble/lib/5.30.3/x86_64-linux-ld/DynaLoader.pm line 193.
at /home/david/cpantesting/perl-5.30.3-longdouble/.cpan/build/Math-GSL-0.48-0/blib/lib/Math/GSL/Errno.pm line 11.
Compilation failed in require at /home/david/cpantesting/perl-5.30.3-longdouble/.cpan/build/Math-GSL-0.48-0/blib/lib/Math/GSL/Test.pm line 7.
BEGIN failed--compilation aborted at /home/david/cpantesting/perl-5.30.3-longdouble/.cpan/build/Math-GSL-0.48-0/blib/lib/Math/GSL/Test.pm line 7.
Compilation failed in require at /home/david/cpantesting/perl-5.30.3-longdouble/.cpan/build/Math-GSL-0.48-0/blib/lib/Math/GSL.pm line 10.
BEGIN failed--compilation aborted at /home/david/cpantesting/perl-5.30.3-longdouble/.cpan/build/Math-GSL-0.48-0/blib/lib/Math/GSL.pm line 10.
Compilation failed in require at t/Histogram2D.t line 4.
BEGIN failed--compilation aborted at t/Histogram2D.t line 4.
# Looks like your test exited with 2 before it could output anything.
t/Histogram2D.t ....
Dubious, test returned 2 (wstat 512, 0x200)
Failed 89/89 subtests
Can't load '/home/david/cpantesting/perl-5.30.3-longdouble/.cpan/build/Math-GSL-0.48-0/blib/arch/auto/Math/GSL/Errno/Errno.so' for module Math::GSL::Errno: libgsl.so.28: cannot open shared object file: No such file or directory at /home/david/cpantesting/perl-5.30.3-longdouble/lib/5.30.3/x86_64-linux-ld/DynaLoader.pm line 193.
at /home/david/cpantesting/perl-5.30.3-longdouble/.cpan/build/Math-GSL-0.48-0/blib/lib/Math/GSL/Errno.pm line 11.
Compilation failed in require at /home/david/cpantesting/perl-5.30.3-longdouble/.cpan/build/Math-GSL-0.48-0/blib/lib/Math/GSL/Test.pm line 7.
BEGIN failed--compilation aborted at /home/david/cpantesting/perl-5.30.3-longdouble/.cpan/build/Math-GSL-0.48-0/blib/lib/Math/GSL/Test.pm line 7.
Compilation failed in require at /home/david/cpantesting/perl-5.30.3-longdouble/.cpan/build/Math-GSL-0.48-0/blib/lib/Math/GSL.pm line 10.
BEGIN failed--compilation aborted at /home/david/cpantesting/perl-5.30.3-longdouble/.cpan/build/Math-GSL-0.48-0/blib/lib/Math/GSL.pm line 10.
Compilation failed in require at t/IEEEUtils.t line 4.
BEGIN failed--compilation aborted at t/IEEEUtils.t line 4.
# Looks like your test exited with 2 before it could output anything.
t/IEEEUtils.t ......
Dubious, test returned 2 (wstat 512, 0x200)
Failed 1/1 subtests
Can't load '/home/david/cpantesting/perl-5.30.3-longdouble/.cpan/build/Math-GSL-0.48-0/blib/arch/auto/Math/GSL/Errno/Errno.so' for module Math::GSL::Errno: libgsl.so.28: cannot open shared object file: No such file or directory at /home/david/cpantesting/perl-5.30.3-longdouble/lib/5.30.3/x86_64-linux-ld/DynaLoader.pm line 193.
at /home/david/cpantesting/perl-5.30.3-longdouble/.cpan/build/Math-GSL-0.48-0/blib/lib/Math/GSL/Errno.pm line 11.
Compilation failed in require at /home/david/cpantesting/perl-5.30.3-longdouble/.cpan/build/Math-GSL-0.48-0/blib/lib/Math/GSL/Test.pm line 7.
BEGIN failed--compilation aborted at /home/david/cpantesting/perl-5.30.3-longdouble/.cpan/build/Math-GSL-0.48-0/blib/lib/Math/GSL/Test.pm line 7.
Compilation failed in require at /home/david/cpantesting/perl-5.30.3-longdouble/.cpan/build/Math-GSL-0.48-0/blib/lib/Math/GSL.pm line 10.
BEGIN failed--compilation aborted at /home/david/cpantesting/perl-5.30.3-longdouble/.cpan/build/Math-GSL-0.48-0/blib/lib/Math/GSL.pm line 10.
Compilation failed in require at t/Integration.t line 5.
BEGIN failed--compilation aborted at t/Integration.t line 5.
# Looks like your test exited with 2 before it could output anything.
t/Integration.t ....
Dubious, test returned 2 (wstat 512, 0x200)
Failed 29/29 subtests
Can't load '/home/david/cpantesting/perl-5.30.3-longdouble/.cpan/build/Math-GSL-0.48-0/blib/arch/auto/Math/GSL/Errno/Errno.so' for module Math::GSL::Errno: libgsl.so.28: cannot open shared object file: No such file or directory at /home/david/cpantesting/perl-5.30.3-longdouble/lib/5.30.3/x86_64-linux-ld/DynaLoader.pm line 193.
at /home/david/cpantesting/perl-5.30.3-longdouble/.cpan/build/Math-GSL-0.48-0/blib/lib/Math/GSL/Errno.pm line 11.
Compilation failed in require at /home/david/cpantesting/perl-5.30.3-longdouble/.cpan/build/Math-GSL-0.48-0/blib/lib/Math/GSL/Test.pm line 7.
BEGIN failed--compilation aborted at /home/david/cpantesting/perl-5.30.3-longdouble/.cpan/build/Math-GSL-0.48-0/blib/lib/Math/GSL/Test.pm line 7.
Compilation failed in require at /home/david/cpantesting/perl-5.30.3-longdouble/.cpan/build/Math-GSL-0.48-0/blib/lib/Math/GSL.pm line 10.
BEGIN failed--compilation aborted at /home/david/cpantesting/perl-5.30.3-longdouble/.cpan/build/Math-GSL-0.48-0/blib/lib/Math/GSL.pm line 10.
Compilation failed in require at t/Interp.t line 4.
BEGIN failed--compilation aborted at t/Interp.t line 4.
# Looks like your test exited with 2 before it could output anything.
t/Interp.t .........
Dubious, test returned 2 (wstat 512, 0x200)
Failed 35/35 subtests
Can't load '/home/david/cpantesting/perl-5.30.3-longdouble/.cpan/build/Math-GSL-0.48-0/blib/arch/auto/Math/GSL/Errno/Errno.so' for module Math::GSL::Errno: libgsl.so.28: cannot open shared object file: No such file or directory at /home/david/cpantesting/perl-5.30.3-longdouble/lib/5.30.3/x86_64-linux-ld/DynaLoader.pm line 193.
at /home/david/cpantesting/perl-5.30.3-longdouble/.cpan/build/Math-GSL-0.48-0/blib/lib/Math/GSL/Errno.pm line 11.
Compilation failed in require at /home/david/cpantesting/perl-5.30.3-longdouble/.cpan/build/Math-GSL-0.48-0/blib/lib/Math/GSL/Test.pm line 7.
BEGIN failed--compilation aborted at /home/david/cpantesting/perl-5.30.3-longdouble/.cpan/build/Math-GSL-0.48-0/blib/lib/Math/GSL/Test.pm line 7.
Compilation failed in require at /home/david/cpantesting/perl-5.30.3-longdouble/.cpan/build/Math-GSL-0.48-0/blib/lib/Math/GSL.pm line 10.
BEGIN failed--compilation aborted at /home/david/cpantesting/perl-5.30.3-longdouble/.cpan/build/Math-GSL-0.48-0/blib/lib/Math/GSL.pm line 10.
Compilation failed in require at t/Linalg.t line 4.
BEGIN failed--compilation aborted at t/Linalg.t line 4.
t/Linalg.t .........
Dubious, test returned 2 (wstat 512, 0x200)
No subtests run
Can't load '/home/david/cpantesting/perl-5.30.3-longdouble/.cpan/build/Math-GSL-0.48-0/blib/arch/auto/Math/GSL/Errno/Errno.so' for module Math::GSL::Errno: libgsl.so.28: cannot open shared object file: No such file or directory at /home/david/cpantesting/perl-5.30.3-longdouble/lib/5.30.3/x86_64-linux-ld/DynaLoader.pm line 193.
at /home/david/cpantesting/perl-5.30.3-longdouble/.cpan/build/Math-GSL-0.48-0/blib/lib/Math/GSL/Errno.pm line 11.
Compilation failed in require at /home/david/cpantesting/perl-5.30.3-longdouble/.cpan/build/Math-GSL-0.48-0/blib/lib/Math/GSL/Test.pm line 7.
BEGIN failed--compilation aborted at /home/david/cpantesting/perl-5.30.3-longdouble/.cpan/build/Math-GSL-0.48-0/blib/lib/Math/GSL/Test.pm line 7.
Compilation failed in require at /home/david/cpantesting/perl-5.30.3-longdouble/.cpan/build/Math-GSL-0.48-0/blib/lib/Math/GSL.pm line 10.
BEGIN failed--compilation aborted at /home/david/cpantesting/perl-5.30.3-longdouble/.cpan/build/Math-GSL-0.48-0/blib/lib/Math/GSL.pm line 10.
Compilation failed in require at t/Machine.t line 4.
BEGIN failed--compilation aborted at t/Machine.t line 4.
# Looks like your test exited with 2 before it could output anything.
t/Machine.t ........
Dubious, test returned 2 (wstat 512, 0x200)
Failed 2/2 subtests
Can't load '/home/david/cpantesting/perl-5.30.3-longdouble/.cpan/build/Math-GSL-0.48-0/blib/arch/auto/Math/GSL/Errno/Errno.so' for module Math::GSL::Errno: libgsl.so.28: cannot open shared object file: No such file or directory at /home/david/cpantesting/perl-5.30.3-longdouble/lib/5.30.3/x86_64-linux-ld/DynaLoader.pm line 193.
at /home/david/cpantesting/perl-5.30.3-longdouble/.cpan/build/Math-GSL-0.48-0/blib/lib/Math/GSL/Errno.pm line 11.
Compilation failed in require at /home/david/cpantesting/perl-5.30.3-longdouble/.cpan/build/Math-GSL-0.48-0/blib/lib/Math/GSL/Test.pm line 7.
BEGIN failed--compilation aborted at /home/david/cpantesting/perl-5.30.3-longdouble/.cpan/build/Math-GSL-0.48-0/blib/lib/Math/GSL/Test.pm line 7.
Compilation failed in require at /home/david/cpantesting/perl-5.30.3-longdouble/.cpan/build/Math-GSL-0.48-0/blib/lib/Math/GSL.pm line 10.
BEGIN failed--compilation aborted at /home/david/cpantesting/perl-5.30.3-longdouble/.cpan/build/Math-GSL-0.48-0/blib/lib/Math/GSL.pm line 10.
Compilation failed in require at t/Matrix.t line 9.
BEGIN failed--compilation aborted at t/Matrix.t line 9.
t/Matrix.t .........
Dubious, test returned 2 (wstat 512, 0x200)
No subtests run
Can't load '/home/david/cpantesting/perl-5.30.3-longdouble/.cpan/build/Math-GSL-0.48-0/blib/arch/auto/Math/GSL/Errno/Errno.so' for module Math::GSL::Errno: libgsl.so.28: cannot open shared object file: No such file or directory at /home/david/cpantesting/perl-5.30.3-longdouble/lib/5.30.3/x86_64-linux-ld/DynaLoader.pm line 193.
at /home/david/cpantesting/perl-5.30.3-longdouble/.cpan/build/Math-GSL-0.48-0/blib/lib/Math/GSL/Errno.pm line 11.
Compilation failed in require at /home/david/cpantesting/perl-5.30.3-longdouble/.cpan/build/Math-GSL-0.48-0/blib/lib/Math/GSL/Test.pm line 7.
BEGIN failed--compilation aborted at /home/david/cpantesting/perl-5.30.3-longdouble/.cpan/build/Math-GSL-0.48-0/blib/lib/Math/GSL/Test.pm line 7.
Compilation failed in require at /home/david/cpantesting/perl-5.30.3-longdouble/.cpan/build/Math-GSL-0.48-0/blib/lib/Math/GSL.pm line 10.
BEGIN failed--compilation aborted at /home/david/cpantesting/perl-5.30.3-longdouble/.cpan/build/Math-GSL-0.48-0/blib/lib/Math/GSL.pm line 10.
Compilation failed in require at t/MatrixComplex.t line 6.
BEGIN failed--compilation aborted at t/MatrixComplex.t line 6.
# Looks like your test exited with 2 before it could output anything.
t/MatrixComplex.t ..
Dubious, test returned 2 (wstat 512, 0x200)
Failed 38/38 subtests
Can't load '/home/david/cpantesting/perl-5.30.3-longdouble/.cpan/build/Math-GSL-0.48-0/blib/arch/auto/Math/GSL/Errno/Errno.so' for module Math::GSL::Errno: libgsl.so.28: cannot open shared object file: No such file or directory at /home/david/cpantesting/perl-5.30.3-longdouble/lib/5.30.3/x86_64-linux-ld/DynaLoader.pm line 193.
at /home/david/cpantesting/perl-5.30.3-longdouble/.cpan/build/Math-GSL-0.48-0/blib/lib/Math/GSL/Errno.pm line 11.
Compilation failed in require at /home/david/cpantesting/perl-5.30.3-longdouble/.cpan/build/Math-GSL-0.48-0/blib/lib/Math/GSL/Test.pm line 7.
BEGIN failed--compilation aborted at /home/david/cpantesting/perl-5.30.3-longdouble/.cpan/build/Math-GSL-0.48-0/blib/lib/Math/GSL/Test.pm line 7.
Compilation failed in require at /home/david/cpantesting/perl-5.30.3-longdouble/.cpan/build/Math-GSL-0.48-0/blib/lib/Math/GSL.pm line 10.
BEGIN failed--compilation aborted at /home/david/cpantesting/perl-5.30.3-longdouble/.cpan/build/Math-GSL-0.48-0/blib/lib/Math/GSL.pm line 10.
Compilation failed in require at t/Min.t line 5.
BEGIN failed--compilation aborted at t/Min.t line 5.
t/Min.t ............
Dubious, test returned 2 (wstat 512, 0x200)
No subtests run
Can't load '/home/david/cpantesting/perl-5.30.3-longdouble/.cpan/build/Math-GSL-0.48-0/blib/arch/auto/Math/GSL/Monte/Monte.so' for module Math::GSL::Monte: libgsl.so.28: cannot open shared object file: No such file or directory at /home/david/cpantesting/perl-5.30.3-longdouble/lib/5.30.3/x86_64-linux-ld/DynaLoader.pm line 193.
at /home/david/cpantesting/perl-5.30.3-longdouble/.cpan/build/Math-GSL-0.48-0/blib/lib/Math/GSL/Monte.pm line 11.
Compilation failed in require at t/Monte.t line 4.
BEGIN failed--compilation aborted at t/Monte.t line 4.
# Looks like your test exited with 2 before it could output anything.
t/Monte.t ..........
Dubious, test returned 2 (wstat 512, 0x200)
Failed 15/15 subtests
Can't load '/home/david/cpantesting/perl-5.30.3-longdouble/.cpan/build/Math-GSL-0.48-0/blib/arch/auto/Math/GSL/Errno/Errno.so' for module Math::GSL::Errno: libgsl.so.28: cannot open shared object file: No such file or directory at /home/david/cpantesting/perl-5.30.3-longdouble/lib/5.30.3/x86_64-linux-ld/DynaLoader.pm line 193.
at /home/david/cpantesting/perl-5.30.3-longdouble/.cpan/build/Math-GSL-0.48-0/blib/lib/Math/GSL/Errno.pm line 11.
Compilation failed in require at /home/david/cpantesting/perl-5.30.3-longdouble/.cpan/build/Math-GSL-0.48-0/blib/lib/Math/GSL/Test.pm line 7.
BEGIN failed--compilation aborted at /home/david/cpantesting/perl-5.30.3-longdouble/.cpan/build/Math-GSL-0.48-0/blib/lib/Math/GSL/Test.pm line 7.
Compilation failed in require at /home/david/cpantesting/perl-5.30.3-longdouble/.cpan/build/Math-GSL-0.48-0/blib/lib/Math/GSL.pm line 10.
BEGIN failed--compilation aborted at /home/david/cpantesting/perl-5.30.3-longdouble/.cpan/build/Math-GSL-0.48-0/blib/lib/Math/GSL.pm line 10.
Compilation failed in require at t/Multifit.t line 4.
BEGIN failed--compilation aborted at t/Multifit.t line 4.
t/Multifit.t .......
Dubious, test returned 2 (wstat 512, 0x200)
No subtests run
Can't load '/home/david/cpantesting/perl-5.30.3-longdouble/.cpan/build/Math-GSL-0.48-0/blib/arch/auto/Math/GSL/Errno/Errno.so' for module Math::GSL::Errno: libgsl.so.28: cannot open shared object file: No such file or directory at /home/david/cpantesting/perl-5.30.3-longdouble/lib/5.30.3/x86_64-linux-ld/DynaLoader.pm line 193.
at /home/david/cpantesting/perl-5.30.3-longdouble/.cpan/build/Math-GSL-0.48-0/blib/lib/Math/GSL/Errno.pm line 11.
Compilation failed in require at /home/david/cpantesting/perl-5.30.3-longdouble/.cpan/build/Math-GSL-0.48-0/blib/lib/Math/GSL/Test.pm line 7.
BEGIN failed--compilation aborted at /home/david/cpantesting/perl-5.30.3-longdouble/.cpan/build/Math-GSL-0.48-0/blib/lib/Math/GSL/Test.pm line 7.
Compilation failed in require at /home/david/cpantesting/perl-5.30.3-longdouble/.cpan/build/Math-GSL-0.48-0/blib/lib/Math/GSL.pm line 10.
BEGIN failed--compilation aborted at /home/david/cpantesting/perl-5.30.3-longdouble/.cpan/build/Math-GSL-0.48-0/blib/lib/Math/GSL.pm line 10.
Compilation failed in require at t/Multilarge.t line 4.
BEGIN failed--compilation aborted at t/Multilarge.t line 4.
t/Multilarge.t .....
Dubious, test returned 2 (wstat 512, 0x200)
No subtests run
Can't load '/home/david/cpantesting/perl-5.30.3-longdouble/.cpan/build/Math-GSL-0.48-0/blib/arch/auto/Math/GSL/Errno/Errno.so' for module Math::GSL::Errno: libgsl.so.28: cannot open shared object file: No such file or directory at /home/david/cpantesting/perl-5.30.3-longdouble/lib/5.30.3/x86_64-linux-ld/DynaLoader.pm line 193.
at /home/david/cpantesting/perl-5.30.3-longdouble/.cpan/build/Math-GSL-0.48-0/blib/lib/Math/GSL/Errno.pm line 11.
Compilation failed in require at /home/david/cpantesting/perl-5.30.3-longdouble/.cpan/build/Math-GSL-0.48-0/blib/lib/Math/GSL/Test.pm line 7.
BEGIN failed--compilation aborted at /home/david/cpantesting/perl-5.30.3-longdouble/.cpan/build/Math-GSL-0.48-0/blib/lib/Math/GSL/Test.pm line 7.
Compilation failed in require at /home/david/cpantesting/perl-5.30.3-longdouble/.cpan/build/Math-GSL-0.48-0/blib/lib/Math/GSL.pm line 10.
BEGIN failed--compilation aborted at /home/david/cpantesting/perl-5.30.3-longdouble/.cpan/build/Math-GSL-0.48-0/blib/lib/Math/GSL.pm line 10.
Compilation failed in require at t/Multimin.t line 4.
BEGIN failed--compilation aborted at t/Multimin.t line 4.
# Looks like your test exited with 2 before it could output anything.
t/Multimin.t .......
Dubious, test returned 2 (wstat 512, 0x200)
Failed 1/1 subtests
Can't load '/home/david/cpantesting/perl-5.30.3-longdouble/.cpan/build/Math-GSL-0.48-0/blib/arch/auto/Math/GSL/Errno/Errno.so' for module Math::GSL::Errno: libgsl.so.28: cannot open shared object file: No such file or directory at /home/david/cpantesting/perl-5.30.3-longdouble/lib/5.30.3/x86_64-linux-ld/DynaLoader.pm line 193.
at /home/david/cpantesting/perl-5.30.3-longdouble/.cpan/build/Math-GSL-0.48-0/blib/lib/Math/GSL/Errno.pm line 11.
Compilation failed in require at /home/david/cpantesting/perl-5.30.3-longdouble/.cpan/build/Math-GSL-0.48-0/blib/lib/Math/GSL/Test.pm line 7.
BEGIN failed--compilation aborted at /home/david/cpantesting/perl-5.30.3-longdouble/.cpan/build/Math-GSL-0.48-0/blib/lib/Math/GSL/Test.pm line 7.
Compilation failed in require at /home/david/cpantesting/perl-5.30.3-longdouble/.cpan/build/Math-GSL-0.48-0/blib/lib/Math/GSL.pm line 10.
BEGIN failed--compilation aborted at /home/david/cpantesting/perl-5.30.3-longdouble/.cpan/build/Math-GSL-0.48-0/blib/lib/Math/GSL.pm line 10.
Compilation failed in require at t/Multiroots.t line 4.
BEGIN failed--compilation aborted at t/Multiroots.t line 4.
# Looks like your test exited with 2 before it could output anything.
t/Multiroots.t .....
Dubious, test returned 2 (wstat 512, 0x200)
Failed 11/11 subtests
Can't load '/home/david/cpantesting/perl-5.30.3-longdouble/.cpan/build/Math-GSL-0.48-0/blib/arch/auto/Math/GSL/Errno/Errno.so' for module Math::GSL::Errno: libgsl.so.28: cannot open shared object file: No such file or directory at /home/david/cpantesting/perl-5.30.3-longdouble/lib/5.30.3/x86_64-linux-ld/DynaLoader.pm line 193.
at /home/david/cpantesting/perl-5.30.3-longdouble/.cpan/build/Math-GSL-0.48-0/blib/lib/Math/GSL/Errno.pm line 11.
Compilation failed in require at /home/david/cpantesting/perl-5.30.3-longdouble/.cpan/build/Math-GSL-0.48-0/blib/lib/Math/GSL/Test.pm line 7.
BEGIN failed--compilation aborted at /home/david/cpantesting/perl-5.30.3-longdouble/.cpan/build/Math-GSL-0.48-0/blib/lib/Math/GSL/Test.pm line 7.
Compilation failed in require at /home/david/cpantesting/perl-5.30.3-longdouble/.cpan/build/Math-GSL-0.48-0/blib/lib/Math/GSL.pm line 10.
BEGIN failed--compilation aborted at /home/david/cpantesting/perl-5.30.3-longdouble/.cpan/build/Math-GSL-0.48-0/blib/lib/Math/GSL.pm line 10.
Compilation failed in require at t/Multiset.t line 6.
BEGIN failed--compilation aborted at t/Multiset.t line 6.
t/Multiset.t .......
Dubious, test returned 2 (wstat 512, 0x200)
No subtests run
Can't load '/home/david/cpantesting/perl-5.30.3-longdouble/.cpan/build/Math-GSL-0.48-0/blib/arch/auto/Math/GSL/Errno/Errno.so' for module Math::GSL::Errno: libgsl.so.28: cannot open shared object file: No such file or directory at /home/david/cpantesting/perl-5.30.3-longdouble/lib/5.30.3/x86_64-linux-ld/DynaLoader.pm line 193.
at /home/david/cpantesting/perl-5.30.3-longdouble/.cpan/build/Math-GSL-0.48-0/blib/lib/Math/GSL/Errno.pm line 11.
Compilation failed in require at /home/david/cpantesting/perl-5.30.3-longdouble/.cpan/build/Math-GSL-0.48-0/blib/lib/Math/GSL/NTuple.pm line 365.
BEGIN failed--compilation aborted at /home/david/cpantesting/perl-5.30.3-longdouble/.cpan/build/Math-GSL-0.48-0/blib/lib/Math/GSL/NTuple.pm line 365.
Compilation failed in require at t/NTuple.t line 5.
BEGIN failed--compilation aborted at t/NTuple.t line 5.
t/NTuple.t .........
Dubious, test returned 2 (wstat 512, 0x200)
No subtests run
Can't load '/home/david/cpantesting/perl-5.30.3-longdouble/.cpan/build/Math-GSL-0.48-0/blib/arch/auto/Math/GSL/Errno/Errno.so' for module Math::GSL::Errno: libgsl.so.28: cannot open shared object file: No such file or directory at /home/david/cpantesting/perl-5.30.3-longdouble/lib/5.30.3/x86_64-linux-ld/DynaLoader.pm line 193.
at /home/david/cpantesting/perl-5.30.3-longdouble/.cpan/build/Math-GSL-0.48-0/blib/lib/Math/GSL/Errno.pm line 11.
Compilation failed in require at /home/david/cpantesting/perl-5.30.3-longdouble/.cpan/build/Math-GSL-0.48-0/blib/lib/Math/GSL/Test.pm line 7.
BEGIN failed--compilation aborted at /home/david/cpantesting/perl-5.30.3-longdouble/.cpan/build/Math-GSL-0.48-0/blib/lib/Math/GSL/Test.pm line 7.
Compilation failed in require at /home/david/cpantesting/perl-5.30.3-longdouble/.cpan/build/Math-GSL-0.48-0/blib/lib/Math/GSL.pm line 10.
BEGIN failed--compilation aborted at /home/david/cpantesting/perl-5.30.3-longdouble/.cpan/build/Math-GSL-0.48-0/blib/lib/Math/GSL.pm line 10.
Compilation failed in require at t/ODEIV.t line 5.
BEGIN failed--compilation aborted at t/ODEIV.t line 5.
# Looks like your test exited with 2 before it could output anything.
t/ODEIV.t ..........
Dubious, test returned 2 (wstat 512, 0x200)
Failed 4/4 subtests
Can't load '/home/david/cpantesting/perl-5.30.3-longdouble/.cpan/build/Math-GSL-0.48-0/blib/arch/auto/Math/GSL/Errno/Errno.so' for module Math::GSL::Errno: libgsl.so.28: cannot open shared object file: No such file or directory at /home/david/cpantesting/perl-5.30.3-longdouble/lib/5.30.3/x86_64-linux-ld/DynaLoader.pm line 193.
at /home/david/cpantesting/perl-5.30.3-longdouble/.cpan/build/Math-GSL-0.48-0/blib/lib/Math/GSL/Errno.pm line 11.
Compilation failed in require at /home/david/cpantesting/perl-5.30.3-longdouble/.cpan/build/Math-GSL-0.48-0/blib/lib/Math/GSL/Test.pm line 7.
BEGIN failed--compilation aborted at /home/david/cpantesting/perl-5.30.3-longdouble/.cpan/build/Math-GSL-0.48-0/blib/lib/Math/GSL/Test.pm line 7.
Compilation failed in require at /home/david/cpantesting/perl-5.30.3-longdouble/.cpan/build/Math-GSL-0.48-0/blib/lib/Math/GSL.pm line 10.
BEGIN failed--compilation aborted at /home/david/cpantesting/perl-5.30.3-longdouble/.cpan/build/Math-GSL-0.48-0/blib/lib/Math/GSL.pm line 10.
Compilation failed in require at t/ODEIV_evolve.t line 6.
BEGIN failed--compilation aborted at t/ODEIV_evolve.t line 6.
t/ODEIV_evolve.t ...
Dubious, test returned 2 (wstat 512, 0x200)
No subtests run
Can't load '/home/david/cpantesting/perl-5.30.3-longdouble/.cpan/build/Math-GSL-0.48-0/blib/arch/auto/Math/GSL/Errno/Errno.so' for module Math::GSL::Errno: libgsl.so.28: cannot open shared object file: No such file or directory at /home/david/cpantesting/perl-5.30.3-longdouble/lib/5.30.3/x86_64-linux-ld/DynaLoader.pm line 193.
at /home/david/cpantesting/perl-5.30.3-longdouble/.cpan/build/Math-GSL-0.48-0/blib/lib/Math/GSL/Errno.pm line 11.
Compilation failed in require at /home/david/cpantesting/perl-5.30.3-longdouble/.cpan/build/Math-GSL-0.48-0/blib/lib/Math/GSL/Test.pm line 7.
BEGIN failed--compilation aborted at /home/david/cpantesting/perl-5.30.3-longdouble/.cpan/build/Math-GSL-0.48-0/blib/lib/Math/GSL/Test.pm line 7.
Compilation failed in require at /home/david/cpantesting/perl-5.30.3-longdouble/.cpan/build/Math-GSL-0.48-0/blib/lib/Math/GSL.pm line 10.
BEGIN failed--compilation aborted at /home/david/cpantesting/perl-5.30.3-longdouble/.cpan/build/Math-GSL-0.48-0/blib/lib/Math/GSL.pm line 10.
Compilation failed in require at t/Permutation.t line 4.
BEGIN failed--compilation aborted at t/Permutation.t line 4.
# Looks like your test exited with 2 before it could output anything.
t/Permutation.t ....
Dubious, test returned 2 (wstat 512, 0x200)
Failed 85/85 subtests
Can't load '/home/david/cpantesting/perl-5.30.3-longdouble/.cpan/build/Math-GSL-0.48-0/blib/arch/auto/Math/GSL/Errno/Errno.so' for module Math::GSL::Errno: libgsl.so.28: cannot open shared object file: No such file or directory at /home/david/cpantesting/perl-5.30.3-longdouble/lib/5.30.3/x86_64-linux-ld/DynaLoader.pm line 193.
at /home/david/cpantesting/perl-5.30.3-longdouble/.cpan/build/Math-GSL-0.48-0/blib/lib/Math/GSL/Errno.pm line 11.
Compilation failed in require at /home/david/cpantesting/perl-5.30.3-longdouble/.cpan/build/Math-GSL-0.48-0/blib/lib/Math/GSL/Test.pm line 7.
BEGIN failed--compilation aborted at /home/david/cpantesting/perl-5.30.3-longdouble/.cpan/build/Math-GSL-0.48-0/blib/lib/Math/GSL/Test.pm line 7.
Compilation failed in require at t/Poly.t line 4.
BEGIN failed--compilation aborted at t/Poly.t line 4.
# Looks like your test exited with 2 before it could output anything.
t/Poly.t ...........
Dubious, test returned 2 (wstat 512, 0x200)
Failed 7/7 subtests
Can't load '/home/david/cpantesting/perl-5.30.3-longdouble/.cpan/build/Math-GSL-0.48-0/blib/arch/auto/Math/GSL/Sys/Sys.so' for module Math::GSL::Sys: libgsl.so.28: cannot open shared object file: No such file or directory at /home/david/cpantesting/perl-5.30.3-longdouble/lib/5.30.3/x86_64-linux-ld/DynaLoader.pm line 193.
at /home/david/cpantesting/perl-5.30.3-longdouble/.cpan/build/Math-GSL-0.48-0/blib/lib/Math/GSL/Sys.pm line 11.
Compilation failed in require at t/PowInt.t line 4.
BEGIN failed--compilation aborted at t/PowInt.t line 4.
# Looks like your test exited with 2 before it could output anything.
t/PowInt.t .........
Dubious, test returned 2 (wstat 512, 0x200)
Failed 14/14 subtests
Can't load '/home/david/cpantesting/perl-5.30.3-longdouble/.cpan/build/Math-GSL-0.48-0/blib/arch/auto/Math/GSL/Errno/Errno.so' for module Math::GSL::Errno: libgsl.so.28: cannot open shared object file: No such file or directory at /home/david/cpantesting/perl-5.30.3-longdouble/lib/5.30.3/x86_64-linux-ld/DynaLoader.pm line 193.
at /home/david/cpantesting/perl-5.30.3-longdouble/.cpan/build/Math-GSL-0.48-0/blib/lib/Math/GSL/Errno.pm line 11.
Compilation failed in require at /home/david/cpantesting/perl-5.30.3-longdouble/.cpan/build/Math-GSL-0.48-0/blib/lib/Math/GSL/QRNG.pm line 230.
BEGIN failed--compilation aborted at /home/david/cpantesting/perl-5.30.3-longdouble/.cpan/build/Math-GSL-0.48-0/blib/lib/Math/GSL/QRNG.pm line 230.
Compilation failed in require at t/QRNG.t line 4.
BEGIN failed--compilation aborted at t/QRNG.t line 4.
# Looks like your test exited with 2 before it could output anything.
t/QRNG.t ...........
Dubious, test returned 2 (wstat 512, 0x200)
Failed 24/24 subtests
Can't load '/home/david/cpantesting/perl-5.30.3-longdouble/.cpan/build/Math-GSL-0.48-0/blib/arch/auto/Math/GSL/Errno/Errno.so' for module Math::GSL::Errno: libgsl.so.28: cannot open shared object file: No such file or directory at /home/david/cpantesting/perl-5.30.3-longdouble/lib/5.30.3/x86_64-linux-ld/DynaLoader.pm line 193.
at /home/david/cpantesting/perl-5.30.3-longdouble/.cpan/build/Math-GSL-0.48-0/blib/lib/Math/GSL/Errno.pm line 11.
Compilation failed in require at /home/david/cpantesting/perl-5.30.3-longdouble/.cpan/build/Math-GSL-0.48-0/blib/lib/Math/GSL/Test.pm line 7.
BEGIN failed--compilation aborted at /home/david/cpantesting/perl-5.30.3-longdouble/.cpan/build/Math-GSL-0.48-0/blib/lib/Math/GSL/Test.pm line 7.
Compilation failed in require at /home/david/cpantesting/perl-5.30.3-longdouble/.cpan/build/Math-GSL-0.48-0/blib/lib/Math/GSL.pm line 10.
BEGIN failed--compilation aborted at /home/david/cpantesting/perl-5.30.3-longdouble/.cpan/build/Math-GSL-0.48-0/blib/lib/Math/GSL.pm line 10.
Compilation failed in require at t/RNG.t line 4.
BEGIN failed--compilation aborted at t/RNG.t line 4.
# Looks like your test exited with 2 before it could output anything.
t/RNG.t ............
Dubious, test returned 2 (wstat 512, 0x200)
Failed 43/43 subtests
Can't load '/home/david/cpantesting/perl-5.30.3-longdouble/.cpan/build/Math-GSL-0.48-0/blib/arch/auto/Math/GSL/Errno/Errno.so' for module Math::GSL::Errno: libgsl.so.28: cannot open shared object file: No such file or directory at /home/david/cpantesting/perl-5.30.3-longdouble/lib/5.30.3/x86_64-linux-ld/DynaLoader.pm line 193.
at /home/david/cpantesting/perl-5.30.3-longdouble/.cpan/build/Math-GSL-0.48-0/blib/lib/Math/GSL/Errno.pm line 11.
Compilation failed in require at /home/david/cpantesting/perl-5.30.3-longdouble/.cpan/build/Math-GSL-0.48-0/blib/lib/Math/GSL/Test.pm line 7.
BEGIN failed--compilation aborted at /home/david/cpantesting/perl-5.30.3-longdouble/.cpan/build/Math-GSL-0.48-0/blib/lib/Math/GSL/Test.pm line 7.
Compilation failed in require at t/Randist.t line 4.
BEGIN failed--compilation aborted at t/Randist.t line 4.
# Looks like your test exited with 2 before it could output anything.
t/Randist.t ........
Dubious, test returned 2 (wstat 512, 0x200)
Failed 449/449 subtests
Can't load '/home/david/cpantesting/perl-5.30.3-longdouble/.cpan/build/Math-GSL-0.48-0/blib/arch/auto/Math/GSL/Errno/Errno.so' for module Math::GSL::Errno: libgsl.so.28: cannot open shared object file: No such file or directory at /home/david/cpantesting/perl-5.30.3-longdouble/lib/5.30.3/x86_64-linux-ld/DynaLoader.pm line 193.
at /home/david/cpantesting/perl-5.30.3-longdouble/.cpan/build/Math-GSL-0.48-0/blib/lib/Math/GSL/Errno.pm line 11.
Compilation failed in require at /home/david/cpantesting/perl-5.30.3-longdouble/.cpan/build/Math-GSL-0.48-0/blib/lib/Math/GSL/Test.pm line 7.
BEGIN failed--compilation aborted at /home/david/cpantesting/perl-5.30.3-longdouble/.cpan/build/Math-GSL-0.48-0/blib/lib/Math/GSL/Test.pm line 7.
Compilation failed in require at /home/david/cpantesting/perl-5.30.3-longdouble/.cpan/build/Math-GSL-0.48-0/blib/lib/Math/GSL.pm line 10.
BEGIN failed--compilation aborted at /home/david/cpantesting/perl-5.30.3-longdouble/.cpan/build/Math-GSL-0.48-0/blib/lib/Math/GSL.pm line 10.
Compilation failed in require at t/Roots.t line 6.
BEGIN failed--compilation aborted at t/Roots.t line 6.
# Looks like your test exited with 2 before it could output anything.
t/Roots.t ..........
Dubious, test returned 2 (wstat 512, 0x200)
Failed 16/16 subtests
Can't load '/home/david/cpantesting/perl-5.30.3-longdouble/.cpan/build/Math-GSL-0.48-0/blib/arch/auto/Math/GSL/Errno/Errno.so' for module Math::GSL::Errno: libgsl.so.28: cannot open shared object file: No such file or directory at /home/david/cpantesting/perl-5.30.3-longdouble/lib/5.30.3/x86_64-linux-ld/DynaLoader.pm line 193.
at /home/david/cpantesting/perl-5.30.3-longdouble/.cpan/build/Math-GSL-0.48-0/blib/lib/Math/GSL/Errno.pm line 11.
Compilation failed in require at /home/david/cpantesting/perl-5.30.3-longdouble/.cpan/build/Math-GSL-0.48-0/blib/lib/Math/GSL/Test.pm line 7.
BEGIN failed--compilation aborted at /home/david/cpantesting/perl-5.30.3-longdouble/.cpan/build/Math-GSL-0.48-0/blib/lib/Math/GSL/Test.pm line 7.
Compilation failed in require at /home/david/cpantesting/perl-5.30.3-longdouble/.cpan/build/Math-GSL-0.48-0/blib/lib/Math/GSL.pm line 10.
BEGIN failed--compilation aborted at /home/david/cpantesting/perl-5.30.3-longdouble/.cpan/build/Math-GSL-0.48-0/blib/lib/Math/GSL.pm line 10.
Compilation failed in require at t/Rstat.t line 4.
BEGIN failed--compilation aborted at t/Rstat.t line 4.
t/Rstat.t ..........
Dubious, test returned 2 (wstat 512, 0x200)
No subtests run
Can't load '/home/david/cpantesting/perl-5.30.3-longdouble/.cpan/build/Math-GSL-0.48-0/blib/arch/auto/Math/GSL/Errno/Errno.so' for module Math::GSL::Errno: libgsl.so.28: cannot open shared object file: No such file or directory at /home/david/cpantesting/perl-5.30.3-longdouble/lib/5.30.3/x86_64-linux-ld/DynaLoader.pm line 193.
at /home/david/cpantesting/perl-5.30.3-longdouble/.cpan/build/Math-GSL-0.48-0/blib/lib/Math/GSL/Errno.pm line 11.
Compilation failed in require at /home/david/cpantesting/perl-5.30.3-longdouble/.cpan/build/Math-GSL-0.48-0/blib/lib/Math/GSL/Test.pm line 7.
BEGIN failed--compilation aborted at /home/david/cpantesting/perl-5.30.3-longdouble/.cpan/build/Math-GSL-0.48-0/blib/lib/Math/GSL/Test.pm line 7.
Compilation failed in require at t/SF.t line 4.
BEGIN failed--compilation aborted at t/SF.t line 4.
t/SF.t .............
Dubious, test returned 2 (wstat 512, 0x200)
No subtests run
Can't load '/home/david/cpantesting/perl-5.30.3-longdouble/.cpan/build/Math-GSL-0.48-0/blib/arch/auto/Math/GSL/Errno/Errno.so' for module Math::GSL::Errno: libgsl.so.28: cannot open shared object file: No such file or directory at /home/david/cpantesting/perl-5.30.3-longdouble/lib/5.30.3/x86_64-linux-ld/DynaLoader.pm line 193.
at /home/david/cpantesting/perl-5.30.3-longdouble/.cpan/build/Math-GSL-0.48-0/blib/lib/Math/GSL/Errno.pm line 11.
Compilation failed in require at /home/david/cpantesting/perl-5.30.3-longdouble/.cpan/build/Math-GSL-0.48-0/blib/lib/Math/GSL/Test.pm line 7.
BEGIN failed--compilation aborted at /home/david/cpantesting/perl-5.30.3-longdouble/.cpan/build/Math-GSL-0.48-0/blib/lib/Math/GSL/Test.pm line 7.
Compilation failed in require at /home/david/cpantesting/perl-5.30.3-longdouble/.cpan/build/Math-GSL-0.48-0/blib/lib/Math/GSL.pm line 10.
BEGIN failed--compilation aborted at /home/david/cpantesting/perl-5.30.3-longdouble/.cpan/build/Math-GSL-0.48-0/blib/lib/Math/GSL.pm line 10.
Compilation failed in require at t/Siman.t line 4.
BEGIN failed--compilation aborted at t/Siman.t line 4.
# Looks like your test exited with 2 before it could output anything.
t/Siman.t ..........
Dubious, test returned 2 (wstat 512, 0x200)
Failed 1/1 subtests
Can't load '/home/david/cpantesting/perl-5.30.3-longdouble/.cpan/build/Math-GSL-0.48-0/blib/arch/auto/Math/GSL/Errno/Errno.so' for module Math::GSL::Errno: libgsl.so.28: cannot open shared object file: No such file or directory at /home/david/cpantesting/perl-5.30.3-longdouble/lib/5.30.3/x86_64-linux-ld/DynaLoader.pm line 193.
at /home/david/cpantesting/perl-5.30.3-longdouble/.cpan/build/Math-GSL-0.48-0/blib/lib/Math/GSL/Errno.pm line 11.
Compilation failed in require at /home/david/cpantesting/perl-5.30.3-longdouble/.cpan/build/Math-GSL-0.48-0/blib/lib/Math/GSL/Test.pm line 7.
BEGIN failed--compilation aborted at /home/david/cpantesting/perl-5.30.3-longdouble/.cpan/build/Math-GSL-0.48-0/blib/lib/Math/GSL/Test.pm line 7.
Compilation failed in require at t/Sort.t line 2.
BEGIN failed--compilation aborted at t/Sort.t line 2.
t/Sort.t ...........
Dubious, test returned 2 (wstat 512, 0x200)
No subtests run
Can't load '/home/david/cpantesting/perl-5.30.3-longdouble/.cpan/build/Math-GSL-0.48-0/blib/arch/auto/Math/GSL/Errno/Errno.so' for module Math::GSL::Errno: libgsl.so.28: cannot open shared object file: No such file or directory at /home/david/cpantesting/perl-5.30.3-longdouble/lib/5.30.3/x86_64-linux-ld/DynaLoader.pm line 193.
at /home/david/cpantesting/perl-5.30.3-longdouble/.cpan/build/Math-GSL-0.48-0/blib/lib/Math/GSL/Errno.pm line 11.
Compilation failed in require at /home/david/cpantesting/perl-5.30.3-longdouble/.cpan/build/Math-GSL-0.48-0/blib/lib/Math/GSL/Test.pm line 7.
BEGIN failed--compilation aborted at /home/david/cpantesting/perl-5.30.3-longdouble/.cpan/build/Math-GSL-0.48-0/blib/lib/Math/GSL/Test.pm line 7.
Compilation failed in require at /home/david/cpantesting/perl-5.30.3-longdouble/.cpan/build/Math-GSL-0.48-0/blib/lib/Math/GSL.pm line 10.
BEGIN failed--compilation aborted at /home/david/cpantesting/perl-5.30.3-longdouble/.cpan/build/Math-GSL-0.48-0/blib/lib/Math/GSL.pm line 10.
Compilation failed in require at t/SparseMatrix.t line 4.
BEGIN failed--compilation aborted at t/SparseMatrix.t line 4.
t/SparseMatrix.t ...
Dubious, test returned 2 (wstat 512, 0x200)
No subtests run
Can't load '/home/david/cpantesting/perl-5.30.3-longdouble/.cpan/build/Math-GSL-0.48-0/blib/arch/auto/Math/GSL/Errno/Errno.so' for module Math::GSL::Errno: libgsl.so.28: cannot open shared object file: No such file or directory at /home/david/cpantesting/perl-5.30.3-longdouble/lib/5.30.3/x86_64-linux-ld/DynaLoader.pm line 193.
at /home/david/cpantesting/perl-5.30.3-longdouble/.cpan/build/Math-GSL-0.48-0/blib/lib/Math/GSL/Errno.pm line 11.
Compilation failed in require at t/Spline.t line 4.
BEGIN failed--compilation aborted at t/Spline.t line 4.
# Looks like your test exited with 2 before it could output anything.
t/Spline.t .........
Dubious, test returned 2 (wstat 512, 0x200)
Failed 38/38 subtests
Can't load '/home/david/cpantesting/perl-5.30.3-longdouble/.cpan/build/Math-GSL-0.48-0/blib/arch/auto/Math/GSL/Errno/Errno.so' for module Math::GSL::Errno: libgsl.so.28: cannot open shared object file: No such file or directory at /home/david/cpantesting/perl-5.30.3-longdouble/lib/5.30.3/x86_64-linux-ld/DynaLoader.pm line 193.
at /home/david/cpantesting/perl-5.30.3-longdouble/.cpan/build/Math-GSL-0.48-0/blib/lib/Math/GSL/Errno.pm line 11.
Compilation failed in require at /home/david/cpantesting/perl-5.30.3-longdouble/.cpan/build/Math-GSL-0.48-0/blib/lib/Math/GSL/Test.pm line 7.
BEGIN failed--compilation aborted at /home/david/cpantesting/perl-5.30.3-longdouble/.cpan/build/Math-GSL-0.48-0/blib/lib/Math/GSL/Test.pm line 7.
Compilation failed in require at t/Statistics.t line 4.
BEGIN failed--compilation aborted at t/Statistics.t line 4.
# Looks like your test exited with 2 before it could output anything.
t/Statistics.t .....
Dubious, test returned 2 (wstat 512, 0x200)
Failed 28/28 subtests
Can't load '/home/david/cpantesting/perl-5.30.3-longdouble/.cpan/build/Math-GSL-0.48-0/blib/arch/auto/Math/GSL/Sum/Sum.so' for module Math::GSL::Sum: libgsl.so.28: cannot open shared object file: No such file or directory at /home/david/cpantesting/perl-5.30.3-longdouble/lib/5.30.3/x86_64-linux-ld/DynaLoader.pm line 193.
at /home/david/cpantesting/perl-5.30.3-longdouble/.cpan/build/Math-GSL-0.48-0/blib/lib/Math/GSL/Sum.pm line 11.
Compilation failed in require at t/Sum.t line 4.
BEGIN failed--compilation aborted at t/Sum.t line 4.
# Looks like your test exited with 2 before it could output anything.
t/Sum.t ............
Dubious, test returned 2 (wstat 512, 0x200)
Failed 14/14 subtests
Can't load '/home/david/cpantesting/perl-5.30.3-longdouble/.cpan/build/Math-GSL-0.48-0/blib/arch/auto/Math/GSL/Sys/Sys.so' for module Math::GSL::Sys: libgsl.so.28: cannot open shared object file: No such file or directory at /home/david/cpantesting/perl-5.30.3-longdouble/lib/5.30.3/x86_64-linux-ld/DynaLoader.pm line 193.
at /home/david/cpantesting/perl-5.30.3-longdouble/.cpan/build/Math-GSL-0.48-0/blib/lib/Math/GSL/Sys.pm line 11.
Compilation failed in require at t/Sys.t line 4.
BEGIN failed--compilation aborted at t/Sys.t line 4.
# Looks like your test exited with 2 before it could output anything.
t/Sys.t ............
Dubious, test returned 2 (wstat 512, 0x200)
Failed 17/17 subtests
Can't load '/home/david/cpantesting/perl-5.30.3-longdouble/.cpan/build/Math-GSL-0.48-0/blib/arch/auto/Math/GSL/Errno/Errno.so' for module Math::GSL::Errno: libgsl.so.28: cannot open shared object file: No such file or directory at /home/david/cpantesting/perl-5.30.3-longdouble/lib/5.30.3/x86_64-linux-ld/DynaLoader.pm line 193.
at /home/david/cpantesting/perl-5.30.3-longdouble/.cpan/build/Math-GSL-0.48-0/blib/lib/Math/GSL/Errno.pm line 11.
Compilation failed in require at /home/david/cpantesting/perl-5.30.3-longdouble/.cpan/build/Math-GSL-0.48-0/blib/lib/Math/GSL/Test.pm line 7.
BEGIN failed--compilation aborted at /home/david/cpantesting/perl-5.30.3-longdouble/.cpan/build/Math-GSL-0.48-0/blib/lib/Math/GSL/Test.pm line 7.
Compilation failed in require at /home/david/cpantesting/perl-5.30.3-longdouble/.cpan/build/Math-GSL-0.48-0/blib/lib/Math/GSL.pm line 10.
BEGIN failed--compilation aborted at /home/david/cpantesting/perl-5.30.3-longdouble/.cpan/build/Math-GSL-0.48-0/blib/lib/Math/GSL.pm line 10.
Compilation failed in require at t/Vector.t line 4.
BEGIN failed--compilation aborted at t/Vector.t line 4.
# Looks like your test exited with 2 before it could output anything.
t/Vector.t .........
Dubious, test returned 2 (wstat 512, 0x200)
Failed 143/143 subtests
Can't load '/home/david/cpantesting/perl-5.30.3-longdouble/.cpan/build/Math-GSL-0.48-0/blib/arch/auto/Math/GSL/Errno/Errno.so' for module Math::GSL::Errno: libgsl.so.28: cannot open shared object file: No such file or directory at /home/david/cpantesting/perl-5.30.3-longdouble/lib/5.30.3/x86_64-linux-ld/DynaLoader.pm line 193.
at /home/david/cpantesting/perl-5.30.3-longdouble/.cpan/build/Math-GSL-0.48-0/blib/lib/Math/GSL/Errno.pm line 11.
Compilation failed in require at /home/david/cpantesting/perl-5.30.3-longdouble/.cpan/build/Math-GSL-0.48-0/blib/lib/Math/GSL/Test.pm line 7.
BEGIN failed--compilation aborted at /home/david/cpantesting/perl-5.30.3-longdouble/.cpan/build/Math-GSL-0.48-0/blib/lib/Math/GSL/Test.pm line 7.
Compilation failed in require at t/VectorComplex.t line 4.
BEGIN failed--compilation aborted at t/VectorComplex.t line 4.
# Looks like your test exited with 2 before it could output anything.
t/VectorComplex.t ..
Dubious, test returned 2 (wstat 512, 0x200)
Failed 26/26 subtests
Can't load '/home/david/cpantesting/perl-5.30.3-longdouble/.cpan/build/Math-GSL-0.48-0/blib/arch/auto/Math/GSL/Errno/Errno.so' for module Math::GSL::Errno: libgsl.so.28: cannot open shared object file: No such file or directory at /home/david/cpantesting/perl-5.30.3-longdouble/lib/5.30.3/x86_64-linux-ld/DynaLoader.pm line 193.
at /home/david/cpantesting/perl-5.30.3-longdouble/.cpan/build/Math-GSL-0.48-0/blib/lib/Math/GSL/Errno.pm line 11.
Compilation failed in require at /home/david/cpantesting/perl-5.30.3-longdouble/.cpan/build/Math-GSL-0.48-0/blib/lib/Math/GSL/Test.pm line 7.
BEGIN failed--compilation aborted at /home/david/cpantesting/perl-5.30.3-longdouble/.cpan/build/Math-GSL-0.48-0/blib/lib/Math/GSL/Test.pm line 7.
Compilation failed in require at t/Wavelet.t line 4.
BEGIN failed--compilation aborted at t/Wavelet.t line 4.
# Looks like your test exited with 2 before it could output anything.
t/Wavelet.t ........
Dubious, test returned 2 (wstat 512, 0x200)
Failed 11/11 subtests
Can't load '/home/david/cpantesting/perl-5.30.3-longdouble/.cpan/build/Math-GSL-0.48-0/blib/arch/auto/Math/GSL/Errno/Errno.so' for module Math::GSL::Errno: libgsl.so.28: cannot open shared object file: No such file or directory at /home/david/cpantesting/perl-5.30.3-longdouble/lib/5.30.3/x86_64-linux-ld/DynaLoader.pm line 193.
at /home/david/cpantesting/perl-5.30.3-longdouble/.cpan/build/Math-GSL-0.48-0/blib/lib/Math/GSL/Errno.pm line 11.
Compilation failed in require at /home/david/cpantesting/perl-5.30.3-longdouble/.cpan/build/Math-GSL-0.48-0/blib/lib/Math/GSL/Test.pm line 7.
BEGIN failed--compilation aborted at /home/david/cpantesting/perl-5.30.3-longdouble/.cpan/build/Math-GSL-0.48-0/blib/lib/Math/GSL/Test.pm line 7.
Compilation failed in require at t/Wavelet2D.t line 4.
BEGIN failed--compilation aborted at t/Wavelet2D.t line 4.
# Looks like your test exited with 2 before it could output anything.
t/Wavelet2D.t ......
Dubious, test returned 2 (wstat 512, 0x200)
Failed 1/1 subtests
# Testing Math::GSL with GSL 1.16.1 on x86_64-linux-ld, Perl (/home/david/cpantesting/perl-5.30.3-longdouble/bin/perl) 5.030003
t/ver2func.t ....... ok
Test Summary Report
-------------------
t/00-load.t (Wstat: 65280 (exited 255) Tests: 1 Failed: 1)
Failed test: 1
Non-zero exit status: 255
Parse errors: No plan found in TAP output
t/BLAS.t (Wstat: 512 (exited 2) Tests: 0 Failed: 0)
Non-zero exit status: 2
Parse errors: Bad plan. You planned 109 tests but ran 0.
t/BSpline.t (Wstat: 512 (exited 2) Tests: 0 Failed: 0)
Non-zero exit status: 2
Parse errors: No plan found in TAP output
t/CBLAS.t (Wstat: 512 (exited 2) Tests: 0 Failed: 0)
Non-zero exit status: 2
Parse errors: Bad plan. You planned 3 tests but ran 0.
t/CDF.t (Wstat: 512 (exited 2) Tests: 0 Failed: 0)
Non-zero exit status: 2
Parse errors: Bad plan. You planned 794 tests but ran 0.
t/Chebyshev.t (Wstat: 512 (exited 2) Tests: 0 Failed: 0)
Non-zero exit status: 2
Parse errors: No plan found in TAP output
t/Combination.t (Wstat: 512 (exited 2) Tests: 0 Failed: 0)
Non-zero exit status: 2
Parse errors: Bad plan. You planned 23 tests but ran 0.
t/Complex.t (Wstat: 512 (exited 2) Tests: 0 Failed: 0)
Non-zero exit status: 2
Parse errors: No plan found in TAP output
t/Const.t (Wstat: 512 (exited 2) Tests: 0 Failed: 0)
Non-zero exit status: 2
Parse errors: Bad plan. You planned 6 tests but ran 0.
t/DHT.t (Wstat: 512 (exited 2) Tests: 0 Failed: 0)
Non-zero exit status: 2
Parse errors: No plan found in TAP output
t/Deriv.t (Wstat: 512 (exited 2) Tests: 0 Failed: 0)
Non-zero exit status: 2
Parse errors: Bad plan. You planned 13 tests but ran 0.
t/Diff.t (Wstat: 512 (exited 2) Tests: 0 Failed: 0)
Non-zero exit status: 2
Parse errors: No plan found in TAP output
t/Eigen.t (Wstat: 512 (exited 2) Tests: 0 Failed: 0)
Non-zero exit status: 2
Parse errors: Bad plan. You planned 59 tests but ran 0.
t/Errno.t (Wstat: 512 (exited 2) Tests: 0 Failed: 0)
Non-zero exit status: 2
Parse errors: No plan found in TAP output
t/FFT.t (Wstat: 512 (exited 2) Tests: 0 Failed: 0)
Non-zero exit status: 2
Parse errors: No plan found in TAP output
t/Fit.t (Wstat: 512 (exited 2) Tests: 0 Failed: 0)
Non-zero exit status: 2
Parse errors: Bad plan. You planned 23 tests but ran 0.
t/GSL.t (Wstat: 512 (exited 2) Tests: 0 Failed: 0)
Non-zero exit status: 2
Parse errors: No plan found in TAP output
t/Heapsort.t (Wstat: 512 (exited 2) Tests: 0 Failed: 0)
Non-zero exit status: 2
Parse errors: Bad plan. You planned 1 tests but ran 0.
t/Histogram.t (Wstat: 512 (exited 2) Tests: 0 Failed: 0)
Non-zero exit status: 2
Parse errors: Bad plan. You planned 74 tests but ran 0.
t/Histogram2D.t (Wstat: 512 (exited 2) Tests: 0 Failed: 0)
Non-zero exit status: 2
Parse errors: Bad plan. You planned 89 tests but ran 0.
t/IEEEUtils.t (Wstat: 512 (exited 2) Tests: 0 Failed: 0)
Non-zero exit status: 2
Parse errors: Bad plan. You planned 1 tests but ran 0.
t/Integration.t (Wstat: 512 (exited 2) Tests: 0 Failed: 0)
Non-zero exit status: 2
Parse errors: Bad plan. You planned 29 tests but ran 0.
t/Interp.t (Wstat: 512 (exited 2) Tests: 0 Failed: 0)
Non-zero exit status: 2
Parse errors: Bad plan. You planned 35 tests but ran 0.
t/Linalg.t (Wstat: 512 (exited 2) Tests: 0 Failed: 0)
Non-zero exit status: 2
Parse errors: No plan found in TAP output
t/Machine.t (Wstat: 512 (exited 2) Tests: 0 Failed: 0)
Non-zero exit status: 2
Parse errors: Bad plan. You planned 2 tests but ran 0.
t/Matrix.t (Wstat: 512 (exited 2) Tests: 0 Failed: 0)
Non-zero exit status: 2
Parse errors: No plan found in TAP output
t/MatrixComplex.t (Wstat: 512 (exited 2) Tests: 0 Failed: 0)
Non-zero exit status: 2
Parse errors: Bad plan. You planned 38 tests but ran 0.
t/Min.t (Wstat: 512 (exited 2) Tests: 0 Failed: 0)
Non-zero exit status: 2
Parse errors: No plan found in TAP output
t/Monte.t (Wstat: 512 (exited 2) Tests: 0 Failed: 0)
Non-zero exit status: 2
Parse errors: Bad plan. You planned 15 tests but ran 0.
t/Multifit.t (Wstat: 512 (exited 2) Tests: 0 Failed: 0)
Non-zero exit status: 2
Parse errors: No plan found in TAP output
t/Multilarge.t (Wstat: 512 (exited 2) Tests: 0 Failed: 0)
Non-zero exit status: 2
Parse errors: No plan found in TAP output
t/Multimin.t (Wstat: 512 (exited 2) Tests: 0 Failed: 0)
Non-zero exit status: 2
Parse errors: Bad plan. You planned 1 tests but ran 0.
t/Multiroots.t (Wstat: 512 (exited 2) Tests: 0 Failed: 0)
Non-zero exit status: 2
Parse errors: Bad plan. You planned 11 tests but ran 0.
t/Multiset.t (Wstat: 512 (exited 2) Tests: 0 Failed: 0)
Non-zero exit status: 2
Parse errors: No plan found in TAP output
t/NTuple.t (Wstat: 512 (exited 2) Tests: 0 Failed: 0)
Non-zero exit status: 2
Parse errors: No plan found in TAP output
t/ODEIV.t (Wstat: 512 (exited 2) Tests: 0 Failed: 0)
Non-zero exit status: 2
Parse errors: Bad plan. You planned 4 tests but ran 0.
t/ODEIV_evolve.t (Wstat: 512 (exited 2) Tests: 0 Failed: 0)
Non-zero exit status: 2
Parse errors: No plan found in TAP output
t/Permutation.t (Wstat: 512 (exited 2) Tests: 0 Failed: 0)
Non-zero exit status: 2
Parse errors: Bad plan. You planned 85 tests but ran 0.
t/Poly.t (Wstat: 512 (exited 2) Tests: 0 Failed: 0)
Non-zero exit status: 2
Parse errors: Bad plan. You planned 7 tests but ran 0.
t/PowInt.t (Wstat: 512 (exited 2) Tests: 0 Failed: 0)
Non-zero exit status: 2
Parse errors: Bad plan. You planned 14 tests but ran 0.
t/QRNG.t (Wstat: 512 (exited 2) Tests: 0 Failed: 0)
Non-zero exit status: 2
Parse errors: Bad plan. You planned 24 tests but ran 0.
t/RNG.t (Wstat: 512 (exited 2) Tests: 0 Failed: 0)
Non-zero exit status: 2
Parse errors: Bad plan. You planned 43 tests but ran 0.
t/Randist.t (Wstat: 512 (exited 2) Tests: 0 Failed: 0)
Non-zero exit status: 2
Parse errors: Bad plan. You planned 449 tests but ran 0.
t/Roots.t (Wstat: 512 (exited 2) Tests: 0 Failed: 0)
Non-zero exit status: 2
Parse errors: Bad plan. You planned 16 tests but ran 0.
t/Rstat.t (Wstat: 512 (exited 2) Tests: 0 Failed: 0)
Non-zero exit status: 2
Parse errors: No plan found in TAP output
t/SF.t (Wstat: 512 (exited 2) Tests: 0 Failed: 0)
Non-zero exit status: 2
Parse errors: No plan found in TAP output
t/Siman.t (Wstat: 512 (exited 2) Tests: 0 Failed: 0)
Non-zero exit status: 2
Parse errors: Bad plan. You planned 1 tests but ran 0.
t/Sort.t (Wstat: 512 (exited 2) Tests: 0 Failed: 0)
Non-zero exit status: 2
Parse errors: No plan found in TAP output
t/SparseMatrix.t (Wstat: 512 (exited 2) Tests: 0 Failed: 0)
Non-zero exit status: 2
Parse errors: No plan found in TAP output
t/Spline.t (Wstat: 512 (exited 2) Tests: 0 Failed: 0)
Non-zero exit status: 2
Parse errors: Bad plan. You planned 38 tests but ran 0.
t/Statistics.t (Wstat: 512 (exited 2) Tests: 0 Failed: 0)
Non-zero exit status: 2
Parse errors: Bad plan. You planned 28 tests but ran 0.
t/Sum.t (Wstat: 512 (exited 2) Tests: 0 Failed: 0)
Non-zero exit status: 2
Parse errors: Bad plan. You planned 14 tests but ran 0.
t/Sys.t (Wstat: 512 (exited 2) Tests: 0 Failed: 0)
Non-zero exit status: 2
Parse errors: Bad plan. You planned 17 tests but ran 0.
t/Vector.t (Wstat: 512 (exited 2) Tests: 0 Failed: 0)
Non-zero exit status: 2
Parse errors: Bad plan. You planned 143 tests but ran 0.
t/VectorComplex.t (Wstat: 512 (exited 2) Tests: 0 Failed: 0)
Non-zero exit status: 2
Parse errors: Bad plan. You planned 26 tests but ran 0.
t/Wavelet.t (Wstat: 512 (exited 2) Tests: 0 Failed: 0)
Non-zero exit status: 2
Parse errors: Bad plan. You planned 11 tests but ran 0.
t/Wavelet2D.t (Wstat: 512 (exited 2) Tests: 0 Failed: 0)
Non-zero exit status: 2
Parse errors: Bad plan. You planned 1 tests but ran 0.
Files=58, Tests=2, 37 wallclock secs ( 0.20 usr 0.15 sys + 6.98 cusr 1.24 csys = 8.57 CPU)
Result: FAIL
Failed 57/58 test programs. 1/2 subtests failed.
------------------------------
PREREQUISITES
------------------------------
Prerequisite modules loaded:
requires:
Module Need Have
---------------- ------- --------
Math::Complex 0 1.59
parent 0 0.241
perl v5.8.1 5.030003
Scalar::Util 0 1.63
version 0.77 0.9930
build_requires:
Module Need Have
---------------- ------- --------
Test::Class 0.12 0.52
Test::Exception 0.21 0.43
Test::More 0 1.302198
Test::Most 0.31 0.38
Test::Taint 1.06 1.08
configure_requires:
Module Need Have
---------------- ------- --------
Math::GSL::Alien 1.03 1.05
Module::Build 0.38 0.4234
PkgConfig 0.07720 0.25026
------------------------------
ENVIRONMENT AND OTHER CONTEXT
------------------------------
Environment variables:
AUTOMATED_TESTING = 1
LANG = en_GB.UTF-8
LANGUAGE = en_GB:en
LC_TERMINAL = iTerm2
LC_TERMINAL_VERSION = 3.5.3
NONINTERACTIVE_TESTING = 1
PATH = /home/david/.nvm/versions/node/v20.15.0/bin:/home/david/.cargo/bin:/home/david/perl5/perlbrew/bin:/home/david/perl5/perlbrew/perls/perl-5.30.2/bin:/home/david/bin:/usr/local/bin:/usr/bin:/bin:/usr/local/games:/usr/games
PERL = 5.30.3-longdouble
PERL5LIB =
PERL5OPT =
PERL5_CPANPLUS_IS_RUNNING = 277708
PERL5_CPAN_IS_RUNNING = 277708
PERLBREW_HOME = /home/david/.perlbrew
PERLBREW_MANPATH = /home/david/perl5/perlbrew/perls/perl-5.30.2/man
PERLBREW_PATH = /home/david/perl5/perlbrew/bin:/home/david/perl5/perlbrew/perls/perl-5.30.2/bin
PERLBREW_PERL = perl-5.30.2
PERLBREW_ROOT = /home/david/perl5/perlbrew
PERLBREW_SHELLRC_VERSION = 0.98
PERLBREW_VERSION = 0.98
PERLVER = 5.30.3-longdouble
PERL_INLINE_DIRECTORY = /home/david/.Inline-5.30.3-longdouble
PERL_MM_USE_DEFAULT = 1
PERL_USE_UNSAFE_INC = 0
SHELL = /bin/bash
TERM = screen
Perl special variables (and OS-specific diagnostics, for MSWin32):
$^X = /home/david/cpantesting/perl-5.30.3-longdouble/bin/perl
$UID/$EUID = 1000 / 1000
$GID = 1000 24 25 27 29 30 44 46 109 1000
$EGID = 1000 24 25 27 29 30 44 46 109 1000
Perl module toolchain versions installed:
Module Have
------------------- --------
CPAN 2.22
CPAN::Meta 2.150010
Cwd 3.75
ExtUtils::CBuilder 0.280236
ExtUtils::Command 7.70
ExtUtils::Install 2.22
ExtUtils::MakeMaker 7.70
ExtUtils::Manifest 1.75
ExtUtils::ParseXS 3.51
File::Spec 3.75
JSON 4.10
JSON::PP 4.16
Module::Build 0.4234
Module::Signature n/a
Parse::CPAN::Meta 2.150010
Test::Harness 3.48
Test::More 1.302198
YAML 1.30
YAML::Syck n/a
version 0.9930
--
Summary of my perl5 (revision 5 version 30 subversion 3) configuration:
Platform:
osname=linux
osvers=5.10.0-11-amd64
archname=x86_64-linux-ld
uname='linux cpantesting-linux-utm 5.10.0-11-amd64 #1 smp debian 5.10.92-1 (2022-01-18) x86_64 gnulinux '
config_args='-de -Duselongdouble -Dprefix=/home/david/cpantesting/perl-5.30.3-longdouble'
hint=recommended
useposix=true
d_sigaction=define
useithreads=undef
usemultiplicity=undef
use64bitint=define
use64bitall=define
uselongdouble=define
usemymalloc=n
default_inc_excludes_dot=define
bincompat5005=undef
Compiler:
cc='cc'
ccflags ='-fwrapv -fno-strict-aliasing -pipe -fstack-protector-strong -I/usr/local/include -D_LARGEFILE_SOURCE -D_FILE_OFFSET_BITS=64 -D_FORTIFY_SOURCE=2'
optimize='-O2'
cppflags='-fwrapv -fno-strict-aliasing -pipe -fstack-protector-strong -I/usr/local/include'
ccversion=''
gccversion='10.2.1 20210110'
gccosandvers=''
intsize=4
longsize=8
ptrsize=8
doublesize=8
byteorder=12345678
doublekind=3
d_longlong=define
longlongsize=8
d_longdbl=define
longdblsize=16
longdblkind=3
ivtype='long'
ivsize=8
nvtype='long double'
nvsize=16
Off_t='off_t'
lseeksize=8
alignbytes=16
prototype=define
Linker and Libraries:
ld='cc'
ldflags =' -fstack-protector-strong -L/usr/local/lib'
libpth=/usr/local/lib /usr/include/x86_64-linux-gnu /usr/lib /lib/x86_64-linux-gnu /lib/../lib /usr/lib/x86_64-linux-gnu /usr/lib/../lib /lib /lib64 /usr/lib64
libs=-lpthread -lnsl -ldl -lm -lcrypt -lutil -lc
perllibs=-lpthread -lnsl -ldl -lm -lcrypt -lutil -lc
libc=libc-2.31.so
so=so
useshrplib=false
libperl=libperl.a
gnulibc_version='2.31'
Dynamic Linking:
dlsrc=dl_dlopen.xs
dlext=so
d_dlsymun=undef
ccdlflags='-Wl,-E'
cccdlflags='-fPIC'
lddlflags='-shared -O2 -L/usr/local/lib -fstack-protector-strong'
Characteristics of this binary (from libperl):
Compile-time options:
HAS_TIMES
PERLIO_LAYERS
PERL_COPY_ON_WRITE
PERL_DONT_CREATE_GVSV
PERL_MALLOC_WRAP
PERL_OP_PARENT
PERL_PRESERVE_IVUV
USE_64_BIT_ALL
USE_64_BIT_INT
USE_LARGE_FILES
USE_LOCALE
USE_LOCALE_COLLATE
USE_LOCALE_CTYPE
USE_LOCALE_NUMERIC
USE_LOCALE_TIME
USE_LONG_DOUBLE
USE_PERLIO
USE_PERL_ATOF
Locally applied patches:
Devel::PatchPerl 2.08
Built under linux
Compiled at Feb 5 2022 21:27:05
%ENV:
PERL="5.30.3-longdouble"
PERL5LIB=""
PERL5OPT=""
PERL5_CPANPLUS_IS_RUNNING="277708"
PERL5_CPAN_IS_RUNNING="277708"
PERLBREW_HOME="/home/david/.perlbrew"
PERLBREW_MANPATH="/home/david/perl5/perlbrew/perls/perl-5.30.2/man"
PERLBREW_PATH="/home/david/perl5/perlbrew/bin:/home/david/perl5/perlbrew/perls/perl-5.30.2/bin"
PERLBREW_PERL="perl-5.30.2"
PERLBREW_ROOT="/home/david/perl5/perlbrew"
PERLBREW_SHELLRC_VERSION="0.98"
PERLBREW_VERSION="0.98"
PERLVER="5.30.3-longdouble"
PERL_INLINE_DIRECTORY="/home/david/.Inline-5.30.3-longdouble"
PERL_MM_USE_DEFAULT="1"
PERL_USE_UNSAFE_INC="0"
@INC:
/home/david/cpantesting/perl-5.30.3-longdouble/lib/site_perl/5.30.3/x86_64-linux-ld
/home/david/cpantesting/perl-5.30.3-longdouble/lib/site_perl/5.30.3
/home/david/cpantesting/perl-5.30.3-longdouble/lib/5.30.3/x86_64-linux-ld
/home/david/cpantesting/perl-5.30.3-longdouble/lib/5.30.3