Back
From: metabase:user:322078bc-2aae-11df-837a-5e0a49663a4f
Subject: FAIL Code-Splice-0.02 v5.14.1 NetBSD
Date: 2012-11-11T12:44:08Z
This distribution has been tested as part of the CPAN Testers
project, supporting the Perl programming language. See
http://wiki.cpantesters.org/ for more information or email
questions to cpan-testers-discuss@perl.org
--
Dear SWALTERS,
This is a computer-generated error report created automatically by
CPANPLUS, version 0.9133. Testers personal comments may appear
at the end of this report.
Thank you for uploading your work to CPAN. However, it appears that
there were some problems testing your distribution.
TEST RESULTS:
Below is the error stack from stage 'make test':
PERL_DL_NONLAZY=1 /home/cpan/pit/thr/perl-5.14.1/bin/perl "-MExtUtils::Command::MM" "-e" "test_harness(0, 'blib/lib', 'blib/arch')" t/*.t
t/01.t .. ok
# Failed test 'variable remapping'
# at t/02.t line 35.
# got: '1 2 40 4 5 6 7 8 9'
# expected: '1 2 40 15 4 5 6 7 8 9'
# Looks like you failed 1 test of 1.
t/02.t ..
Dubious, test returned 1 (wstat 256, 0x100)
Failed 1/1 subtests
Can't locate object method "sv" via package "B::SPECIAL" at t/03.t line 19.
# Looks like your test exited with 255 before it could output anything.
t/03.t ..
Dubious, test returned 255 (wstat 65280, 0xff00)
Failed 1/1 subtests
# Failed test 'precondition against deparsed line'
# at t/04.t line 34.
# got: 'one two three 3 five six seven'
# expected: 'one two three fred five six seven'
# Looks like you failed 1 test of 1.
t/04.t ..
Dubious, test returned 1 (wstat 256, 0x100)
Failed 1/1 subtests
Test Summary Report
-------------------
t/02.t (Wstat: 256 Tests: 1 Failed: 1)
Failed test: 1
Non-zero exit status: 1
t/03.t (Wstat: 65280 Tests: 0 Failed: 0)
Non-zero exit status: 255
Parse errors: Bad plan. You planned 1 tests but ran 0.
t/04.t (Wstat: 256 Tests: 1 Failed: 1)
Failed test: 1
Non-zero exit status: 1
Files=4, Tests=3, 1 wallclock secs ( 0.03 usr 0.02 sys + 0.25 cusr 0.06 csys = 0.36 CPU)
Result: FAIL
Failed 3/4 test programs. 2/3 subtests failed.
*** Error code 1
Stop.
make: stopped in /home/cpan/pit/thr/conf/perl-5.14.1/.cpanplus/5.14.1/build/Code-Splice-0.02
PREREQUISITES:
Here is a list of prerequisites you specified and versions we
managed to load:
Module Name Have Want
B::Generate 1.47 0.1
ExtUtils::MakeMaker 6.62 0
Perl module toolchain versions installed:
Module Name Have
CPANPLUS 0.9133
CPANPLUS::Dist::Build 0.64
Cwd 3.36
ExtUtils::CBuilder 0.280205
ExtUtils::Command 1.17
ExtUtils::Install 1.56
ExtUtils::MakeMaker 6.62
ExtUtils::Manifest 1.61
ExtUtils::ParseXS 3.15
File::Spec 3.33
Module::Build 0.4003
Pod::Parser 1.37
Pod::Simple 3.16
Test::Harness 3.25
Test::More 0.98
version 0.9901
******************************** NOTE ********************************
The comments above are created mechanically, possibly without manual
checking by the sender. As there are many people performing automatic
tests on each upload to CPAN, it is likely that you will receive
identical messages about the same problem.
If you believe that the message is mistaken, please reply to the first
one with correction and/or additional informations, and do not take
it personally. We appreciate your patience. :)
**********************************************************************
Additional comments:
This report was machine-generated by CPANPLUS::Dist::YACSmoke 0.84.
Powered by minismokebox version 0.54
------------------------------
ENVIRONMENT AND OTHER CONTEXT
------------------------------
Environment variables:
AUTOMATED_TESTING = 1
PATH = /home/cpan/bin:/bin:/sbin:/usr/bin:/usr/sbin:/usr/X11R7/bin:/usr/X11R6/bin:/usr/pkg/bin:/usr/pkg/sbin:/usr/games:/usr/local/bin:/usr/local/sbin
PERL5LIB = :/home/cpan/pit/thr/conf/perl-5.14.1/.cpanplus/5.14.1/build/B-Generate-1.47/blib/lib:/home/cpan/pit/thr/conf/perl-5.14.1/.cpanplus/5.14.1/build/B-Generate-1.47/blib/arch:/home/cpan/pit/thr/conf/perl-5.14.1/.cpanplus/5.14.1/build/Code-Splice-0.02/blib/lib:/home/cpan/pit/thr/conf/perl-5.14.1/.cpanplus/5.14.1/build/Code-Splice-0.02/blib/arch
PERL5_CPANPLUS_IS_RUNNING = 5034
PERL5_CPANPLUS_IS_VERSION = 0.9133
PERL5_MINISMOKEBOX = 0.54
PERL5_YACSMOKE_BASE = /home/cpan/pit/thr/conf/perl-5.14.1
PERL_EXTUTILS_AUTOINSTALL = --defaultdeps
PERL_MM_USE_DEFAULT = 1
SHELL = /usr/pkg/bin/bash
TERM = screen
Perl special variables (and OS-specific diagnostics, for MSWin32):
Perl: $^X = /home/cpan/pit/thr/perl-5.14.1/bin/perl
UID: $< = 1001
EUID: $> = 1001
GID: $( = 100 100
EGID: $) = 100 100
-------------------------------
--
Summary of my perl5 (revision 5 version 14 subversion 1) configuration:
Platform:
osname=netbsd, osvers=6.0, archname=amd64-netbsd-thread-multi
uname='netbsd newspeak.bingosnet.co.uk 6.0 netbsd 6.0 (generic) amd64 '
config_args='-des -Dprefix=/home/cpan/pit/thr/perl-5.14.1 -Dusethreads'
hint=recommended, useposix=true, d_sigaction=define
useithreads=define, usemultiplicity=define
useperlio=define, d_sfio=undef, uselargefiles=define, usesocks=undef
use64bitint=define, use64bitall=define, uselongdouble=undef
usemymalloc=n, bincompat5005=undef
Compiler:
cc='cc', ccflags ='-fno-strict-aliasing -pipe -fstack-protector -I/usr/pkg/include',
optimize='-O',
cppflags='-fno-strict-aliasing -pipe -fstack-protector -I/usr/pkg/include'
ccversion='', gccversion='4.5.3', gccosandvers=''
intsize=4, longsize=8, ptrsize=8, doublesize=8, byteorder=12345678
d_longlong=define, longlongsize=8, d_longdbl=define, longdblsize=16
ivtype='long', ivsize=8, nvtype='double', nvsize=8, Off_t='off_t', lseeksize=8
alignbytes=8, prototype=define
Linker and Libraries:
ld='cc', ldflags =' -Wl,-rpath,/usr/pkg/lib -Wl,-rpath,/usr/local/lib -fstack-protector -L/usr/pkg/lib'
libpth=/usr/pkg/lib /lib /usr/lib
libs=-lgdbm -lm -lcrypt -lutil -lc -lposix -lpthread
perllibs=-lm -lcrypt -lutil -lc -lposix -lpthread
libc=/lib/libc.so, so=so, useshrplib=false, libperl=libperl.a
gnulibc_version=''
Dynamic Linking:
dlsrc=dl_dlopen.xs, dlext=so, d_dlsymun=undef, ccdlflags='-Wl,-E '
cccdlflags='-DPIC -fPIC ', lddlflags='--whole-archive -shared -L/usr/pkg/lib -fstack-protector'
Characteristics of this binary (from libperl):
Compile-time options: MULTIPLICITY PERL_DONT_CREATE_GVSV
PERL_IMPLICIT_CONTEXT PERL_MALLOC_WRAP
PERL_PRESERVE_IVUV USE_64_BIT_ALL USE_64_BIT_INT
USE_ITHREADS USE_LARGE_FILES USE_PERLIO USE_PERL_ATOF
USE_REENTRANT_API
Built under netbsd
Compiled at Oct 21 2012 13:51:03
%ENV:
PERL5LIB=":/home/cpan/pit/thr/conf/perl-5.14.1/.cpanplus/5.14.1/build/B-Generate-1.47/blib/lib:/home/cpan/pit/thr/conf/perl-5.14.1/.cpanplus/5.14.1/build/B-Generate-1.47/blib/arch:/home/cpan/pit/thr/conf/perl-5.14.1/.cpanplus/5.14.1/build/Code-Splice-0.02/blib/lib:/home/cpan/pit/thr/conf/perl-5.14.1/.cpanplus/5.14.1/build/Code-Splice-0.02/blib/arch"
PERL5_CPANPLUS_IS_RUNNING="5034"
PERL5_CPANPLUS_IS_VERSION="0.9133"
PERL5_MINISMOKEBOX="0.54"
PERL5_YACSMOKE_BASE="/home/cpan/pit/thr/conf/perl-5.14.1"
PERL_EXTUTILS_AUTOINSTALL="--defaultdeps"
PERL_MM_USE_DEFAULT="1"
@INC:
/home/cpan/pit/thr/conf/perl-5.14.1/.cpanplus/5.14.1/build/B-Generate-1.47/blib/lib
/home/cpan/pit/thr/conf/perl-5.14.1/.cpanplus/5.14.1/build/B-Generate-1.47/blib/arch
/home/cpan/pit/thr/conf/perl-5.14.1/.cpanplus/5.14.1/build/Code-Splice-0.02/blib/lib
/home/cpan/pit/thr/conf/perl-5.14.1/.cpanplus/5.14.1/build/Code-Splice-0.02/blib/arch
/home/cpan/pit/thr/perl-5.14.1/lib/site_perl/5.14.1/amd64-netbsd-thread-multi
/home/cpan/pit/thr/perl-5.14.1/lib/site_perl/5.14.1
/home/cpan/pit/thr/perl-5.14.1/lib/5.14.1/amd64-netbsd-thread-multi
/home/cpan/pit/thr/perl-5.14.1/lib/5.14.1
.