Perl-Critic-Policy-logicLAB-RequireParamsValidate v0.03 Perl 5 v5.24.3 OpenBSD.amd64-openbsd

Status
Fail
From
Alceu Rodrigues de Freitas Junior
Dist
Perl-Critic-Policy-logicLAB-RequireParamsValidate v0.03
Platform
Perl 5 v5.24.3 OpenBSD.amd64-openbsd
Date
2017-11-28 22:00:03
ID
7c5cc9a4-d487-11e7-9b56-7e38eb3b64b5
This distribution has been tested as part of the CPAN Testers
project, supporting the Perl programming language.  See
http://wiki.cpantesters.org/ for more information or email
questions to cpan-testers-discuss@perl.org


--
Dear jonasbn,

This is a computer-generated report for Perl-Critic-Policy-logicLAB-RequireParamsValidate-0.03
on perl 5.24.3, created by CPAN-Reporter-1.2018.

Thank you for uploading your work to CPAN.  However, there was a problem
testing your distribution.

If you think this report is invalid, please consult the CPAN Testers Wiki
for suggestions on how to avoid getting FAIL reports for missing library
or binary dependencies, unsupported operating systems, and so on:

http://wiki.cpantesters.org/wiki/CPANAuthorNotes

Sections of this report:

    * Tester comments
    * Program output
    * Prerequisites
    * Environment and other context

------------------------------
TESTER COMMENTS
------------------------------

Additional comments from tester:

this report is from an automated smoke testing program
and was not reviewed by a human for accuracy

------------------------------
PROGRAM OUTPUT
------------------------------

Output from './Build test':

t/00-compile.t ............ ok
t/author-critic.t ......... skipped: these tests are for testing by the author
t/implementation.t ........ ok
t/release-cpan-changes.t .. skipped: these tests are for release candidate testing
t/release-kwalitee.t ...... skipped: these tests are for release candidate testing
t/release-pod-coverage.t .. skipped: these tests are for release candidate testing
t/release-pod-syntax.t .... skipped: these tests are for release candidate testing
Exception::Fatal::PolicyDefinition: A bug in a policy was found.

Unable to create policy "Perl::Critic::Policy::ProhibitSmartmatch": Can't locate object method "new" via package "Perl::Critic::Policy::ProhibitSmartmatch" at /home/bar/perl5/perlbrew/perls/perl-5.24.3/lib/site_perl/5.24.3/Perl/Critic/PolicyFactory.pm line 253.


Tue Nov 28 21:18:24 2017

Trace begun at /home/bar/perl5/perlbrew/perls/perl-5.24.3/lib/site_perl/5.24.3/Perl/Critic/PolicyFactory.pm line 282
Perl::Critic::PolicyFactory::_handle_policy_instantiation_exception('Perl::Critic::Policy::ProhibitSmartmatch', undef, 'Can\'t locate object method "new" via package "Perl::Critic::Policy::ProhibitSmartmatch" at /home/bar/perl5/perlbrew/perls/perl-5.24.3/lib/site_perl/5.24.3/Perl/Critic/PolicyFactory.pm line 253.^J') called at /home/bar/perl5/perlbrew/perls/perl-5.24.3/lib/site_perl/5.24.3/Perl/Critic/PolicyFactory.pm line 254
Perl::Critic::PolicyFactory::_instantiate_policy('Perl::Critic::PolicyFactory=HASH(0x1592a396d100)', 'Perl::Critic::Policy::ProhibitSmartmatch', 'Perl::Critic::PolicyConfig=HASH(0x159353bb7e80)') called at /home/bar/perl5/perlbrew/perls/perl-5.24.3/lib/site_perl/5.24.3/Perl/Critic/PolicyFactory.pm line 197
Perl::Critic::PolicyFactory::create_policy('Perl::Critic::PolicyFactory=HASH(0x1592a396d100)', '-name', 'Perl::Critic::Policy::ProhibitSmartmatch') called at /home/bar/perl5/perlbrew/perls/perl-5.24.3/lib/site_perl/5.24.3/Perl/Critic/PolicyFactory.pm line 213
eval {...} at /home/bar/perl5/perlbrew/perls/perl-5.24.3/lib/site_perl/5.24.3/Perl/Critic/PolicyFactory.pm line 213
Perl::Critic::PolicyFactory::create_all_policies('Perl::Critic::PolicyFactory=HASH(0x1592a396d100)', 'Perl::Critic::Exception::AggregateConfiguration=HASH(0x159351dac8e0)') called at /home/bar/perl5/perlbrew/perls/perl-5.24.3/lib/site_perl/5.24.3/Perl/Critic/Config.pm line 212
Perl::Critic::Config::_load_policies('Perl::Critic::Config=HASH(0x1593666ce9a0)', 'Perl::Critic::Exception::AggregateConfiguration=HASH(0x159351dac8e0)') called at /home/bar/perl5/perlbrew/perls/perl-5.24.3/lib/site_perl/5.24.3/Perl/Critic/Config.pm line 143
Perl::Critic::Config::_init('Perl::Critic::Config=HASH(0x1593666ce9a0)', '-profile', '', '-single-policy', 'logicLAB::RequireParamsValidate') called at /home/bar/perl5/perlbrew/perls/perl-5.24.3/lib/site_perl/5.24.3/Perl/Critic/Config.pm line 45
Perl::Critic::Config::new('Perl::Critic::Config', '-profile', '', '-single-policy', 'logicLAB::RequireParamsValidate') called at /home/bar/perl5/perlbrew/perls/perl-5.24.3/lib/site_perl/5.24.3/Perl/Critic.pm line 35
Perl::Critic::new('Perl::Critic', '-profile', '', '-single-policy', 'logicLAB::RequireParamsValidate') called at t/test.t line 14
# Looks like your test exited with 255 just after 1.
t/test.t .................. 
Dubious, test returned 255 (wstat 65280, 0xff00)
All 1 subtests passed 

Test Summary Report
-------------------
t/test.t                (Wstat: 65280 Tests: 1 Failed: 0)
  Non-zero exit status: 255
Files=8, Tests=6,  4 wallclock secs ( 0.10 usr  0.08 sys +  2.84 cusr  1.06 csys =  4.08 CPU)
Result: FAIL
Failed 1/8 test programs. 0/6 subtests failed.

------------------------------
PREREQUISITES
------------------------------

Prerequisite modules loaded:

requires:

    Module                  Need  Have    
    ----------------------- ----- --------
    Carp                    0     1.38    
    Data::Dumper            0     2.161   
    List::MoreUtils         0     0.426   
    Params::Validate        0     1.29    
    perl                    5.006 5.024003
    Perl::Critic::Policy    0     1.131_01
    Perl::Critic::Utils     0     1.131_01

build_requires:

    Module                  Need  Have    
    ----------------------- ----- --------
    File::Spec              0     3.62    
    IO::Handle              0     1.35    
    IPC::Open3              0     1.20    
    Module::Build           0.30  0.4224  
    Pod::Coverage::TrustPod 0     0.100003
    Test::Class             0     0.50    
    Test::Kwalitee          1.21  1.27    
    Test::More              0.88  1.302116
    Test::Perl::Critic      0     1.03    
    Test::Pod               1.41  1.51    
    Test::Pod::Coverage     1.08  1.10    

configure_requires:

    Module                  Need  Have    
    ----------------------- ----- --------
    ExtUtils::MakeMaker     0     7.31_05 
    Module::Build           0.30  0.4224  


------------------------------
ENVIRONMENT AND OTHER CONTEXT
------------------------------

Environment variables:

    AUTOMATED_TESTING = 1
    PATH = /home/bar/perl5/perlbrew/bin:/home/bar/perl5/perlbrew/perls/perl-5.24.3/bin:/home/bar/bin:/sbin:/usr/sbin:/bin:/usr/bin:/usr/X11R6/bin:/usr/local/sbin:/usr/local/bin
    PERL5LIB = 
    PERL5OPT = 
    PERL5_CPANPLUS_IS_RUNNING = 20163
    PERL5_CPAN_IS_RUNNING = 20163
    PERL5_CPAN_IS_RUNNING_IN_RECURSION = 33141,20163
    PERLBREW_BASHRC_VERSION = 0.80
    PERLBREW_HOME = /home/bar/.perlbrew
    PERLBREW_MANPATH = /home/bar/perl5/perlbrew/perls/perl-5.24.3/man
    PERLBREW_PATH = /home/bar/perl5/perlbrew/bin:/home/bar/perl5/perlbrew/perls/perl-5.24.3/bin
    PERLBREW_PERL = perl-5.24.3
    PERLBREW_ROOT = /home/bar/perl5/perlbrew
    PERLBREW_VERSION = 0.80
    PERL_CR_SMOKER_CURRENT = Perl-Critic-Policy-logicLAB-RequireParamsValidate-0.03
    PERL_EXTUTILS_AUTOINSTALL = --defaultdeps
    PERL_MM_USE_DEFAULT = 1
    PERL_USE_UNSAFE_INC = 1
    SHELL = /usr/local/bin/bash
    TERM = xterm

Perl special variables (and OS-specific diagnostics, for MSWin32):

    $^X = /home/bar/perl5/perlbrew/perls/perl-5.24.3/bin/perl
    $UID/$EUID = 1002 / 1002
    $GID = 1002 1002 1001
    $EGID = 1002 1002 1001

Perl module toolchain versions installed:

    Module              Have    
    ------------------- --------
    CPAN                2.20    
    CPAN::Meta          2.150010
    Cwd                 3.62    
    ExtUtils::CBuilder  0.280230
    ExtUtils::Command   7.31_05 
    ExtUtils::Install   2.14    
    ExtUtils::MakeMaker 7.31_05 
    ExtUtils::Manifest  1.70    
    ExtUtils::ParseXS   3.35    
    File::Spec          3.62    
    JSON                2.97000 
    JSON::PP            2.97000 
    Module::Build       0.4224  
    Module::Signature   0.81    
    Parse::CPAN::Meta   2.150010
    Test::Harness       3.39    
    Test::More          1.302116
    YAML                1.24    
    YAML::Syck          1.30    
    version             0.9918  


--

Summary of my perl5 (revision 5 version 24 subversion 3) configuration:
   
  Platform:
    osname=openbsd, osvers=6.1, archname=OpenBSD.amd64-openbsd
    uname='openbsd cpansmoker.my.domain 6.1 generic.mp#20 amd64 '
    config_args='-de -Dprefix=/home/bar/perl5/perlbrew/perls/perl-5.24.3 -Aeval:scriptdir=/home/bar/perl5/perlbrew/perls/perl-5.24.3/bin'
    hint=recommended, useposix=true, d_sigaction=define
    useithreads=undef, usemultiplicity=undef
    use64bitint=define, use64bitall=define, uselongdouble=undef
    usemymalloc=n, bincompat5005=undef
  Compiler:
    cc='cc', ccflags ='-fno-strict-aliasing -pipe -fstack-protector-strong -I/usr/local/include -D_FORTIFY_SOURCE=2',
    optimize='-O2',
    cppflags='-fno-strict-aliasing -pipe -fstack-protector-strong -I/usr/local/include'
    ccversion='', gccversion='4.2.1 20070719 ', gccosandvers='openbsd6.1'
    intsize=4, longsize=8, ptrsize=8, doublesize=8, byteorder=12345678, doublekind=3
    d_longlong=define, longlongsize=8, d_longdbl=define, longdblsize=16, longdblkind=3
    ivtype='long', ivsize=8, nvtype='double', nvsize=8, Off_t='off_t', lseeksize=8
    alignbytes=8, prototype=define
  Linker and Libraries:
    ld='cc', ldflags ='-Wl,-E  -fstack-protector-strong -L/usr/local/lib'
    libpth=/usr/lib /usr/local/lib
    libs=-lpthread -lm -lutil -lc
    perllibs=-lpthread -lm -lutil -lc
    libc=/usr/lib/libc.so.89.3, so=so, useshrplib=false, libperl=libperl.a
    gnulibc_version=''
  Dynamic Linking:
    dlsrc=dl_dlopen.xs, dlext=so, d_dlsymun=undef, ccdlflags=' '
    cccdlflags='-DPIC -fPIC ', lddlflags='-shared -fPIC  -L/usr/local/lib -fstack-protector-strong'


Characteristics of this binary (from libperl): 
  Compile-time options: HAS_TIMES PERLIO_LAYERS PERL_COPY_ON_WRITE
                        PERL_DONT_CREATE_GVSV
                        PERL_HASH_FUNC_ONE_AT_A_TIME_HARD PERL_MALLOC_WRAP
                        PERL_PRESERVE_IVUV USE_64_BIT_ALL USE_64_BIT_INT
                        USE_LARGE_FILES USE_LOCALE USE_LOCALE_COLLATE
                        USE_LOCALE_CTYPE USE_LOCALE_NUMERIC USE_LOCALE_TIME
                        USE_PERLIO USE_PERL_ATOF
  Locally applied patches:
	Devel::PatchPerl 1.48
  Built under openbsd
  Compiled at Nov 10 2017 21:17:21
  %ENV:
    PERL5LIB=""
    PERL5OPT=""
    PERL5_CPANPLUS_IS_RUNNING="20163"
    PERL5_CPAN_IS_RUNNING="20163"
    PERL5_CPAN_IS_RUNNING_IN_RECURSION="33141,20163"
    PERLBREW_BASHRC_VERSION="0.80"
    PERLBREW_HOME="/home/bar/.perlbrew"
    PERLBREW_MANPATH="/home/bar/perl5/perlbrew/perls/perl-5.24.3/man"
    PERLBREW_PATH="/home/bar/perl5/perlbrew/bin:/home/bar/perl5/perlbrew/perls/perl-5.24.3/bin"
    PERLBREW_PERL="perl-5.24.3"
    PERLBREW_ROOT="/home/bar/perl5/perlbrew"
    PERLBREW_VERSION="0.80"
    PERL_CR_SMOKER_CURRENT="Perl-Critic-Policy-logicLAB-RequireParamsValidate-0.03"
    PERL_EXTUTILS_AUTOINSTALL="--defaultdeps"
    PERL_MM_USE_DEFAULT="1"
    PERL_USE_UNSAFE_INC="1"
  @INC:
    /home/bar/perl5/perlbrew/perls/perl-5.24.3/lib/site_perl/5.24.3/OpenBSD.amd64-openbsd
    /home/bar/perl5/perlbrew/perls/perl-5.24.3/lib/site_perl/5.24.3
    /home/bar/perl5/perlbrew/perls/perl-5.24.3/lib/5.24.3/OpenBSD.amd64-openbsd
    /home/bar/perl5/perlbrew/perls/perl-5.24.3/lib/5.24.3
    .