Report for DBIx-Skinny-0.0742

Back
From: metabase:user:320bfe00-2aae-11df-837a-5e0a49663a4f
Subject: FAIL DBIx-Skinny-0.0742 v5.14.3 GNU/Linux
Date: 2013-06-22T12:23:03Z

This distribution has been tested as part of the CPAN Testers
project, supporting the Perl programming language.  See
http://wiki.cpantesters.org/ for more information or email
questions to cpan-testers-discuss@perl.org


--
Dear Atsushi Kobayashi,

This is a computer-generated report for DBIx-Skinny-0.0742
on perl 5.14.3, created by CPAN-Reporter-1.2009.

Thank you for uploading your work to CPAN.  However, there was a problem
testing your distribution.

If you think this report is invalid, please consult the CPAN Testers Wiki
for suggestions on how to avoid getting FAIL reports for missing library
or binary dependencies, unsupported operating systems, and so on:

http://wiki.cpantesters.org/wiki/CPANAuthorNotes

Sections of this report:

    * Tester comments
    * Program output
    * Prerequisites
    * Environment and other context

------------------------------
TESTER COMMENTS
------------------------------

Additional comments from tester:

this report is from an automated smoke testing program
and was not reviewed by a human for accuracy

------------------------------
PROGRAM OUTPUT
------------------------------

Output from '/usr/bin/make test':

PERL_DL_NONLAZY=1 /home/sand/src/perl/repoperls/installed-perls/perl/v5.14.3/9980/bin/perl "-MExtUtils::Command::MM" "-e" "test_harness(0, 'inc', 'blib/lib', 'blib/arch')" t/*.t t/*/*.t t/*/*/*.t
# DBD::SQLite versin is 1.39
t/001_basic/001_compile.t ............................................... ok
t/001_basic/002_schema_info.t ........................................... ok
t/001_basic/003_explicit_schema.t ....................................... ok
t/001_basic/004_sql.t ................................................... ok
t/001_basic/005_set_columns.t ........................................... ok
t/001_basic/006_all_in_one_file.t ....................................... ok
t/001_basic/007_connect_info.t .......................................... ok
t/001_basic/008_mixin.t ................................................. ok
t/001_basic/009_no_check_schema.t ....................................... ok
t/001_basic/010_dbh.t ................................................... ok
t/001_basic/011_inflate.t ............................................... ok
t/001_basic/012_trigger.t ............................................... ok
t/001_basic/013_common_trigger.t ........................................ ok
t/001_basic/014_utf8.t .................................................. ok
t/001_basic/015_row_class.t ............................................. ok
t/001_basic/016_row_exception.t ......................................... ok
t/001_basic/017_profile.t ............................................... ok
t/001_basic/018_custom_profiler.t ....................................... ok
t/001_basic/019_profiler_trace.t ........................................ ok
t/001_basic/020_on_connect_do.t ......................................... ok
t/001_basic/021_reconnect.t ............................................. ok
t/001_basic/022_transaction.t ........................................... ok
t/001_basic/023_bulk_insert.t ........................................... ok
t/001_basic/024_bind_column.t ........................................... ok
t/002_common/000_new.t .................................................. ok
t/002_common/001_insert.t ............................................... ok
t/002_common/002_update.t ............................................... ok
t/002_common/003_delete.t ............................................... ok
t/002_common/004_find_or_create.t ....................................... ok
t/002_common/005_count.t ................................................ ok
t/002_common/006_single.t ............................................... ok
t/002_common/007_search.t ............................................... ok
t/002_common/008_search_named.t ......................................... ok
t/002_common/009_search_by_sql.t ........................................ ok
t/002_common/010_resultset.t ............................................ ok
t/002_common/011_do.t ................................................... ok
t/002_common/012_replace.t .............................................. ok
t/002_common/014_find_or_new.t .......................................... ok
t/002_common/015_data2row.t ............................................. ok
t/002_common/016_hash_to_row.t .......................................... ok
t/002_common/017_iterator.t ............................................. ok
t/002_common/018_refetch.t .............................................. ok
t/002_common/019_get_columns.t .......................................... ok
t/002_common/020_get_column.t ........................................... ok
t/002_common/021_quote.t ................................................ ok
t/002_common/022_disconnect.t ........................................... ok
t/002_common/023_multi_pk.t ............................................. ok
t/002_common/024_txn_scope.t ............................................ ok
t/002_common/999_delete_by_sql.t ........................................ ok
t/002_common/999_update_by_sql.t ........................................ ok
t/500_deprecated/001_deprecated_setup.t ................................. ok
t/500_deprecated/002_deprecated_profiler.t .............................. ok
t/999_regression/bind_param.t ........................................... ok
t/999_regression/data2itr_objectarray.t ................................. ok
t/999_regression/dbh_and_txn_manager.t .................................. ok
t/999_regression/deflate_bug.t .......................................... ok
t/999_regression/deflate_scalarref.t .................................... ok
t/999_regression/duplicate_update.t ..................................... ok
t/999_regression/empty_update.t ......................................... ok
t/999_regression/get_row_class.t ........................................ ok
t/999_regression/guess_table_name.t ..................................... ok
t/999_regression/loose_connect_options_after_new.t ...................... ok
t/999_regression/new_attr.t ............................................. ok
t/999_regression/no_schema.t ............................................ ok
t/999_regression/prepare_error_handling.t ............................... ok
t/999_regression/row_update_by_scalarref.t .............................. ok
@@@@@@@@@@@@@@@@@@@@@@@@@@@@@@@@@@@@@
@@@@@ DBIx::Skinny 's Exception @@@@@
Reason  : DBD::SQLite::db prepare failed: no such table: mock_basic at /tmp/loop_over_bdir-11351-X6nqZV/DBIx-Skinny-0.0742-MTKVXU/blib/lib/DBIx/Skinny.pm line 778.

SQL     : SELECT id, name, delete_fg
          FROM mock_basic
          WHERE (name = ?)
          LIMIT 1
          
BIND    : $VAR1 = [
          'ruby'
        ];

@@@@@@@@@@@@@@@@@@@@@@@@@@@@@@@@@@@@@
 at /tmp/loop_over_bdir-11351-X6nqZV/DBIx-Skinny-0.0742-MTKVXU/blib/lib/DBIx/Skinny/SQL.pm line 329.
# Tests were run but no plan was declared and done_testing() was not seen.
t/999_regression/transaction/call_txn_scope_after_fork.t ................ 
Dubious, test returned 255 (wstat 65280, 0xff00)
All 4 subtests passed 
t/999_regression/transaction/call_txn_scope_after_missing_connect.t ..... ok
Detected transaction during a reconnect operation (last known transaction at t/999_regression/transaction/call_txn_scope_and_fork.t line 19, pid 12380). Refusing to proceed at at /tmp/loop_over_bdir-11351-X6nqZV/DBIx-Skinny-0.0742-MTKVXU/blib/lib/DBIx/Skinny.pm line 225.
	DBIx::Skinny::reconnect('Mock::Basic') called at /tmp/loop_over_bdir-11351-X6nqZV/DBIx-Skinny-0.0742-MTKVXU/blib/lib/DBIx/Skinny.pm line 313
	DBIx::Skinny::dbh('Mock::Basic') called at t/999_regression/transaction/call_txn_scope_and_fork.t line 23
Transaction was aborted without calling an explicit commit or rollback. (Guard created at t/999_regression/transaction/call_txn_scope_and_fork.t line 19) at /home/src/perl/repoperls/installed-perls/perl/v5.14.3/9980/lib/site_perl/5.14.3/DBIx/TransactionManager.pm line 111.
# Tests were run but no plan was declared and done_testing() was not seen.
t/999_regression/transaction/call_txn_scope_and_fork.t .................. 
Dubious, test returned 2 (wstat 512, 0x200)
All 1 subtests passed 
@@@@@@@@@@@@@@@@@@@@@@@@@@@@@@@@@@@@@
@@@@@ DBIx::Skinny 's Exception @@@@@
Reason  : DBD::SQLite::db prepare failed: no such table: mock_basic at /tmp/loop_over_bdir-11351-X6nqZV/DBIx-Skinny-0.0742-MTKVXU/blib/lib/DBIx/Skinny.pm line 778.

SQL     : SELECT id, name, delete_fg
          FROM mock_basic
          WHERE (name = ?)
          LIMIT 1
          
BIND    : $VAR1 = [
          'ruby'
        ];

@@@@@@@@@@@@@@@@@@@@@@@@@@@@@@@@@@@@@
 at /tmp/loop_over_bdir-11351-X6nqZV/DBIx-Skinny-0.0742-MTKVXU/blib/lib/DBIx/Skinny/SQL.pm line 329.
# Tests were run but no plan was declared and done_testing() was not seen.
t/999_regression/transaction/call_txn_scope_before_fork.t ............... 
Dubious, test returned 255 (wstat 65280, 0xff00)
All 5 subtests passed 
@@@@@@@@@@@@@@@@@@@@@@@@@@@@@@@@@@@@@
@@@@@ DBIx::Skinny 's Exception @@@@@
Reason  : DBD::SQLite::db prepare failed: no such table: mock_basic at /tmp/loop_over_bdir-11351-X6nqZV/DBIx-Skinny-0.0742-MTKVXU/blib/lib/DBIx/Skinny.pm line 778.

SQL     : SELECT id, name, delete_fg
          FROM mock_basic
          WHERE (name = ?)
          LIMIT 1
          
BIND    : $VAR1 = [
          'lestrrat'
        ];

@@@@@@@@@@@@@@@@@@@@@@@@@@@@@@@@@@@@@
 at /tmp/loop_over_bdir-11351-X6nqZV/DBIx-Skinny-0.0742-MTKVXU/blib/lib/DBIx/Skinny/SQL.pm line 329.
# Tests were run but no plan was declared and done_testing() was not seen.
t/999_regression/transaction/call_txn_scope_before_fork_and_rollback.t .. 
Dubious, test returned 255 (wstat 65280, 0xff00)
All 5 subtests passed 
t/999_regression/where_condition_in.t ................................... ok

Test Summary Report
-------------------
t/999_regression/transaction/call_txn_scope_after_fork.t              (Wstat: 65280 Tests: 4 Failed: 0)
  Non-zero exit status: 255
  Parse errors: No plan found in TAP output
t/999_regression/transaction/call_txn_scope_and_fork.t                (Wstat: 512 Tests: 1 Failed: 0)
  Non-zero exit status: 2
  Parse errors: No plan found in TAP output
t/999_regression/transaction/call_txn_scope_before_fork.t             (Wstat: 65280 Tests: 5 Failed: 0)
  Non-zero exit status: 255
  Parse errors: No plan found in TAP output
t/999_regression/transaction/call_txn_scope_before_fork_and_rollback.t (Wstat: 65280 Tests: 5 Failed: 0)
  Non-zero exit status: 255
  Parse errors: No plan found in TAP output
Files=72, Tests=270, 12 wallclock secs ( 0.19 usr  0.08 sys +  4.60 cusr  0.70 csys =  5.57 CPU)
Result: FAIL
Failed 4/72 test programs. 0/270 subtests failed.
make: *** [test_dynamic] Error 255

------------------------------
PREREQUISITES
------------------------------

Prerequisite modules loaded:

requires:

    Module                   Need Have   
    ------------------------ ---- -------
    Carp                     0    1.26   
    Class::Accessor::Lite    0    0.05   
    Class::Load              0    0.20   
    DBI                      0    1.627  
    DBIx::TransactionManager 1.07 1.12   
    IO::Handle               0    1.31   
    Scalar::Util             0    1.27   
    Try::Tiny                0    0.12   
    UNIVERSAL::require       0    0.13_1 

build_requires:

    Module                   Need Have   
    ------------------------ ---- -------
    ExtUtils::MakeMaker      6.42 6.69_01
    Test::More               0.96 0.98   
    Test::SharedFork         0.15 0.21   

configure_requires:

    Module                   Need Have   
    ------------------------ ---- -------
    ExtUtils::MakeMaker      6.42 6.69_01


------------------------------
ENVIRONMENT AND OTHER CONTEXT
------------------------------

Environment variables:

    AUTOMATED_TESTING = 1
    LANG = en_US.UTF-8
    LANGUAGE = en_US:en
    PATH = /usr/lib/ccache:/home/sand/bin:/usr/local/bin:/usr/bin:/bin:/usr/bin/X11:/usr/games:/usr/local/perl/bin:/usr/X11/bin:/sbin:/usr/sbin
    PERL5LIB = 
    PERL5OPT = 
    PERL5_CPANPLUS_IS_RUNNING = 11352
    PERL5_CPAN_IS_RUNNING = 11352
    PERL_MM_USE_DEFAULT = 1
    SHELL = /usr/bin/zsh
    TERM = screen

Perl special variables (and OS-specific diagnostics, for MSWin32):

    $^X = /home/sand/src/perl/repoperls/installed-perls/perl/v5.14.3/9980/bin/perl
    $UID/$EUID = 1005 / 1005
    $GID = 1005 1005
    $EGID = 1005 1005

Perl module toolchain versions installed:

    Module              Have    
    ------------------- --------
    CPAN                2.00    
    CPAN::Meta          2.131560
    Cwd                 3.40    
    ExtUtils::CBuilder  0.280205
    ExtUtils::Command   1.17    
    ExtUtils::Install   1.56    
    ExtUtils::MakeMaker 6.69_01 
    ExtUtils::Manifest  1.60    
    ExtUtils::ParseXS   3.18_04 
    File::Spec          3.40    
    JSON                2.59    
    JSON::PP            2.27202 
    Module::Build       0.4005  
    Module::Signature   0.73    
    Parse::CPAN::Meta   1.4404  
    Test::Harness       3.28    
    Test::More          0.98    
    YAML                0.84    
    YAML::Syck          1.27    
    version             0.9902  


--

Summary of my perl5 (revision 5 version 14 subversion 3) configuration:
  Commit id: 3e467ae0bf0a6262b07746bbeba550202da6acf8
  Platform:
    osname=linux, osvers=3.2.0-4-amd64, archname=x86_64-linux-thread-multi
    uname='linux k83 3.2.0-4-amd64 #1 smp debian 3.2.35-2 x86_64 gnulinux '
    config_args='-Dprefix=/home/src/perl/repoperls/installed-perls/perl/v5.14.3/9980 -Dmyhostname=k83 -Dinstallusrbinperl=n -Uversiononly -Dusedevel -des -Ui_db -Duseithreads -Uuselongdouble -DDEBUGGING=-g'
    hint=recommended, useposix=true, d_sigaction=define
    useithreads=define, usemultiplicity=define
    useperlio=define, d_sfio=undef, uselargefiles=define, usesocks=undef
    use64bitint=define, use64bitall=define, uselongdouble=undef
    usemymalloc=n, bincompat5005=undef
  Compiler:
    cc='cc', ccflags ='-D_REENTRANT -D_GNU_SOURCE -fno-strict-aliasing -pipe -fstack-protector -I/usr/local/include -D_LARGEFILE_SOURCE -D_FILE_OFFSET_BITS=64',
    optimize='-O2 -g',
    cppflags='-D_REENTRANT -D_GNU_SOURCE -fno-strict-aliasing -pipe -fstack-protector -I/usr/local/include'
    ccversion='', gccversion='4.7.2', gccosandvers=''
    intsize=4, longsize=8, ptrsize=8, doublesize=8, byteorder=12345678
    d_longlong=define, longlongsize=8, d_longdbl=define, longdblsize=16
    ivtype='long', ivsize=8, nvtype='double', nvsize=8, Off_t='off_t', lseeksize=8
    alignbytes=8, prototype=define
  Linker and Libraries:
    ld='cc', ldflags =' -fstack-protector -L/usr/local/lib'
    libpth=/usr/local/lib /lib/x86_64-linux-gnu /lib/../lib /usr/lib/x86_64-linux-gnu /usr/lib/../lib /lib /usr/lib
    libs=-lnsl -ldb -ldl -lm -lcrypt -lutil -lpthread -lc
    perllibs=-lnsl -ldl -lm -lcrypt -lutil -lpthread -lc
    libc=, so=so, useshrplib=false, libperl=libperl.a
    gnulibc_version='2.13'
  Dynamic Linking:
    dlsrc=dl_dlopen.xs, dlext=so, d_dlsymun=undef, ccdlflags='-Wl,-E'
    cccdlflags='-fPIC', lddlflags='-shared -O2 -g -L/usr/local/lib -fstack-protector'


Characteristics of this binary (from libperl): 
  Compile-time options: MULTIPLICITY PERL_DONT_CREATE_GVSV
                        PERL_IMPLICIT_CONTEXT PERL_MALLOC_WRAP
                        PERL_PRESERVE_IVUV PERL_USE_DEVEL USE_64_BIT_ALL
                        USE_64_BIT_INT USE_ITHREADS USE_LARGE_FILES
                        USE_PERLIO USE_PERL_ATOF USE_REENTRANT_API
  Built under linux
  Compiled at Jan  1 2013 18:55:47
  %ENV:
    PERL5LIB=""
    PERL5OPT=""
    PERL5_CPANPLUS_IS_RUNNING="11352"
    PERL5_CPAN_IS_RUNNING="11352"
    PERL_MM_USE_DEFAULT="1"
  @INC:
    /home/src/perl/repoperls/installed-perls/perl/v5.14.3/9980/lib/site_perl/5.14.3/x86_64-linux-thread-multi
    /home/src/perl/repoperls/installed-perls/perl/v5.14.3/9980/lib/site_perl/5.14.3
    /home/src/perl/repoperls/installed-perls/perl/v5.14.3/9980/lib/5.14.3/x86_64-linux-thread-multi
    /home/src/perl/repoperls/installed-perls/perl/v5.14.3/9980/lib/5.14.3
    .