POE-Component-SSLify v1.012 Perl 5 v5.14.4 amd64-freebsd

Status
Fail
From
Chris Williams (BINGOS)
Dist
POE-Component-SSLify v1.012
Platform
Perl 5 v5.14.4 amd64-freebsd
Date
2025-04-24 02:04:42
ID
7cc4d08a-20b0-11f0-98b0-b3c3213a625c
This distribution has been tested as part of the CPAN Testers
project, supporting the Perl programming language.  See
http://wiki.cpantesters.org/ for more information or email
questions to cpan-testers-discuss@perl.org


--

Dear Apocalypse,

This is a computer-generated error report created automatically by
CPANPLUS, version 0.9914. Testers personal comments may appear
at the end of this report.


Thank you for uploading your work to CPAN.  However, it appears that
there were some problems testing your distribution.

TEST RESULTS:

Below is the error stack from stage 'make test':

t/00-compile.t ................ ok
# 
# Versions for all modules listed in MYMETA.json (including optional ones):
# 
# === Configure Requires ===
# 
#     Module               Want  Have
#     ------------------- ----- -----
#     ExtUtils::MakeMaker   any  7.70
#     Module::Build::Tiny 0.039 0.051
# 
# === Test Requires ===
# 
#     Module                          Want     Have
#     --------------------------- -------- --------
#     ExtUtils::MakeMaker              any     7.70
#     File::Spec                       any     3.75
#     File::Temp                       any   0.2311
#     IO::Handle                      1.28     1.55
#     IPC::Open3                       any   1.0901
#     POE                            1.267    1.370
#     POE::Component::Client::TCP      any    1.370
#     POE::Component::Server::TCP      any    1.370
#     POE::Filter::Stream              any    1.370
#     Socket                           any    2.038
#     Test::FailWarnings               any    0.008
#     Test::More                  1.001002 1.302198
# 
# === Test Recommends ===
# 
#     Module         Want     Have
#     ---------- -------- --------
#     CPAN::Meta 2.120900 2.150010
# 
# === Runtime Requires ===
# 
#     Module        Want  Have
#     ------------ ----- -----
#     Exporter       any  5.78
#     IO::Handle    1.28  1.55
#     Net::SSLeay   1.36  1.94
#     POE          1.267 1.370
#     Scalar::Util   any  1.69
#     Symbol         any  1.07
#     Task::Weaken  1.03  1.06
#     parent         any 0.225
#     strict         any  1.04
#     warnings       any  1.12
# 
t/00-report-prereqs.t ......... ok
# 
# Net::SSLeay::ver_number is 0x1010111f
# 	OpenSSL 1.1.1q-freebsd  5 Jul 2022
# 	built on: reproducible build, date unspecified
# 	platform: FreeBSD-amd64
# 	OPENSSLDIR: "/etc/ssl"
# 	pogomips: 28399099
t/00-ssleay-info.t ............ ok
t/99_mire_test.t .............. skipped: AUTHOR TEST
t/apocalypse.t ................ skipped: Test::Apocalypse required for validating the distribution
t/connect_hook.t .............. ok

#   Failed test 'Got SERVER read error 54: Connection reset by peer'
#   at t/connect_hook_nodata.t line 84.
# Looks like you failed 1 test of 17.
t/connect_hook_nodata.t ....... 
Dubious, test returned 1 (wstat 256, 0x100)
Failed 1/17 subtests 
t/connfail_client.t ........... ok
t/connfail_server.t ........... ok
t/renegotiate_client.t ........ ok
t/renegotiate_client_pings.t .. ok
t/renegotiate_server.t ........ ok
t/simple.t .................... ok
t/simple_large.t .............. ok
t/simple_parallel.t ........... ok
t/simple_parallel_large.t ..... ok
t/simple_parallel_superbig.t .. ok
t/simple_superbig.t ........... ok
t/upgrade.t ................... ok

Test Summary Report
-------------------
t/connect_hook_nodata.t     (Wstat: 256 (exited 1) Tests: 17 Failed: 1)
  Failed test:  16
  Non-zero exit status: 1
t/renegotiate_client_pings.t (Wstat: 0 Tests: 22 Failed: 0)
  TODO passed:   15-17
Files=19, Tests=582, 31 wallclock secs ( 0.11 usr  0.16 sys + 12.05 cusr  4.88 csys = 17.20 CPU)
Result: FAIL


PREREQUISITES:

Here is a list of prerequisites you specified and versions we
managed to load:

	  Module Name                        Have     Want
	  Exporter                           5.78        0
	  ExtUtils::MakeMaker                7.70        0
	  File::Spec                         3.75        0
	  File::Temp                       0.2311        0
	  IO::Handle                         1.55     1.28
	  IPC::Open3                       1.0901        0
	  Net::SSLeay                        1.94     1.36
	  POE                               1.370    1.267
	  POE::Component::Client::TCP       1.370        0
	  POE::Component::Server::TCP       1.370        0
	  POE::Filter::Stream               1.370        0
	  Scalar::Util                       1.69        0
	  Socket                            2.038        0
	  Symbol                             1.07        0
	  Task::Weaken                       1.06     1.03
	  Test::FailWarnings                0.008        0
	  Test::More                     1.302198 1.001002
	  parent                            0.225        0
	  strict                             1.04        0
	  warnings                           1.12        0

Perl module toolchain versions installed:
	Module Name                        Have
	CPANPLUS                         0.9914
	CPANPLUS::Dist::Build              0.90
	Cwd                                3.75
	ExtUtils::CBuilder             0.280236
	ExtUtils::Command                  7.70
	ExtUtils::Install                  2.22
	ExtUtils::MakeMaker                7.70
	ExtUtils::Manifest                 1.75
	ExtUtils::ParseXS                  3.51
	File::Spec                         3.75
	Module::Build                    0.4234
	Pod::Parser                        1.37
	Pod::Simple                        3.16
	Test2                          1.302198
	Test::Harness                      3.48
	Test::More                     1.302198
	version                          0.9930

******************************** NOTE ********************************
The comments above are created mechanically, possibly without manual
checking by the sender.  As there are many people performing automatic
tests on each upload to CPAN, it is likely that you will receive
identical messages about the same problem.

If you believe that the message is mistaken, please reply to the first
one with correction and/or additional informations, and do not take
it personally.  We appreciate your patience. :)
**********************************************************************

Additional comments:


This report was machine-generated by CPANPLUS::Dist::YACSmoke 1.08.
Powered by minismokebox version 0.68

CPANPLUS is prefering Build.PL

------------------------------
ENVIRONMENT AND OTHER CONTEXT
------------------------------

Environment variables:

    AUTOMATED_TESTING = 1
    NONINTERACTIVE_TESTING = 1
    PATH = /sbin:/bin:/usr/sbin:/usr/bin:/usr/local/sbin:/usr/local/bin:/home/cpan/bin
    PERL5LIB = /usr/home/cpan/pit/jail/GUmQEW2aaU/lib/perl5:/usr/home/cpan/pit/bare/conf/perl-5.14.4/.cpanplus/5.14.4/build/NViPR4remi/POE-Component-SSLify-1.012/blib/lib:/usr/home/cpan/pit/bare/conf/perl-5.14.4/.cpanplus/5.14.4/build/NViPR4remi/POE-Component-SSLify-1.012/blib/arch
    PERL5_CPANPLUS_IS_RUNNING = 64867
    PERL5_CPANPLUS_IS_VERSION = 0.9914
    PERL5_MINISMOKEBOX = 0.68
    PERL5_YACSMOKE_BASE = /usr/home/cpan/pit/bare/conf/perl-5.14.4
    PERL_EXTUTILS_AUTOINSTALL = --defaultdeps
    PERL_LOCAL_LIB_ROOT = /usr/home/cpan/pit/jail/GUmQEW2aaU
    PERL_MB_OPT = --install_base "/usr/home/cpan/pit/jail/GUmQEW2aaU"
    PERL_MM_OPT = INSTALL_BASE=/usr/home/cpan/pit/jail/GUmQEW2aaU
    PERL_MM_USE_DEFAULT = 1
    PERL_USE_UNSAFE_INC = 1
    SHELL = /usr/local/bin/bash
    TERM = screen

Perl special variables (and OS-specific diagnostics, for MSWin32):

    Perl: $^X = /usr/home/cpan/pit/bare/perl-5.14.4/bin/perl
    UID:  $<  = 1002
    EUID: $>  = 1002
    GID:  $(  = 1002 1002
    EGID: $)  = 1002 1002


-------------------------------


--

Summary of my perl5 (revision 5 version 14 subversion 4) configuration:
   
  Platform:
    osname=freebsd, osvers=12.4-release-p1, archname=amd64-freebsd
    uname='freebsd fforc 12.4-release-p1 freebsd 12.4-release-p1 generic amd64 '
    config_args='-des -Dprefix=/usr/home/cpan/pit/bare/perl-5.14.4'
    hint=recommended, useposix=true, d_sigaction=define
    useithreads=undef, usemultiplicity=undef
    useperlio=define, d_sfio=undef, uselargefiles=define, usesocks=undef
    use64bitint=define, use64bitall=define, uselongdouble=undef
    usemymalloc=n, bincompat5005=undef
  Compiler:
    cc='cc', ccflags ='-DHAS_FPSETMASK -DHAS_FLOATINGPOINT_H -fno-strict-aliasing -pipe -fstack-protector -I/usr/local/include',
    optimize='-O2',
    cppflags='-DHAS_FPSETMASK -DHAS_FLOATINGPOINT_H -fno-strict-aliasing -pipe -fstack-protector -I/usr/local/include'
    ccversion='', gccversion='FreeBSD Clang 13.0.0 (git@github.com:llvm/llvm-project.git llvmorg-13.0.0-0-gd7b669b3a303)', gccosandvers=''
    intsize=4, longsize=8, ptrsize=8, doublesize=8, byteorder=12345678
    d_longlong=define, longlongsize=8, d_longdbl=define, longdblsize=16
    ivtype='long', ivsize=8, nvtype='double', nvsize=8, Off_t='off_t', lseeksize=8
    alignbytes=8, prototype=define
  Linker and Libraries:
    ld='cc', ldflags ='-Wl,-E  -fstack-protector -L/usr/local/lib'
    libpth=/usr/lib /usr/local/lib
    libs=-lgdbm -ldl -lm -lcrypt -lutil -lc
    perllibs=-ldl -lm -lcrypt -lutil -lc
    libc=, so=so, useshrplib=false, libperl=libperl.a
    gnulibc_version=''
  Dynamic Linking:
    dlsrc=dl_dlopen.xs, dlext=so, d_dlsymun=undef, ccdlflags=' '
    cccdlflags='-DPIC -fPIC', lddlflags='-shared  -L/usr/local/lib -fstack-protector'


Characteristics of this binary (from libperl): 
  Compile-time options: PERL_DONT_CREATE_GVSV PERL_MALLOC_WRAP
                        PERL_PRESERVE_IVUV USE_64_BIT_ALL USE_64_BIT_INT
                        USE_LARGE_FILES USE_PERLIO USE_PERL_ATOF
  Locally applied patches:
	Devel::PatchPerl 2.08
  Built under freebsd
  Compiled at Mar 29 2023 16:45:19
  %ENV:
    PERL5LIB="/usr/home/cpan/pit/jail/GUmQEW2aaU/lib/perl5:/usr/home/cpan/pit/bare/conf/perl-5.14.4/.cpanplus/5.14.4/build/NViPR4remi/POE-Component-SSLify-1.012/blib/lib:/usr/home/cpan/pit/bare/conf/perl-5.14.4/.cpanplus/5.14.4/build/NViPR4remi/POE-Component-SSLify-1.012/blib/arch"
    PERL5_CPANPLUS_IS_RUNNING="64867"
    PERL5_CPANPLUS_IS_VERSION="0.9914"
    PERL5_MINISMOKEBOX="0.68"
    PERL5_YACSMOKE_BASE="/usr/home/cpan/pit/bare/conf/perl-5.14.4"
    PERL_EXTUTILS_AUTOINSTALL="--defaultdeps"
    PERL_LOCAL_LIB_ROOT="/usr/home/cpan/pit/jail/GUmQEW2aaU"
    PERL_MB_OPT="--install_base "/usr/home/cpan/pit/jail/GUmQEW2aaU""
    PERL_MM_OPT="INSTALL_BASE=/usr/home/cpan/pit/jail/GUmQEW2aaU"
    PERL_MM_USE_DEFAULT="1"
    PERL_USE_UNSAFE_INC="1"
  @INC:
    /usr/home/cpan/pit/jail/GUmQEW2aaU/lib/perl5/5.14.4/amd64-freebsd
    /usr/home/cpan/pit/jail/GUmQEW2aaU/lib/perl5/5.14.4
    /usr/home/cpan/pit/jail/GUmQEW2aaU/lib/perl5/amd64-freebsd
    /usr/home/cpan/pit/jail/GUmQEW2aaU/lib/perl5
    /usr/home/cpan/pit/bare/conf/perl-5.14.4/.cpanplus/5.14.4/build/NViPR4remi/POE-Component-SSLify-1.012/blib/lib
    /usr/home/cpan/pit/bare/conf/perl-5.14.4/.cpanplus/5.14.4/build/NViPR4remi/POE-Component-SSLify-1.012/blib/arch
    /usr/home/cpan/pit/bare/perl-5.14.4/lib/site_perl/5.14.4/amd64-freebsd
    /usr/home/cpan/pit/bare/perl-5.14.4/lib/site_perl/5.14.4
    /usr/home/cpan/pit/bare/perl-5.14.4/lib/5.14.4/amd64-freebsd
    /usr/home/cpan/pit/bare/perl-5.14.4/lib/5.14.4
    .