Report for Net-Async-Statsd-0.005

Back
From: metabase:user:cd035d39-6d5b-1014-ab3a-39c0c09612a1
Subject: FAIL Net-Async-Statsd-0.005 v5.24.0 
Date: 2016-12-28T06:43:34Z

This distribution has been tested as part of the CPAN Testers
project, supporting the Perl programming language.  See
http://wiki.cpantesters.org/ for more information or email
questions to cpan-testers-discuss@perl.org


--
Dear Tom Molesworth,

This is a computer-generated report for Net-Async-Statsd-0.005
on perl 5.24.0, created by CPAN-Reporter-1.2018.

Thank you for uploading your work to CPAN.  However, there was a problem
testing your distribution.

If you think this report is invalid, please consult the CPAN Testers Wiki
for suggestions on how to avoid getting FAIL reports for missing library
or binary dependencies, unsupported operating systems, and so on:

http://wiki.cpantesters.org/wiki/CPANAuthorNotes

Sections of this report:

    * Tester comments
    * Program output
    * Prerequisites
    * Environment and other context

------------------------------
TESTER COMMENTS
------------------------------

Additional comments from tester:

this report is from an automated smoke testing program
and was not reviewed by a human for accuracy

------------------------------
PROGRAM OUTPUT
------------------------------

Output from 'C:\strawberry\c\bin\dmake.EXE test':

"C:\Strawberry\perl\bin\perl.exe" "-MExtUtils::Command::MM" "-MTest::Harness" "-e" "undef *Test::Harness::Switches; test_harness(0, 'blib\lib', 'blib\arch')" t/*.t
t/00-check-deps.t ...... ok
t/00-compile.t ......... ok
# 
# Versions for all modules listed in MYMETA.json (including optional ones):
# 
# === Configure Requires ===
# 
#     Module              Want Have
#     ------------------- ---- ----
#     ExtUtils::MakeMaker 6.48 7.24
# 
# === Build Requires ===
# 
#     Module              Want Have
#     ------------------- ---- ----
#     ExtUtils::MakeMaker  any 7.24
# 
# === Test Requires ===
# 
#     Module               Want     Have
#     ------------------- ----- --------
#     ExtUtils::MakeMaker   any     7.24
#     File::Spec            any     3.63
#     IO::Handle            any     1.36
#     IPC::Open3            any     1.20
#     Test::CheckDeps     0.010    0.010
#     Test::Fatal         0.010    0.014
#     Test::More           0.98 1.302073
# 
# === Test Recommends ===
# 
#     Module         Want     Have
#     ---------- -------- --------
#     CPAN::Meta 2.120900 2.150010
# 
# === Runtime Requires ===
# 
#     Module                  Want     Have
#     ---------------------- ----- --------
#     Future                  0.29     0.34
#     IO::Async               0.62     0.71
#     IO::Socket::IP           any     0.37
#     List::Util              1.38     1.46
#     Mixin::Event::Dispatch 1.000    2.000
#     Socket                 2.000    2.024
#     curry                    any 1.000000
#     parent                   any    0.236
# 
t/00-report-prereqs.t .. ok
getnameinfo - Der angeforderte Name ist gültig und wurde in der Datenbank gefunden. Er verfügt jedoch nicht über die richtigen zugeordneten Daten, die ausgewertet werden sollten.  at C:\cpan\build\Net-Async-Statsd-0.005-0\blib\lib/Net/Async/Statsd/Client.pm line 322.
# Tests were run but no plan was declared and done_testing() was not seen.
# Looks like your test exited with 25 just after 5.
t/client.t ............. 
Dubious, test returned 25 (wstat 6400, 0x1900)
All 5 subtests passed 
t/sampling.t ........... ok

#   Failed test 'took too long, giving up'
#   at t/server.t line 64.
# Looks like you failed 1 test of 4.
t/server.t ............. 
Dubious, test returned 1 (wstat 256, 0x100)
Failed 1/4 subtests 

Test Summary Report
-------------------
t/client.t           (Wstat: 6400 Tests: 5 Failed: 0)
  Non-zero exit status: 25
  Parse errors: No plan found in TAP output
t/server.t           (Wstat: 256 Tests: 4 Failed: 1)
  Failed test:  4
  Non-zero exit status: 1
Files=6, Tests=38, 15 wallclock secs ( 0.08 usr +  0.09 sys =  0.17 CPU)
Result: FAIL
Failed 2/6 test programs. 1/38 subtests failed.
dmake.EXE:  Error code 129, while making 'test_dynamic'

------------------------------
PREREQUISITES
------------------------------

Prerequisite modules loaded:

requires:

    Module                 Need     Have    
    ---------------------- -------- --------
    curry                  0        1.000000
    Future                 0.29     0.34    
    IO::Async              0.62     0.71    
    IO::Socket::IP         0        0.37    
    List::Util             1.38     1.46    
    Mixin::Event::Dispatch 1.000    2.000   
    parent                 0        0.236   
    perl                   5.014000 5.024000
    Socket                 2.000    2.024   

build_requires:

    Module                 Need     Have    
    ---------------------- -------- --------
    ExtUtils::MakeMaker    0        7.24    
    File::Spec             0        3.63    
    IO::Handle             0        1.36    
    IPC::Open3             0        1.20    
    Test::CheckDeps        0.010    0.010   
    Test::Fatal            0.010    0.014   
    Test::More             0.98     1.302073

configure_requires:

    Module                 Need     Have    
    ---------------------- -------- --------
    ExtUtils::MakeMaker    6.48     7.24    

opt_build_requires:

    Module                 Need     Have    
    ---------------------- -------- --------
    CPAN::Meta             2.120900 2.150010


------------------------------
ENVIRONMENT AND OTHER CONTEXT
------------------------------

Environment variables:

    AUTOMATED_TESTING = 1
    COMSPEC = C:\WINDOWS.0\system32\cmd.exe
    NONINTERACTIVE_TESTING = 1
    NUMBER_OF_PROCESSORS = 1
    PATH = C:\WINDOWS.0\system32;C:\strawberry\c\bin;C:\strawberry\perl\site\bin;C:\strawberry\perl\bin
    PERL5LIB = C:\cpan\build\curry-1.000000-0/blib/arch;C:\cpan\build\curry-1.000000-0/blib/lib;C:\cpan\build\Mixin-Event-Dispatch-2.000-2/blib/arch;C:\cpan\build\Mixin-Event-Dispatch-2.000-2/blib/lib;C:\cpan\build\Test-CheckDeps-0.010-2/blib/arch;C:\cpan\build\Test-CheckDeps-0.010-2/blib/lib;C:\cpan\build\IO-Async-0.71-2/blib/arch;C:\cpan\build\IO-Async-0.71-2/blib/lib;C:\cpan\build\Future-0.34-2/blib/arch;C:\cpan\build\Future-0.34-2/blib/lib;C:\cpan\build\Devel-MAT-0.24-3/blib/arch;C:\cpan\build\Devel-MAT-0.24-3/blib/lib;C:\cpan\build\Struct-Dumb-0.09-3/blib/arch;C:\cpan\build\Struct-Dumb-0.09-3/blib/lib;C:\cpan\build\Test-Refcount-0.08-3/blib/arch;C:\cpan\build\Test-Refcount-0.08-3/blib/lib;C:\cpan\build\Test-Identity-0.01-3/blib/arch;C:\cpan\build\Test-Identity-0.01-3/blib/lib
    PERL5OPT = 
    PERL5_CPANPLUS_IS_RUNNING = 824
    PERL5_CPAN_IS_RUNNING = 824
    PERL5_CPAN_IS_RUNNING_IN_RECURSION = 3956,824
    PERL_CR_SMOKER_CURRENT = Net-Async-Statsd-0.005
    PERL_EXTUTILS_AUTOINSTALL = --defaultdeps
    PERL_MM_USE_DEFAULT = 1
    PROCESSOR_IDENTIFIER = x86 Family 6 Model 14 Stepping 8, GenuineIntel
    TEMP = C:\DOKUME~1\smoker\LOKALE~1\Temp
    TERM = dumb

Perl special variables (and OS-specific diagnostics, for MSWin32):

    $^X = C:\Strawberry\perl\bin\perl.exe
    $UID/$EUID = 0 / 0
    $GID = 0
    $EGID = 0
    Win32::GetOSName = WinXP/.Net
    Win32::GetOSVersion = Service Pack 3, 5, 1, 2600, 2, 3, 0, 256, 1
    Win32::FsType = NTFS
    Win32::IsAdminUser = 1

Perl module toolchain versions installed:

    Module              Have    
    ------------------- --------
    CPAN                2.14    
    CPAN::Meta          2.150010
    Cwd                 3.63    
    ExtUtils::CBuilder  0.280225
    ExtUtils::Command   7.24    
    ExtUtils::Install   2.04    
    ExtUtils::MakeMaker 7.24    
    ExtUtils::Manifest  1.70    
    ExtUtils::ParseXS   3.31    
    File::Spec          3.63    
    JSON                2.90    
    JSON::PP            2.27400 
    Module::Build       0.4220  
    Module::Signature   0.81    
    Parse::CPAN::Meta   2.150010
    Test::Harness       3.36    
    Test::More          1.302073
    YAML                1.20    
    YAML::Syck          n/a     
    version             0.9917  


--

Summary of my perl5 (revision 5 version 24 subversion 0) configuration:
   
  Platform:
    osname=MSWin32, osvers=6.3, archname=MSWin32-x86-multi-thread-64int
    uname='Win32 strawberry-perl 5.24.0.1 #1 Tue May 10 17:10:11 2016 i386'
    config_args='undef'
    hint=recommended, useposix=true, d_sigaction=undef
    useithreads=define, usemultiplicity=define
    use64bitint=define, use64bitall=undef, uselongdouble=undef
    usemymalloc=n, bincompat5005=undef
  Compiler:
    cc='gcc', ccflags =' -s -O2 -DWIN32  -DPERL_TEXTMODE_SCRIPTS -DPERL_IMPLICIT_CONTEXT -DPERL_IMPLICIT_SYS -fwrapv -fno-strict-aliasing -mms-bitfields',
    optimize='-s -O2',
    cppflags='-DWIN32'
    ccversion='', gccversion='4.9.2', gccosandvers=''
    intsize=4, longsize=4, ptrsize=4, doublesize=8, byteorder=12345678, doublekind=3
    d_longlong=define, longlongsize=8, d_longdbl=define, longdblsize=12, longdblkind=3
    ivtype='long long', ivsize=8, nvtype='double', nvsize=8, Off_t='long long', lseeksize=8
    alignbytes=8, prototype=define
  Linker and Libraries:
    ld='g++', ldflags ='-s -L"C:\STRAWB~1\perl\lib\CORE" -L"C:\STRAWB~1\c\lib"'
    libpth=C:\STRAWB~1\c\lib C:\STRAWB~1\c\i686-w64-mingw32\lib C:\STRAWB~1\c\lib\gcc\i686-w64-mingw32\4.9.2
    libs=-lmoldname -lkernel32 -luser32 -lgdi32 -lwinspool -lcomdlg32 -ladvapi32 -lshell32 -lole32 -loleaut32 -lnetapi32 -luuid -lws2_32 -lmpr -lwinmm -lversion -lodbc32 -lodbccp32 -lcomctl32
    perllibs=-lmoldname -lkernel32 -luser32 -lgdi32 -lwinspool -lcomdlg32 -ladvapi32 -lshell32 -lole32 -loleaut32 -lnetapi32 -luuid -lws2_32 -lmpr -lwinmm -lversion -lodbc32 -lodbccp32 -lcomctl32
    libc=, so=dll, useshrplib=true, libperl=libperl524.a
    gnulibc_version=''
  Dynamic Linking:
    dlsrc=dl_win32.xs, dlext=xs.dll, d_dlsymun=undef, ccdlflags=' '
    cccdlflags=' ', lddlflags='-mdll -s -L"C:\STRAWB~1\perl\lib\CORE" -L"C:\STRAWB~1\c\lib"'


Characteristics of this binary (from libperl): 
  Compile-time options: HAS_TIMES HAVE_INTERP_INTERN MULTIPLICITY
                        PERLIO_LAYERS PERL_COPY_ON_WRITE
                        PERL_DONT_CREATE_GVSV
                        PERL_HASH_FUNC_ONE_AT_A_TIME_HARD
                        PERL_IMPLICIT_CONTEXT PERL_IMPLICIT_SYS
                        PERL_MALLOC_WRAP PERL_PRESERVE_IVUV USE_64_BIT_INT
                        USE_ITHREADS USE_LARGE_FILES USE_LOCALE
                        USE_LOCALE_COLLATE USE_LOCALE_CTYPE
                        USE_LOCALE_NUMERIC USE_LOCALE_TIME USE_PERLIO
                        USE_PERL_ATOF
  Built under MSWin32
  Compiled at May 10 2016 17:20:50
  %ENV:
    PERL5LIB="C:\cpan\build\curry-1.000000-0/blib/arch;C:\cpan\build\curry-1.000000-0/blib/lib;C:\cpan\build\Mixin-Event-Dispatch-2.000-2/blib/arch;C:\cpan\build\Mixin-Event-Dispatch-2.000-2/blib/lib;C:\cpan\build\Test-CheckDeps-0.010-2/blib/arch;C:\cpan\build\Test-CheckDeps-0.010-2/blib/lib;C:\cpan\build\IO-Async-0.71-2/blib/arch;C:\cpan\build\IO-Async-0.71-2/blib/lib;C:\cpan\build\Future-0.34-2/blib/arch;C:\cpan\build\Future-0.34-2/blib/lib;C:\cpan\build\Devel-MAT-0.24-3/blib/arch;C:\cpan\build\Devel-MAT-0.24-3/blib/lib;C:\cpan\build\Struct-Dumb-0.09-3/blib/arch;C:\cpan\build\Struct-Dumb-0.09-3/blib/lib;C:\cpan\build\Test-Refcount-0.08-3/blib/arch;C:\cpan\build\Test-Refcount-0.08-3/blib/lib;C:\cpan\build\Test-Identity-0.01-3/blib/arch;C:\cpan\build\Test-Identity-0.01-3/blib/lib"
    PERL5_CPANPLUS_IS_RUNNING="824"
    PERL5_CPAN_IS_RUNNING="824"
    PERL5_CPAN_IS_RUNNING_IN_RECURSION="3956,824"
    PERL_CR_SMOKER_CURRENT="Net-Async-Statsd-0.005"
    PERL_EXTUTILS_AUTOINSTALL="--defaultdeps"
    PERL_MM_USE_DEFAULT="1"
  @INC:
    C:\cpan\build\curry-1.000000-0/blib/arch
    C:\cpan\build\curry-1.000000-0/blib/lib
    C:\cpan\build\Mixin-Event-Dispatch-2.000-2/blib/arch
    C:\cpan\build\Mixin-Event-Dispatch-2.000-2/blib/lib
    C:\cpan\build\Test-CheckDeps-0.010-2/blib/arch
    C:\cpan\build\Test-CheckDeps-0.010-2/blib/lib
    C:\cpan\build\IO-Async-0.71-2/blib/arch
    C:\cpan\build\IO-Async-0.71-2/blib/lib
    C:\cpan\build\Future-0.34-2/blib/arch
    C:\cpan\build\Future-0.34-2/blib/lib
    C:\cpan\build\Devel-MAT-0.24-3/blib/arch
    C:\cpan\build\Devel-MAT-0.24-3/blib/lib
    C:\cpan\build\Struct-Dumb-0.09-3/blib/arch
    C:\cpan\build\Struct-Dumb-0.09-3/blib/lib
    C:\cpan\build\Test-Refcount-0.08-3/blib/arch
    C:\cpan\build\Test-Refcount-0.08-3/blib/lib
    C:\cpan\build\Test-Identity-0.01-3/blib/arch
    C:\cpan\build\Test-Identity-0.01-3/blib/lib
    C:/Strawberry/perl/site/lib/MSWin32-x86-multi-thread-64int
    C:/Strawberry/perl/site/lib
    C:/Strawberry/perl/vendor/lib
    C:/Strawberry/perl/lib
    .