Report for Log-Info-2.00

Back
From: metabase:user:31d414ea-2aae-11df-837a-5e0a49663a4f
Subject: FAIL Log-Info-2.00 v5.14.3 GNU/Linux
Date: 2012-12-03T00:43:42Z

This distribution has been tested as part of the CPAN Testers
project, supporting the Perl programming language.  See
http://wiki.cpantesters.org/ for more information or email
questions to cpan-testers-discuss@perl.org


--
Dear Martyn J. Pearce,

This is a computer-generated report for Log-Info-2.00
on perl 5.14.3, created by CPAN-Reporter-1.2006.

Thank you for uploading your work to CPAN.  However, there was a problem
testing your distribution.

If you think this report is invalid, please consult the CPAN Testers Wiki
for suggestions on how to avoid getting FAIL reports for missing library
or binary dependencies, unsupported operating systems, and so on:

http://wiki.cpantesters.org/wiki/CPANAuthorNotes

Sections of this report:

    * Tester comments
    * Program output
    * Prerequisites
    * Environment and other context

------------------------------
TESTER COMMENTS
------------------------------

Additional comments from tester:

this report is from an automated smoke testing program
and was not reviewed by a human for accuracy

------------------------------
PROGRAM OUTPUT
------------------------------

Output from './Build test':

t/basic.t ....... ok
t/def-trans.t ... ok
t/defaults.t .... ok
t/defaults2.t ... ok
t/die-warn.t .... ok
t/enablefc.t .... ok
t/errors.t ...... ok
t/file.t ........ ok
t/log-input.t ... ok
t/log4perl.t .... ok
t/progress-2.t .. ok
t/progress-3.t .. ok
t/progress-4.t .. ok
t/progress.t .... ok
# Test 16 got: "Blibble at -e line 1.\n" (t/single-die.t at line 90 fail #3)
#    Expected: "(?^s:Blibble (.* )?at -e line 1\\n)" (carp (imported) ( 3))
# Test 19 got: "Blibble\n at -e line 1.\n" (t/single-die.t at line 107 fail #3)
#    Expected: "(?^s:Blibble(.* )?at -e line 1\\n)" (carp (imported) ( 6))
# Test 22 got: "Blibble at -e line 1.\n" (t/single-die.t at line 90 fail #4)
#    Expected: "(?^s:Blibble (.* )?at -e line 1\\n)" (carp (not imported) ( 3))
# Test 25 got: "Blibble\n at -e line 1.\n" (t/single-die.t at line 107 fail #4)
#    Expected: "(?^s:Blibble(.* )?at -e line 1\\n)" (carp (not imported) ( 6))
# Test 28 got: "Blibble at -e line 1.\n" (t/single-die.t at line 90 fail #5)
#    Expected: "(?^s:Blibble (.* )?at -e line 1\\n)" (cluck (imported) ( 3))
# Test 31 got: "Blibble\n at -e line 1.\n" (t/single-die.t at line 107 fail #5)
#    Expected: "(?^s:Blibble(.* )?at -e line 1\\n)" (cluck (imported) ( 6))
# Test 34 got: "Blibble at -e line 1.\n" (t/single-die.t at line 90 fail #6)
#    Expected: "(?^s:Blibble (.* )?at -e line 1\\n)" (cluck (not imported) ( 3))
# Test 37 got: "Blibble\n at -e line 1.\n" (t/single-die.t at line 107 fail #6)
#    Expected: "(?^s:Blibble(.* )?at -e line 1\\n)" (cluck (not imported) ( 6))
# Test 46 got: "Blibble at -e line 1.\nBlibble at -e line 1.\n" (t/single-die.t at line 90 fail #8)
#    Expected: "(?^s:Blibble (.* )?at -e line 1\\n)" (confess (not imported) ( 3))
# Test 49 got: "Blibble\n at -e line 1.\nBlibble\n at -e line 1.\n" (t/single-die.t at line 107 fail #8)
#    Expected: "(?^s:Blibble(.* )?at -e line 1\\n)" (confess (not imported) ( 6))
# Test 52 got: "Blibble at -e line 1.\nBlibble at -e line 1.\n" (t/single-die.t at line 90 fail #9)
#    Expected: "(?^s:Blibble (.* )?at -e line 1\\n)" (croak (imported) ( 3))
# Test 55 got: "Blibble\n at -e line 1.\nBlibble\n at -e line 1.\n" (t/single-die.t at line 107 fail #9)
#    Expected: "(?^s:Blibble(.* )?at -e line 1\\n)" (croak (imported) ( 6))
# Test 58 got: "Blibble at -e line 1.\nBlibble at -e line 1.\n" (t/single-die.t at line 90 fail #10)
#    Expected: "(?^s:Blibble (.* )?at -e line 1\\n)" (croak (not imported) ( 3))
# Test 61 got: "Blibble\n at -e line 1.\nBlibble\n at -e line 1.\n" (t/single-die.t at line 107 fail #10)
#    Expected: "(?^s:Blibble(.* )?at -e line 1\\n)" (croak (not imported) ( 6))
t/single-die.t .. 
Failed 14/61 subtests 
t/sinks.t ....... ok
t/trans.t ....... ok
# Test 25 got: "Hello at -e line 1.\n" (t/trap.t at line 262)
#    Expected: "Hello at -e line 1\n" (exit test (croak) ( 2))
t/trap.t ........ 
Failed 1/25 subtests 

Test Summary Report
-------------------
t/single-die.t (Wstat: 0 Tests: 61 Failed: 14)
  Failed tests:  16, 19, 22, 25, 28, 31, 34, 37, 46, 49
                52, 55, 58, 61
t/trap.t      (Wstat: 0 Tests: 25 Failed: 1)
  Failed test:  25
Files=18, Tests=252, 11 wallclock secs ( 0.07 usr  0.06 sys +  3.34 cusr  0.88 csys =  4.35 CPU)
Result: FAIL
Failed 2/18 test programs. 15/252 subtests failed.

------------------------------
PREREQUISITES
------------------------------

Prerequisite modules loaded:

requires:

    Module                    Need     Have    
    ------------------------- -------- --------
    IO::All                   0.39     0.46    
    IPC::Run                  0.44     0.92    
    Log::Dispatch             2.22     2.32    
    Log::Dispatch::FileRotate 1.19     1.19    
    Log::Log4perl             1.23     1.40    
    perl                      v5.10.0  5.014003
    Term::ProgressBar         2.00     2.13    

configure_requires:

    Module                    Need     Have    
    ------------------------- -------- --------
    Module::Build             0.340201 0.4003  


------------------------------
ENVIRONMENT AND OTHER CONTEXT
------------------------------

Environment variables:

    AUTOMATED_TESTING = 1
    PATH = /usr/local/bin:/usr/bin:/bin:/usr/games
    PERL = 5.14.3
    PERL5LIB = 
    PERL5OPT = 
    PERL5_CPANPLUS_IS_RUNNING = 8214
    PERL5_CPAN_IS_RUNNING = 8214
    PERLVER = 5.14.3
    PERL_INLINE_DIRECTORY = /home/david/.Inline-5.14.3
    PERL_MM_USE_DEFAULT = 1
    SHELL = /bin/bash
    TERM = screen

Perl special variables (and OS-specific diagnostics, for MSWin32):

    $^X = /home/david/cpantesting/perl-5.14.3/bin/perl
    $UID/$EUID = 1000 / 1000
    $GID = 1000 1000
    $EGID = 1000 1000

Perl module toolchain versions installed:

    Module              Have     
    ------------------- ---------
    CPAN                1.9600_01
    CPAN::Meta          2.112150 
    Cwd                 3.36     
    ExtUtils::CBuilder  0.280203 
    ExtUtils::Command   1.17     
    ExtUtils::Install   1.56     
    ExtUtils::MakeMaker 6.62     
    ExtUtils::Manifest  1.58     
    ExtUtils::ParseXS   2.2210   
    File::Spec          3.33     
    JSON                2.53     
    JSON::PP            2.27105  
    Module::Build       0.4003   
    Module::Signature   n/a      
    Parse::CPAN::Meta   1.4401   
    Test::Harness       3.23     
    Test::More          0.98     
    YAML                n/a      
    YAML::Syck          1.21     
    version             0.88     


--

Summary of my perl5 (revision 5 version 14 subversion 3) configuration:
   
  Platform:
    osname=linux, osvers=2.6.32-5-xen-amd64, archname=x86_64-linux-thread-multi
    uname='linux pigsty.barnyard.co.uk 2.6.32-5-xen-amd64 #1 smp sun may 6 08:57:29 utc 2012 x86_64 gnulinux '
    config_args='-de -Dprefix=/home/david/cpantesting/perl-5.14.3 -Dusethreads -Duse64bitall'
    hint=recommended, useposix=true, d_sigaction=define
    useithreads=define, usemultiplicity=define
    useperlio=define, d_sfio=undef, uselargefiles=define, usesocks=undef
    use64bitint=define, use64bitall=define, uselongdouble=undef
    usemymalloc=n, bincompat5005=undef
  Compiler:
    cc='cc', ccflags ='-D_REENTRANT -D_GNU_SOURCE -fno-strict-aliasing -pipe -fstack-protector -I/usr/local/include -D_LARGEFILE_SOURCE -D_FILE_OFFSET_BITS=64',
    optimize='-O2',
    cppflags='-D_REENTRANT -D_GNU_SOURCE -fno-strict-aliasing -pipe -fstack-protector -I/usr/local/include'
    ccversion='', gccversion='4.1.2 20061115 (prerelease) (Debian 4.1.1-21)', gccosandvers=''
    intsize=4, longsize=8, ptrsize=8, doublesize=8, byteorder=12345678
    d_longlong=define, longlongsize=8, d_longdbl=define, longdblsize=16
    ivtype='long', ivsize=8, nvtype='double', nvsize=8, Off_t='off_t', lseeksize=8
    alignbytes=8, prototype=define
  Linker and Libraries:
    ld='cc', ldflags =' -fstack-protector -L/usr/local/lib'
    libpth=/usr/local/lib /lib /usr/lib /lib64 /usr/lib64
    libs=-lnsl -lgdbm -ldb -ldl -lm -lcrypt -lutil -lpthread -lc -lgdbm_compat
    perllibs=-lnsl -ldl -lm -lcrypt -lutil -lpthread -lc
    libc=/lib/libc-2.3.6.so, so=so, useshrplib=false, libperl=libperl.a
    gnulibc_version='2.3.6'
  Dynamic Linking:
    dlsrc=dl_dlopen.xs, dlext=so, d_dlsymun=undef, ccdlflags='-Wl,-E'
    cccdlflags='-fPIC', lddlflags='-shared -O2 -L/usr/local/lib -fstack-protector'


Characteristics of this binary (from libperl): 
  Compile-time options: MULTIPLICITY PERL_DONT_CREATE_GVSV
                        PERL_IMPLICIT_CONTEXT PERL_MALLOC_WRAP
                        PERL_PRESERVE_IVUV USE_64_BIT_ALL USE_64_BIT_INT
                        USE_ITHREADS USE_LARGE_FILES USE_PERLIO USE_PERL_ATOF
                        USE_REENTRANT_API
  Built under linux
  Compiled at Oct 15 2012 11:59:53
  %ENV:
    PERL="5.14.3"
    PERL5LIB=""
    PERL5OPT=""
    PERL5_CPANPLUS_IS_RUNNING="8214"
    PERL5_CPAN_IS_RUNNING="8214"
    PERLVER="5.14.3"
    PERL_INLINE_DIRECTORY="/home/david/.Inline-5.14.3"
    PERL_MM_USE_DEFAULT="1"
  @INC:
    /home/david/cpantesting/perl-5.14.3/lib/site_perl/5.14.3/x86_64-linux-thread-multi
    /home/david/cpantesting/perl-5.14.3/lib/site_perl/5.14.3
    /home/david/cpantesting/perl-5.14.3/lib/5.14.3/x86_64-linux-thread-multi
    /home/david/cpantesting/perl-5.14.3/lib/5.14.3
    .