WWW-WTF v0.2 Perl 5 v5.22.4 x86_64-linux-thread-multi

Status
Fail
From
David Cantrell (DCANTRELL)
Dist
WWW-WTF v0.2
Platform
Perl 5 v5.22.4 x86_64-linux-thread-multi
Date
2020-11-03 10:58:22
ID
7d305cc8-1dc3-11eb-ab2a-6b67a1724e2f
This distribution has been tested as part of the CPAN Testers
project, supporting the Perl programming language.  See
http://wiki.cpantesters.org/ for more information or email
questions to cpan-testers-discuss@perl.org


--
Dear Christoph Halbartschlager,

This is a computer-generated report for WWW-WTF-0.2
on perl 5.22.4, created by CPAN-Reporter-1.2018.

Thank you for uploading your work to CPAN.  However, there was a problem
testing your distribution.

If you think this report is invalid, please consult the CPAN Testers Wiki
for suggestions on how to avoid getting FAIL reports for missing library
or binary dependencies, unsupported operating systems, and so on:

http://wiki.cpantesters.org/wiki/CPANAuthorNotes

Sections of this report:

    * Tester comments
    * Program output
    * Prerequisites
    * Environment and other context

------------------------------
TESTER COMMENTS
------------------------------

Additional comments from tester:

this report is from an automated smoke testing program
and was not reviewed by a human for accuracy

------------------------------
PROGRAM OUTPUT
------------------------------

Output from '/usr/bin/make test':

PERL_DL_NONLAZY=1 "/home/david/cpantesting/perl-5.22.4/bin/perl" "-MExtUtils::Command::MM" "-MTest::Harness" "-e" "undef *Test::Harness::Switches; test_harness(0, 'inc', 'blib/lib', 'blib/arch')" t/lwp_get_headings.t t/lwp_get_image_uris.t t/lwp_get_image_uris_filter.t t/lwp_get_links.t t/lwp_get_links_filter.t t/lwp_recurse_iterator.t t/lwp_report_errors.t t/webkit2_get_headings.t t/webkit2_get_links.t t/webkit2_recurse_iterator.t t/webkit2_report_errors.t t/webkit2_test_callbacks.t
Can't locate package WWW::WebKit2 for @WWW::WTF::UserAgent::WebKit2::Browser::ISA at /home/david/cpantesting/perl-5.22.4/lib/site_perl/5.22.4/x86_64-linux-thread-multi/Class/MOP/Class.pm line 957.
Can't locate namespace/autoclean.pm in @INC (you may need to install the namespace::autoclean module) (@INC contains: /home/david/cpantesting/perl-5.22.4/.cpan/build/WWW-WTF-DS1ylr/t/lib /home/david/cpantesting/perl-5.22.4/.cpan/build/WWW-WTF-DS1ylr/inc /home/david/cpantesting/perl-5.22.4/.cpan/build/WWW-WTF-DS1ylr/blib/lib /home/david/cpantesting/perl-5.22.4/.cpan/build/WWW-WTF-DS1ylr/blib/arch /home/david/cpantesting/perl-5.22.4/lib/site_perl/5.22.4/x86_64-linux-thread-multi /home/david/cpantesting/perl-5.22.4/lib/site_perl/5.22.4 /home/david/cpantesting/perl-5.22.4/lib/5.22.4/x86_64-linux-thread-multi /home/david/cpantesting/perl-5.22.4/lib/5.22.4 .) at /home/david/cpantesting/perl-5.22.4/.cpan/build/WWW-WTF-DS1ylr/t/lib/WWW/WTF/Test.pm line 16.
BEGIN failed--compilation aborted at /home/david/cpantesting/perl-5.22.4/.cpan/build/WWW-WTF-DS1ylr/t/lib/WWW/WTF/Test.pm line 16.
Compilation failed in require at t/lwp_get_headings.t line 4.
BEGIN failed--compilation aborted at t/lwp_get_headings.t line 4.
t/lwp_get_headings.t ........... 
Dubious, test returned 2 (wstat 512, 0x200)
No subtests run 
Can't locate package WWW::WebKit2 for @WWW::WTF::UserAgent::WebKit2::Browser::ISA at /home/david/cpantesting/perl-5.22.4/lib/site_perl/5.22.4/x86_64-linux-thread-multi/Class/MOP/Class.pm line 957.
Can't locate namespace/autoclean.pm in @INC (you may need to install the namespace::autoclean module) (@INC contains: /home/david/cpantesting/perl-5.22.4/.cpan/build/WWW-WTF-DS1ylr/t/lib /home/david/cpantesting/perl-5.22.4/.cpan/build/WWW-WTF-DS1ylr/inc /home/david/cpantesting/perl-5.22.4/.cpan/build/WWW-WTF-DS1ylr/blib/lib /home/david/cpantesting/perl-5.22.4/.cpan/build/WWW-WTF-DS1ylr/blib/arch /home/david/cpantesting/perl-5.22.4/lib/site_perl/5.22.4/x86_64-linux-thread-multi /home/david/cpantesting/perl-5.22.4/lib/site_perl/5.22.4 /home/david/cpantesting/perl-5.22.4/lib/5.22.4/x86_64-linux-thread-multi /home/david/cpantesting/perl-5.22.4/lib/5.22.4 .) at /home/david/cpantesting/perl-5.22.4/.cpan/build/WWW-WTF-DS1ylr/t/lib/WWW/WTF/Test.pm line 16.
BEGIN failed--compilation aborted at /home/david/cpantesting/perl-5.22.4/.cpan/build/WWW-WTF-DS1ylr/t/lib/WWW/WTF/Test.pm line 16.
Compilation failed in require at t/lwp_get_image_uris.t line 4.
BEGIN failed--compilation aborted at t/lwp_get_image_uris.t line 4.
t/lwp_get_image_uris.t ......... 
Dubious, test returned 2 (wstat 512, 0x200)
No subtests run 
Can't locate package WWW::WebKit2 for @WWW::WTF::UserAgent::WebKit2::Browser::ISA at /home/david/cpantesting/perl-5.22.4/lib/site_perl/5.22.4/x86_64-linux-thread-multi/Class/MOP/Class.pm line 957.
Can't locate namespace/autoclean.pm in @INC (you may need to install the namespace::autoclean module) (@INC contains: /home/david/cpantesting/perl-5.22.4/.cpan/build/WWW-WTF-DS1ylr/t/lib /home/david/cpantesting/perl-5.22.4/.cpan/build/WWW-WTF-DS1ylr/inc /home/david/cpantesting/perl-5.22.4/.cpan/build/WWW-WTF-DS1ylr/blib/lib /home/david/cpantesting/perl-5.22.4/.cpan/build/WWW-WTF-DS1ylr/blib/arch /home/david/cpantesting/perl-5.22.4/lib/site_perl/5.22.4/x86_64-linux-thread-multi /home/david/cpantesting/perl-5.22.4/lib/site_perl/5.22.4 /home/david/cpantesting/perl-5.22.4/lib/5.22.4/x86_64-linux-thread-multi /home/david/cpantesting/perl-5.22.4/lib/5.22.4 .) at /home/david/cpantesting/perl-5.22.4/.cpan/build/WWW-WTF-DS1ylr/t/lib/WWW/WTF/Test.pm line 16.
BEGIN failed--compilation aborted at /home/david/cpantesting/perl-5.22.4/.cpan/build/WWW-WTF-DS1ylr/t/lib/WWW/WTF/Test.pm line 16.
Compilation failed in require at t/lwp_get_image_uris_filter.t line 4.
BEGIN failed--compilation aborted at t/lwp_get_image_uris_filter.t line 4.
t/lwp_get_image_uris_filter.t .. 
Dubious, test returned 2 (wstat 512, 0x200)
No subtests run 
Can't locate package WWW::WebKit2 for @WWW::WTF::UserAgent::WebKit2::Browser::ISA at /home/david/cpantesting/perl-5.22.4/lib/site_perl/5.22.4/x86_64-linux-thread-multi/Class/MOP/Class.pm line 957.
Can't locate namespace/autoclean.pm in @INC (you may need to install the namespace::autoclean module) (@INC contains: /home/david/cpantesting/perl-5.22.4/.cpan/build/WWW-WTF-DS1ylr/t/lib /home/david/cpantesting/perl-5.22.4/.cpan/build/WWW-WTF-DS1ylr/inc /home/david/cpantesting/perl-5.22.4/.cpan/build/WWW-WTF-DS1ylr/blib/lib /home/david/cpantesting/perl-5.22.4/.cpan/build/WWW-WTF-DS1ylr/blib/arch /home/david/cpantesting/perl-5.22.4/lib/site_perl/5.22.4/x86_64-linux-thread-multi /home/david/cpantesting/perl-5.22.4/lib/site_perl/5.22.4 /home/david/cpantesting/perl-5.22.4/lib/5.22.4/x86_64-linux-thread-multi /home/david/cpantesting/perl-5.22.4/lib/5.22.4 .) at /home/david/cpantesting/perl-5.22.4/.cpan/build/WWW-WTF-DS1ylr/t/lib/WWW/WTF/Test.pm line 16.
BEGIN failed--compilation aborted at /home/david/cpantesting/perl-5.22.4/.cpan/build/WWW-WTF-DS1ylr/t/lib/WWW/WTF/Test.pm line 16.
Compilation failed in require at t/lwp_get_links.t line 4.
BEGIN failed--compilation aborted at t/lwp_get_links.t line 4.
t/lwp_get_links.t .............. 
Dubious, test returned 2 (wstat 512, 0x200)
No subtests run 
Can't locate package WWW::WebKit2 for @WWW::WTF::UserAgent::WebKit2::Browser::ISA at /home/david/cpantesting/perl-5.22.4/lib/site_perl/5.22.4/x86_64-linux-thread-multi/Class/MOP/Class.pm line 957.
Can't locate namespace/autoclean.pm in @INC (you may need to install the namespace::autoclean module) (@INC contains: /home/david/cpantesting/perl-5.22.4/.cpan/build/WWW-WTF-DS1ylr/t/lib /home/david/cpantesting/perl-5.22.4/.cpan/build/WWW-WTF-DS1ylr/inc /home/david/cpantesting/perl-5.22.4/.cpan/build/WWW-WTF-DS1ylr/blib/lib /home/david/cpantesting/perl-5.22.4/.cpan/build/WWW-WTF-DS1ylr/blib/arch /home/david/cpantesting/perl-5.22.4/lib/site_perl/5.22.4/x86_64-linux-thread-multi /home/david/cpantesting/perl-5.22.4/lib/site_perl/5.22.4 /home/david/cpantesting/perl-5.22.4/lib/5.22.4/x86_64-linux-thread-multi /home/david/cpantesting/perl-5.22.4/lib/5.22.4 .) at /home/david/cpantesting/perl-5.22.4/.cpan/build/WWW-WTF-DS1ylr/t/lib/WWW/WTF/Test.pm line 16.
BEGIN failed--compilation aborted at /home/david/cpantesting/perl-5.22.4/.cpan/build/WWW-WTF-DS1ylr/t/lib/WWW/WTF/Test.pm line 16.
Compilation failed in require at t/lwp_get_links_filter.t line 4.
BEGIN failed--compilation aborted at t/lwp_get_links_filter.t line 4.
t/lwp_get_links_filter.t ....... 
Dubious, test returned 2 (wstat 512, 0x200)
No subtests run 
Can't locate package WWW::WebKit2 for @WWW::WTF::UserAgent::WebKit2::Browser::ISA at /home/david/cpantesting/perl-5.22.4/lib/site_perl/5.22.4/x86_64-linux-thread-multi/Class/MOP/Class.pm line 957.
Can't locate namespace/autoclean.pm in @INC (you may need to install the namespace::autoclean module) (@INC contains: /home/david/cpantesting/perl-5.22.4/.cpan/build/WWW-WTF-DS1ylr/t/lib /home/david/cpantesting/perl-5.22.4/.cpan/build/WWW-WTF-DS1ylr/inc /home/david/cpantesting/perl-5.22.4/.cpan/build/WWW-WTF-DS1ylr/blib/lib /home/david/cpantesting/perl-5.22.4/.cpan/build/WWW-WTF-DS1ylr/blib/arch /home/david/cpantesting/perl-5.22.4/lib/site_perl/5.22.4/x86_64-linux-thread-multi /home/david/cpantesting/perl-5.22.4/lib/site_perl/5.22.4 /home/david/cpantesting/perl-5.22.4/lib/5.22.4/x86_64-linux-thread-multi /home/david/cpantesting/perl-5.22.4/lib/5.22.4 .) at /home/david/cpantesting/perl-5.22.4/.cpan/build/WWW-WTF-DS1ylr/t/lib/WWW/WTF/Test.pm line 16.
BEGIN failed--compilation aborted at /home/david/cpantesting/perl-5.22.4/.cpan/build/WWW-WTF-DS1ylr/t/lib/WWW/WTF/Test.pm line 16.
Compilation failed in require at t/lwp_recurse_iterator.t line 4.
BEGIN failed--compilation aborted at t/lwp_recurse_iterator.t line 4.
t/lwp_recurse_iterator.t ....... 
Dubious, test returned 2 (wstat 512, 0x200)
No subtests run 
Can't locate package WWW::WebKit2 for @WWW::WTF::UserAgent::WebKit2::Browser::ISA at /home/david/cpantesting/perl-5.22.4/lib/site_perl/5.22.4/x86_64-linux-thread-multi/Class/MOP/Class.pm line 957.
Can't locate namespace/autoclean.pm in @INC (you may need to install the namespace::autoclean module) (@INC contains: /home/david/cpantesting/perl-5.22.4/.cpan/build/WWW-WTF-DS1ylr/t/lib /home/david/cpantesting/perl-5.22.4/.cpan/build/WWW-WTF-DS1ylr/inc /home/david/cpantesting/perl-5.22.4/.cpan/build/WWW-WTF-DS1ylr/blib/lib /home/david/cpantesting/perl-5.22.4/.cpan/build/WWW-WTF-DS1ylr/blib/arch /home/david/cpantesting/perl-5.22.4/lib/site_perl/5.22.4/x86_64-linux-thread-multi /home/david/cpantesting/perl-5.22.4/lib/site_perl/5.22.4 /home/david/cpantesting/perl-5.22.4/lib/5.22.4/x86_64-linux-thread-multi /home/david/cpantesting/perl-5.22.4/lib/5.22.4 .) at /home/david/cpantesting/perl-5.22.4/.cpan/build/WWW-WTF-DS1ylr/t/lib/WWW/WTF/Test.pm line 16.
BEGIN failed--compilation aborted at /home/david/cpantesting/perl-5.22.4/.cpan/build/WWW-WTF-DS1ylr/t/lib/WWW/WTF/Test.pm line 16.
Compilation failed in require at t/lwp_report_errors.t line 4.
BEGIN failed--compilation aborted at t/lwp_report_errors.t line 4.
t/lwp_report_errors.t .......... 
Dubious, test returned 2 (wstat 512, 0x200)
No subtests run 
t/webkit2_get_headings.t ....... skipped: Module 'WWW::WebKit2' is not installed
t/webkit2_get_links.t .......... skipped: Module 'WWW::WebKit2' is not installed
t/webkit2_recurse_iterator.t ... skipped: Module 'WWW::WebKit2' is not installed
t/webkit2_report_errors.t ...... skipped: Module 'WWW::WebKit2' is not installed
t/webkit2_test_callbacks.t ..... skipped: Module 'WWW::WebKit2' is not installed

Test Summary Report
-------------------
t/lwp_get_headings.t         (Wstat: 512 Tests: 0 Failed: 0)
  Non-zero exit status: 2
  Parse errors: No plan found in TAP output
t/lwp_get_image_uris.t       (Wstat: 512 Tests: 0 Failed: 0)
  Non-zero exit status: 2
  Parse errors: No plan found in TAP output
t/lwp_get_image_uris_filter.t (Wstat: 512 Tests: 0 Failed: 0)
  Non-zero exit status: 2
  Parse errors: No plan found in TAP output
t/lwp_get_links.t            (Wstat: 512 Tests: 0 Failed: 0)
  Non-zero exit status: 2
  Parse errors: No plan found in TAP output
t/lwp_get_links_filter.t     (Wstat: 512 Tests: 0 Failed: 0)
  Non-zero exit status: 2
  Parse errors: No plan found in TAP output
t/lwp_recurse_iterator.t     (Wstat: 512 Tests: 0 Failed: 0)
  Non-zero exit status: 2
  Parse errors: No plan found in TAP output
t/lwp_report_errors.t        (Wstat: 512 Tests: 0 Failed: 0)
  Non-zero exit status: 2
  Parse errors: No plan found in TAP output
Files=12, Tests=0, 48 wallclock secs ( 0.04 usr  0.02 sys +  3.16 cusr  0.26 csys =  3.48 CPU)
Result: FAIL
Failed 7/12 test programs. 0/0 subtests failed.
Makefile:824: recipe for target 'test_dynamic' failed
make: *** [test_dynamic] Error 255

------------------------------
PREREQUISITES
------------------------------

Prerequisite modules loaded:

requires:

    Module              Need Have    
    ------------------- ---- --------
    Cache::FastMmap     0    1.49    
    common::sense       0    3.75    
    Digest::SHA         0    5.95_01 
    Export::Attrs       0    v0.1.0  
    HTML::TokeParser    0    3.75    
    HTTP::Headers       0    6.26    
    LWP::UserAgent      0    6.49    
    Moose               0    2.2013  
    Plack               0    1.0047  
    Test2::Suite        0    0.000138
    URI                 0    1.76    
    WWW::Mechanize      0    2.02    
    XML::Simple         0    2.25    

build_requires:

    Module              Need Have    
    ------------------- ---- --------
    ExtUtils::MakeMaker 6.36 7.04_02 
    Plack               0    1.0047  
    Test2::Suite        0    0.000138

configure_requires:

    Module              Need Have    
    ------------------- ---- --------
    ExtUtils::MakeMaker 6.36 7.04_02 


------------------------------
ENVIRONMENT AND OTHER CONTEXT
------------------------------

Environment variables:

    AUTOMATED_TESTING = 1
    LANG = en_US.UTF-8
    NONINTERACTIVE_TESTING = 1
    PATH = /usr/local/bin:/usr/bin:/bin:/usr/local/games:/usr/games
    PERL = 5.22.4
    PERL5LIB = 
    PERL5OPT = 
    PERL5_CPANPLUS_IS_RUNNING = 391
    PERL5_CPAN_IS_RUNNING = 391
    PERLVER = 5.22.4
    PERL_INLINE_DIRECTORY = /home/david/.Inline-5.22.4
    PERL_MM_USE_DEFAULT = 1
    PERL_USE_UNSAFE_INC = 0
    SHELL = /bin/bash
    TERM = screen

Perl special variables (and OS-specific diagnostics, for MSWin32):

    $^X = /home/david/cpantesting/perl-5.22.4/bin/perl
    $UID/$EUID = 1000 / 1000
    $GID = 1000 27 1000
    $EGID = 1000 27 1000

Perl module toolchain versions installed:

    Module              Have      
    ------------------- ----------
    CPAN                2.11_01   
    CPAN::Meta          2.150001  
    Cwd                 3.56_02   
    ExtUtils::CBuilder  0.280221  
    ExtUtils::Command   1.20_01   
    ExtUtils::Install   2.04      
    ExtUtils::MakeMaker 7.04_02   
    ExtUtils::Manifest  1.70      
    ExtUtils::ParseXS   3.28      
    File::Spec          3.56_02   
    JSON                n/a       
    JSON::PP            2.27300_01
    Module::Build       0.4231    
    Module::Signature   n/a       
    Parse::CPAN::Meta   1.4414_001
    Test::Harness       3.35_01   
    Test::More          1.302183  
    YAML                n/a       
    YAML::Syck          n/a       
    version             0.9909    


--

Summary of my perl5 (revision 5 version 22 subversion 4) configuration:
   
  Platform:
    osname=linux, osvers=4.9.0-8-amd64, archname=x86_64-linux-thread-multi
    uname='linux pigsty 4.9.0-8-amd64 #1 smp debian 4.9.144-3 (2019-02-02) x86_64 gnulinux '
    config_args='-de -Duse64bitall -Dusethreads -Dprefix=/home/david/cpantesting/perl-5.22.4'
    hint=recommended, useposix=true, d_sigaction=define
    useithreads=define, usemultiplicity=define
    use64bitint=define, use64bitall=define, uselongdouble=undef
    usemymalloc=n, bincompat5005=undef
  Compiler:
    cc='cc', ccflags ='-D_REENTRANT -D_GNU_SOURCE -fwrapv -fno-strict-aliasing -pipe -fstack-protector-strong -I/usr/local/include -D_LARGEFILE_SOURCE -D_FILE_OFFSET_BITS=64',
    optimize='-O2',
    cppflags='-D_REENTRANT -D_GNU_SOURCE -fwrapv -fno-strict-aliasing -pipe -fstack-protector-strong -I/usr/local/include'
    ccversion='', gccversion='6.3.0 20170516', gccosandvers=''
    intsize=4, longsize=8, ptrsize=8, doublesize=8, byteorder=12345678, doublekind=3
    d_longlong=define, longlongsize=8, d_longdbl=define, longdblsize=16, longdblkind=3
    ivtype='long', ivsize=8, nvtype='double', nvsize=8, Off_t='off_t', lseeksize=8
    alignbytes=8, prototype=define
  Linker and Libraries:
    ld='cc', ldflags =' -fstack-protector-strong -L/usr/local/lib'
    libpth=/usr/local/lib /usr/lib/gcc/x86_64-linux-gnu/6/include-fixed /usr/include/x86_64-linux-gnu /usr/lib /lib/x86_64-linux-gnu /lib/../lib /usr/lib/x86_64-linux-gnu /usr/lib/../lib /lib
    libs=-lpthread -lnsl -ldb -ldl -lm -lcrypt -lutil -lc
    perllibs=-lpthread -lnsl -ldl -lm -lcrypt -lutil -lc
    libc=libc-2.24.so, so=so, useshrplib=false, libperl=libperl.a
    gnulibc_version='2.24'
  Dynamic Linking:
    dlsrc=dl_dlopen.xs, dlext=so, d_dlsymun=undef, ccdlflags='-Wl,-E'
    cccdlflags='-fPIC', lddlflags='-shared -O2 -L/usr/local/lib -fstack-protector-strong'


Characteristics of this binary (from libperl): 
  Compile-time options: HAS_TIMES MULTIPLICITY PERLIO_LAYERS
                        PERL_DONT_CREATE_GVSV
                        PERL_HASH_FUNC_ONE_AT_A_TIME_HARD
                        PERL_IMPLICIT_CONTEXT PERL_MALLOC_WRAP
                        PERL_NEW_COPY_ON_WRITE PERL_PRESERVE_IVUV
                        USE_64_BIT_ALL USE_64_BIT_INT USE_ITHREADS
                        USE_LARGE_FILES USE_LOCALE USE_LOCALE_COLLATE
                        USE_LOCALE_CTYPE USE_LOCALE_NUMERIC USE_LOCALE_TIME
                        USE_PERLIO USE_PERL_ATOF USE_REENTRANT_API
  Locally applied patches:
	Devel::PatchPerl 1.56
  Built under linux
  Compiled at Apr 25 2019 12:09:05
  %ENV:
    PERL="5.22.4"
    PERL5LIB=""
    PERL5OPT=""
    PERL5_CPANPLUS_IS_RUNNING="391"
    PERL5_CPAN_IS_RUNNING="391"
    PERLVER="5.22.4"
    PERL_INLINE_DIRECTORY="/home/david/.Inline-5.22.4"
    PERL_MM_USE_DEFAULT="1"
    PERL_USE_UNSAFE_INC="0"
  @INC:
    /home/david/cpantesting/perl-5.22.4/lib/site_perl/5.22.4/x86_64-linux-thread-multi
    /home/david/cpantesting/perl-5.22.4/lib/site_perl/5.22.4
    /home/david/cpantesting/perl-5.22.4/lib/5.22.4/x86_64-linux-thread-multi
    /home/david/cpantesting/perl-5.22.4/lib/5.22.4
    .