Back
From: metabase:user:30ae4450-2aae-11df-837a-5e0a49663a4f
Subject: FAIL Test-Dist-0.01 v5.16.2
Date: 2012-12-26T13:18:33Z
This distribution has been tested as part of the CPAN Testers
project, supporting the Perl programming language. See
http://wiki.cpantesters.org/ for more information or email
questions to cpan-testers-discuss@perl.org
--
Dear Mons Anderson,
This is a computer-generated report for Test-Dist-0.01
on perl 5.16.2, created by CPAN-Reporter-1.2007.
Thank you for uploading your work to CPAN. However, there was a problem
testing your distribution.
If you think this report is invalid, please consult the CPAN Testers Wiki
for suggestions on how to avoid getting FAIL reports for missing library
or binary dependencies, unsupported operating systems, and so on:
http://wiki.cpantesters.org/wiki/CPANAuthorNotes
Sections of this report:
* Tester comments
* Program output
* Prerequisites
* Environment and other context
------------------------------
TESTER COMMENTS
------------------------------
Additional comments from tester:
this report is from an automated smoke testing program
and was not reviewed by a human for accuracy
------------------------------
PROGRAM OUTPUT
------------------------------
Output from 'C:\strawberry5162\c\bin\dmake.exe test':
C:\strawberry5162\perl\bin\perl.exe "-MExtUtils::Command::MM" "-e" "test_harness(0, 'inc', 'blib\lib', 'blib\arch')" t/00-load.t t/01-all.t t/pod-coverage.t t/pod.t
# Testing Test::Dist 0.01, Perl 5.016002, C:\strawberry5162\perl\bin\perl.exe
t/00-load.t ....... ok
# Failed test 'manifest_matches_dist (from: Test::Dist::Manifest)'
# at C:/strawberry5162/cpan/build/Test-Dist-0.01-rO5lI8/lib/Test/Dist.pm line 460.
# MANIFEST does not match the contents of this distribution. See 'error_manifest_matches_dist' in the dist view for more info.
# Use a buildtool to generate the MANIFEST. Or update MANIFEST manually.
# MANIFEST (26) does not match dist (28):
# Missing in MANIFEST: MYMETA.json, MYMETA.yml
# Missing in Dist:
Undefined subroutine &Test::YAML::Meta::yaml_file_ok called at C:/strawberry5162/cpan/build/Test-Dist-0.01-rO5lI8/lib/Test/Dist.pm line 196.
# Looks like you planned 45 tests but ran 35.
# Looks like you failed 1 test of 35 run.
# Looks like your test exited with 255 just after 35.
t/01-all.t ........
Dubious, test returned 255 (wstat 65280, 0xff00)
Failed 11/45 subtests
(3 TODO tests unexpectedly succeeded)
t/pod-coverage.t .. skipped: Test condition not met
t/pod.t ........... ok
Test Summary Report
-------------------
t/01-all.t (Wstat: 65280 Tests: 35 Failed: 1)
Failed test: 33
TODO passed: 12, 32, 34
Non-zero exit status: 255
Parse errors: Bad plan. You planned 45 tests but ran 35.
Files=4, Tests=39, 5 wallclock secs ( 0.03 usr + 0.05 sys = 0.08 CPU)
Result: FAIL
Failed 1/4 test programs. 1/39 subtests failed.
dmake.exe: Error code 255, while making 'test_dynamic'
------------------------------
PREREQUISITES
------------------------------
Prerequisite modules loaded:
requires:
Module Need Have
----------------------- ---- -------
Array::Diff 0 0.07
ExtUtils::MakeMaker 0 6.63_02
ExtUtils::Manifest 0 1.61
lib::abs 0.90 0.92
Module::CPANTS::Analyse 0 0.86
Test::If 0 0.01
Test::More 0 0.98
Test::NoWarnings 0 1.04
build_requires:
Module Need Have
----------------------- ---- -------
ExtUtils::MakeMaker 0 6.63_02
configure_requires:
Module Need Have
----------------------- ---- -------
ExtUtils::MakeMaker 6.42 6.63_02
------------------------------
ENVIRONMENT AND OTHER CONTEXT
------------------------------
Environment variables:
AUTOMATED_TESTING = 1
COMSPEC = C:\WINDOWS\system32\cmd.exe
NUMBER_OF_PROCESSORS = 1
PATH = C:\Program Files\Far Manager\;C:\P\ImageMagick-6.8.0-Q8;C:\WINDOWS\system32;C:\WINDOWS;C:\WINDOWS\System32\Wbem;C:\strawberry5162\c\bin;C:\strawberry5162\perl\site\bin;C:\strawberry5162\perl\bin
PERL5LIB = C:\strawberry5162\cpan\build\Test-If-0.01-5uf0le/blib/arch;C:\strawberry5162\cpan\build\Test-If-0.01-5uf0le/blib/lib;C:\strawberry5162\cpan\build\lib-abs-0.92-TZur4E/blib/arch;C:\strawberry5162\cpan\build\lib-abs-0.92-TZur4E/blib/lib
PERL5OPT =
PERL5_CPANPLUS_IS_RUNNING = 3420
PERL5_CPAN_IS_RUNNING = 3420
PERL5_CPAN_IS_RUNNING_IN_RECURSION = 3376,3420
PERL_CR_SMOKER_CURRENT = Test-Dist-0.01
PERL_EXTUTILS_AUTOINSTALL = --defaultdeps
PERL_MM_USE_DEFAULT = 1
PROCESSOR_IDENTIFIER = x86 Family 16 Model 5 Stepping 3, AuthenticAMD
TEMP = C:\DOCUME~1\c\LOCALS~1\Temp
TERM = dumb
Perl special variables (and OS-specific diagnostics, for MSWin32):
$^X = C:\strawberry5162\perl\bin\perl.exe
$UID/$EUID = 0 / 0
$GID = 0
$EGID = 0
Win32::GetOSName = WinXP/.Net
Win32::GetOSVersion = Service Pack 3, 5, 1, 2600, 2, 3, 0, 256, 1
Win32::FsType = NTFS
Win32::IsAdminUser = 1
Perl module toolchain versions installed:
Module Have
------------------- --------
CPAN 1.9800
CPAN::Meta 2.120921
Cwd 3.39_02
ExtUtils::CBuilder 0.280206
ExtUtils::Command 1.17
ExtUtils::Install 1.58
ExtUtils::MakeMaker 6.63_02
ExtUtils::Manifest 1.61
ExtUtils::ParseXS 3.16
File::Spec 3.39_02
JSON 2.53
JSON::PP 2.27200
Module::Build 0.4003
Module::Signature 0.68
Parse::CPAN::Meta 1.4404
Test::Harness 3.25
Test::More 0.98
YAML 0.84
YAML::Syck 1.22
version 0.9901
--
Summary of my perl5 (revision 5 version 16 subversion 2) configuration:
Platform:
osname=MSWin32, osvers=4.0, archname=MSWin32-x86-multi-thread
uname='Win32 strawberry-perl 5.16.2.1 #1 Fri Nov 2 00:33:54 2012 i386'
config_args='undef'
hint=recommended, useposix=true, d_sigaction=undef
useithreads=define, usemultiplicity=define
useperlio=define, d_sfio=undef, uselargefiles=define, usesocks=undef
use64bitint=undef, use64bitall=undef, uselongdouble=undef
usemymalloc=n, bincompat5005=undef
Compiler:
cc='gcc', ccflags =' -s -O2 -DWIN32 -DPERL_TEXTMODE_SCRIPTS -DPERL_IMPLICIT_CONTEXT -DPERL_IMPLICIT_SYS -fno-strict-aliasing -mms-bitfields',
optimize='-s -O2',
cppflags='-DWIN32'
ccversion='', gccversion='4.6.3', gccosandvers=''
intsize=4, longsize=4, ptrsize=4, doublesize=8, byteorder=1234
d_longlong=undef, longlongsize=8, d_longdbl=define, longdblsize=12
ivtype='long', ivsize=4, nvtype='double', nvsize=8, Off_t='long long', lseeksize=8
alignbytes=8, prototype=define
Linker and Libraries:
ld='g++', ldflags ='-s -L"C:\strawberry5162\perl\lib\CORE" -L"C:\strawberry5162\c\lib"'
libpth=C:\strawberry5162\c\lib C:\strawberry5162\c\i686-w64-mingw32\lib
libs=-lmoldname -lkernel32 -luser32 -lgdi32 -lwinspool -lcomdlg32 -ladvapi32 -lshell32 -lole32 -loleaut32 -lnetapi32 -luuid -lws2_32 -lmpr -lwinmm -lversion -lodbc32 -lodbccp32 -lcomctl32
perllibs=-lmoldname -lkernel32 -luser32 -lgdi32 -lwinspool -lcomdlg32 -ladvapi32 -lshell32 -lole32 -loleaut32 -lnetapi32 -luuid -lws2_32 -lmpr -lwinmm -lversion -lodbc32 -lodbccp32 -lcomctl32
libc=, so=dll, useshrplib=true, libperl=libperl516.a
gnulibc_version=''
Dynamic Linking:
dlsrc=dl_win32.xs, dlext=dll, d_dlsymun=undef, ccdlflags=' '
cccdlflags=' ', lddlflags='-mdll -s -L"C:\strawberry5162\perl\lib\CORE" -L"C:\strawberry5162\c\lib"'
Characteristics of this binary (from libperl):
Compile-time options: HAS_TIMES HAVE_INTERP_INTERN MULTIPLICITY
PERLIO_LAYERS PERL_DONT_CREATE_GVSV
PERL_IMPLICIT_CONTEXT PERL_IMPLICIT_SYS
PERL_MALLOC_WRAP PERL_PRESERVE_IVUV PL_OP_SLAB_ALLOC
USE_ITHREADS USE_LARGE_FILES USE_LOCALE
USE_LOCALE_COLLATE USE_LOCALE_CTYPE
USE_LOCALE_NUMERIC USE_PERLIO USE_PERL_ATOF
Built under MSWin32
Compiled at Nov 2 2012 00:44:17
%ENV:
PERL5LIB="C:\strawberry5162\cpan\build\Test-If-0.01-5uf0le/blib/arch;C:\strawberry5162\cpan\build\Test-If-0.01-5uf0le/blib/lib;C:\strawberry5162\cpan\build\lib-abs-0.92-TZur4E/blib/arch;C:\strawberry5162\cpan\build\lib-abs-0.92-TZur4E/blib/lib"
PERL5_CPANPLUS_IS_RUNNING="3420"
PERL5_CPAN_IS_RUNNING="3420"
PERL5_CPAN_IS_RUNNING_IN_RECURSION="3376,3420"
PERL_CR_SMOKER_CURRENT="Test-Dist-0.01"
PERL_EXTUTILS_AUTOINSTALL="--defaultdeps"
PERL_MM_USE_DEFAULT="1"
@INC:
C:\strawberry5162\cpan\build\Test-If-0.01-5uf0le/blib/arch
C:\strawberry5162\cpan\build\Test-If-0.01-5uf0le/blib/lib
C:\strawberry5162\cpan\build\lib-abs-0.92-TZur4E/blib/arch
C:\strawberry5162\cpan\build\lib-abs-0.92-TZur4E/blib/lib
C:/strawberry5162/perl/site/lib
C:/strawberry5162/perl/vendor/lib
C:/strawberry5162/perl/lib
.