Grid-Layout v0.02 Perl 5 v5.8.9 i386-gnukfreebsd

Status
Fail
From
Chris Williams (BINGOS)
Dist
Grid-Layout v0.02
Platform
Perl 5 v5.8.9 i386-gnukfreebsd
Date
2017-09-07 13:36:02
ID
7da9c9c0-93d1-11e7-a074-e1beba07c9dd
This distribution has been tested as part of the CPAN Testers
project, supporting the Perl programming language.  See
http://wiki.cpantesters.org/ for more information or email
questions to cpan-testers-discuss@perl.org


--

Dear RENE,

This is a computer-generated error report created automatically by
CPANPLUS, version 0.9168. Testers personal comments may appear
at the end of this report.


Thank you for uploading your work to CPAN.  However, it appears that
there were some problems testing your distribution.

TEST RESULTS:

Below is the error stack from stage 'make test':

PERL_DL_NONLAZY=1 "/home/cpan/pit/bare/perl-5.8.9/bin/perl" "-MExtUtils::Command::MM" "-MTest::Harness" "-e" "undef *Test::Harness::Switches; test_harness(0, 'blib/lib', 'blib/arch')" t/*.t
Warning: Use of "shift" without parentheses is ambiguous at /home/cpan/pit/bare/conf/perl-5.8.9/.cpanplus/5.8.9/build/sVUFhsNqRh/Grid-Layout-0.02/blib/lib/Grid/Layout/Line.pm line 91.
Number found where operator expected at /home/cpan/pit/bare/conf/perl-5.8.9/.cpanplus/5.8.9/build/sVUFhsNqRh/Grid-Layout-0.02/blib/lib/Grid/Layout/Line.pm line 91, near "// 1"
	(Missing operator before  1?)
Warning: Use of "shift" without parentheses is ambiguous at /home/cpan/pit/bare/conf/perl-5.8.9/.cpanplus/5.8.9/build/sVUFhsNqRh/Grid-Layout-0.02/blib/lib/Grid/Layout/Line.pm line 101.
Number found where operator expected at /home/cpan/pit/bare/conf/perl-5.8.9/.cpanplus/5.8.9/build/sVUFhsNqRh/Grid-Layout-0.02/blib/lib/Grid/Layout/Line.pm line 101, near "// 1"
	(Missing operator before  1?)
syntax error at /home/cpan/pit/bare/conf/perl-5.8.9/.cpanplus/5.8.9/build/sVUFhsNqRh/Grid-Layout-0.02/blib/lib/Grid/Layout/Line.pm line 91, near "// 1"
syntax error at /home/cpan/pit/bare/conf/perl-5.8.9/.cpanplus/5.8.9/build/sVUFhsNqRh/Grid-Layout-0.02/blib/lib/Grid/Layout/Line.pm line 101, near "// 1"
Compilation failed in require at /home/cpan/pit/bare/conf/perl-5.8.9/.cpanplus/5.8.9/build/sVUFhsNqRh/Grid-Layout-0.02/blib/lib/Grid/Layout.pm line 19.
BEGIN failed--compilation aborted at /home/cpan/pit/bare/conf/perl-5.8.9/.cpanplus/5.8.9/build/sVUFhsNqRh/Grid-Layout-0.02/blib/lib/Grid/Layout.pm line 19.
Compilation failed in require at t/01-load.t line 6.
BEGIN failed--compilation aborted at t/01-load.t line 6.
# Looks like your test exited with 255 before it could output anything.
t/01-load.t ................ 
Dubious, test returned 255 (wstat 65280, 0xff00)
Failed 1/1 subtests 
Warning: Use of "shift" without parentheses is ambiguous at /home/cpan/pit/bare/conf/perl-5.8.9/.cpanplus/5.8.9/build/sVUFhsNqRh/Grid-Layout-0.02/blib/lib/Grid/Layout/Line.pm line 91.
Number found where operator expected at /home/cpan/pit/bare/conf/perl-5.8.9/.cpanplus/5.8.9/build/sVUFhsNqRh/Grid-Layout-0.02/blib/lib/Grid/Layout/Line.pm line 91, near "// 1"
	(Missing operator before  1?)
Warning: Use of "shift" without parentheses is ambiguous at /home/cpan/pit/bare/conf/perl-5.8.9/.cpanplus/5.8.9/build/sVUFhsNqRh/Grid-Layout-0.02/blib/lib/Grid/Layout/Line.pm line 101.
Number found where operator expected at /home/cpan/pit/bare/conf/perl-5.8.9/.cpanplus/5.8.9/build/sVUFhsNqRh/Grid-Layout-0.02/blib/lib/Grid/Layout/Line.pm line 101, near "// 1"
	(Missing operator before  1?)
syntax error at /home/cpan/pit/bare/conf/perl-5.8.9/.cpanplus/5.8.9/build/sVUFhsNqRh/Grid-Layout-0.02/blib/lib/Grid/Layout/Line.pm line 91, near "// 1"
syntax error at /home/cpan/pit/bare/conf/perl-5.8.9/.cpanplus/5.8.9/build/sVUFhsNqRh/Grid-Layout-0.02/blib/lib/Grid/Layout/Line.pm line 101, near "// 1"
Compilation failed in require at /home/cpan/pit/bare/conf/perl-5.8.9/.cpanplus/5.8.9/build/sVUFhsNqRh/Grid-Layout-0.02/blib/lib/Grid/Layout.pm line 19.
BEGIN failed--compilation aborted at /home/cpan/pit/bare/conf/perl-5.8.9/.cpanplus/5.8.9/build/sVUFhsNqRh/Grid-Layout-0.02/blib/lib/Grid/Layout.pm line 19.
Compilation failed in require at t/02-create-grid.t line 9.
BEGIN failed--compilation aborted at t/02-create-grid.t line 9.
# Looks like your test exited with 255 before it could output anything.
t/02-create-grid.t ......... 
Dubious, test returned 255 (wstat 65280, 0xff00)
Failed 297/297 subtests 
Warning: Use of "shift" without parentheses is ambiguous at /home/cpan/pit/bare/conf/perl-5.8.9/.cpanplus/5.8.9/build/sVUFhsNqRh/Grid-Layout-0.02/blib/lib/Grid/Layout/Line.pm line 91.
Number found where operator expected at /home/cpan/pit/bare/conf/perl-5.8.9/.cpanplus/5.8.9/build/sVUFhsNqRh/Grid-Layout-0.02/blib/lib/Grid/Layout/Line.pm line 91, near "// 1"
	(Missing operator before  1?)
Warning: Use of "shift" without parentheses is ambiguous at /home/cpan/pit/bare/conf/perl-5.8.9/.cpanplus/5.8.9/build/sVUFhsNqRh/Grid-Layout-0.02/blib/lib/Grid/Layout/Line.pm line 101.
Number found where operator expected at /home/cpan/pit/bare/conf/perl-5.8.9/.cpanplus/5.8.9/build/sVUFhsNqRh/Grid-Layout-0.02/blib/lib/Grid/Layout/Line.pm line 101, near "// 1"
	(Missing operator before  1?)
syntax error at /home/cpan/pit/bare/conf/perl-5.8.9/.cpanplus/5.8.9/build/sVUFhsNqRh/Grid-Layout-0.02/blib/lib/Grid/Layout/Line.pm line 91, near "// 1"
syntax error at /home/cpan/pit/bare/conf/perl-5.8.9/.cpanplus/5.8.9/build/sVUFhsNqRh/Grid-Layout-0.02/blib/lib/Grid/Layout/Line.pm line 101, near "// 1"
Compilation failed in require at /home/cpan/pit/bare/conf/perl-5.8.9/.cpanplus/5.8.9/build/sVUFhsNqRh/Grid-Layout-0.02/blib/lib/Grid/Layout.pm line 19.
BEGIN failed--compilation aborted at /home/cpan/pit/bare/conf/perl-5.8.9/.cpanplus/5.8.9/build/sVUFhsNqRh/Grid-Layout-0.02/blib/lib/Grid/Layout.pm line 19.
Compilation failed in require at t/03-add-line.t line 8.
BEGIN failed--compilation aborted at t/03-add-line.t line 8.
# Looks like your test exited with 255 before it could output anything.
t/03-add-line.t ............ 
Dubious, test returned 255 (wstat 65280, 0xff00)
Failed 3/3 subtests 
Warning: Use of "shift" without parentheses is ambiguous at /home/cpan/pit/bare/conf/perl-5.8.9/.cpanplus/5.8.9/build/sVUFhsNqRh/Grid-Layout-0.02/blib/lib/Grid/Layout/Line.pm line 91.
Number found where operator expected at /home/cpan/pit/bare/conf/perl-5.8.9/.cpanplus/5.8.9/build/sVUFhsNqRh/Grid-Layout-0.02/blib/lib/Grid/Layout/Line.pm line 91, near "// 1"
	(Missing operator before  1?)
Warning: Use of "shift" without parentheses is ambiguous at /home/cpan/pit/bare/conf/perl-5.8.9/.cpanplus/5.8.9/build/sVUFhsNqRh/Grid-Layout-0.02/blib/lib/Grid/Layout/Line.pm line 101.
Number found where operator expected at /home/cpan/pit/bare/conf/perl-5.8.9/.cpanplus/5.8.9/build/sVUFhsNqRh/Grid-Layout-0.02/blib/lib/Grid/Layout/Line.pm line 101, near "// 1"
	(Missing operator before  1?)
syntax error at /home/cpan/pit/bare/conf/perl-5.8.9/.cpanplus/5.8.9/build/sVUFhsNqRh/Grid-Layout-0.02/blib/lib/Grid/Layout/Line.pm line 91, near "// 1"
syntax error at /home/cpan/pit/bare/conf/perl-5.8.9/.cpanplus/5.8.9/build/sVUFhsNqRh/Grid-Layout-0.02/blib/lib/Grid/Layout/Line.pm line 101, near "// 1"
Compilation failed in require at /home/cpan/pit/bare/conf/perl-5.8.9/.cpanplus/5.8.9/build/sVUFhsNqRh/Grid-Layout-0.02/blib/lib/Grid/Layout.pm line 19.
BEGIN failed--compilation aborted at /home/cpan/pit/bare/conf/perl-5.8.9/.cpanplus/5.8.9/build/sVUFhsNqRh/Grid-Layout-0.02/blib/lib/Grid/Layout.pm line 19.
Compilation failed in require at t/04-area-on-track.t line 9.
BEGIN failed--compilation aborted at t/04-area-on-track.t line 9.
# Looks like your test exited with 255 before it could output anything.
t/04-area-on-track.t ....... 
Dubious, test returned 255 (wstat 65280, 0xff00)
Failed 1/1 subtests 
Warning: Use of "shift" without parentheses is ambiguous at /home/cpan/pit/bare/conf/perl-5.8.9/.cpanplus/5.8.9/build/sVUFhsNqRh/Grid-Layout-0.02/blib/lib/Grid/Layout/Line.pm line 91.
t/05-next-previous-line.t .. 
Dubious, test returned 255 (wstat 65280, 0xff00)
Failed 28/28 subtests 

Test Summary Report
-------------------
t/01-load.t              (Wstat: 65280 Tests: 0 Failed: 0)
  Non-zero exit status: 255
  Parse errors: Bad plan.  You planned 1 tests but ran 0.
t/02-create-grid.t       (Wstat: 65280 Tests: 0 Failed: 0)
  Non-zero exit status: 255
  Parse errors: Bad plan.  You planned 297 tests but ran 0.
t/03-add-line.t          (Wstat: 65280 Tests: 0 Failed: 0)
  Non-zero exit status: 255
  Parse errors: Bad plan.  You planned 3 tests but ran 0.
t/04-area-on-track.t     (Wstat: 65280 Tests: 0 Failed: 0)
  Non-zero exit status: 255
  Parse errors: Bad plan.  You planned 1 tests but ran 0.
t/05-next-previous-line.t (Wstat: 65280 Tests: 0 Failed: 0)
  Non-zero exit status: 255
  Parse errors: Bad plan.  You planned 28 tests but ran 0.
Files=5, Tests=0,  1 wallclock secs ( 0.02 usr  0.02 sys +  0.15 cusr  0.17 csys =  0.35 CPU)
Result: FAIL
Number found where operator expected at /home/cpan/pit/bare/conf/perl-5.8.9/.cpanplus/5.8.9/build/sVUFhsNqRh/Grid-Layout-0.02/blib/lib/Grid/Layout/Line.pm line 91, near "// 1"
	(Missing operator before  1?)
Warning: Use of "shift" without parentheses is ambiguous at /home/cpan/pit/bare/conf/perl-5.8.9/.cpanplus/5.8.9/build/sVUFhsNqRh/Grid-Layout-0.02/blib/lib/Grid/Layout/Line.pm line 101.
Number found where operator expected at /home/cpan/pit/bare/conf/perl-5.8.9/.cpanplus/5.8.9/build/sVUFhsNqRh/Grid-Layout-0.02/blib/lib/Grid/Layout/Line.pm line 101, near "// 1"
	(Missing operator before  1?)
syntax error at /home/cpan/pit/bare/conf/perl-5.8.9/.cpanplus/5.8.9/build/sVUFhsNqRh/Grid-Layout-0.02/blib/lib/Grid/Layout/Line.pm line 91, near "// 1"
syntax error at /home/cpan/pit/bare/conf/perl-5.8.9/.cpanplus/5.8.9/build/sVUFhsNqRh/Grid-Layout-0.02/blib/lib/Grid/Layout/Line.pm line 101, near "// 1"
Compilation failed in require at /home/cpan/pit/bare/conf/perl-5.8.9/.cpanplus/5.8.9/build/sVUFhsNqRh/Grid-Layout-0.02/blib/lib/Grid/Layout.pm line 19.
BEGIN failed--compilation aborted at /home/cpan/pit/bare/conf/perl-5.8.9/.cpanplus/5.8.9/build/sVUFhsNqRh/Grid-Layout-0.02/blib/lib/Grid/Layout.pm line 19.
Compilation failed in require at t/05-next-previous-line.t line 10.
BEGIN failed--compilation aborted at t/05-next-previous-line.t line 10.
# Looks like your test exited with 255 before it could output anything.
Failed 5/5 test programs. 0/0 subtests failed.
make: *** [test_dynamic] Error 255


PREREQUISITES:

Here is a list of prerequisites you specified and versions we
managed to load:

	  Module Name                        Have     Want
	  Test::Exception                    0.43        0
	  Test::Files                        0.14        0
	  Test::More                     1.302086        0

Perl module toolchain versions installed:
	Module Name                        Have
	CPANPLUS                         0.9168
	CPANPLUS::Dist::Build              0.88
	Cwd                                3.62
	ExtUtils::CBuilder             0.280226
	ExtUtils::Command                  7.30
	ExtUtils::Install                  2.14
	ExtUtils::MakeMaker                7.30
	ExtUtils::Manifest                 1.70
	ExtUtils::ParseXS                  3.30
	File::Spec                         3.62
	Module::Build                    0.4224
	Pod::Parser                        1.35
	Pod::Simple                        3.28
	Test2                          1.302086
	Test::Harness                      3.39
	Test::More                     1.302086
	version                          0.9918

******************************** NOTE ********************************
The comments above are created mechanically, possibly without manual
checking by the sender.  As there are many people performing automatic
tests on each upload to CPAN, it is likely that you will receive
identical messages about the same problem.

If you believe that the message is mistaken, please reply to the first
one with correction and/or additional informations, and do not take
it personally.  We appreciate your patience. :)
**********************************************************************

Additional comments:


This report was machine-generated by CPANPLUS::Dist::YACSmoke 1.02.
Powered by minismokebox version 0.68

------------------------------
ENVIRONMENT AND OTHER CONTEXT
------------------------------

Environment variables:

    AUTOMATED_TESTING = 1
    LANG = en_GB.UTF-8
    LANGUAGE = en_GB:en
    NONINTERACTIVE_TESTING = 1
    PATH = /usr/local/bin:/usr/bin:/bin:/usr/local/games:/usr/games
    PERL5LIB = :/home/cpan/pit/bare/conf/perl-5.8.9/.cpanplus/5.8.9/build/AWvctXLYu3/Sub-Uplevel-0.2800/blib/lib:/home/cpan/pit/bare/conf/perl-5.8.9/.cpanplus/5.8.9/build/AWvctXLYu3/Sub-Uplevel-0.2800/blib/arch:/home/cpan/pit/bare/conf/perl-5.8.9/.cpanplus/5.8.9/build/sGMgCfNKLO/Test-Exception-0.43/blib/lib:/home/cpan/pit/bare/conf/perl-5.8.9/.cpanplus/5.8.9/build/sGMgCfNKLO/Test-Exception-0.43/blib/arch:/home/cpan/pit/bare/conf/perl-5.8.9/.cpanplus/5.8.9/build/JpCE2JkjvE/Algorithm-Diff-1.1903/blib/lib:/home/cpan/pit/bare/conf/perl-5.8.9/.cpanplus/5.8.9/build/JpCE2JkjvE/Algorithm-Diff-1.1903/blib/arch:/home/cpan/pit/bare/conf/perl-5.8.9/.cpanplus/5.8.9/build/8yropmQ8Lv/Text-Diff-1.45/blib/lib:/home/cpan/pit/bare/conf/perl-5.8.9/.cpanplus/5.8.9/build/8yropmQ8Lv/Text-Diff-1.45/blib/arch:/home/cpan/pit/bare/conf/perl-5.8.9/.cpanplus/5.8.9/build/KMj9gznOh_/Test-Files-0.14/blib/lib:/home/cpan/pit/bare/conf/perl-5.8.9/.cpanplus/5.8.9/build/KMj9gznOh_/Test-Files-0.14/blib/arch:/home/cpan/pit/bare/conf/perl-5.8.9/.cpanplus/5.8.9/build/sVUFhsNqRh/Grid-Layout-0.02/blib/lib:/home/cpan/pit/bare/conf/perl-5.8.9/.cpanplus/5.8.9/build/sVUFhsNqRh/Grid-Layout-0.02/blib/arch
    PERL5_CPANPLUS_IS_RUNNING = 53209
    PERL5_CPANPLUS_IS_VERSION = 0.9168
    PERL5_MINISMOKEBOX = 0.68
    PERL5_YACSMOKE_BASE = /home/cpan/pit/bare/conf/perl-5.8.9
    PERL_EXTUTILS_AUTOINSTALL = --defaultdeps
    PERL_MM_USE_DEFAULT = 1
    SHELL = /bin/bash
    TERM = screen

Perl special variables (and OS-specific diagnostics, for MSWin32):

    Perl: $^X = /home/cpan/pit/bare/perl-5.8.9/bin/perl
    UID:  $<  = 1001
    EUID: $>  = 1001
    GID:  $(  = 1001 1001
    EGID: $)  = 1001 1001


-------------------------------


--

Summary of my perl5 (revision 5 version 8 subversion 9) configuration:
  Platform:
    osname=gnukfreebsd, osvers=9.0-2-686, archname=i386-gnukfreebsd
    uname='gnukfreebsd knurl 9.0-2-686 #0 sat nov 24 07:40:35 utc 2012 i386 i386 amd a6-3670 apu with radeon(tm) hd graphics gnukfreebsd '
    config_args='-des -Dprefix=/home/cpan/pit/bare/perl-5.8.9'
    hint=recommended, useposix=true, d_sigaction=define
    usethreads=undef use5005threads=undef useithreads=undef usemultiplicity=undef
    useperlio=define d_sfio=undef uselargefiles=define usesocks=undef
    use64bitint=undef use64bitall=undef uselongdouble=undef
    usemymalloc=n, bincompat5005=undef
  Compiler:
    cc='cc', ccflags ='-fno-strict-aliasing -pipe -I/usr/local/include -D_LARGEFILE_SOURCE -D_FILE_OFFSET_BITS=64',
    optimize='-O2',
    cppflags='-fno-strict-aliasing -pipe -I/usr/local/include'
    ccversion='', gccversion='4.7.2', gccosandvers=''
    intsize=4, longsize=4, ptrsize=4, doublesize=8, byteorder=1234
    d_longlong=define, longlongsize=8, d_longdbl=define, longdblsize=12
    ivtype='long', ivsize=4, nvtype='double', nvsize=8, Off_t='off_t', lseeksize=8
    alignbytes=4, prototype=define
  Linker and Libraries:
    ld='cc', ldflags =' -L/usr/local/lib'
    libpth=/usr/local/lib /lib/i386-kfreebsd-gnu /lib /usr/lib/i386-kfreebsd-gnu /usr/lib
    libs=-lnsl -lgdbm -ldl -lm -lcrypt -lutil -lc -lgdbm_compat
    perllibs=-lnsl -ldl -lm -lcrypt -lutil -lc -lgdbm_compat
    libc=, so=so, useshrplib=false, libperl=libperl.a
    gnulibc_version='2.13'
  Dynamic Linking:
    dlsrc=dl_dlopen.xs, dlext=so, d_dlsymun=undef, ccdlflags='-Wl,-E'
    cccdlflags='-fpic', lddlflags='-shared -O2 -L/usr/local/lib'


Characteristics of this binary (from libperl): 
  Compile-time options: PERL_MALLOC_WRAP USE_FAST_STDIO USE_LARGE_FILES
                        USE_PERLIO
  Built under gnukfreebsd
  Compiled at Feb 25 2013 12:14:33
  %ENV:
    PERL5LIB=":/home/cpan/pit/bare/conf/perl-5.8.9/.cpanplus/5.8.9/build/AWvctXLYu3/Sub-Uplevel-0.2800/blib/lib:/home/cpan/pit/bare/conf/perl-5.8.9/.cpanplus/5.8.9/build/AWvctXLYu3/Sub-Uplevel-0.2800/blib/arch:/home/cpan/pit/bare/conf/perl-5.8.9/.cpanplus/5.8.9/build/sGMgCfNKLO/Test-Exception-0.43/blib/lib:/home/cpan/pit/bare/conf/perl-5.8.9/.cpanplus/5.8.9/build/sGMgCfNKLO/Test-Exception-0.43/blib/arch:/home/cpan/pit/bare/conf/perl-5.8.9/.cpanplus/5.8.9/build/JpCE2JkjvE/Algorithm-Diff-1.1903/blib/lib:/home/cpan/pit/bare/conf/perl-5.8.9/.cpanplus/5.8.9/build/JpCE2JkjvE/Algorithm-Diff-1.1903/blib/arch:/home/cpan/pit/bare/conf/perl-5.8.9/.cpanplus/5.8.9/build/8yropmQ8Lv/Text-Diff-1.45/blib/lib:/home/cpan/pit/bare/conf/perl-5.8.9/.cpanplus/5.8.9/build/8yropmQ8Lv/Text-Diff-1.45/blib/arch:/home/cpan/pit/bare/conf/perl-5.8.9/.cpanplus/5.8.9/build/KMj9gznOh_/Test-Files-0.14/blib/lib:/home/cpan/pit/bare/conf/perl-5.8.9/.cpanplus/5.8.9/build/KMj9gznOh_/Test-Files-0.14/blib/arch:/home/cpan/pit/bare/conf/perl-5.8.9/.cpanplus/5.8.9/build/sVUFhsNqRh/Grid-Layout-0.02/blib/lib:/home/cpan/pit/bare/conf/perl-5.8.9/.cpanplus/5.8.9/build/sVUFhsNqRh/Grid-Layout-0.02/blib/arch"
    PERL5_CPANPLUS_IS_RUNNING="53209"
    PERL5_CPANPLUS_IS_VERSION="0.9168"
    PERL5_MINISMOKEBOX="0.68"
    PERL5_YACSMOKE_BASE="/home/cpan/pit/bare/conf/perl-5.8.9"
    PERL_EXTUTILS_AUTOINSTALL="--defaultdeps"
    PERL_MM_USE_DEFAULT="1"
  @INC:
    /home/cpan/pit/bare/conf/perl-5.8.9/.cpanplus/5.8.9/build/AWvctXLYu3/Sub-Uplevel-0.2800/blib/lib
    /home/cpan/pit/bare/conf/perl-5.8.9/.cpanplus/5.8.9/build/AWvctXLYu3/Sub-Uplevel-0.2800/blib/arch
    /home/cpan/pit/bare/conf/perl-5.8.9/.cpanplus/5.8.9/build/sGMgCfNKLO/Test-Exception-0.43/blib/lib
    /home/cpan/pit/bare/conf/perl-5.8.9/.cpanplus/5.8.9/build/sGMgCfNKLO/Test-Exception-0.43/blib/arch
    /home/cpan/pit/bare/conf/perl-5.8.9/.cpanplus/5.8.9/build/JpCE2JkjvE/Algorithm-Diff-1.1903/blib/lib
    /home/cpan/pit/bare/conf/perl-5.8.9/.cpanplus/5.8.9/build/JpCE2JkjvE/Algorithm-Diff-1.1903/blib/arch
    /home/cpan/pit/bare/conf/perl-5.8.9/.cpanplus/5.8.9/build/8yropmQ8Lv/Text-Diff-1.45/blib/lib
    /home/cpan/pit/bare/conf/perl-5.8.9/.cpanplus/5.8.9/build/8yropmQ8Lv/Text-Diff-1.45/blib/arch
    /home/cpan/pit/bare/conf/perl-5.8.9/.cpanplus/5.8.9/build/KMj9gznOh_/Test-Files-0.14/blib/lib
    /home/cpan/pit/bare/conf/perl-5.8.9/.cpanplus/5.8.9/build/KMj9gznOh_/Test-Files-0.14/blib/arch
    /home/cpan/pit/bare/conf/perl-5.8.9/.cpanplus/5.8.9/build/sVUFhsNqRh/Grid-Layout-0.02/blib/lib
    /home/cpan/pit/bare/conf/perl-5.8.9/.cpanplus/5.8.9/build/sVUFhsNqRh/Grid-Layout-0.02/blib/arch
    /home/cpan/pit/bare/perl-5.8.9/lib/5.8.9/i386-gnukfreebsd
    /home/cpan/pit/bare/perl-5.8.9/lib/5.8.9
    /home/cpan/pit/bare/perl-5.8.9/lib/site_perl/5.8.9/i386-gnukfreebsd
    /home/cpan/pit/bare/perl-5.8.9/lib/site_perl/5.8.9
    .