Report for Module-Install-ExtendsMakeTest-0.03

Back
From: metabase:user:31d414ea-2aae-11df-837a-5e0a49663a4f
Subject: FAIL Module-Install-ExtendsMakeTest-0.03 v5.6.2 GNU/Linux
Date: 2010-10-19T12:07:49Z

This distribution has been tested as part of the CPAN Testers
project, supporting the Perl programming language.  See
http://wiki.cpantesters.org/ for more information or email
questions to cpan-testers-discuss@perl.org


--
Dear Author,

This is a computer-generated report for Module-Install-ExtendsMakeTest-0.03
on perl 5.6.2, created by CPAN-Reporter-1.18.

Thank you for uploading your work to CPAN.  However, there was a problem
testing your distribution.

If you think this report is invalid, please consult the CPAN Testers Wiki
for suggestions on how to avoid getting FAIL reports for missing library
or binary dependencies, unsupported operating systems, and so on:

http://wiki.cpantesters.org/wiki/CPANAuthorNotes

Sections of this report:

    * Tester comments
    * Program output
    * Prerequisites
    * Environment and other context

------------------------------
TESTER COMMENTS
------------------------------

Additional comments from tester:

this report is from an automated smoke testing program
and was not reviewed by a human for accuracy

------------------------------
PROGRAM OUTPUT
------------------------------

Output from '/usr/bin/make test':

PERL_DL_NONLAZY=1 /home/david/cpantesting/perl-5.6.2/bin/perl "-MExtUtils::Command::MM" "-e" "test_harness(0, 'blib/lib', 'blib/arch')" t/*.t t/*/*.t

#   Failed test 'use Module::Install::ExtendsMakeTest;'
#   at t/00_compile.t line 5.
#     Tried to use 'Module::Install::ExtendsMakeTest'.
#     Error:  Base class package "Module::Install::Base" is empty.
# 	(Perhaps you need to 'use' the module which defines that package first.) at /home/david/cpantesting/perl-5.6.2/.cpan/build/Module-Install-ExtendsMakeTest-0.03-CO0f6q/blib/lib/Module/Install/ExtendsMakeTest.pm line 7
# BEGIN failed--compilation aborted at /home/david/cpantesting/perl-5.6.2/.cpan/build/Module-Install-ExtendsMakeTest-0.03-CO0f6q/blib/lib/Module/Install/ExtendsMakeTest.pm line 7.
# Compilation failed in require at (eval 5) line 2.
# BEGIN failed--compilation aborted at (eval 5) line 2.
# Looks like you failed 1 test of 1.
t/00_compile.t .................................. 
Dubious, test returned 1 (wstat 256, 0x100)
Failed 1/1 subtests 
Can't locate inc/Module/Install.pm in @INC (@INC contains: /home/david/cpantesting/perl-5.6.2/.cpan/build/Module-Install-ExtendsMakeTest-0.03-CO0f6q/blib/lib /home/david/cpantesting/perl-5.6.2/.cpan/build/Module-Install-ExtendsMakeTest-0.03-CO0f6q/blib/arch /home/david/cpantesting/perl-5.6.2/lib/5.6.2/x86_64-linux /home/david/cpantesting/perl-5.6.2/lib/5.6.2 /home/david/cpantesting/perl-5.6.2/lib/site_perl/5.6.2/x86_64-linux /home/david/cpantesting/perl-5.6.2/lib/site_perl/5.6.2 /home/david/cpantesting/perl-5.6.2/lib/site_perl .) at Makefile.PL line 2.
BEGIN failed--compilation aborted at Makefile.PL line 2.
/home/david/cpantesting/perl-5.6.2/bin/perl Makefile.PL "/home/david/cpantesting/perl-5.6.2/.cpan/build/Module-Install-ExtendsMakeTest-0.03-CO0f6q/lib" failed () at t/Util.pm line 62.
t/extends_make_test/after_run_codes.t ........... 
Dubious, test returned 2 (wstat 512, 0x200)
No subtests run 
Can't locate inc/Module/Install.pm in @INC (@INC contains: /home/david/cpantesting/perl-5.6.2/.cpan/build/Module-Install-ExtendsMakeTest-0.03-CO0f6q/blib/lib /home/david/cpantesting/perl-5.6.2/.cpan/build/Module-Install-ExtendsMakeTest-0.03-CO0f6q/blib/arch /home/david/cpantesting/perl-5.6.2/lib/5.6.2/x86_64-linux /home/david/cpantesting/perl-5.6.2/lib/5.6.2 /home/david/cpantesting/perl-5.6.2/lib/site_perl/5.6.2/x86_64-linux /home/david/cpantesting/perl-5.6.2/lib/site_perl/5.6.2 /home/david/cpantesting/perl-5.6.2/lib/site_perl .) at Makefile.PL line 2.
BEGIN failed--compilation aborted at Makefile.PL line 2.
/home/david/cpantesting/perl-5.6.2/bin/perl Makefile.PL "/home/david/cpantesting/perl-5.6.2/.cpan/build/Module-Install-ExtendsMakeTest-0.03-CO0f6q/lib" failed () at t/Util.pm line 62.
t/extends_make_test/after_run_scripts.t ......... 
Dubious, test returned 2 (wstat 512, 0x200)
No subtests run 
Can't locate inc/Module/Install.pm in @INC (@INC contains: /home/david/cpantesting/perl-5.6.2/.cpan/build/Module-Install-ExtendsMakeTest-0.03-CO0f6q/blib/lib /home/david/cpantesting/perl-5.6.2/.cpan/build/Module-Install-ExtendsMakeTest-0.03-CO0f6q/blib/arch /home/david/cpantesting/perl-5.6.2/lib/5.6.2/x86_64-linux /home/david/cpantesting/perl-5.6.2/lib/5.6.2 /home/david/cpantesting/perl-5.6.2/lib/site_perl/5.6.2/x86_64-linux /home/david/cpantesting/perl-5.6.2/lib/site_perl/5.6.2 /home/david/cpantesting/perl-5.6.2/lib/site_perl .) at Makefile.PL line 2.
BEGIN failed--compilation aborted at Makefile.PL line 2.
/home/david/cpantesting/perl-5.6.2/bin/perl Makefile.PL "/home/david/cpantesting/perl-5.6.2/.cpan/build/Module-Install-ExtendsMakeTest-0.03-CO0f6q/lib" failed () at t/Util.pm line 62.
t/extends_make_test/alias.t ..................... 
Dubious, test returned 2 (wstat 512, 0x200)
No subtests run 
Can't locate inc/Module/Install.pm in @INC (@INC contains: /home/david/cpantesting/perl-5.6.2/.cpan/build/Module-Install-ExtendsMakeTest-0.03-CO0f6q/blib/lib /home/david/cpantesting/perl-5.6.2/.cpan/build/Module-Install-ExtendsMakeTest-0.03-CO0f6q/blib/arch /home/david/cpantesting/perl-5.6.2/lib/5.6.2/x86_64-linux /home/david/cpantesting/perl-5.6.2/lib/5.6.2 /home/david/cpantesting/perl-5.6.2/lib/site_perl/5.6.2/x86_64-linux /home/david/cpantesting/perl-5.6.2/lib/site_perl/5.6.2 /home/david/cpantesting/perl-5.6.2/lib/site_perl .) at Makefile.PL line 2.
BEGIN failed--compilation aborted at Makefile.PL line 2.
/home/david/cpantesting/perl-5.6.2/bin/perl Makefile.PL "/home/david/cpantesting/perl-5.6.2/.cpan/build/Module-Install-ExtendsMakeTest-0.03-CO0f6q/lib" failed () at t/Util.pm line 62.
t/extends_make_test/before_run_codes.t .......... 
Dubious, test returned 2 (wstat 512, 0x200)
No subtests run 
Can't locate inc/Module/Install.pm in @INC (@INC contains: /home/david/cpantesting/perl-5.6.2/.cpan/build/Module-Install-ExtendsMakeTest-0.03-CO0f6q/blib/lib /home/david/cpantesting/perl-5.6.2/.cpan/build/Module-Install-ExtendsMakeTest-0.03-CO0f6q/blib/arch /home/david/cpantesting/perl-5.6.2/lib/5.6.2/x86_64-linux /home/david/cpantesting/perl-5.6.2/lib/5.6.2 /home/david/cpantesting/perl-5.6.2/lib/site_perl/5.6.2/x86_64-linux /home/david/cpantesting/perl-5.6.2/lib/site_perl/5.6.2 /home/david/cpantesting/perl-5.6.2/lib/site_perl .) at Makefile.PL line 2.
BEGIN failed--compilation aborted at Makefile.PL line 2.
/home/david/cpantesting/perl-5.6.2/bin/perl Makefile.PL "/home/david/cpantesting/perl-5.6.2/.cpan/build/Module-Install-ExtendsMakeTest-0.03-CO0f6q/lib" failed () at t/Util.pm line 62.
t/extends_make_test/before_run_scripts.t ........ 
Dubious, test returned 2 (wstat 512, 0x200)
No subtests run 
Can't locate inc/Module/Install.pm in @INC (@INC contains: /home/david/cpantesting/perl-5.6.2/.cpan/build/Module-Install-ExtendsMakeTest-0.03-CO0f6q/blib/lib /home/david/cpantesting/perl-5.6.2/.cpan/build/Module-Install-ExtendsMakeTest-0.03-CO0f6q/blib/arch /home/david/cpantesting/perl-5.6.2/lib/5.6.2/x86_64-linux /home/david/cpantesting/perl-5.6.2/lib/5.6.2 /home/david/cpantesting/perl-5.6.2/lib/site_perl/5.6.2/x86_64-linux /home/david/cpantesting/perl-5.6.2/lib/site_perl/5.6.2 /home/david/cpantesting/perl-5.6.2/lib/site_perl .) at Makefile.PL line 2.
BEGIN failed--compilation aborted at Makefile.PL line 2.
/home/david/cpantesting/perl-5.6.2/bin/perl Makefile.PL "/home/david/cpantesting/perl-5.6.2/.cpan/build/Module-Install-ExtendsMakeTest-0.03-CO0f6q/lib" failed () at t/Util.pm line 62.
t/extends_make_test/env.t ....................... 
Dubious, test returned 2 (wstat 512, 0x200)
No subtests run 
Can't locate inc/Module/Install.pm in @INC (@INC contains: /home/david/cpantesting/perl-5.6.2/.cpan/build/Module-Install-ExtendsMakeTest-0.03-CO0f6q/blib/lib /home/david/cpantesting/perl-5.6.2/.cpan/build/Module-Install-ExtendsMakeTest-0.03-CO0f6q/blib/arch /home/david/cpantesting/perl-5.6.2/lib/5.6.2/x86_64-linux /home/david/cpantesting/perl-5.6.2/lib/5.6.2 /home/david/cpantesting/perl-5.6.2/lib/site_perl/5.6.2/x86_64-linux /home/david/cpantesting/perl-5.6.2/lib/site_perl/5.6.2 /home/david/cpantesting/perl-5.6.2/lib/site_perl .) at Makefile.PL line 2.
BEGIN failed--compilation aborted at Makefile.PL line 2.
/home/david/cpantesting/perl-5.6.2/bin/perl Makefile.PL "/home/david/cpantesting/perl-5.6.2/.cpan/build/Module-Install-ExtendsMakeTest-0.03-CO0f6q/lib" failed () at t/Util.pm line 62.
t/extends_make_test/includes.t .................. 
Dubious, test returned 2 (wstat 512, 0x200)
No subtests run 
Can't locate inc/Module/Install.pm in @INC (@INC contains: /home/david/cpantesting/perl-5.6.2/.cpan/build/Module-Install-ExtendsMakeTest-0.03-CO0f6q/blib/lib /home/david/cpantesting/perl-5.6.2/.cpan/build/Module-Install-ExtendsMakeTest-0.03-CO0f6q/blib/arch /home/david/cpantesting/perl-5.6.2/lib/5.6.2/x86_64-linux /home/david/cpantesting/perl-5.6.2/lib/5.6.2 /home/david/cpantesting/perl-5.6.2/lib/site_perl/5.6.2/x86_64-linux /home/david/cpantesting/perl-5.6.2/lib/site_perl/5.6.2 /home/david/cpantesting/perl-5.6.2/lib/site_perl .) at Makefile.PL line 2.
BEGIN failed--compilation aborted at Makefile.PL line 2.
/home/david/cpantesting/perl-5.6.2/bin/perl Makefile.PL "/home/david/cpantesting/perl-5.6.2/.cpan/build/Module-Install-ExtendsMakeTest-0.03-CO0f6q/lib" failed () at t/Util.pm line 62.
t/extends_make_test/modules.t ................... 
Dubious, test returned 2 (wstat 512, 0x200)
No subtests run 
Can't locate inc/Module/Install.pm in @INC (@INC contains: /home/david/cpantesting/perl-5.6.2/.cpan/build/Module-Install-ExtendsMakeTest-0.03-CO0f6q/blib/lib /home/david/cpantesting/perl-5.6.2/.cpan/build/Module-Install-ExtendsMakeTest-0.03-CO0f6q/blib/arch /home/david/cpantesting/perl-5.6.2/lib/5.6.2/x86_64-linux /home/david/cpantesting/perl-5.6.2/lib/5.6.2 /home/david/cpantesting/perl-5.6.2/lib/site_perl/5.6.2/x86_64-linux /home/david/cpantesting/perl-5.6.2/lib/site_perl/5.6.2 /home/david/cpantesting/perl-5.6.2/lib/site_perl .) at Makefile.PL line 2.
BEGIN failed--compilation aborted at Makefile.PL line 2.
/home/david/cpantesting/perl-5.6.2/bin/perl Makefile.PL "/home/david/cpantesting/perl-5.6.2/.cpan/build/Module-Install-ExtendsMakeTest-0.03-CO0f6q/lib" failed () at t/Util.pm line 62.
t/extends_make_test/tests.t ..................... 
Dubious, test returned 2 (wstat 512, 0x200)
No subtests run 
t/replace_default_make_test/with_extra_tests.t .. skipped: Test requires module 'Module::Install::ExtraTests' but it's not found

Test Summary Report
-------------------
t/00_compile.t                                (Wstat: 256 Tests: 1 Failed: 1)
  Failed test:  1
  Non-zero exit status: 1
t/extends_make_test/after_run_codes.t         (Wstat: 512 Tests: 0 Failed: 0)
  Non-zero exit status: 2
  Parse errors: No plan found in TAP output
t/extends_make_test/after_run_scripts.t       (Wstat: 512 Tests: 0 Failed: 0)
  Non-zero exit status: 2
  Parse errors: No plan found in TAP output
t/extends_make_test/alias.t                   (Wstat: 512 Tests: 0 Failed: 0)
  Non-zero exit status: 2
  Parse errors: No plan found in TAP output
t/extends_make_test/before_run_codes.t        (Wstat: 512 Tests: 0 Failed: 0)
  Non-zero exit status: 2
  Parse errors: No plan found in TAP output
t/extends_make_test/before_run_scripts.t      (Wstat: 512 Tests: 0 Failed: 0)
  Non-zero exit status: 2
  Parse errors: No plan found in TAP output
t/extends_make_test/env.t                     (Wstat: 512 Tests: 0 Failed: 0)
  Non-zero exit status: 2
  Parse errors: No plan found in TAP output
t/extends_make_test/includes.t                (Wstat: 512 Tests: 0 Failed: 0)
  Non-zero exit status: 2
  Parse errors: No plan found in TAP output
t/extends_make_test/modules.t                 (Wstat: 512 Tests: 0 Failed: 0)
  Non-zero exit status: 2
  Parse errors: No plan found in TAP output
t/extends_make_test/tests.t                   (Wstat: 512 Tests: 0 Failed: 0)
  Non-zero exit status: 2
  Parse errors: No plan found in TAP output
Files=11, Tests=1,  1 wallclock secs ( 0.10 usr  0.01 sys +  0.37 cusr  0.10 csys =  0.58 CPU)
Result: FAIL
Failed 10/11 test programs. 1/1 subtests failed.
make: *** [test_dynamic] Error 11

------------------------------
PREREQUISITES
------------------------------

Prerequisite modules loaded:

requires:

    Module              Need Have
    ------------------- ---- ----
    ExtUtils::Install   1.43 1.54
    ExtUtils::MakeMaker 6.31 6.56
    Module::Install     1    1.00
    Test::More          0.96 0.96
    Test::Requires      0    0.06

configure_requires:

    Module              Need Have
    ------------------- ---- ----
    ExtUtils::MakeMaker 0    6.56


------------------------------
ENVIRONMENT AND OTHER CONTEXT
------------------------------

Environment variables:

    AUTOMATED_TESTING = 1
    PATH = /usr/local/bin:/usr/bin:/bin:/usr/games
    PERL5LIB = 
    PERL5OPT = 
    PERL5_CPANPLUS_IS_RUNNING = 20704
    PERL5_CPAN_IS_RUNNING = 20704
    PERLVER = 5.6.2
    PERL_INLINE_DIRECTORY = /home/david/.Inline-5.6.2
    SHELL = /bin/bash
    TERM = screen

Perl special variables (and OS-specific diagnostics, for MSWin32):

    $^X = /home/david/cpantesting/perl-5.6.2/bin/perl
    $UID/$EUID = 1000 / 1000
    $GID = 1000 1000
    $EGID = 1000 1000

Perl module toolchain versions installed:

    Module              Have  
    ------------------- ------
    CPAN                1.9402
    Cwd                 3.31  
    ExtUtils::CBuilder  0.2703
    ExtUtils::Command   1.16  
    ExtUtils::Install   1.54  
    ExtUtils::MakeMaker 6.56  
    ExtUtils::Manifest  1.56  
    ExtUtils::ParseXS   2.2206
    File::Spec          3.31  
    Module::Build       0.3607
    Module::Signature   n/a   
    Test::Harness       3.22  
    Test::More          0.96  
    YAML                n/a   
    YAML::Syck          1.15  
    version             0.83  


--

Summary of my perl5 (revision 5.0 version 6 subversion 2) configuration:
  Platform:
    osname=linux, osvers=2.6.18-4-xen-amd64, archname=x86_64-linux
    uname='linux pigsty.barnyard.co.uk 2.6.18-4-xen-amd64 #1 smp fri may 4 02:40:51 utc 2007 x86_64 gnulinux '
    config_args='-de -Dprefix=/home/david/cpantesting/perl-5.6.2'
    hint=recommended, useposix=true, d_sigaction=define
    usethreads=undef use5005threads=undef useithreads=undef usemultiplicity=undef
    useperlio=undef d_sfio=undef uselargefiles=define usesocks=undef
    use64bitint=define use64bitall=define uselongdouble=undef
  Compiler:
    cc='cc', ccflags ='-fno-strict-aliasing -I/usr/local/include -D_LARGEFILE_SOURCE -D_FILE_OFFSET_BITS=64',
    optimize='-O2',
    cppflags='-fno-strict-aliasing -I/usr/local/include'
    ccversion='', gccversion='4.1.2 20061115 (prerelease) (Debian 4.1.1-21)', gccosandvers=''
    intsize=4, longsize=8, ptrsize=8, doublesize=8, byteorder=12345678
    d_longlong=define, longlongsize=8, d_longdbl=define, longdblsize=16
    ivtype='long', ivsize=8, nvtype='double', nvsize=8, Off_t='off_t', lseeksize=8
    alignbytes=8, usemymalloc=n, prototype=define
  Linker and Libraries:
    ld='cc', ldflags =' -L/usr/local/lib'
    libpth=/usr/local/lib /lib /usr/lib
    libs=-lnsl -lgdbm -ldb -ldl -lm -lc -lcrypt -lutil
    perllibs=-lnsl -ldl -lm -lc -lcrypt -lutil
    libc=/lib/libc-2.3.6.so, so=so, useshrplib=false, libperl=libperl.a
  Dynamic Linking:
    dlsrc=dl_dlopen.xs, dlext=so, d_dlsymun=undef, ccdlflags='-rdynamic'
    cccdlflags='-fpic', lddlflags='-shared -L/usr/local/lib'


Characteristics of this binary (from libperl): 
  Compile-time options: USE_64_BIT_INT USE_64_BIT_ALL USE_LARGE_FILES
  Built under linux
  Compiled at Aug 25 2010 13:58:18
  %ENV:
    PERL5LIB=""
    PERL5OPT=""
    PERL5_CPANPLUS_IS_RUNNING="20704"
    PERL5_CPAN_IS_RUNNING="20704"
    PERLVER="5.6.2"
    PERL_INLINE_DIRECTORY="/home/david/.Inline-5.6.2"
  @INC:
    /home/david/cpantesting/perl-5.6.2/lib/5.6.2/x86_64-linux
    /home/david/cpantesting/perl-5.6.2/lib/5.6.2
    /home/david/cpantesting/perl-5.6.2/lib/site_perl/5.6.2/x86_64-linux
    /home/david/cpantesting/perl-5.6.2/lib/site_perl/5.6.2
    /home/david/cpantesting/perl-5.6.2/lib/site_perl
    .