Report for Role-Log-Syslog-Fast-0.14

Back
From: metabase:user:9820532a-708b-1014-9a05-b18a96298da1
Subject: FAIL Role-Log-Syslog-Fast-0.14 v5.15.2 FreeBSD
Date: 2011-08-26T23:52:43Z

This distribution has been tested as part of the CPAN Testers
project, supporting the Perl programming language.  See
http://wiki.cpantesters.org/ for more information or email
questions to cpan-testers-discuss@perl.org


--
Dear Thiago Berlitz Rondon,

This is a computer-generated report for Role-Log-Syslog-Fast-0.14
on perl 5.15.2, created by CPAN-Reporter-1.2002.

Thank you for uploading your work to CPAN.  However, there was a problem
testing your distribution.

If you think this report is invalid, please consult the CPAN Testers Wiki
for suggestions on how to avoid getting FAIL reports for missing library
or binary dependencies, unsupported operating systems, and so on:

http://wiki.cpantesters.org/wiki/CPANAuthorNotes

Sections of this report:

    * Tester comments
    * Program output
    * Prerequisites
    * Environment and other context

------------------------------
TESTER COMMENTS
------------------------------

Additional comments from tester:

this report is from an automated smoke testing program
and was not reviewed by a human for accuracy

------------------------------
PROGRAM OUTPUT
------------------------------

Output from '/usr/bin/make test':

PERL_DL_NONLAZY=1 /home/test/perl5/perlbrew/perls/perl-5.15.2/bin/perl5.15.2 "-MExtUtils::Command::MM" "-e" "test_harness(0, 'blib/lib', 'blib/arch')" t/*.t
Can't locate Log/Syslog/Fast.pm in @INC (@INC contains: lib /usr/home/test/.cpan/build/Role-Log-Syslog-Fast-0.14-M9HdQ5/blib/lib /usr/home/test/.cpan/build/Role-Log-Syslog-Fast-0.14-M9HdQ5/blib/arch /home/test/perl5/perlbrew/perls/perl-5.15.2/lib/site_perl/5.15.2/amd64-freebsd /home/test/perl5/perlbrew/perls/perl-5.15.2/lib/site_perl/5.15.2 /home/test/perl5/perlbrew/perls/perl-5.15.2/lib/5.15.2/amd64-freebsd /home/test/perl5/perlbrew/perls/perl-5.15.2/lib/5.15.2 .) at lib/Role/Log/Syslog/Fast.pm line 6.
BEGIN failed--compilation aborted at lib/Role/Log/Syslog/Fast.pm line 6.
Compilation failed in require at -e line 1.

#   Failed test 'Role::Log::Syslog::Fast loaded ok'
#   at t/00-compile.t line 48.
#                   ''
#     doesn't match '(?^s:^\s*Role::Log::Syslog::Fast ok)'
# Looks like you failed 1 test of 1.
t/00-compile.t ................ 
Dubious, test returned 1 (wstat 256, 0x100)
Failed 1/1 subtests 
# 
# 
# perl: v5.15.2 (wanted any version) on freebsd from /home/test/perl5/perlbrew/perls/perl-5.15.2/bin/perl5.15.2
# 
# ExtUtils::MakeMaker                           => 6.58       (want 6.30)   
# 
# Thanks for using my code.  I hope it works for you.
# If not, please try and include this output in the bug report.
# That will help me reproduce the issue and solve you problem.
# 
t/000-report-versions-tiny.t .. ok

#   Failed test 'use Role::Log::Syslog::Fast;'
#   at t/00load.t line 5.
#     Tried to use 'Role::Log::Syslog::Fast'.
#     Error:  Can't locate Log/Syslog/Fast.pm in @INC (@INC contains: /usr/home/test/.cpan/build/Role-Log-Syslog-Fast-0.14-M9HdQ5/blib/lib /usr/home/test/.cpan/build/Role-Log-Syslog-Fast-0.14-M9HdQ5/blib/arch /home/test/perl5/perlbrew/perls/perl-5.15.2/lib/site_perl/5.15.2/amd64-freebsd /home/test/perl5/perlbrew/perls/perl-5.15.2/lib/site_perl/5.15.2 /home/test/perl5/perlbrew/perls/perl-5.15.2/lib/5.15.2/amd64-freebsd /home/test/perl5/perlbrew/perls/perl-5.15.2/lib/5.15.2 .) at /usr/home/test/.cpan/build/Role-Log-Syslog-Fast-0.14-M9HdQ5/blib/lib/Role/Log/Syslog/Fast.pm line 6.
# BEGIN failed--compilation aborted at /usr/home/test/.cpan/build/Role-Log-Syslog-Fast-0.14-M9HdQ5/blib/lib/Role/Log/Syslog/Fast.pm line 6.
# Compilation failed in require at (eval 4) line 2.
# BEGIN failed--compilation aborted at (eval 4) line 2.
# Looks like you failed 1 test of 1.
t/00load.t .................... 
Dubious, test returned 1 (wstat 256, 0x100)
Failed 1/1 subtests 
Couldn't load class (Role::Log::Syslog::Fast) because: Can't locate Log/Syslog/Fast.pm in @INC (@INC contains: /usr/home/test/.cpan/build/Role-Log-Syslog-Fast-0.14-M9HdQ5/blib/lib /usr/home/test/.cpan/build/Role-Log-Syslog-Fast-0.14-M9HdQ5/blib/arch /home/test/perl5/perlbrew/perls/perl-5.15.2/lib/site_perl/5.15.2/amd64-freebsd /home/test/perl5/perlbrew/perls/perl-5.15.2/lib/site_perl/5.15.2 /home/test/perl5/perlbrew/perls/perl-5.15.2/lib/5.15.2/amd64-freebsd /home/test/perl5/perlbrew/perls/perl-5.15.2/lib/5.15.2 .) at /usr/home/test/.cpan/build/Role-Log-Syslog-Fast-0.14-M9HdQ5/blib/lib/Role/Log/Syslog/Fast.pm line 6.
BEGIN failed--compilation aborted at /usr/home/test/.cpan/build/Role-Log-Syslog-Fast-0.14-M9HdQ5/blib/lib/Role/Log/Syslog/Fast.pm line 6.
Compilation failed in require at /home/test/perl5/perlbrew/perls/perl-5.15.2/lib/site_perl/5.15.2/amd64-freebsd/Class/MOP.pm line 117.
 at /home/test/perl5/perlbrew/perls/perl-5.15.2/lib/site_perl/5.15.2/amd64-freebsd/Class/MOP.pm line 123
	Class::MOP::__ANON__('Can\'t locate Log/Syslog/Fast.pm in @INC (@INC contains: /usr...') called at /home/test/perl5/perlbrew/perls/perl-5.15.2/lib/site_perl/5.15.2/Try/Tiny.pm line 100
	Try::Tiny::try('CODE(0x800e61330)', 'Try::Tiny::Catch=REF(0x8024bc690)') called at /home/test/perl5/perlbrew/perls/perl-5.15.2/lib/site_perl/5.15.2/amd64-freebsd/Class/MOP.pm line 128
	Class::MOP::load_first_existing_class('Role::Log::Syslog::Fast') called at /home/test/perl5/perlbrew/perls/perl-5.15.2/lib/site_perl/5.15.2/amd64-freebsd/Class/MOP.pm line 140
	Class::MOP::load_class('Role::Log::Syslog::Fast', undef) called at /home/test/perl5/perlbrew/perls/perl-5.15.2/lib/site_perl/5.15.2/amd64-freebsd/Moose/Util.pm line 131
	Moose::Util::_apply_all_roles('Moose::Meta::Class=HASH(0x800fad9c0)', undef, 'Role::Log::Syslog::Fast') called at /home/test/perl5/perlbrew/perls/perl-5.15.2/lib/site_perl/5.15.2/amd64-freebsd/Moose/Util.pm line 98
	Moose::Util::apply_all_roles('Moose::Meta::Class=HASH(0x800fad9c0)', 'Role::Log::Syslog::Fast') called at /home/test/perl5/perlbrew/perls/perl-5.15.2/lib/site_perl/5.15.2/amd64-freebsd/Moose.pm line 65
	Moose::with('Moose::Meta::Class=HASH(0x800fad9c0)', 'Role::Log::Syslog::Fast') called at /home/test/perl5/perlbrew/perls/perl-5.15.2/lib/site_perl/5.15.2/amd64-freebsd/Moose/Exporter.pm line 356
	Moose::with('Role::Log::Syslog::Fast') called at t/01basic.t line 10
# Looks like your test exited with 2 before it could output anything.
t/01basic.t ................... 
Dubious, test returned 2 (wstat 512, 0x200)
Failed 9/9 subtests 
t/author-critic.t ............. skipped: these tests are for testing by the author
t/release-distmeta.t .......... skipped: these tests are for release candidate testing
t/release-eol.t ............... skipped: these tests are for release candidate testing
t/release-has-version.t ....... skipped: these tests are for release candidate testing
t/release-kwalitee.t .......... skipped: these tests are for release candidate testing
t/release-pod-coverage.t ...... skipped: these tests are for release candidate testing
t/release-pod-syntax.t ........ skipped: these tests are for release candidate testing
t/release-unused-vars.t ....... skipped: these tests are for release candidate testing

Test Summary Report
-------------------
t/00-compile.t              (Wstat: 256 Tests: 1 Failed: 1)
  Failed test:  1
  Non-zero exit status: 1
t/00load.t                  (Wstat: 256 Tests: 1 Failed: 1)
  Failed test:  1
  Non-zero exit status: 1
t/01basic.t                 (Wstat: 512 Tests: 0 Failed: 0)
  Non-zero exit status: 2
  Parse errors: Bad plan.  You planned 9 tests but ran 0.
Files=12, Tests=3,  3 wallclock secs ( 0.17 usr  0.17 sys +  1.12 cusr  0.29 csys =  1.76 CPU)
Result: FAIL
Failed 3/12 test programs. 2/3 subtests failed.
*** Error code 255

Stop in /usr/home/test/.cpan/build/Role-Log-Syslog-Fast-0.14-M9HdQ5.

------------------------------
PREREQUISITES
------------------------------

Prerequisite modules loaded:

configure_requires:

    Module              Need Have
    ------------------- ---- ----
    ExtUtils::MakeMaker 6.30 6.58


------------------------------
ENVIRONMENT AND OTHER CONTEXT
------------------------------

Environment variables:

    AUTOMATED_TESTING = 1
    LANG = C
    LC_ALL = C
    PATH = /home/test/perl5/perlbrew/bin:/home/test/perl5/perlbrew/perls/perl-5.15.2/bin:~/bin:/sbin:/bin:/usr/sbin:/usr/bin:/usr/games:/usr/local/sbin:/usr/local/bin:/home/test/bin
    PATH_WITHOUT_PERLBREW = ~/bin:/sbin:/bin:/usr/sbin:/usr/bin:/usr/games:/usr/local/sbin:/usr/local/bin:/home/test/bin
    PERL5LIB = 
    PERL5OPT = 
    PERL5_CPANPLUS_IS_RUNNING = 37743
    PERL5_CPAN_IS_RUNNING = 37743
    PERL5_CPAN_IS_RUNNING_IN_RECURSION = 94352,37743
    PERLBREW_HOME = /home/test/.perlbrew
    PERLBREW_PATH = /home/test/perl5/perlbrew/bin:/home/test/perl5/perlbrew/perls/perl-5.15.2/bin
    PERLBREW_PERL = perl-5.15.2
    PERLBREW_ROOT = /home/test/perl5/perlbrew
    PERLBREW_VERSION = 0.28
    PERL_CPANM_OPT = --prompt --mirror http://172.16.1.3/cpan/
    PERL_CR_SMOKER_CURRENT = Role-Log-Syslog-Fast-0.14
    PERL_EXTUTILS_AUTOINSTALL = --defaultdeps
    PERL_MM_USE_DEFAULT = 1
    SHELL = /usr/local/bin/bash
    TERM = linux

Perl special variables (and OS-specific diagnostics, for MSWin32):

    $^X = /home/test/perl5/perlbrew/perls/perl-5.15.2/bin/perl5.15.2
    $UID/$EUID = 1002 / 1002
    $GID = 1002 1002
    $EGID = 1002 1002

Perl module toolchain versions installed:

    Module              Have    
    ------------------- --------
    CPAN                1.9800  
    CPAN::Meta          2.112150
    Cwd                 3.37    
    ExtUtils::CBuilder  0.280204
    ExtUtils::Command   1.17    
    ExtUtils::Install   1.57    
    ExtUtils::MakeMaker 6.58    
    ExtUtils::Manifest  1.60    
    ExtUtils::ParseXS   3.04    
    File::Spec          3.34    
    JSON                2.53    
    JSON::PP            2.27200 
    Module::Build       0.39_01 
    Module::Signature   0.68    
    Parse::CPAN::Meta   1.4401  
    Test::Harness       3.23    
    Test::More          0.98    
    YAML                0.73    
    YAML::Syck          n/a     
    version             0.94    


--

Summary of my perl5 (revision 5 version 15 subversion 2) configuration:
   
  Platform:
    osname=freebsd, osvers=8.1-release, archname=amd64-freebsd
    uname='freebsd fbsd.local 8.1-release freebsd 8.1-release #0: mon jul 19 02:36:49 utc 2010 root@mason.cse.buffalo.edu:usrobjusrsrcsysgeneric amd64 '
    config_args='-de -Dprefix=/home/test/perl5/perlbrew/perls/perl-5.15.2 -Dusedevel'
    hint=recommended, useposix=true, d_sigaction=define
    useithreads=undef, usemultiplicity=undef
    useperlio=define, d_sfio=undef, uselargefiles=define, usesocks=undef
    use64bitint=define, use64bitall=define, uselongdouble=undef
    usemymalloc=n, bincompat5005=undef
  Compiler:
    cc='cc', ccflags ='-DHAS_FPSETMASK -DHAS_FLOATINGPOINT_H -fno-strict-aliasing -pipe -fstack-protector -I/usr/local/include',
    optimize='-O',
    cppflags='-DHAS_FPSETMASK -DHAS_FLOATINGPOINT_H -fno-strict-aliasing -pipe -fstack-protector -I/usr/local/include'
    ccversion='', gccversion='4.2.1 20070719  [FreeBSD]', gccosandvers=''
    intsize=4, longsize=8, ptrsize=8, doublesize=8, byteorder=12345678
    d_longlong=define, longlongsize=8, d_longdbl=define, longdblsize=16
    ivtype='long', ivsize=8, nvtype='double', nvsize=8, Off_t='off_t', lseeksize=8
    alignbytes=8, prototype=define
  Linker and Libraries:
    ld='cc', ldflags ='-Wl,-E  -fstack-protector -L/usr/local/lib'
    libpth=/usr/lib /usr/local/lib
    libs=-lm -lcrypt -lutil -lc
    perllibs=-lm -lcrypt -lutil -lc
    libc=, so=so, useshrplib=false, libperl=libperl.a
    gnulibc_version=''
  Dynamic Linking:
    dlsrc=dl_dlopen.xs, dlext=so, d_dlsymun=undef, ccdlflags=' '
    cccdlflags='-DPIC -fPIC', lddlflags='-shared  -L/usr/local/lib -fstack-protector'


Characteristics of this binary (from libperl): 
  Compile-time options: HAS_TIMES PERLIO_LAYERS PERL_DONT_CREATE_GVSV
                        PERL_MALLOC_WRAP PERL_PRESERVE_IVUV PERL_USE_DEVEL
                        USE_64_BIT_ALL USE_64_BIT_INT USE_LARGE_FILES
                        USE_LOCALE USE_LOCALE_COLLATE USE_LOCALE_CTYPE
                        USE_LOCALE_NUMERIC USE_PERLIO USE_PERL_ATOF
  Built under freebsd
  Compiled at Aug 25 2011 14:21:18
  %ENV:
    PERL5LIB=""
    PERL5OPT=""
    PERL5_CPANPLUS_IS_RUNNING="37743"
    PERL5_CPAN_IS_RUNNING="37743"
    PERL5_CPAN_IS_RUNNING_IN_RECURSION="94352,37743"
    PERLBREW_HOME="/home/test/.perlbrew"
    PERLBREW_PATH="/home/test/perl5/perlbrew/bin:/home/test/perl5/perlbrew/perls/perl-5.15.2/bin"
    PERLBREW_PERL="perl-5.15.2"
    PERLBREW_ROOT="/home/test/perl5/perlbrew"
    PERLBREW_VERSION="0.28"
    PERL_CPANM_OPT="--prompt --mirror http://172.16.1.3/cpan/"
    PERL_CR_SMOKER_CURRENT="Role-Log-Syslog-Fast-0.14"
    PERL_EXTUTILS_AUTOINSTALL="--defaultdeps"
    PERL_MM_USE_DEFAULT="1"
  @INC:
    /home/test/perl5/perlbrew/perls/perl-5.15.2/lib/site_perl/5.15.2/amd64-freebsd
    /home/test/perl5/perlbrew/perls/perl-5.15.2/lib/site_perl/5.15.2
    /home/test/perl5/perlbrew/perls/perl-5.15.2/lib/5.15.2/amd64-freebsd
    /home/test/perl5/perlbrew/perls/perl-5.15.2/lib/5.15.2
    .