Report for Net-DNS-SPF-Expander-0.017

Back
From: metabase:user:314402c4-2aae-11df-837a-5e0a49663a4f
Subject: FAIL Net-DNS-SPF-Expander-0.017 v5.20.2 GNU/Linux
Date: 2015-08-29T06:52:19Z

This distribution has been tested as part of the CPAN Testers
project, supporting the Perl programming language.  See
http://wiki.cpantesters.org/ for more information or email
questions to cpan-testers-discuss@perl.org


--
Dear Amiri Barksdale,

This is a computer-generated report for Net-DNS-SPF-Expander-0.017
on perl 5.20.2, created by CPAN-Reporter-1.2015.

Thank you for uploading your work to CPAN.  However, there was a problem
testing your distribution.

If you think this report is invalid, please consult the CPAN Testers Wiki
for suggestions on how to avoid getting FAIL reports for missing library
or binary dependencies, unsupported operating systems, and so on:

http://wiki.cpantesters.org/wiki/CPANAuthorNotes

Sections of this report:

    * Tester comments
    * Program output
    * Prerequisites
    * Environment and other context

------------------------------
TESTER COMMENTS
------------------------------

Additional comments from tester:

none provided

------------------------------
PROGRAM OUTPUT
------------------------------

Output from '/usr/bin/make test':

PERL_DL_NONLAZY=1 "/bbbike/perl-5.20.2/bin/perl" "-MExtUtils::Command::MM" "-MTest::Harness" "-e" "undef *Test::Harness::Switches; test_harness(0, 'blib/lib', 'blib/arch')" t/*.t
t/integration-idempotency.t .... ok

#   Failed test 'The text of the new file is what I expected'
#   at t/integration-multi-record.t line 55.
# +---+--------------------------------------------------------------------------------------------------------------------------------------------------------------------------------------------------------------------------------------------------------------------------------------------+--------------------------------------------------------------------------------------------------------------------------------------------------------------------------------------------------------------------------------------------------------------------------------------------+
# | Ln|Got                                                                                                                                                                                                                                                                                         |Expected                                                                                                                                                                                                                                                                                    |
# +---+--------------------------------------------------------------------------------------------------------------------------------------------------------------------------------------------------------------------------------------------------------------------------------------------+--------------------------------------------------------------------------------------------------------------------------------------------------------------------------------------------------------------------------------------------------------------------------------------------+
# |  1|'$ORIGIN test_zone.com.                                                                                                                                                                                                                                                                     |'$ORIGIN test_zone.com.                                                                                                                                                                                                                                                                     |
# |  2|                                                                                                                                                                                                                                                                                            |                                                                                                                                                                                                                                                                                            |
# |  3|yo      CNAME   111.222.333.4.                                                                                                                                                                                                                                                              |yo      CNAME   111.222.333.4.                                                                                                                                                                                                                                                              |
# |  4|mama    CNAME   222.333.444.5.                                                                                                                                                                                                                                                              |mama    CNAME   222.333.444.5.                                                                                                                                                                                                                                                              |
# |  5|                                                                                                                                                                                                                                                                                            |                                                                                                                                                                                                                                                                                            |
# |  6|;@               SPF     "v=spf1 include:_spf.google.com ip4:96.43.144.0/20 ~all"                                                                                                                                                                                                           |;@               SPF     "v=spf1 include:_spf.google.com ip4:96.43.144.0/20 ~all"                                                                                                                                                                                                           |
# |  7|;*               TXT     "v=spf1 include:_spf.google.com ip4:96.43.144.0/20 ~all"                                                                                                                                                                                                           |;*               TXT     "v=spf1 include:_spf.google.com ip4:96.43.144.0/20 ~all"                                                                                                                                                                                                           |
# |  8|*    600    IN    TXT    "v=spf1 include:_spf1.test_zone.com include:_spf2.test_zone.com ~all"                                                                                                                                                                                              |*    600    IN    TXT    "v=spf1 include:_spf1.test_zone.com include:_spf2.test_zone.com ~all"                                                                                                                                                                                              |
# |  9|@    600    IN    TXT    "v=spf1 include:_spf1.test_zone.com include:_spf2.test_zone.com ~all"                                                                                                                                                                                              |@    600    IN    TXT    "v=spf1 include:_spf1.test_zone.com include:_spf2.test_zone.com ~all"                                                                                                                                                                                              |
# * 10|_spf1.test_zone.com.    600    IN    TXT    "v=spf1 ip4:108.177.8.0/21 ip4:173.194.0.0/16 ip4:207.126.144.0/20 ip4:209.85.128.0/17 ip4:216.239.32.0/19 ip4:216.58.192.0/19 ip4:64.18.0.0/20 ip4:64.233.160.0/19 ip4:66.102.0.0/20 ip4:66.249.80.0/20 ip4:72.14.192.0/18 ip4:74.125.0.0/16"  |_spf1.test_zone.com.    600    IN    TXT    "v=spf1 ip4:173.194.0.0/16 ip4:207.126.144.0/20 ip4:209.85.128.0/17 ip4:216.239.32.0/19 ip4:216.58.192.0/19 ip4:64.18.0.0/20 ip4:64.233.160.0/19 ip4:66.102.0.0/20 ip4:66.249.80.0/20 ip4:72.14.192.0/18 ip4:74.125.0.0/16 ip4:96.43.144.0/20"  *
# * 11|_spf2.test_zone.com.    600    IN    TXT    "v=spf1 ip4:96.43.144.0/20 ip6:2001:4860:4000::/36 ip6:2404:6800:4000::/36 ip6:2607:f8b0:4000::/36 ip6:2800:3f0:4000::/36 ip6:2a00:1450:4000::/36 ip6:2c0f:fb50:4000::/36"                                                                      |_spf2.test_zone.com.    600    IN    TXT    "v=spf1 ip6:2001:4860:4000::/36 ip6:2404:6800:4000::/36 ip6:2607:f8b0:4000::/36 ip6:2800:3f0:4000::/36 ip6:2a00:1450:4000::/36 ip6:2c0f:fb50:4000::/36"                                                                                         *
# | 12|                                                                                                                                                                                                                                                                                            |                                                                                                                                                                                                                                                                                            |
# | 13|greasy  CNAME   333.444.555.6.                                                                                                                                                                                                                                                              |greasy  CNAME   333.444.555.6.                                                                                                                                                                                                                                                              |
# | 14|granny  CNAME   666.777.888.9.                                                                                                                                                                                                                                                              |granny  CNAME   666.777.888.9.                                                                                                                                                                                                                                                              |
# | 15|'                                                                                                                                                                                                                                                                                           |'                                                                                                                                                                                                                                                                                           |
# +---+--------------------------------------------------------------------------------------------------------------------------------------------------------------------------------------------------------------------------------------------------------------------------------------------+--------------------------------------------------------------------------------------------------------------------------------------------------------------------------------------------------------------------------------------------------------------------------------------------+
# Looks like you failed 1 test of 7.
t/integration-multi-record.t ... 
Dubious, test returned 1 (wstat 256, 0x100)
Failed 1/7 subtests 
t/integration-single-record.t .. ok
t/record-value-length.t ........ ok

Test Summary Report
-------------------
t/integration-multi-record.t (Wstat: 256 Tests: 7 Failed: 1)
  Failed test:  7
  Non-zero exit status: 1
Files=4, Tests=30,  4 wallclock secs ( 0.02 usr  0.02 sys +  1.48 cusr  0.21 csys =  1.73 CPU)
Result: FAIL
Failed 1/4 test programs. 1/30 subtests failed.
make: *** [test_dynamic] Error 255

------------------------------
PREREQUISITES
------------------------------

Prerequisite modules loaded:

requires:

    Module                 Need Have    
    ---------------------- ---- --------
    IO::All                0    0.86    
    List::AllUtils         0    0.09    
    Moose                  0    2.1603  
    MooseX::Getopt         0    0.68    
    MooseX::Types::IO::All 0    0.04    
    Net::DNS::Resolver     0    1276    
    Net::DNS::ZoneFile     0    1288    
    Scalar::Util           0    1.42    
    strict                 0    1.08    
    warnings               0    1.23    

build_requires:

    Module                 Need Have    
    ---------------------- ---- --------
    Data::Printer          0    0.36    
    ExtUtils::MakeMaker    0    7.04    
    lib                    0    0.63    
    Test::Differences      0    0.63    
    Test::Exception        0    0.40    
    Test::More             0    1.001014

configure_requires:

    Module                 Need Have    
    ---------------------- ---- --------
    ExtUtils::MakeMaker    0    7.04    


------------------------------
ENVIRONMENT AND OTHER CONTEXT
------------------------------

Environment variables:

    DBIC_NO_WARN_BAD_PERL = 1
    LANG = C
    PATH = /usr/local/bin:/usr/bin:/bin:/usr/local/sbin:/usr/sbin:/sbin:/home/eserte/bin/linux-gnu:/home/eserte/bin/sh:/home/eserte/bin:/usr/games:/home/eserte/devel:/home/eserte/src/srezic-misc/scripts
    PERL5LIB = /home/eserte/.cpan/build/2015082906/MooseX-Types-IO-0.04-S7E5eW/blib/arch:/home/eserte/.cpan/build/2015082906/MooseX-Types-IO-0.04-S7E5eW/blib/lib
    PERL5OPT = 
    PERL5_CPANPLUS_IS_RUNNING = 26424
    PERL5_CPAN_IS_RUNNING = 26424
    PERL5_CPAN_IS_RUNNING_IN_RECURSION = 16101,26424
    PERLDOC = -MPod::Perldoc::ToTextOverstrike
    PERL_BATCH = yes
    PERL_CANARY_STABILITY_NOPROMPT = 1
    PERL_CPAN_REPORTER_CONFIG = /var/tmp/cpansmoker-1001/2015082906/cpanreporter_006_config.ini
    PERL_EXTUTILS_AUTOINSTALL = --defaultdeps
    PERL_HTML_DISPLAY_CLASS = HTML::Display::Mozilla
    SHELL = /bin/zsh
    TERM = screen
    TMPDIR = /var/tmp/cpansmoker-1001/2015082906

Perl special variables (and OS-specific diagnostics, for MSWin32):

    $^X = /bbbike/perl-5.20.2/bin/perl
    $UID/$EUID = 1001 / 1001
    $GID = 1001 109 1001
    $EGID = 1001 109 1001

Perl module toolchain versions installed:

    Module              Have    
    ------------------- --------
    CPAN                2.05    
    CPAN::Meta          2.150005
    Cwd                 3.48_01 
    ExtUtils::CBuilder  0.280217
    ExtUtils::Command   1.18    
    ExtUtils::Install   1.67    
    ExtUtils::MakeMaker 7.04    
    ExtUtils::Manifest  1.70    
    ExtUtils::ParseXS   3.24    
    File::Spec          3.48_01 
    JSON                2.90    
    JSON::PP            2.27203 
    Module::Build       0.4214  
    Module::Signature   0.73    
    Parse::CPAN::Meta   1.4414  
    Test::Harness       3.35    
    Test::More          1.001014
    YAML                1.15    
    YAML::Syck          1.29    
    version             0.9912  


--

Summary of my perl5 (revision 5 version 20 subversion 2) configuration:
   
  Platform:
    osname=linux, osvers=3.2.0-4-amd64, archname=x86_64-linux
    uname='linux eserte 3.2.0-4-amd64 #1 smp debian 3.2.65-1+deb7u1 x86_64 gnulinux '
    config_args='-ds -e -Dprefix=/opt/perl-5.20.2'
    hint=recommended, useposix=true, d_sigaction=define
    useithreads=undef, usemultiplicity=undef
    use64bitint=define, use64bitall=define, uselongdouble=undef
    usemymalloc=n, bincompat5005=undef
  Compiler:
    cc='cc', ccflags ='-fwrapv -fno-strict-aliasing -pipe -fstack-protector -I/usr/local/include -D_LARGEFILE_SOURCE -D_FILE_OFFSET_BITS=64',
    optimize='-O2',
    cppflags='-fwrapv -fno-strict-aliasing -pipe -fstack-protector -I/usr/local/include'
    ccversion='', gccversion='4.7.2', gccosandvers=''
    intsize=4, longsize=8, ptrsize=8, doublesize=8, byteorder=12345678
    d_longlong=define, longlongsize=8, d_longdbl=define, longdblsize=16
    ivtype='long', ivsize=8, nvtype='double', nvsize=8, Off_t='off_t', lseeksize=8
    alignbytes=8, prototype=define
  Linker and Libraries:
    ld='cc', ldflags =' -fstack-protector -L/usr/local/lib'
    libpth=/usr/local/lib /usr/lib/gcc/x86_64-linux-gnu/4.7/include-fixed /usr/include/x86_64-linux-gnu /usr/lib /lib/x86_64-linux-gnu /lib/../lib /usr/lib/x86_64-linux-gnu /usr/lib/../lib /lib
    libs=-lnsl -ldb -ldl -lm -lcrypt -lutil -lc
    perllibs=-lnsl -ldl -lm -lcrypt -lutil -lc
    libc=libc-2.13.so, so=so, useshrplib=false, libperl=libperl.a
    gnulibc_version='2.13'
  Dynamic Linking:
    dlsrc=dl_dlopen.xs, dlext=so, d_dlsymun=undef, ccdlflags='-Wl,-E'
    cccdlflags='-fPIC', lddlflags='-shared -O2 -L/usr/local/lib -fstack-protector'


Characteristics of this binary (from libperl): 
  Compile-time options: HAS_TIMES PERLIO_LAYERS PERL_DONT_CREATE_GVSV
                        PERL_HASH_FUNC_ONE_AT_A_TIME_HARD PERL_MALLOC_WRAP
                        PERL_NEW_COPY_ON_WRITE PERL_PRESERVE_IVUV
                        USE_64_BIT_ALL USE_64_BIT_INT USE_LARGE_FILES
                        USE_LOCALE USE_LOCALE_COLLATE USE_LOCALE_CTYPE
                        USE_LOCALE_NUMERIC USE_PERLIO USE_PERL_ATOF
  Built under linux
  Compiled at Feb 14 2015 18:42:05
  %ENV:
    PERL5LIB="/home/eserte/.cpan/build/2015082906/MooseX-Types-IO-0.04-S7E5eW/blib/arch:/home/eserte/.cpan/build/2015082906/MooseX-Types-IO-0.04-S7E5eW/blib/lib"
    PERL5OPT=""
    PERL5_CPANPLUS_IS_RUNNING="26424"
    PERL5_CPAN_IS_RUNNING="26424"
    PERL5_CPAN_IS_RUNNING_IN_RECURSION="16101,26424"
    PERLDOC="-MPod::Perldoc::ToTextOverstrike"
    PERL_BATCH="yes"
    PERL_CANARY_STABILITY_NOPROMPT="1"
    PERL_CPAN_REPORTER_CONFIG="/var/tmp/cpansmoker-1001/2015082906/cpanreporter_006_config.ini"
    PERL_EXTUTILS_AUTOINSTALL="--defaultdeps"
    PERL_HTML_DISPLAY_CLASS="HTML::Display::Mozilla"
  @INC:
    /home/eserte/.cpan/build/2015082906/MooseX-Types-IO-0.04-S7E5eW/blib/arch
    /home/eserte/.cpan/build/2015082906/MooseX-Types-IO-0.04-S7E5eW/blib/lib
    /opt/perl-5.20.2/lib/site_perl/5.20.2/x86_64-linux
    /opt/perl-5.20.2/lib/site_perl/5.20.2
    /opt/perl-5.20.2/lib/5.20.2/x86_64-linux
    /opt/perl-5.20.2/lib/5.20.2
    .