Report for Net-DNS-SPF-Expander-0.016

Back
From: metabase:user:30977d10-2aae-11df-837a-5e0a49663a4f
Subject: FAIL Net-DNS-SPF-Expander-0.016 v5.16.3 GNU/Linux
Date: 2015-07-14T11:07:19Z

This distribution has been tested as part of the CPAN Testers
project, supporting the Perl programming language.  See
http://wiki.cpantesters.org/ for more information or email
questions to cpan-testers-discuss@perl.org


--
Dear Amiri Barksdale,

This is a computer-generated report for Net-DNS-SPF-Expander-0.016
on perl 5.16.3, created by CPAN-Reporter-1.2014.

Thank you for uploading your work to CPAN.  However, there was a problem
testing your distribution.

If you think this report is invalid, please consult the CPAN Testers Wiki
for suggestions on how to avoid getting FAIL reports for missing library
or binary dependencies, unsupported operating systems, and so on:

http://wiki.cpantesters.org/wiki/CPANAuthorNotes

Sections of this report:

    * Tester comments
    * Program output
    * Prerequisites
    * Environment and other context

------------------------------
TESTER COMMENTS
------------------------------

Additional comments from tester:

this report is from an automated smoke testing program
and was not reviewed by a human for accuracy

------------------------------
PROGRAM OUTPUT
------------------------------

Output from '/usr/bin/make test':

PERL_DL_NONLAZY=1 "/home/stro/perl/5.16.3m/bin/perl" "-MExtUtils::Command::MM" "-MTest::Harness" "-e" "undef *Test::Harness::Switches; test_harness(0, 'blib/lib', 'blib/arch')" t/*.t
# Expected: 
# $ORIGIN campusexplorer.com.
# 
# yo      CNAME   111.222.333.4.
# mama    CNAME   222.333.444.5.
# 
# ;*               TXT     "v=spf1 include:_spf2.campusexplorer.com include:_spf3.campusexplorer.com include:_spf4.campusexplorer.com include:_spf5.campusexplorer.com include:_spf6.campusexplorer.com ~all"
# ;*               SPF     "v=spf1 include:_spf2.campusexplorer.com include:_spf3.campusexplorer.com include:_spf4.campusexplorer.com include:_spf5.campusexplorer.com include:_spf6.campusexplorer.com ~all"
# ;@               TXT     "v=spf1 include:_spf2.campusexplorer.com include:_spf3.campusexplorer.com include:_spf4.campusexplorer.com include:_spf5.campusexplorer.com include:_spf6.campusexplorer.com ~all"
# ;@               SPF     "v=spf1 include:_spf2.campusexplorer.com include:_spf3.campusexplorer.com include:_spf4.campusexplorer.com include:_spf5.campusexplorer.com include:_spf6.campusexplorer.com ~all"
# ;_spf.campusexplorer.com.    SPF     "v=spf1 include:_spf2.campusexplorer.com include:_spf3.campusexplorer.com include:_spf4.campusexplorer.com include:_spf5.campusexplorer.com include:_spf6.campusexplorer.com ~all"
# ;_spf.campusexplorer.com.    TXT     "v=spf1 include:_spf2.campusexplorer.com include:_spf3.campusexplorer.com include:_spf4.campusexplorer.com include:_spf5.campusexplorer.com include:_spf6.campusexplorer.com ~all"
# ;_spf2.campusexplorer.com.   SPF     "v=spf1 ip4:216.239.32.0/19 ip4:64.233.160.0/19 ip4:66.249.80.0/20 ip4:72.14.192.0/18 ip4:209.85.128.0/17 ip4:66.102.0.0/20 ip4:74.125.0.0/16 ip4:64.18.0.0/20 ip4:207.126.144.0/20 ip4:173.194.0.0/16 ip6:2001:4860:4000::/36 ip6:2404:6800:4000::/36"
# ;_spf2.campusexplorer.com.   TXT     "v=spf1 ip4:216.239.32.0/19 ip4:64.233.160.0/19 ip4:66.249.80.0/20 ip4:72.14.192.0/18 ip4:209.85.128.0/17 ip4:66.102.0.0/20 ip4:74.125.0.0/16 ip4:64.18.0.0/20 ip4:207.126.144.0/20 ip4:173.194.0.0/16 ip6:2001:4860:4000::/36 ip6:2404:6800:4000::/36"
# ;_spf3.campusexplorer.com.   SPF     "v=spf1 ip6:2607:f8b0:4000::/36 ip6:2800:3f0:4000::/36 ip6:2a00:1450:4000::/36 ip6:2c0f:fb50:4000::/36 include:_netblocks3.google.com ip4:208.115.214.0/24 ip4:74.63.202.0/24 ip4:75.126.200.128/27 ip4:75.126.253.0/24 ip4:67.228.50.32/27 ip4:174.36.80.208/28"
# ;_spf3.campusexplorer.com.   TXT     "v=spf1 ip6:2607:f8b0:4000::/36 ip6:2800:3f0:4000::/36 ip6:2a00:1450:4000::/36 ip6:2c0f:fb50:4000::/36 include:_netblocks3.google.com ip4:208.115.214.0/24 ip4:74.63.202.0/24 ip4:75.126.200.128/27 ip4:75.126.253.0/24 ip4:67.228.50.32/27 ip4:174.36.80.208/28"
# ;_spf4.campusexplorer.com.   SPF     "v=spf1 ip4:174.36.92.96/27 ip4:69.162.98.0/24 ip4:74.63.194.0/24 ip4:74.63.234.0/24 ip4:74.63.235.0/24 ip4:208.115.235.0/24 ip4:74.63.231.0/24 ip4:74.63.247.0/24 ip4:74.63.236.0/24 ip4:208.115.239.0/24 ip4:173.193.132.0/24 ip4:173.193.133.0/24"
# ;_spf4.campusexplorer.com.   TXT     "v=spf1 ip4:174.36.92.96/27 ip4:69.162.98.0/24 ip4:74.63.194.0/24 ip4:74.63.234.0/24 ip4:74.63.235.0/24 ip4:208.115.235.0/24 ip4:74.63.231.0/24 ip4:74.63.247.0/24 ip4:74.63.236.0/24 ip4:208.115.239.0/24 ip4:173.193.132.0/24 ip4:173.193.133.0/24"
# ;_spf5.campusexplorer.com.   SPF     "v=spf1 ip4:208.117.48.0/20 ip4:50.31.32.0/19 ip4:198.37.144.0/20 ip4:198.21.0.0/21 ip4:96.43.144.0/20 ip4:182.50.76.0/22 ip4:202.129.242.0/23 ip4:204.14.232.0/21 ip4:62.17.146.128/26 ip4:64.18.0.0/20 ip4:207.126.144.0/20 ip4:64.18.7.11 ip4:64.18.7.13"
# ;_spf5.campusexplorer.com.   TXT     "v=spf1 ip4:208.117.48.0/20 ip4:50.31.32.0/19 ip4:198.37.144.0/20 ip4:198.21.0.0/21 ip4:96.43.144.0/20 ip4:182.50.76.0/22 ip4:202.129.242.0/23 ip4:204.14.232.0/21 ip4:62.17.146.128/26 ip4:64.18.0.0/20 ip4:207.126.144.0/20 ip4:64.18.7.11 ip4:64.18.7.13"
# ;_spf6.campusexplorer.com.   SPF     "v=spf1 ip4:64.18.7.14 ip4:64.18.7.10 ip4:4.34.83.138 ip4:76.79.193.70 ip4:23.21.139.17 ip4:204.14.234.64/28 ip4:182.50.78.64/28 ip4:96.43.148.64/31"
# ;_spf6.campusexplorer.com.   TXT     "v=spf1 ip4:64.18.7.14 ip4:64.18.7.10 ip4:4.34.83.138 ip4:76.79.193.70 ip4:23.21.139.17 ip4:204.14.234.64/28 ip4:182.50.78.64/28 ip4:96.43.148.64/31"
# *    600    IN    TXT    "v=spf1 include:_spf1.campusexplorer.com include:_spf2.campusexplorer.com include:_spf3.campusexplorer.com include:_spf4.campusexplorer.com include:_spf5.campusexplorer.com ~all"
# _spf.campusexplorer.com.    600    IN    TXT    "v=spf1 include:_spf1.campusexplorer.com include:_spf2.campusexplorer.com include:_spf3.campusexplorer.com include:_spf4.campusexplorer.com include:_spf5.campusexplorer.com ~all"
# @    600    IN    TXT    "v=spf1 include:_spf1.campusexplorer.com include:_spf2.campusexplorer.com include:_spf3.campusexplorer.com include:_spf4.campusexplorer.com include:_spf5.campusexplorer.com ~all"
# *    600    IN    SPF    "v=spf1 include:_spf1.campusexplorer.com include:_spf2.campusexplorer.com include:_spf3.campusexplorer.com include:_spf4.campusexplorer.com include:_spf5.campusexplorer.com ~all"
# _spf.campusexplorer.com.    600    IN    SPF    "v=spf1 include:_spf1.campusexplorer.com include:_spf2.campusexplorer.com include:_spf3.campusexplorer.com include:_spf4.campusexplorer.com include:_spf5.campusexplorer.com ~all"
# @    600    IN    SPF    "v=spf1 include:_spf1.campusexplorer.com include:_spf2.campusexplorer.com include:_spf3.campusexplorer.com include:_spf4.campusexplorer.com include:_spf5.campusexplorer.com ~all"
# _spf1.campusexplorer.com.    600    IN    TXT    "v=spf1 ip4:173.193.132.0/24 ip4:173.193.133.0/24 ip4:173.194.0.0/16 ip4:174.36.80.208/28 ip4:174.36.92.96/27 ip4:182.50.76.0/22 ip4:182.50.78.64/28 ip4:198.21.0.0/21 ip4:198.37.144.0/20 ip4:202.129.242.0/23 ip4:204.14.232.0/21 ip4:204.14.234.64/28"
# _spf2.campusexplorer.com.    600    IN    TXT    "v=spf1 ip4:207.126.144.0/20 ip4:208.115.214.0/24 ip4:208.115.235.0/24 ip4:208.115.239.0/24 ip4:208.117.48.0/20 ip4:209.85.128.0/17 ip4:216.239.32.0/19 ip4:23.21.139.17 ip4:4.34.83.138 ip4:50.31.32.0/19 ip4:62.17.146.128/26 ip4:64.18.0.0/20"
# _spf3.campusexplorer.com.    600    IN    TXT    "v=spf1 ip4:64.18.7.10 ip4:64.18.7.11 ip4:64.18.7.13 ip4:64.18.7.14 ip4:64.233.160.0/19 ip4:66.102.0.0/20 ip4:66.249.80.0/20 ip4:67.228.50.32/27 ip4:69.162.98.0/24 ip4:72.14.192.0/18 ip4:74.125.0.0/16 ip4:74.63.194.0/24 ip4:74.63.202.0/24"
# _spf4.campusexplorer.com.    600    IN    TXT    "v=spf1 ip4:74.63.231.0/24 ip4:74.63.234.0/24 ip4:74.63.235.0/24 ip4:74.63.236.0/24 ip4:74.63.247.0/24 ip4:75.126.200.128/27 ip4:75.126.253.0/24 ip4:76.79.193.70 ip4:96.43.144.0/20 ip4:96.43.148.64/31 ip6:2001:4860:4000::/36"
# _spf5.campusexplorer.com.    600    IN    TXT    "v=spf1 ip6:2404:6800:4000::/36 ip6:2607:f8b0:4000::/36 ip6:2800:3f0:4000::/36 ip6:2a00:1450:4000::/36 ip6:2c0f:fb50:4000::/36"
# _spf1.campusexplorer.com.    600    IN    SPF    "v=spf1 ip4:173.193.132.0/24 ip4:173.193.133.0/24 ip4:173.194.0.0/16 ip4:174.36.80.208/28 ip4:174.36.92.96/27 ip4:182.50.76.0/22 ip4:182.50.78.64/28 ip4:198.21.0.0/21 ip4:198.37.144.0/20 ip4:202.129.242.0/23 ip4:204.14.232.0/21 ip4:204.14.234.64/28"
# _spf2.campusexplorer.com.    600    IN    SPF    "v=spf1 ip4:207.126.144.0/20 ip4:208.115.214.0/24 ip4:208.115.235.0/24 ip4:208.115.239.0/24 ip4:208.117.48.0/20 ip4:209.85.128.0/17 ip4:216.239.32.0/19 ip4:23.21.139.17 ip4:4.34.83.138 ip4:50.31.32.0/19 ip4:62.17.146.128/26 ip4:64.18.0.0/20"
# _spf3.campusexplorer.com.    600    IN    SPF    "v=spf1 ip4:64.18.7.10 ip4:64.18.7.11 ip4:64.18.7.13 ip4:64.18.7.14 ip4:64.233.160.0/19 ip4:66.102.0.0/20 ip4:66.249.80.0/20 ip4:67.228.50.32/27 ip4:69.162.98.0/24 ip4:72.14.192.0/18 ip4:74.125.0.0/16 ip4:74.63.194.0/24 ip4:74.63.202.0/24"
# _spf4.campusexplorer.com.    600    IN    SPF    "v=spf1 ip4:74.63.231.0/24 ip4:74.63.234.0/24 ip4:74.63.235.0/24 ip4:74.63.236.0/24 ip4:74.63.247.0/24 ip4:75.126.200.128/27 ip4:75.126.253.0/24 ip4:76.79.193.70 ip4:96.43.144.0/20 ip4:96.43.148.64/31 ip6:2001:4860:4000::/36"
# _spf5.campusexplorer.com.    600    IN    SPF    "v=spf1 ip6:2404:6800:4000::/36 ip6:2607:f8b0:4000::/36 ip6:2800:3f0:4000::/36 ip6:2a00:1450:4000::/36 ip6:2c0f:fb50:4000::/36"
# 
# greasy  CNAME   333.444.555.6.
# granny  CNAME   666.777.888.9.
# Got: 
# $ORIGIN campusexplorer.com.
# 
# yo      CNAME   111.222.333.4.
# mama    CNAME   222.333.444.5.
# 
# ;*               TXT     "v=spf1 include:_spf2.campusexplorer.com include:_spf3.campusexplorer.com include:_spf4.campusexplorer.com include:_spf5.campusexplorer.com include:_spf6.campusexplorer.com ~all"
# ;*               SPF     "v=spf1 include:_spf2.campusexplorer.com include:_spf3.campusexplorer.com include:_spf4.campusexplorer.com include:_spf5.campusexplorer.com include:_spf6.campusexplorer.com ~all"
# ;@               TXT     "v=spf1 include:_spf2.campusexplorer.com include:_spf3.campusexplorer.com include:_spf4.campusexplorer.com include:_spf5.campusexplorer.com include:_spf6.campusexplorer.com ~all"
# ;@               SPF     "v=spf1 include:_spf2.campusexplorer.com include:_spf3.campusexplorer.com include:_spf4.campusexplorer.com include:_spf5.campusexplorer.com include:_spf6.campusexplorer.com ~all"
# ;_spf.campusexplorer.com.    SPF     "v=spf1 include:_spf2.campusexplorer.com include:_spf3.campusexplorer.com include:_spf4.campusexplorer.com include:_spf5.campusexplorer.com include:_spf6.campusexplorer.com ~all"
# ;_spf.campusexplorer.com.    TXT     "v=spf1 include:_spf2.campusexplorer.com include:_spf3.campusexplorer.com include:_spf4.campusexplorer.com include:_spf5.campusexplorer.com include:_spf6.campusexplorer.com ~all"
# ;_spf2.campusexplorer.com.   SPF     "v=spf1 ip4:216.239.32.0/19 ip4:64.233.160.0/19 ip4:66.249.80.0/20 ip4:72.14.192.0/18 ip4:209.85.128.0/17 ip4:66.102.0.0/20 ip4:74.125.0.0/16 ip4:64.18.0.0/20 ip4:207.126.144.0/20 ip4:173.194.0.0/16 ip6:2001:4860:4000::/36 ip6:2404:6800:4000::/36"
# ;_spf2.campusexplorer.com.   TXT     "v=spf1 ip4:216.239.32.0/19 ip4:64.233.160.0/19 ip4:66.249.80.0/20 ip4:72.14.192.0/18 ip4:209.85.128.0/17 ip4:66.102.0.0/20 ip4:74.125.0.0/16 ip4:64.18.0.0/20 ip4:207.126.144.0/20 ip4:173.194.0.0/16 ip6:2001:4860:4000::/36 ip6:2404:6800:4000::/36"
# ;_spf3.campusexplorer.com.   SPF     "v=spf1 ip6:2607:f8b0:4000::/36 ip6:2800:3f0:4000::/36 ip6:2a00:1450:4000::/36 ip6:2c0f:fb50:4000::/36 include:_netblocks3.google.com ip4:208.115.214.0/24 ip4:74.63.202.0/24 ip4:75.126.200.128/27 ip4:75.126.253.0/24 ip4:67.228.50.32/27 ip4:174.36.80.208/28"
# ;_spf3.campusexplorer.com.   TXT     "v=spf1 ip6:2607:f8b0:4000::/36 ip6:2800:3f0:4000::/36 ip6:2a00:1450:4000::/36 ip6:2c0f:fb50:4000::/36 include:_netblocks3.google.com ip4:208.115.214.0/24 ip4:74.63.202.0/24 ip4:75.126.200.128/27 ip4:75.126.253.0/24 ip4:67.228.50.32/27 ip4:174.36.80.208/28"
# ;_spf4.campusexplorer.com.   SPF     "v=spf1 ip4:174.36.92.96/27 ip4:69.162.98.0/24 ip4:74.63.194.0/24 ip4:74.63.234.0/24 ip4:74.63.235.0/24 ip4:208.115.235.0/24 ip4:74.63.231.0/24 ip4:74.63.247.0/24 ip4:74.63.236.0/24 ip4:208.115.239.0/24 ip4:173.193.132.0/24 ip4:173.193.133.0/24"
# ;_spf4.campusexplorer.com.   TXT     "v=spf1 ip4:174.36.92.96/27 ip4:69.162.98.0/24 ip4:74.63.194.0/24 ip4:74.63.234.0/24 ip4:74.63.235.0/24 ip4:208.115.235.0/24 ip4:74.63.231.0/24 ip4:74.63.247.0/24 ip4:74.63.236.0/24 ip4:208.115.239.0/24 ip4:173.193.132.0/24 ip4:173.193.133.0/24"
# ;_spf5.campusexplorer.com.   SPF     "v=spf1 ip4:208.117.48.0/20 ip4:50.31.32.0/19 ip4:198.37.144.0/20 ip4:198.21.0.0/21 ip4:96.43.144.0/20 ip4:182.50.76.0/22 ip4:202.129.242.0/23 ip4:204.14.232.0/21 ip4:62.17.146.128/26 ip4:64.18.0.0/20 ip4:207.126.144.0/20 ip4:64.18.7.11 ip4:64.18.7.13"
# ;_spf5.campusexplorer.com.   TXT     "v=spf1 ip4:208.117.48.0/20 ip4:50.31.32.0/19 ip4:198.37.144.0/20 ip4:198.21.0.0/21 ip4:96.43.144.0/20 ip4:182.50.76.0/22 ip4:202.129.242.0/23 ip4:204.14.232.0/21 ip4:62.17.146.128/26 ip4:64.18.0.0/20 ip4:207.126.144.0/20 ip4:64.18.7.11 ip4:64.18.7.13"
# ;_spf6.campusexplorer.com.   SPF     "v=spf1 ip4:64.18.7.14 ip4:64.18.7.10 ip4:4.34.83.138 ip4:76.79.193.70 ip4:23.21.139.17 ip4:204.14.234.64/28 ip4:182.50.78.64/28 ip4:96.43.148.64/31"
# ;_spf6.campusexplorer.com.   TXT     "v=spf1 ip4:64.18.7.14 ip4:64.18.7.10 ip4:4.34.83.138 ip4:76.79.193.70 ip4:23.21.139.17 ip4:204.14.234.64/28 ip4:182.50.78.64/28 ip4:96.43.148.64/31"
# *    600    IN    TXT         "v=spf1 include:_spf1.campusexplorer.com include:_spf2.campusexplorer.com include:_spf3.campusexplorer.com include:_spf4.campusexplorer.com include:_spf5.campusexplorer.com ~all"    
# _spf.campusexplorer.com.    600    IN    TXT         "v=spf1 include:_spf1.campusexplorer.com include:_spf2.campusexplorer.com include:_spf3.campusexplorer.com include:_spf4.campusexplorer.com include:_spf5.campusexplorer.com ~all"    
# @    600    IN    TXT         "v=spf1 include:_spf1.campusexplorer.com include:_spf2.campusexplorer.com include:_spf3.campusexplorer.com include:_spf4.campusexplorer.com include:_spf5.campusexplorer.com ~all"    
# *    600    IN    SPF         "v=spf1 include:_spf1.campusexplorer.com include:_spf2.campusexplorer.com include:_spf3.campusexplorer.com include:_spf4.campusexplorer.com include:_spf5.campusexplorer.com ~all"    
# _spf.campusexplorer.com.    600    IN    SPF         "v=spf1 include:_spf1.campusexplorer.com include:_spf2.campusexplorer.com include:_spf3.campusexplorer.com include:_spf4.campusexplorer.com include:_spf5.campusexplorer.com ~all"    
# @    600    IN    SPF         "v=spf1 include:_spf1.campusexplorer.com include:_spf2.campusexplorer.com include:_spf3.campusexplorer.com include:_spf4.campusexplorer.com include:_spf5.campusexplorer.com ~all"    
# _spf1.campusexplorer.com.    600    IN    TXT    ( 
#     "v=spf1 ip4:173.193.132.0/24 ip4:173.193.133.0/24 ip4:173.194.0.0/16 ip4:174.36.80.208/28 ip4:174.36.92.96/27 ip4:182.50.76.0/22 ip4:182.50.78.64/28 ip4:198.21.0.0/21 ip4:198.37.144.0/20 ip4:202.129.242.0/23 ip4:204.14.232.0/21 ip4:204.14.234.64/28"
#     )
# _spf2.campusexplorer.com.    600    IN    TXT    ( 
#     "v=spf1 ip4:207.126.144.0/20 ip4:208.115.214.0/24 ip4:208.115.235.0/24 ip4:208.115.239.0/24 ip4:208.117.48.0/20 ip4:209.85.128.0/17 ip4:216.239.32.0/19 ip4:23.21.139.17 ip4:4.34.83.138 ip4:50.31.32.0/19 ip4:62.17.146.128/26 ip4:64.18.0.0/20"
#     )
# _spf3.campusexplorer.com.    600    IN    TXT    ( 
#     "v=spf1 ip4:64.18.7.10 ip4:64.18.7.11 ip4:64.18.7.13 ip4:64.18.7.14 ip4:64.233.160.0/19 ip4:66.102.0.0/20 ip4:66.249.80.0/20 ip4:67.228.50.32/27 ip4:69.162.98.0/24 ip4:72.14.192.0/18 ip4:74.125.0.0/16 ip4:74.63.194.0/24 ip4:74.63.202.0/24"
#     )
# _spf4.campusexplorer.com.    600    IN    TXT    ( 
#     "v=spf1 ip4:74.63.231.0/24 ip4:74.63.234.0/24 ip4:74.63.235.0/24 ip4:74.63.236.0/24 ip4:74.63.247.0/24 ip4:75.126.200.128/27 ip4:75.126.253.0/24 ip4:76.79.193.70 ip4:96.43.144.0/20 ip4:96.43.148.64/31 ip6:2001:4860:4000::/36"
#     )
# _spf5.campusexplorer.com.    600    IN    TXT    ( 
#     "v=spf1 ip6:2404:6800:4000::/36 ip6:2607:f8b0:4000::/36 ip6:2800:3f0:4000::/36 ip6:2a00:1450:4000::/36 ip6:2c0f:fb50:4000::/36"
#     )
# _spf1.campusexplorer.com.    600    IN    SPF    ( 
#     "v=spf1 ip4:173.193.132.0/24 ip4:173.193.133.0/24 ip4:173.194.0.0/16 ip4:174.36.80.208/28 ip4:174.36.92.96/27 ip4:182.50.76.0/22 ip4:182.50.78.64/28 ip4:198.21.0.0/21 ip4:198.37.144.0/20 ip4:202.129.242.0/23 ip4:204.14.232.0/21 ip4:204.14.234.64/28"
#     )
# _spf2.campusexplorer.com.    600    IN    SPF    ( 
#     "v=spf1 ip4:207.126.144.0/20 ip4:208.115.214.0/24 ip4:208.115.235.0/24 ip4:208.115.239.0/24 ip4:208.117.48.0/20 ip4:209.85.128.0/17 ip4:216.239.32.0/19 ip4:23.21.139.17 ip4:4.34.83.138 ip4:50.31.32.0/19 ip4:62.17.146.128/26 ip4:64.18.0.0/20"
#     )
# _spf3.campusexplorer.com.    600    IN    SPF    ( 
#     "v=spf1 ip4:64.18.7.10 ip4:64.18.7.11 ip4:64.18.7.13 ip4:64.18.7.14 ip4:64.233.160.0/19 ip4:66.102.0.0/20 ip4:66.249.80.0/20 ip4:67.228.50.32/27 ip4:69.162.98.0/24 ip4:72.14.192.0/18 ip4:74.125.0.0/16 ip4:74.63.194.0/24 ip4:74.63.202.0/24"
#     )
# _spf4.campusexplorer.com.    600    IN    SPF    ( 
#     "v=spf1 ip4:74.63.231.0/24 ip4:74.63.234.0/24 ip4:74.63.235.0/24 ip4:74.63.236.0/24 ip4:74.63.247.0/24 ip4:75.126.200.128/27 ip4:75.126.253.0/24 ip4:76.79.193.70 ip4:96.43.144.0/20 ip4:96.43.148.64/31 ip6:2001:4860:4000::/36"
#     )
# _spf5.campusexplorer.com.    600    IN    SPF    ( 
#     "v=spf1 ip6:2404:6800:4000::/36 ip6:2607:f8b0:4000::/36 ip6:2800:3f0:4000::/36 ip6:2a00:1450:4000::/36 ip6:2c0f:fb50:4000::/36"
#     )
# 
# greasy  CNAME   333.444.555.6.
# granny  CNAME   666.777.888.9.

#   Failed test 'The text of the new file is what I expected'
#   at t/integration-idempotency.t line 84.
# Looks like you failed 1 test of 7.
t/integration-idempotency.t .... 
Dubious, test returned 1 (wstat 256, 0x100)
Failed 1/7 subtests 

#   Failed test 'The text of the new file is what I expected'
#   at t/integration-multi-record.t line 59.
# +---+----------------------------------------------------------------------------------------------------------------------------------------------------------------------------------------------------------------------------------------------------+---+----------------------------------------------------------------------------------------------------------------------------------------------------------------------------------------------------------------------------------------------------------------------------------------------+
# | Ln|Got                                                                                                                                                                                                                                                 | Ln|Expected                                                                                                                                                                                                                                                                                      |
# +---+----------------------------------------------------------------------------------------------------------------------------------------------------------------------------------------------------------------------------------------------------+---+----------------------------------------------------------------------------------------------------------------------------------------------------------------------------------------------------------------------------------------------------------------------------------------------+
# |  1|'$ORIGIN test_zone.com.                                                                                                                                                                                                                             |  1|'$ORIGIN test_zone.com.                                                                                                                                                                                                                                                                       |
# |  2|                                                                                                                                                                                                                                                    |  2|                                                                                                                                                                                                                                                                                              |
# |  3|yo      CNAME   111.222.333.4.                                                                                                                                                                                                                      |  3|yo      CNAME   111.222.333.4.                                                                                                                                                                                                                                                                |
# |  4|mama    CNAME   222.333.444.5.                                                                                                                                                                                                                      |  4|mama    CNAME   222.333.444.5.                                                                                                                                                                                                                                                                |
# |  5|                                                                                                                                                                                                                                                    |  5|                                                                                                                                                                                                                                                                                              |
# |  6|;@               SPF     "v=spf1 include:_spf.google.com ip4:96.43.144.0/20 ~all"                                                                                                                                                                   |  6|;@               SPF     "v=spf1 include:_spf.google.com ip4:96.43.144.0/20 ~all"                                                                                                                                                                                                             |
# |  7|;*               TXT     "v=spf1 include:_spf.google.com ip4:96.43.144.0/20 ~all"                                                                                                                                                                   |  7|;*               TXT     "v=spf1 include:_spf.google.com ip4:96.43.144.0/20 ~all"                                                                                                                                                                                                             |
# *  8|*    600    IN    TXT         "v=spf1 include:_spf1.test_zone.com include:_spf2.test_zone.com ~all"\s\n                                                                                                                                             *  8|*    600    IN    TXT    "v=spf1 include:_spf1.test_zone.com include:_spf2.test_zone.com ~all"\n                                                                                                                                                                                              *
# *  9|@    600    IN    TXT         "v=spf1 include:_spf1.test_zone.com include:_spf2.test_zone.com ~all"\s\n                                                                                                                                             *  9|@    600    IN    TXT    "v=spf1 include:_spf1.test_zone.com include:_spf2.test_zone.com ~all"\n                                                                                                                                                                                              *
# * 10|*    600    IN    SPF         "v=spf1 include:_spf1.test_zone.com include:_spf2.test_zone.com ~all"\s\n                                                                                                                                             * 10|*    600    IN    SPF    "v=spf1 include:_spf1.test_zone.com include:_spf2.test_zone.com ~all"\n                                                                                                                                                                                              *
# * 11|@    600    IN    SPF         "v=spf1 include:_spf1.test_zone.com include:_spf2.test_zone.com ~all"\s\n                                                                                                                                             * 11|@    600    IN    SPF    "v=spf1 include:_spf1.test_zone.com include:_spf2.test_zone.com ~all"\n                                                                                                                                                                                              *
# * 12|_spf1.test_zone.com.    600    IN    TXT    (\s\n                                                                                                                                                                                                   * 12|_spf1.test_zone.com.    600    IN    TXT    "v=spf1 ip4:173.194.0.0/16 ip4:207.126.144.0/20 ip4:209.85.128.0/17 ip4:216.239.32.0/19 ip4:216.58.192.0/19 ip4:64.18.0.0/20 ip4:64.233.160.0/19 ip4:66.102.0.0/20 ip4:66.249.80.0/20 ip4:72.14.192.0/18 ip4:74.125.0.0/16 ip4:96.43.144.0/20"\n  *
# * 13|    "v=spf1 ip4:173.194.0.0/16 ip4:207.126.144.0/20 ip4:209.85.128.0/17 ip4:216.239.32.0/19 ip4:216.58.192.0/19 ip4:64.18.0.0/20 ip4:64.233.160.0/19 ip4:66.102.0.0/20 ip4:66.249.80.0/20 ip4:72.14.192.0/18 ip4:74.125.0.0/16 ip4:96.43.144.0/20"  * 13|_spf2.test_zone.com.    600    IN    TXT    "v=spf1 ip6:2001:4860:4000::/36 ip6:2404:6800:4000::/36 ip6:2607:f8b0:4000::/36 ip6:2800:3f0:4000::/36 ip6:2a00:1450:4000::/36 ip6:2c0f:fb50:4000::/36"                                                                                           *
# * 14|    )                                                                                                                                                                                                                                               * 14|_spf1.test_zone.com.    600    IN    SPF    "v=spf1 ip4:173.194.0.0/16 ip4:207.126.144.0/20 ip4:209.85.128.0/17 ip4:216.239.32.0/19 ip4:216.58.192.0/19 ip4:64.18.0.0/20 ip4:64.233.160.0/19 ip4:66.102.0.0/20 ip4:66.249.80.0/20 ip4:72.14.192.0/18 ip4:74.125.0.0/16 ip4:96.43.144.0/20"    *
# * 15|_spf2.test_zone.com.    600    IN    TXT    (\s\n                                                                                                                                                                                                   * 15|_spf2.test_zone.com.    600    IN    SPF    "v=spf1 ip6:2001:4860:4000::/36 ip6:2404:6800:4000::/36 ip6:2607:f8b0:4000::/36 ip6:2800:3f0:4000::/36 ip6:2a00:1450:4000::/36 ip6:2c0f:fb50:4000::/36"\n                                                                                         *
# * 16|    "v=spf1 ip6:2001:4860:4000::/36 ip6:2404:6800:4000::/36 ip6:2607:f8b0:4000::/36 ip6:2800:3f0:4000::/36 ip6:2a00:1450:4000::/36 ip6:2c0f:fb50:4000::/36"                                                                                         *   |                                                                                                                                                                                                                                                                                              |
# * 17|    )                                                                                                                                                                                                                                               *   |                                                                                                                                                                                                                                                                                              |
# * 18|_spf1.test_zone.com.    600    IN    SPF    (                                                                                                                                                                                                       *   |                                                                                                                                                                                                                                                                                              |
# * 19|    "v=spf1 ip4:173.194.0.0/16 ip4:207.126.144.0/20 ip4:209.85.128.0/17 ip4:216.239.32.0/19 ip4:216.58.192.0/19 ip4:64.18.0.0/20 ip4:64.233.160.0/19 ip4:66.102.0.0/20 ip4:66.249.80.0/20 ip4:72.14.192.0/18 ip4:74.125.0.0/16 ip4:96.43.144.0/20"  *   |                                                                                                                                                                                                                                                                                              |
# * 20|    )                                                                                                                                                                                                                                               *   |                                                                                                                                                                                                                                                                                              |
# * 21|_spf2.test_zone.com.    600    IN    SPF    (                                                                                                                                                                                                       *   |                                                                                                                                                                                                                                                                                              |
# * 22|    "v=spf1 ip6:2001:4860:4000::/36 ip6:2404:6800:4000::/36 ip6:2607:f8b0:4000::/36 ip6:2800:3f0:4000::/36 ip6:2a00:1450:4000::/36 ip6:2c0f:fb50:4000::/36"                                                                                         *   |                                                                                                                                                                                                                                                                                              |
# * 23|    )                                                                                                                                                                                                                                               *   |                                                                                                                                                                                                                                                                                              |
# | 24|                                                                                                                                                                                                                                                    | 16|                                                                                                                                                                                                                                                                                              |
# | 25|greasy  CNAME   333.444.555.6.                                                                                                                                                                                                                      | 17|greasy  CNAME   333.444.555.6.                                                                                                                                                                                                                                                                |
# | 26|granny  CNAME   666.777.888.9.                                                                                                                                                                                                                      | 18|granny  CNAME   666.777.888.9.                                                                                                                                                                                                                                                                |
# | 27|'                                                                                                                                                                                                                                                   | 19|'                                                                                                                                                                                                                                                                                             |
# +---+----------------------------------------------------------------------------------------------------------------------------------------------------------------------------------------------------------------------------------------------------+---+----------------------------------------------------------------------------------------------------------------------------------------------------------------------------------------------------------------------------------------------------------------------------------------------+
# Looks like you failed 1 test of 7.
t/integration-multi-record.t ... 
Dubious, test returned 1 (wstat 256, 0x100)
Failed 1/7 subtests 

#   Failed test 'The text of the new file is what I expected'
#   at t/integration-single-record.t line 55.
# +---+--------------------------------------------------------------------------------------------------------------------------------------------------------------------------------------------------------------------------------------------------------------+---+-------------------------------------------------------------------------------------------------------------------------------------------------------------------------------------------------------------------------------------------------------------------------------------+
# | Ln|Got                                                                                                                                                                                                                                                           | Ln|Expected                                                                                                                                                                                                                                                                             |
# +---+--------------------------------------------------------------------------------------------------------------------------------------------------------------------------------------------------------------------------------------------------------------+---+-------------------------------------------------------------------------------------------------------------------------------------------------------------------------------------------------------------------------------------------------------------------------------------+
# |  1|'$ORIGIN test_zone.com.                                                                                                                                                                                                                                       |  1|'$ORIGIN test_zone.com.                                                                                                                                                                                                                                                              |
# |  2|                                                                                                                                                                                                                                                              |  2|                                                                                                                                                                                                                                                                                     |
# |  3|yo      CNAME   111.222.333.4.                                                                                                                                                                                                                                |  3|yo      CNAME   111.222.333.4.                                                                                                                                                                                                                                                       |
# |  4|mama    CNAME   222.333.444.5.                                                                                                                                                                                                                                |  4|mama    CNAME   222.333.444.5.                                                                                                                                                                                                                                                       |
# |  5|                                                                                                                                                                                                                                                              |  5|                                                                                                                                                                                                                                                                                     |
# |  6|;@               SPF     "v=spf1 include:sendgrid.biz ~all"                                                                                                                                                                                                   |  6|;@               SPF     "v=spf1 include:sendgrid.biz ~all"                                                                                                                                                                                                                          |
# |  7|;*               TXT     "v=spf1 include:sendgrid.biz ~all"                                                                                                                                                                                                   |  7|;*               TXT     "v=spf1 include:sendgrid.biz ~all"                                                                                                                                                                                                                          |
# *  8|*    600    IN    TXT    (\s\n                                                                                                                                                                                                                                *  8|*    600    IN    TXT    "v=spf1 ip4:167.89.0.0/17 ip4:173.193.132.0/23 ip4:192.254.112.0/20 ip4:198.21.0.0/21 ip4:198.37.144.0/20 ip4:208.115.235.0/24 ip4:208.115.239.0/24 ip4:208.117.48.0/20 ip4:50.31.32.0/19 ip4:74.63.231.0/24 ip4:74.63.236.0/24 ip4:74.63.247.0/24 ~all"\n  *
# *  9|    "v=spf1 ip4:167.89.0.0/17 ip4:173.193.132.0/23 ip4:192.254.112.0/20 ip4:198.21.0.0/21 ip4:198.37.144.0/20 ip4:208.115.235.0/24 ip4:208.115.239.0/24 ip4:208.117.48.0/20 ip4:50.31.32.0/19 ip4:74.63.231.0/24 ip4:74.63.236.0/24 ip4:74.63.247.0/24 ~all"  *  9|*    600    IN    SPF    "v=spf1 ip4:167.89.0.0/17 ip4:173.193.132.0/23 ip4:192.254.112.0/20 ip4:198.21.0.0/21 ip4:198.37.144.0/20 ip4:208.115.235.0/24 ip4:208.115.239.0/24 ip4:208.117.48.0/20 ip4:50.31.32.0/19 ip4:74.63.231.0/24 ip4:74.63.236.0/24 ip4:74.63.247.0/24 ~all"    *
# * 10|    )                                                                                                                                                                                                                                                         * 10|@    600    IN    TXT    "v=spf1 ip4:167.89.0.0/17 ip4:173.193.132.0/23 ip4:192.254.112.0/20 ip4:198.21.0.0/21 ip4:198.37.144.0/20 ip4:208.115.235.0/24 ip4:208.115.239.0/24 ip4:208.117.48.0/20 ip4:50.31.32.0/19 ip4:74.63.231.0/24 ip4:74.63.236.0/24 ip4:74.63.247.0/24 ~all"    *
# * 11|*    600    IN    SPF    (\s\n                                                                                                                                                                                                                                * 11|@    600    IN    SPF    "v=spf1 ip4:167.89.0.0/17 ip4:173.193.132.0/23 ip4:192.254.112.0/20 ip4:198.21.0.0/21 ip4:198.37.144.0/20 ip4:208.115.235.0/24 ip4:208.115.239.0/24 ip4:208.117.48.0/20 ip4:50.31.32.0/19 ip4:74.63.231.0/24 ip4:74.63.236.0/24 ip4:74.63.247.0/24 ~all"\n  *
# * 12|    "v=spf1 ip4:167.89.0.0/17 ip4:173.193.132.0/23 ip4:192.254.112.0/20 ip4:198.21.0.0/21 ip4:198.37.144.0/20 ip4:208.115.235.0/24 ip4:208.115.239.0/24 ip4:208.117.48.0/20 ip4:50.31.32.0/19 ip4:74.63.231.0/24 ip4:74.63.236.0/24 ip4:74.63.247.0/24 ~all"  *   |                                                                                                                                                                                                                                                                                     |
# * 13|    )                                                                                                                                                                                                                                                         *   |                                                                                                                                                                                                                                                                                     |
# * 14|@    600    IN    TXT    (                                                                                                                                                                                                                                    *   |                                                                                                                                                                                                                                                                                     |
# * 15|    "v=spf1 ip4:167.89.0.0/17 ip4:173.193.132.0/23 ip4:192.254.112.0/20 ip4:198.21.0.0/21 ip4:198.37.144.0/20 ip4:208.115.235.0/24 ip4:208.115.239.0/24 ip4:208.117.48.0/20 ip4:50.31.32.0/19 ip4:74.63.231.0/24 ip4:74.63.236.0/24 ip4:74.63.247.0/24 ~all"  *   |                                                                                                                                                                                                                                                                                     |
# * 16|    )                                                                                                                                                                                                                                                         *   |                                                                                                                                                                                                                                                                                     |
# * 17|@    600    IN    SPF    (                                                                                                                                                                                                                                    *   |                                                                                                                                                                                                                                                                                     |
# * 18|    "v=spf1 ip4:167.89.0.0/17 ip4:173.193.132.0/23 ip4:192.254.112.0/20 ip4:198.21.0.0/21 ip4:198.37.144.0/20 ip4:208.115.235.0/24 ip4:208.115.239.0/24 ip4:208.117.48.0/20 ip4:50.31.32.0/19 ip4:74.63.231.0/24 ip4:74.63.236.0/24 ip4:74.63.247.0/24 ~all"  *   |                                                                                                                                                                                                                                                                                     |
# * 19|    )                                                                                                                                                                                                                                                         *   |                                                                                                                                                                                                                                                                                     |
# | 20|                                                                                                                                                                                                                                                              | 12|                                                                                                                                                                                                                                                                                     |
# | 21|greasy  CNAME   333.444.555.6.                                                                                                                                                                                                                                | 13|greasy  CNAME   333.444.555.6.                                                                                                                                                                                                                                                       |
# | 22|granny  CNAME   666.777.888.9.                                                                                                                                                                                                                                | 14|granny  CNAME   666.777.888.9.                                                                                                                                                                                                                                                       |
# | 23|'                                                                                                                                                                                                                                                             | 15|'                                                                                                                                                                                                                                                                                    |
# +---+--------------------------------------------------------------------------------------------------------------------------------------------------------------------------------------------------------------------------------------------------------------+---+-------------------------------------------------------------------------------------------------------------------------------------------------------------------------------------------------------------------------------------------------------------------------------------+
# Looks like you failed 1 test of 7.
t/integration-single-record.t .. 
Dubious, test returned 1 (wstat 256, 0x100)
Failed 1/7 subtests 
t/record-value-length.t ........ ok

Test Summary Report
-------------------
t/integration-idempotency.t  (Wstat: 256 Tests: 7 Failed: 1)
  Failed test:  7
  Non-zero exit status: 1
t/integration-multi-record.t (Wstat: 256 Tests: 7 Failed: 1)
  Failed test:  7
  Non-zero exit status: 1
t/integration-single-record.t (Wstat: 256 Tests: 7 Failed: 1)
  Failed test:  7
  Non-zero exit status: 1
Files=4, Tests=42,  9 wallclock secs ( 0.02 usr  0.01 sys +  1.46 cusr  0.10 csys =  1.59 CPU)
Result: FAIL
Failed 3/4 test programs. 3/42 subtests failed.
Makefile:881: recipe for target 'test_dynamic' failed
make: *** [test_dynamic] Error 255

------------------------------
PREREQUISITES
------------------------------

Prerequisite modules loaded:

requires:

    Module                 Need Have    
    ---------------------- ---- --------
    IO::All                0    0.86    
    List::AllUtils         0    0.09    
    Moose                  0    2.1405  
    MooseX::Getopt         0    0.68    
    MooseX::Types::IO::All 0    0.04    
    Net::DNS::Resolver     0    1356    
    Net::DNS::ZoneFile     0    1370    
    Scalar::Util           0    1.42    
    strict                 0    1.07    
    warnings               0    1.13    

build_requires:

    Module                 Need Have    
    ---------------------- ---- --------
    Data::Printer          0    0.36    
    ExtUtils::MakeMaker    0    7.04    
    lib                    0    0.63    
    Test::Differences      0    0.63    
    Test::Exception        0    0.40    
    Test::More             0    1.001014

configure_requires:

    Module                 Need Have    
    ---------------------- ---- --------
    ExtUtils::MakeMaker    0    7.04    


------------------------------
ENVIRONMENT AND OTHER CONTEXT
------------------------------

Environment variables:

    AUTOMATED_TESTING = 1
    LANG = en_US.UTF-8
    PATH = /usr/local/bin:/usr/bin:/bin:/usr/local/games:/usr/games
    PERL5LIB = 
    PERL5OPT = 
    PERL5_CPANPLUS_IS_RUNNING = 24721
    PERL5_CPAN_IS_RUNNING = 24721
    PERL5_CPAN_IS_RUNNING_IN_RECURSION = 4714,24721
    PERL_CR_SMOKER_CURRENT = Net-DNS-SPF-Expander-0.016
    PERL_EXTUTILS_AUTOINSTALL = --defaultdeps
    PERL_MM_USE_DEFAULT = 1
    SHELL = /bin/bash
    TERM = xterm

Perl special variables (and OS-specific diagnostics, for MSWin32):

    $^X = /home/stro/perl/5.16.3m/bin/perl
    $UID/$EUID = 1000 / 1000
    $GID = 1000 24 25 29 30 44 46 108 114 1000
    $EGID = 1000 24 25 29 30 44 46 108 114 1000

Perl module toolchain versions installed:

    Module              Have    
    ------------------- --------
    CPAN                1.9800  
    CPAN::Meta          2.150005
    Cwd                 3.47    
    ExtUtils::CBuilder  0.280206
    ExtUtils::Command   1.17    
    ExtUtils::Install   1.58    
    ExtUtils::MakeMaker 7.04    
    ExtUtils::Manifest  1.70    
    ExtUtils::ParseXS   3.24    
    File::Spec          3.47    
    JSON                2.90    
    JSON::PP            2.27203 
    Module::Build       0.4214  
    Module::Signature   n/a     
    Parse::CPAN::Meta   1.4417  
    Test::Harness       3.35    
    Test::More          1.001014
    YAML                1.15    
    YAML::Syck          1.29    
    version             0.9912  


--

Summary of my perl5 (revision 5 version 16 subversion 3) configuration:
   
  Platform:
    osname=linux, osvers=3.16.0-4-amd64, archname=x86_64-linux-multi
    uname='linux vm-debian-001 3.16.0-4-amd64 #1 smp debian 3.16.7-ckt11-1 (2015-05-24) x86_64 gnulinux '
    config_args=''
    hint=recommended, useposix=true, d_sigaction=define
    useithreads=undef, usemultiplicity=define
    useperlio=define, d_sfio=undef, uselargefiles=define, usesocks=undef
    use64bitint=define, use64bitall=define, uselongdouble=undef
    usemymalloc=n, bincompat5005=undef
  Compiler:
    cc='cc', ccflags ='-fno-strict-aliasing -pipe -fstack-protector -I/usr/local/include -D_LARGEFILE_SOURCE -D_FILE_OFFSET_BITS=64',
    optimize='-O2',
    cppflags='-fno-strict-aliasing -pipe -fstack-protector -I/usr/local/include'
    ccversion='', gccversion='4.9.2', gccosandvers=''
    intsize=4, longsize=8, ptrsize=8, doublesize=8, byteorder=12345678
    d_longlong=define, longlongsize=8, d_longdbl=define, longdblsize=16
    ivtype='long', ivsize=8, nvtype='double', nvsize=8, Off_t='off_t', lseeksize=8
    alignbytes=8, prototype=define
  Linker and Libraries:
    ld='cc', ldflags =' -fstack-protector -L/usr/local/lib'
    libpth=/usr/local/lib /lib/x86_64-linux-gnu /lib/../lib /usr/lib/x86_64-linux-gnu /usr/lib/../lib /lib /usr/lib
    libs=-lnsl -ldl -lm -lcrypt -lutil -lc
    perllibs=-lnsl -ldl -lm -lcrypt -lutil -lc
    libc=, so=so, useshrplib=false, libperl=libperl.a
    gnulibc_version='2.19'
  Dynamic Linking:
    dlsrc=dl_dlopen.xs, dlext=so, d_dlsymun=undef, ccdlflags='-Wl,-E'
    cccdlflags='-fPIC', lddlflags='-shared -O2 -L/usr/local/lib -fstack-protector'


Characteristics of this binary (from libperl): 
  Compile-time options: HAS_TIMES MULTIPLICITY PERLIO_LAYERS
                        PERL_DONT_CREATE_GVSV PERL_IMPLICIT_CONTEXT
                        PERL_MALLOC_WRAP PERL_PRESERVE_IVUV USE_64_BIT_ALL
                        USE_64_BIT_INT USE_LARGE_FILES USE_LOCALE
                        USE_LOCALE_COLLATE USE_LOCALE_CTYPE
                        USE_LOCALE_NUMERIC USE_PERLIO USE_PERL_ATOF
  Built under linux
  Compiled at Jul 11 2015 00:22:44
  %ENV:
    PERL5LIB=""
    PERL5OPT=""
    PERL5_CPANPLUS_IS_RUNNING="24721"
    PERL5_CPAN_IS_RUNNING="24721"
    PERL5_CPAN_IS_RUNNING_IN_RECURSION="4714,24721"
    PERL_CR_SMOKER_CURRENT="Net-DNS-SPF-Expander-0.016"
    PERL_EXTUTILS_AUTOINSTALL="--defaultdeps"
    PERL_MM_USE_DEFAULT="1"
  @INC:
    /home/stro/perl/5.16.3m/lib/site_perl/5.16.3/x86_64-linux-multi
    /home/stro/perl/5.16.3m/lib/site_perl/5.16.3
    /home/stro/perl/5.16.3m/lib/5.16.3/x86_64-linux-multi
    /home/stro/perl/5.16.3m/lib/5.16.3
    .