Report for DBIx-ScopedTransaction-1.1.3

Back
From: metabase:user:31d414ea-2aae-11df-837a-5e0a49663a4f
Subject: FAIL DBIx-ScopedTransaction-1.1.3 v5.8.9 GNU/Linux
Date: 2013-10-24T12:19:14Z

This distribution has been tested as part of the CPAN Testers
project, supporting the Perl programming language.  See
http://wiki.cpantesters.org/ for more information or email
questions to cpan-testers-discuss@perl.org


--
Dear Guillaume Aubert,

This is a computer-generated report for DBIx-ScopedTransaction-1.1.3
on perl 5.8.9, created by CPAN-Reporter-1.1711.

Thank you for uploading your work to CPAN.  However, there was a problem
testing your distribution.

If you think this report is invalid, please consult the CPAN Testers Wiki
for suggestions on how to avoid getting FAIL reports for missing library
or binary dependencies, unsupported operating systems, and so on:

http://wiki.cpantesters.org/wiki/CPANAuthorNotes

Sections of this report:

    * Tester comments
    * Program output
    * Prerequisites
    * Environment and other context

------------------------------
TESTER COMMENTS
------------------------------

Additional comments from tester:

this report is from an automated smoke testing program
and was not reviewed by a human for accuracy

------------------------------
PROGRAM OUTPUT
------------------------------

Output from './Build test':

# Testing DBIx::ScopedTransaction 1.1.3, Perl 5.008009, /home/david/cpantesting/perl-5.8.9/bin/perl
t/00-load.t ........................... ok
t/10-new.t ............................ ok
t/11-new-simultaneous_transactions.t .. ok
t/12-new-void_context.t ............... ok
t/15-get_database_handle.t ............ ok
Can't locate Test/Warn.pm in @INC (@INC contains: /home/david/cpantesting/perl-5.8.9/.cpan/build/DBIx-ScopedTransaction-1.1.3-IpWdcM/blib/lib /home/david/cpantesting/perl-5.8.9/.cpan/build/DBIx-ScopedTransaction-1.1.3-IpWdcM/blib/arch /home/david/cpantesting/perl-5.8.9/.cpan/build/DBIx-ScopedTransaction-1.1.3-IpWdcM/_build/lib /home/david/cpantesting/perl-5.8.9/lib/5.8.9/x86_64-linux-thread-multi /home/david/cpantesting/perl-5.8.9/lib/5.8.9 /home/david/cpantesting/perl-5.8.9/lib/site_perl/5.8.9/x86_64-linux-thread-multi /home/david/cpantesting/perl-5.8.9/lib/site_perl/5.8.9) at t/20-commit.t line 12.
BEGIN failed--compilation aborted at t/20-commit.t line 12.
# Looks like your test exited with 2 before it could output anything.
t/20-commit.t ......................... 
Dubious, test returned 2 (wstat 512, 0x200)
Failed 7/7 subtests 
Can't locate Test/Warn.pm in @INC (@INC contains: /home/david/cpantesting/perl-5.8.9/.cpan/build/DBIx-ScopedTransaction-1.1.3-IpWdcM/blib/lib /home/david/cpantesting/perl-5.8.9/.cpan/build/DBIx-ScopedTransaction-1.1.3-IpWdcM/blib/arch /home/david/cpantesting/perl-5.8.9/.cpan/build/DBIx-ScopedTransaction-1.1.3-IpWdcM/_build/lib /home/david/cpantesting/perl-5.8.9/lib/5.8.9/x86_64-linux-thread-multi /home/david/cpantesting/perl-5.8.9/lib/5.8.9 /home/david/cpantesting/perl-5.8.9/lib/site_perl/5.8.9/x86_64-linux-thread-multi /home/david/cpantesting/perl-5.8.9/lib/site_perl/5.8.9) at t/21-commit-failure.t line 17.
BEGIN failed--compilation aborted at t/21-commit-failure.t line 17.
# Looks like your test exited with 2 before it could output anything.
t/21-commit-failure.t ................. 
Dubious, test returned 2 (wstat 512, 0x200)
Failed 5/5 subtests 
Can't locate Test/Warn.pm in @INC (@INC contains: /home/david/cpantesting/perl-5.8.9/.cpan/build/DBIx-ScopedTransaction-1.1.3-IpWdcM/blib/lib /home/david/cpantesting/perl-5.8.9/.cpan/build/DBIx-ScopedTransaction-1.1.3-IpWdcM/blib/arch /home/david/cpantesting/perl-5.8.9/.cpan/build/DBIx-ScopedTransaction-1.1.3-IpWdcM/_build/lib /home/david/cpantesting/perl-5.8.9/lib/5.8.9/x86_64-linux-thread-multi /home/david/cpantesting/perl-5.8.9/lib/5.8.9 /home/david/cpantesting/perl-5.8.9/lib/site_perl/5.8.9/x86_64-linux-thread-multi /home/david/cpantesting/perl-5.8.9/lib/site_perl/5.8.9) at t/30-rollback.t line 12.
BEGIN failed--compilation aborted at t/30-rollback.t line 12.
# Looks like your test exited with 2 before it could output anything.
t/30-rollback.t ....................... 
Dubious, test returned 2 (wstat 512, 0x200)
Failed 7/7 subtests 
Can't locate Test/Warn.pm in @INC (@INC contains: /home/david/cpantesting/perl-5.8.9/.cpan/build/DBIx-ScopedTransaction-1.1.3-IpWdcM/blib/lib /home/david/cpantesting/perl-5.8.9/.cpan/build/DBIx-ScopedTransaction-1.1.3-IpWdcM/blib/arch /home/david/cpantesting/perl-5.8.9/.cpan/build/DBIx-ScopedTransaction-1.1.3-IpWdcM/_build/lib /home/david/cpantesting/perl-5.8.9/lib/5.8.9/x86_64-linux-thread-multi /home/david/cpantesting/perl-5.8.9/lib/5.8.9 /home/david/cpantesting/perl-5.8.9/lib/site_perl/5.8.9/x86_64-linux-thread-multi /home/david/cpantesting/perl-5.8.9/lib/site_perl/5.8.9) at t/31-rollback-failure.t line 17.
BEGIN failed--compilation aborted at t/31-rollback-failure.t line 17.
# Looks like your test exited with 2 before it could output anything.
t/31-rollback-failure.t ............... 
Dubious, test returned 2 (wstat 512, 0x200)
Failed 5/5 subtests 
t/40-DESTROY.t ........................ ok
t/41-DESTROY-rollback_failure.t ....... ok
t/50-is_active.t ...................... ok

Test Summary Report
-------------------
t/20-commit.t                       (Wstat: 512 Tests: 0 Failed: 0)
  Non-zero exit status: 2
  Parse errors: Bad plan.  You planned 7 tests but ran 0.
t/21-commit-failure.t               (Wstat: 512 Tests: 0 Failed: 0)
  Non-zero exit status: 2
  Parse errors: Bad plan.  You planned 5 tests but ran 0.
t/30-rollback.t                     (Wstat: 512 Tests: 0 Failed: 0)
  Non-zero exit status: 2
  Parse errors: Bad plan.  You planned 7 tests but ran 0.
t/31-rollback-failure.t             (Wstat: 512 Tests: 0 Failed: 0)
  Non-zero exit status: 2
  Parse errors: Bad plan.  You planned 5 tests but ran 0.
Files=12, Tests=48,  2 wallclock secs ( 0.04 usr  0.08 sys +  0.40 cusr  0.16 csys =  0.68 CPU)
Result: FAIL
Failed 4/12 test programs. 0/48 subtests failed.

------------------------------
PREREQUISITES
------------------------------

Prerequisite modules loaded:

requires:

    Module               Need  Have    
    -------------------- ----- --------
    Carp                 0     1.32    
    Data::Validate::Type 0     1.4.2   
    perl                 5.006 5.008009
    Try::Tiny            0     0.18    

build_requires:

    Module               Need  Have    
    -------------------- ----- --------
    Data::Dumper         0     2.121_17
    DBD::SQLite          0     1.40    
    DBI                  0     1.628   
    File::Spec           0     3.31    
    Test::Exception      0     0.29    
    Test::FailWarnings   0     0.008   
    Test::More           0     0.99    

configure_requires:

    Module               Need  Have    
    -------------------- ----- --------
    Module::Build        0     0.4007  


------------------------------
ENVIRONMENT AND OTHER CONTEXT
------------------------------

Environment variables:

    AUTOMATED_TESTING = 1
    PATH = /usr/local/bin:/usr/bin:/bin:/usr/games
    PERL = 5.8.9
    PERL5LIB = 
    PERL5OPT = 
    PERL5_CPANPLUS_IS_RUNNING = 4103
    PERL5_CPAN_IS_RUNNING = 4103
    PERLVER = 5.8.9
    PERL_INLINE_DIRECTORY = /home/david/.Inline-5.8.9
    PERL_MM_USE_DEFAULT = 1
    SHELL = /bin/bash
    TERM = screen

Perl special variables (and OS-specific diagnostics, for MSWin32):

    $^X = /home/david/cpantesting/perl-5.8.9/bin/perl
    $UID/$EUID = 1000 / 1000
    $GID = 1000 1000
    $EGID = 1000 1000

Perl module toolchain versions installed:

    Module              Have  
    ------------------- ------
    CPAN                1.9402
    Cwd                 3.31  
    ExtUtils::CBuilder  0.2703
    ExtUtils::Command   1.16  
    ExtUtils::Install   1.54  
    ExtUtils::MakeMaker 6.80  
    ExtUtils::Manifest  1.60  
    ExtUtils::ParseXS   2.2206
    File::Spec          3.31  
    Module::Build       0.4007
    Module::Signature   n/a   
    Test::Harness       3.29  
    Test::More          0.99  
    YAML                0.70  
    YAML::Syck          1.27  
    version             0.9904


--

Summary of my perl5 (revision 5 version 8 subversion 9) configuration:
  Platform:
    osname=linux, osvers=2.6.18-4-xen-amd64, archname=x86_64-linux-thread-multi
    uname='linux pigsty2 2.6.18-4-xen-amd64 #1 smp fri may 4 02:40:51 utc 2007 x86_64 gnulinux '
    config_args='-de -Duse64bitall -Dusethreads -Dprefix=/home/david/cpantesting/perl-5.8.9'
    hint=recommended, useposix=true, d_sigaction=define
    usethreads=define use5005threads=undef useithreads=define usemultiplicity=define
    useperlio=define d_sfio=undef uselargefiles=define usesocks=undef
    use64bitint=define use64bitall=define uselongdouble=undef
    usemymalloc=n, bincompat5005=undef
  Compiler:
    cc='cc', ccflags ='-D_REENTRANT -D_GNU_SOURCE -DTHREADS_HAVE_PIDS -fno-strict-aliasing -pipe -I/usr/local/include -D_LARGEFILE_SOURCE -D_FILE_OFFSET_BITS=64',
    optimize='-O2',
    cppflags='-D_REENTRANT -D_GNU_SOURCE -DTHREADS_HAVE_PIDS -fno-strict-aliasing -pipe -I/usr/local/include'
    ccversion='', gccversion='4.1.2 20061115 (prerelease) (Debian 4.1.1-21)', gccosandvers=''
    intsize=4, longsize=8, ptrsize=8, doublesize=8, byteorder=12345678
    d_longlong=define, longlongsize=8, d_longdbl=define, longdblsize=16
    ivtype='long', ivsize=8, nvtype='double', nvsize=8, Off_t='off_t', lseeksize=8
    alignbytes=8, prototype=define
  Linker and Libraries:
    ld='cc', ldflags =' -L/usr/local/lib'
    libpth=/usr/local/lib /lib /usr/lib /lib64 /usr/lib64
    libs=-lnsl -lgdbm -ldb -ldl -lm -lcrypt -lutil -lpthread -lc
    perllibs=-lnsl -ldl -lm -lcrypt -lutil -lpthread -lc
    libc=/lib/libc-2.3.6.so, so=so, useshrplib=false, libperl=libperl.a
    gnulibc_version='2.3.6'
  Dynamic Linking:
    dlsrc=dl_dlopen.xs, dlext=so, d_dlsymun=undef, ccdlflags='-Wl,-E'
    cccdlflags='-fPIC', lddlflags='-shared -O2 -L/usr/local/lib'


Characteristics of this binary (from libperl): 
  Compile-time options: MULTIPLICITY PERL_IMPLICIT_CONTEXT PERL_MALLOC_WRAP
                        THREADS_HAVE_PIDS USE_64_BIT_ALL USE_64_BIT_INT
                        USE_FAST_STDIO USE_ITHREADS USE_LARGE_FILES
                        USE_PERLIO USE_REENTRANT_API
  Built under linux
  Compiled at Jan 17 2009 20:41:01
  %ENV:
    PERL="5.8.9"
    PERL5LIB=""
    PERL5OPT=""
    PERL5_CPANPLUS_IS_RUNNING="4103"
    PERL5_CPAN_IS_RUNNING="4103"
    PERLVER="5.8.9"
    PERL_INLINE_DIRECTORY="/home/david/.Inline-5.8.9"
    PERL_MM_USE_DEFAULT="1"
  @INC:
    /home/david/cpantesting/perl-5.8.9/lib/5.8.9/x86_64-linux-thread-multi
    /home/david/cpantesting/perl-5.8.9/lib/5.8.9
    /home/david/cpantesting/perl-5.8.9/lib/site_perl/5.8.9/x86_64-linux-thread-multi
    /home/david/cpantesting/perl-5.8.9/lib/site_perl/5.8.9
    .