URI-ParseSearchString-More v0.18 Perl 5 v5.36.0 amd64-freebsd-ld

Status
Fail
From
Slaven Rezić
Dist
URI-ParseSearchString-More v0.18
Platform
Perl 5 v5.36.0 amd64-freebsd-ld
Date
2023-12-23 21:37:39
ID
7f30e066-a1db-11ee-9c4e-5c4a6e8775ea
This distribution has been tested as part of the CPAN Testers
project, supporting the Perl programming language.  See
http://wiki.cpantesters.org/ for more information or email
questions to cpan-testers-discuss@perl.org


--
Dear Olaf Alders,

This is a computer-generated report for URI-ParseSearchString-More-0.18
on perl 5.36.0, created by CPAN-Reporter-1.2018.

Thank you for uploading your work to CPAN.  However, there was a problem
testing your distribution.

If you think this report is invalid, please consult the CPAN Testers Wiki
for suggestions on how to avoid getting FAIL reports for missing library
or binary dependencies, unsupported operating systems, and so on:

http://wiki.cpantesters.org/wiki/CPANAuthorNotes

Sections of this report:

    * Tester comments
    * Program output
    * Prerequisites
    * Environment and other context

------------------------------
TESTER COMMENTS
------------------------------

Additional comments from tester:

none provided

------------------------------
PROGRAM OUTPUT
------------------------------

Output from '/usr/bin/make test':

PERL_DL_NONLAZY=1 "/usr/perl5.36.0Dp/bin/perl" "-MExtUtils::Command::MM" "-MTest::Harness" "-e" "undef *Test::Harness::Switches; test_harness(0, 'blib/lib', 'blib/arch')" t/*.t
# 
# Versions for all modules listed in MYMETA.json (including optional ones):
# 
# === Configure Requires ===
# 
#     Module              Want Have
#     ------------------- ---- ----
#     ExtUtils::MakeMaker  any 7.70
# 
# === Build Requires ===
# 
#     Module              Want Have
#     ------------------- ---- ----
#     ExtUtils::MakeMaker  any 7.70
# 
# === Test Requires ===
# 
#     Module                 Want     Have
#     ---------------------- ---- --------
#     Config::General         any     2.65
#     ExtUtils::MakeMaker     any     7.70
#     File::Spec              any     3.84
#     Test::More              any 1.302198
#     Test::Most              any     0.38
#     Test::RequiresInternet  any     0.05
#     Test::WWW::Mechanize    any     1.58
# 
# === Test Recommends ===
# 
#     Module         Want     Have
#     ---------- -------- --------
#     CPAN::Meta 2.120900 2.150010
# 
# === Runtime Requires ===
# 
#     Module                 Want Have
#     ---------------------- ---- ----
#     LWP::Protocol::https    any 6.11
#     List::Compare           any 0.55
#     Params::Validate        any 1.31
#     Try::Tiny               any 0.31
#     URI                     any 5.21
#     URI::Heuristic          any 5.21
#     URI::ParseSearchString  any 3.51
#     URI::QueryParam         any 5.21
#     WWW::Mechanize::Cached  any 1.56
#     base                    any 2.27
#     strict                  any 1.12
#     warnings                any 1.58
# 
t/00-report-prereqs.t .. ok
# caching is disabled
t/001_load.t ........... ok
Issue with url: http://answers.yahoo.com/question/index;_ylt=Al7fJtDUTm2S69bM0VvjPDIjzKIX?qid=20061214165004AADtB1I at /usr/home/cpansand/.cpan/build/2023122320/URI-ParseSearchString-More-0.18-4/blib/lib/URI/ParseSearchString/More.pm line 168.
Error GETing http://answers.yahoo.com/question/index?qid=20061214165004AADtB1I: Not Found at /usr/home/cpansand/.cpan/build/2023122320/URI-ParseSearchString-More-0.18-4/blib/lib/URI/ParseSearchString/More.pm line 166.
Use of uninitialized value in subroutine entry at /usr/perl5.36.0Dp/lib/site_perl/5.36.0/WWW/Mechanize.pm line 315.
Use of uninitialized value $terms in concatenation (.) or string at t/005_parse_more.t line 54.

#   Failed test 'got '
#   at t/005_parse_more.t line 54.
#          got: undef
#     expected: 'How can I track the IP address of visitors to my personal site? | Yahoo Answers'

#   Failed test 'parsed by More'
#   at t/005_parse_more.t line 55.
#          got: 'URI::ParseSearchString'
#     expected: 'URI::ParseSearchString::More'
# Looks like you failed 2 tests of 268.
t/005_parse_more.t ..... 
Dubious, test returned 2 (wstat 512, 0x200)
Failed 2/268 subtests 
t/006_extended.t ....... ok
t/007_focus.t .......... ok

Test Summary Report
-------------------
t/005_parse_more.t   (Wstat: 512 (exited 2) Tests: 268 Failed: 2)
  Failed tests:  265-266
  Non-zero exit status: 2
Files=5, Tests=292,  5 wallclock secs ( 0.02 usr  0.02 sys +  1.11 cusr  0.09 csys =  1.24 CPU)
Result: FAIL
Failed 1/5 test programs. 2/292 subtests failed.
*** Error code 255

Stop.
make: stopped in /usr/home/cpansand/.cpan/build/2023122320/URI-ParseSearchString-More-0.18-4

------------------------------
PREREQUISITES
------------------------------

Prerequisite modules loaded:

requires:

    Module                 Need  Have    
    ---------------------- ----- --------
    base                   0     2.27    
    List::Compare          0     0.55    
    LWP::Protocol::https   0     6.11    
    Params::Validate       0     1.31    
    perl                   5.010 5.036000
    strict                 0     1.12    
    Try::Tiny              0     0.31    
    URI                    0     5.21    
    URI::Heuristic         0     5.21    
    URI::ParseSearchString 0     3.51    
    URI::QueryParam        0     5.21    
    warnings               0     1.58    
    WWW::Mechanize::Cached 0     1.56    

build_requires:

    Module                 Need  Have    
    ---------------------- ----- --------
    Config::General        0     2.65    
    ExtUtils::MakeMaker    0     7.70    
    File::Spec             0     3.84    
    Test::More             0     1.302198
    Test::Most             0     0.38    
    Test::RequiresInternet 0     0.05    
    Test::WWW::Mechanize   0     1.58    

configure_requires:

    Module                 Need  Have    
    ---------------------- ----- --------
    ExtUtils::MakeMaker    0     7.70    
    perl                   5.006 5.036000


------------------------------
ENVIRONMENT AND OTHER CONTEXT
------------------------------

Environment variables:

    PATH = /usr/local/bin:/usr/bin:/bin:/usr/local/sbin:/usr/sbin:/sbin:/home/cpansand/bin/freebsd13.1:/home/cpansand/bin/sh:/home/cpansand/bin:/usr/games:/home/cpansand/devel:/usr/home/eserte/src/srezic-misc/scripts
    PERL5LIB = /home/cpansand/.cpan/build/2023122320/URI-ParseSearchString-3.51-4/blib/arch:/home/cpansand/.cpan/build/2023122320/URI-ParseSearchString-3.51-4/blib/lib
    PERL5OPT = 
    PERL5_CPANPLUS_IS_RUNNING = 461
    PERL5_CPAN_IS_RUNNING = 461
    PERL5_CPAN_IS_RUNNING_IN_RECURSION = 97994,461
    PERLDOC = -MPod::Perldoc::ToTextOverstrike
    PERL_BATCH = yes
    PERL_CANARY_STABILITY_NOPROMPT = 1
    PERL_CPAN_REPORTER_CONFIG = /var/tmp/cpansmoker-1023/2023122320/cpanreporter_001_config.ini
    PERL_EXTUTILS_AUTOINSTALL = --defaultdeps
    PERL_USE_UNSAFE_INC = 1
    SHELL = /usr/local/bin/zsh
    TERM = screen
    TMPDIR = /var/tmp/cpansmoker-1023/2023122320

Perl special variables (and OS-specific diagnostics, for MSWin32):

    $^X = /usr/perl5.36.0Dp/bin/perl
    $UID/$EUID = 1023 / 1023
    $GID = 1023 1023
    $EGID = 1023 1023

Perl module toolchain versions installed:

    Module              Have    
    ------------------- --------
    CPAN                2.36    
    CPAN::Meta          2.150010
    Cwd                 3.84    
    ExtUtils::CBuilder  0.280236
    ExtUtils::Command   7.70    
    ExtUtils::Install   2.20    
    ExtUtils::MakeMaker 7.70    
    ExtUtils::Manifest  1.75    
    ExtUtils::ParseXS   3.51    
    File::Spec          3.84    
    JSON                4.10    
    JSON::PP            4.15    
    Module::Build       0.4234  
    Module::Signature   n/a     
    Parse::CPAN::Meta   2.150010
    Test::Harness       3.47    
    Test::More          1.302198
    YAML                1.30    
    YAML::Syck          1.34    
    version             0.9929  


--

Summary of my perl5 (revision 5 version 36 subversion 0) configuration:
   
  Platform:
    osname=freebsd
    osvers=13.1-stable
    archname=amd64-freebsd-ld
    uname='freebsd cloud10.bbbike.org 13.1-stable freebsd 13.1-stable #1 stable13-249d205cb: thu may 5 07:39:11 utc 2022 root@cloud10.bbbike.org:usrobjusrhomeprojectsfreebsd-srcamd64.amd64sysgeneric amd64 '
    config_args='-ds -e -Dprefix=/usr/perl5.36.0Dp -Duselongdouble -Dcf_email=srezic@cpan.org -Doptimize=-O2 -pipe'
    hint=recommended
    useposix=true
    d_sigaction=define
    useithreads=undef
    usemultiplicity=undef
    use64bitint=define
    use64bitall=define
    uselongdouble=define
    usemymalloc=n
    default_inc_excludes_dot=define
  Compiler:
    cc='cc'
    ccflags ='-DHAS_FPSETMASK -DHAS_FLOATINGPOINT_H -fno-strict-aliasing -pipe -fstack-protector-strong -I/usr/local/include'
    optimize='-O2 -pipe'
    cppflags='-DHAS_FPSETMASK -DHAS_FLOATINGPOINT_H -fno-strict-aliasing -pipe -fstack-protector-strong -I/usr/local/include'
    ccversion=''
    gccversion='FreeBSD Clang 13.0.0 (git@github.com:llvm/llvm-project.git llvmorg-13.0.0-0-gd7b669b3a303)'
    gccosandvers=''
    intsize=4
    longsize=8
    ptrsize=8
    doublesize=8
    byteorder=12345678
    doublekind=3
    d_longlong=define
    longlongsize=8
    d_longdbl=define
    longdblsize=16
    longdblkind=3
    ivtype='long'
    ivsize=8
    nvtype='long double'
    nvsize=16
    Off_t='off_t'
    lseeksize=8
    alignbytes=16
    prototype=define
  Linker and Libraries:
    ld='cc'
    ldflags ='-pthread -Wl,-E  -fstack-protector-strong -L/usr/local/lib'
    libpth=/usr/lib /usr/local/lib /usr/lib/clang/13.0.0/lib
    libs=-lpthread -lgdbm -ldl -lm -lcrypt -lutil -lc
    perllibs=-lpthread -ldl -lm -lcrypt -lutil -lc
    libc=
    so=so
    useshrplib=false
    libperl=libperl.a
    gnulibc_version=''
  Dynamic Linking:
    dlsrc=dl_dlopen.xs
    dlext=so
    d_dlsymun=undef
    ccdlflags=' '
    cccdlflags='-DPIC -fPIC'
    lddlflags='-shared  -L/usr/local/lib -fstack-protector-strong'


Characteristics of this binary (from libperl): 
  Compile-time options:
    HAS_TIMES
    PERLIO_LAYERS
    PERL_COPY_ON_WRITE
    PERL_DONT_CREATE_GVSV
    PERL_MALLOC_WRAP
    PERL_OP_PARENT
    PERL_PRESERVE_IVUV
    USE_64_BIT_ALL
    USE_64_BIT_INT
    USE_LARGE_FILES
    USE_LOCALE
    USE_LOCALE_COLLATE
    USE_LOCALE_CTYPE
    USE_LOCALE_NUMERIC
    USE_LOCALE_TIME
    USE_LONG_DOUBLE
    USE_PERLIO
    USE_PERL_ATOF
  Built under freebsd
  Compiled at May 31 2022 04:58:10
  %ENV:
    PERL5LIB="/home/cpansand/.cpan/build/2023122320/URI-ParseSearchString-3.51-4/blib/arch:/home/cpansand/.cpan/build/2023122320/URI-ParseSearchString-3.51-4/blib/lib"
    PERL5OPT=""
    PERL5_CPANPLUS_IS_RUNNING="461"
    PERL5_CPAN_IS_RUNNING="461"
    PERL5_CPAN_IS_RUNNING_IN_RECURSION="97994,461"
    PERLDOC="-MPod::Perldoc::ToTextOverstrike"
    PERL_BATCH="yes"
    PERL_CANARY_STABILITY_NOPROMPT="1"
    PERL_CPAN_REPORTER_CONFIG="/var/tmp/cpansmoker-1023/2023122320/cpanreporter_001_config.ini"
    PERL_EXTUTILS_AUTOINSTALL="--defaultdeps"
    PERL_USE_UNSAFE_INC="1"
  @INC:
    /home/cpansand/.cpan/build/2023122320/URI-ParseSearchString-3.51-4/blib/arch
    /home/cpansand/.cpan/build/2023122320/URI-ParseSearchString-3.51-4/blib/lib
    /usr/perl5.36.0Dp/lib/site_perl/5.36.0/amd64-freebsd-ld
    /usr/perl5.36.0Dp/lib/site_perl/5.36.0
    /usr/perl5.36.0Dp/lib/5.36.0/amd64-freebsd-ld
    /usr/perl5.36.0Dp/lib/5.36.0
    .