ControlFreak v1.0.0 Perl 5 v5.10.1 sun4-solaris-thread-multi

Status
Fail
From
David Cantrell (DCANTRELL)
Dist
ControlFreak v1.0.0
Platform
Perl 5 v5.10.1 sun4-solaris-thread-multi
Date
2010-08-18 20:59:31
ID
7f33e066-ab0b-11df-a05c-9c79303ea95c
This distribution has been tested as part of the CPAN Testers
project, supporting the Perl programming language.  See
http://wiki.cpantesters.org/ for more information or email
questions to cpan-testers-discuss@perl.org


--
Dear Yann Kerherve,

This is a computer-generated report for ControlFreak-1.0.0
on perl 5.10.1, created by CPAN-Reporter-1.1711.

Thank you for uploading your work to CPAN.  However, there was a problem
testing your distribution.

If you think this report is invalid, please consult the CPAN Testers Wiki
for suggestions on how to avoid getting FAIL reports for missing library
or binary dependencies, unsupported operating systems, and so on:

http://wiki.cpantesters.org/wiki/CPANAuthorNotes

Sections of this report:

    * Tester comments
    * Program output
    * Prerequisites
    * Environment and other context

------------------------------
TESTER COMMENTS
------------------------------

Additional comments from tester:

this report is from an automated smoke testing program
and was not reviewed by a human for accuracy

------------------------------
PROGRAM OUTPUT
------------------------------

Output from '/usr/local/bin/make test':

PERL_DL_NONLAZY=1 /rpool/home/david/cpantesting/perl-5.10.1/bin/perl "-MExtUtils::Command::MM" "-e" "test_harness(0, 'inc', 'blib/lib', 'blib/arch')" t/*.t
t/00_compile.t ....... ok

#   Failed test 'waited for running'
#   at t/01_basic.t line 195.
# running

#   Failed test 'waited for running'
#   at t/01_basic.t line 207.
# running
# Looks like you failed 2 tests of 88.
t/01_basic.t ......... 
Dubious, test returned 2 (wstat 512, 0x200)
Failed 2/88 subtests 
t/02_commands.t ...... ok
t/03_svclifecycle.t .. ok
Socket creation attempt without ctrl at /usr/local/home/david/cpantesting/perl-5.10.1/.cpan/build/ControlFreak-1.0.0-UcRS3z/lib/ControlFreak/Socket.pm line 88.
t/04_socket.t ........ ok

#   Failed test 'svc is running'
#   at t/05_auto_proxy.t line 71.
# Looks like you failed 1 test of 10.
t/05_auto_proxy.t .... 
Dubious, test returned 1 (wstat 256, 0x100)
Failed 1/10 subtests 
t/05_proxy_cmds.t .... ok
t/06_tags.t .......... ok

Test Summary Report
-------------------
t/01_basic.t       (Wstat: 512 Tests: 88 Failed: 2)
  Failed tests:  79, 85
  Non-zero exit status: 2
t/05_auto_proxy.t  (Wstat: 256 Tests: 10 Failed: 1)
  Failed test:  8
  Non-zero exit status: 1
Files=8, Tests=257, 220 wallclock secs ( 0.46 usr  0.14 sys + 15.90 cusr  5.65 csys = 22.15 CPU)
Result: FAIL
Failed 2/8 test programs. 3/257 subtests failed.
make: *** [test_dynamic] Error 255

------------------------------
PREREQUISITES
------------------------------

Prerequisite modules loaded:

requires:

    Module              Need  Have   
    ------------------- ----- -------
    AnyEvent            5.202 5.271  
    EV                  0     3.9    
    ExtUtils::MakeMaker 6.42  6.55_02
    Find::Lib           0     1.01   
    JSON::XS            0     2.3    
    Log::Log4perl       0     1.29   
    Object::Tiny        0     1.06   
    Params::Util        0     1.01   
    Pod::Usage          0     1.36   
    Test::Deep          0     0.106  
    Test::Exception     0     0.29   
    Test::More          0     0.92   
    Try::Tiny           0     0.06   

configure_requires:

    Module              Need  Have   
    ------------------- ----- -------
    ExtUtils::MakeMaker 6.42  6.55_02


------------------------------
ENVIRONMENT AND OTHER CONTEXT
------------------------------

Environment variables:

    AUTOMATED_TESTING = 1
    LD_LIBRARY_PATH = /usr/local/lib:/usr/lib:/usr/openwin/lib:/usr/ucblib:.
    PATH = /rpool/home/david/cpantesting/bin:/usr/local/bin:/usr/bin:/sbin:/usr/sbin:/usr/openwin/bin:/usr/ccs/bin:/usr/ucb:/etc:.
    PERL5LIB = 
    PERL5OPT = 
    PERL5_CPANPLUS_IS_RUNNING = 9291
    PERL5_CPAN_IS_RUNNING = 9291
    PERLVER = 5.10.1
    SHELL = /bin/bash
    TERM = screen

Perl special variables (and OS-specific diagnostics, for MSWin32):

    $^X = /rpool/home/david/cpantesting/perl-5.10.1/bin/perl
    $UID/$EUID = 10217 / 10217
    $GID = 1 1
    $EGID = 1 1

Perl module toolchain versions installed:

    Module              Have    
    ------------------- --------
    CPAN                1.9402  
    Cwd                 3.31    
    ExtUtils::CBuilder  0.2602  
    ExtUtils::Command   1.16    
    ExtUtils::Install   1.54    
    ExtUtils::MakeMaker 6.55_02 
    ExtUtils::Manifest  1.56    
    ExtUtils::ParseXS   2.2002  
    File::Spec          3.31    
    Module::Build       0.340201
    Module::Signature   n/a     
    Test::Harness       3.17    
    Test::More          0.92    
    YAML                n/a     
    YAML::Syck          n/a     
    version             0.77    


--

Summary of my perl5 (revision 5 version 10 subversion 1) configuration:
   
  Platform:
    osname=solaris, osvers=2.10, archname=sun4-solaris-thread-multi
    uname='sunos t1k.mrbill.net 5.10 generic_142900-06 sun4v sparc sunw,sun-fire-t1000 solaris '
    config_args='-de -Dprefix=/usr/local/home/david/cpantesting/perl-5.10.1 -Dusethreads'
    hint=recommended, useposix=true, d_sigaction=define
    useithreads=define, usemultiplicity=define
    useperlio=define, d_sfio=undef, uselargefiles=define, usesocks=undef
    use64bitint=undef, use64bitall=undef, uselongdouble=undef
    usemymalloc=n, bincompat5005=undef
  Compiler:
    cc='cc', ccflags ='-D_REENTRANT -fno-strict-aliasing -pipe -I/usr/local/include -D_LARGEFILE_SOURCE -D_FILE_OFFSET_BITS=64 -DPERL_USE_SAFE_PUTENV',
    optimize='-O',
    cppflags='-D_REENTRANT -fno-strict-aliasing -pipe -I/usr/local/include'
    ccversion='', gccversion='3.4.3 (csl-sol210-3_4-branch+sol_rpath)', gccosandvers='solaris2.10'
    intsize=4, longsize=4, ptrsize=4, doublesize=8, byteorder=4321
    d_longlong=define, longlongsize=8, d_longdbl=define, longdblsize=16
    ivtype='long', ivsize=4, nvtype='double', nvsize=8, Off_t='off_t', lseeksize=8
    alignbytes=8, prototype=define
  Linker and Libraries:
    ld='cc', ldflags =' -L/usr/local/lib '
    libpth=/usr/local/lib /usr/lib /usr/ccs/lib
    libs=-lsocket -lnsl -ldl -lm -lpthread -lc
    perllibs=-lsocket -lnsl -ldl -lm -lpthread -lc
    libc=/lib/libc.so, so=so, useshrplib=false, libperl=libperl.a
    gnulibc_version=''
  Dynamic Linking:
    dlsrc=dl_dlopen.xs, dlext=so, d_dlsymun=undef, ccdlflags=' '
    cccdlflags='-fPIC', lddlflags='-G -L/usr/local/lib'


Characteristics of this binary (from libperl): 
  Compile-time options: MULTIPLICITY PERL_DONT_CREATE_GVSV
                        PERL_IMPLICIT_CONTEXT PERL_MALLOC_WRAP
                        PERL_USE_SAFE_PUTENV USE_ITHREADS USE_LARGE_FILES
                        USE_PERLIO USE_REENTRANT_API
  Built under solaris
  Compiled at Mar 25 2010 15:59:57
  %ENV:
    PERL5LIB=""
    PERL5OPT=""
    PERL5_CPANPLUS_IS_RUNNING="9291"
    PERL5_CPAN_IS_RUNNING="9291"
    PERLVER="5.10.1"
  @INC:
    /usr/local/home/david/cpantesting/perl-5.10.1/lib/5.10.1/sun4-solaris-thread-multi
    /usr/local/home/david/cpantesting/perl-5.10.1/lib/5.10.1
    /usr/local/home/david/cpantesting/perl-5.10.1/lib/site_perl/5.10.1/sun4-solaris-thread-multi
    /usr/local/home/david/cpantesting/perl-5.10.1/lib/site_perl/5.10.1
    .