Store-Directories vv0.4.2 Perl 5 v5.32.0 armv6l-linux

Status
Fail
From
gregor herrmann
Dist
Store-Directories vv0.4.2
Platform
Perl 5 v5.32.0 armv6l-linux
Date
2021-01-27 19:33:14
ID
7faba060-60d6-11eb-b0c6-0b3a83c2720c
This distribution has been tested as part of the CPAN Testers
project, supporting the Perl programming language.  See
http://wiki.cpantesters.org/ for more information or email
questions to cpan-testers-discuss@perl.org


--
Dear Cameron Tauxe,

This is a computer-generated report for Store-Directories-v0.4.2
on perl 5.32.0, created by CPAN-Reporter-1.2018.

Thank you for uploading your work to CPAN.  However, there was a problem
testing your distribution.

If you think this report is invalid, please consult the CPAN Testers Wiki
for suggestions on how to avoid getting FAIL reports for missing library
or binary dependencies, unsupported operating systems, and so on:

http://wiki.cpantesters.org/wiki/CPANAuthorNotes

Sections of this report:

    * Tester comments
    * Program output
    * Prerequisites
    * Environment and other context

------------------------------
TESTER COMMENTS
------------------------------

Additional comments from tester:

this report is from an automated smoke testing program
and was not reviewed by a human for accuracy

------------------------------
PROGRAM OUTPUT
------------------------------

Output from './Build test':

# Testing Store::Directories 0.4.2, Perl 5.032000, /srv/smoker/perl5/perlbrew/perls/perl-5.32.0/bin/perl
t/00-load.t ....... ok

#   Failed test 'Proc (8506) exited successfully.'
#   at t/main.t line 218.
#          got: '1'
#     expected: '0'

#   Failed test 'Proc (8509) exited successfully.'
#   at t/main.t line 218.

#          got: '1'
#     expected: '0'
#   Failed test 'Proc (8506) exited successfully.'
#   at t/main.t line 218.
#          got: '1'
#     expected: '0'

#   Failed test 'Proc (8512) exited successfully.'
#   at t/main.t line 218.
#          got: '1'
#     expected: '0'

#   Failed test 'Proc (8515) exited successfully.'
#   at t/main.t line 218.
#          got: '1'
#     expected: '0'

#   Failed test 'Proc (8515) exited successfully.'
#   at t/main.t line 218.
#          got: '1'
#     expected: '0'

#   Failed test 'Proc (8508) exited successfully.'
#   at t/main.t line 218.

#          got: '1'
#     expected: '0'
#   Failed test 'Proc (8506) exited successfully.'
#   at t/main.t line 218.
#          got: '1'
#     expected: '0'

#   Failed test 'Proc (8515) exited successfully.'
#   at t/main.t line 218.
#          got: '1'
#     expected: '0'

#   Failed test 'Proc (8508) exited successfully.'
#   at t/main.t line 218.


#   Failed test 'Proc (8509) exited successfully.'
#   at t/main.t line 218.
#          got: '1'
#     expected: '0'
#          got: '1'
#     expected: '0'
#   Failed test 'Proc (8512) exited successfully.'
#   at t/main.t line 218.
#          got: '1'
#     expected: '0'

#   Failed test 'Proc (8509) exited successfully.'
#   at t/main.t line 218.
#          got: '1'
#     expected: '0'

#   Failed test 'Proc (8508) exited successfully.'
#   at t/main.t line 218.
#          got: '1'
#     expected: '0'

#   Failed test 'Proc (8506) exited successfully.'
#   at t/main.t line 218.
#          got: '1'
#     expected: '0'


#   Failed test 'Proc (8512) exited successfully.'
#   at t/main.t line 218.
#   Failed test 'Proc (8509) exited successfully.'
#   at t/main.t line 218.
#          got: '1'
#     expected: '0'
#          got: '1'
#     expected: '0'

#   Failed test 'Proc (8515) exited successfully.'
#   at t/main.t line 218.
#          got: '1'
#     expected: '0'

#   Failed test 'Proc (8506) exited successfully.'
#   at t/main.t line 218.
#          got: '1'
#     expected: '0'


#   Failed test 'Proc (8509) exited successfully.'
#   at t/main.t line 218.
#          got: '1'
#     expected: '0'
#   Failed test 'Proc (8512) exited successfully.'
#   at t/main.t line 218.
#          got: '1'
#     expected: '0'


#   Failed test 'Proc (8515) exited successfully.'
#   at t/main.t line 218.
#          got: '1'
#     expected: '0'
#   Failed test 'Proc (8508) exited successfully.'
#   at t/main.t line 218.
#          got: '1'
#     expected: '0'

#   Failed test 'Proc (8508) exited successfully.'
#   at t/main.t line 218.
#          got: '1'
#     expected: '0'

#   Failed test 'Proc (8512) exited successfully.'
#   at t/main.t line 218.
#          got: '1'
#     expected: '0'

#   Failed test 'Correct number of entries'
#   at t/main.t line 75.
#          got: '0'
#     expected: '5'
could not read process start time. at /srv/smoker/cpan/build/Store-Directories-v0.4.2-0/blib/lib/Store/Directories.pm line 354.
 at /srv/smoker/cpan/build/Store-Directories-v0.4.2-0/blib/lib/Store/Directories.pm line 354.
t/main.t .......... 
Dubious, test returned 25 (wstat 6400, 0x1900)
Failed 431/435 subtests 
t/manifest.t ...... skipped: Author tests not required for installation
t/pod-coverage.t .. skipped: Author tests not required for installation
t/pod.t ........... skipped: Author tests not required for installation

Test Summary Report
-------------------
t/main.t        (Wstat: 6400 Tests: 30 Failed: 26)
  Failed tests:  5-30
  Non-zero exit status: 25
  Parse errors: Bad plan.  You planned 435 tests but ran 30.
Files=5, Tests=31, 28 wallclock secs ( 0.68 usr  0.10 sys + 18.47 cusr  3.19 csys = 22.44 CPU)
Result: FAIL
Failed 1/5 test programs. 26/31 subtests failed.

------------------------------
PREREQUISITES
------------------------------

Prerequisite modules loaded:

requires:

    Module                   Need    Have    
    ------------------------ ------- --------
    Data::UUID               1.226   1.226   
    DBD::SQLite              1.66    1.67_02 
    Devel::GlobalDestruction 0.14    0.14    
    IPC::System::Simple      1.30    1.30    
    perl                     5.014   5.032000
    SQL::SplitStatement      1.00020 1.00020 

build_requires:

    Module                   Need    Have    
    ------------------------ ------- --------
    IPC::System::Simple      1.30    1.30    
    Test::Cmd                1.09    1.09    
    Test::More               0       1.302183

configure_requires:

    Module                   Need    Have    
    ------------------------ ------- --------
    Module::Build            0.4004  0.4231  


------------------------------
ENVIRONMENT AND OTHER CONTEXT
------------------------------

Environment variables:

    AUTOMATED_TESTING = 1
    LC_CTYPE = de_AT.utf8
    LD_LIBRARY_PATH = /usr/lib/libeatmydata
    NONINTERACTIVE_TESTING = 1
    PATH = /srv/smoker/bin:/usr/lib/ccache:/srv/smoker/perl5/perlbrew/bin:/srv/smoker/perl5/perlbrew/perls/perl-5.32.0/bin:/usr/local/bin:/usr/bin:/bin:/usr/local/games:/usr/games
    PERL5LIB = 
    PERL5OPT = 
    PERL5_CPANPLUS_IS_RUNNING = 7818
    PERL5_CPAN_IS_RUNNING = 7818
    PERL5_CPAN_IS_RUNNING_IN_RECURSION = 6113,7818
    PERLBREW_HOME = /srv/smoker/.perlbrew
    PERLBREW_MANPATH = /srv/smoker/perl5/perlbrew/perls/perl-5.32.0/man
    PERLBREW_PATH = /srv/smoker/perl5/perlbrew/bin:/srv/smoker/perl5/perlbrew/perls/perl-5.32.0/bin
    PERLBREW_PERL = perl-5.32.0
    PERLBREW_ROOT = /srv/smoker/perl5/perlbrew
    PERLBREW_SHELLRC_VERSION = 0.89
    PERLBREW_VERSION = 0.89
    PERL_CPANM_OPT = --verbose --prompt --mirror file:///srv/smoker/minicpan/
    PERL_CR_SMOKER_CURRENT = Store-Directories-v0.4.2
    PERL_EXTUTILS_AUTOINSTALL = --defaultdeps
    PERL_MM_USE_DEFAULT = 1
    PERL_TEST_TIME_OUT_FACTOR = 3
    PERL_TEST_TIME_OUT_FACTOR = 3
    PERL_USE_UNSAFE_INC = 1
    SHELL = /bin/bash
    TERM = screen-256color

Perl special variables (and OS-specific diagnostics, for MSWin32):

    $^X = /srv/smoker/perl5/perlbrew/perls/perl-5.32.0/bin/perl
    $UID/$EUID = 1111 / 1111
    $GID = 65534 65534
    $EGID = 65534 65534

Perl module toolchain versions installed:

    Module              Have    
    ------------------- --------
    CPAN                2.28    
    CPAN::Meta          2.150010
    Cwd                 3.78    
    ExtUtils::CBuilder  0.280235
    ExtUtils::Command   7.58    
    ExtUtils::Install   2.20    
    ExtUtils::MakeMaker 7.58    
    ExtUtils::Manifest  1.73    
    ExtUtils::ParseXS   3.40    
    File::Spec          3.78    
    JSON                4.03    
    JSON::PP            4.06    
    Module::Build       0.4231  
    Module::Signature   0.87    
    Parse::CPAN::Meta   2.150010
    Test::Harness       3.42    
    Test::More          1.302183
    YAML                1.30    
    YAML::Syck          1.34    
    version             0.9928  


--

Summary of my perl5 (revision 5 version 32 subversion 0) configuration:
   
  Platform:
    osname=linux
    osvers=4.9.0-6-rpi
    archname=armv6l-linux
    uname='linux smoker 4.9.0-6-rpi #1 raspbian 4.9.82-1+deb9u3+rpi2 (2018-11-09) armv6l gnulinux '
    config_args='-de -Dprefix=/srv/smoker/perl5/perlbrew/perls/perl-5.32.0 -Aeval:scriptdir=/srv/smoker/perl5/perlbrew/perls/perl-5.32.0/bin'
    hint=recommended
    useposix=true
    d_sigaction=define
    useithreads=undef
    usemultiplicity=undef
    use64bitint=undef
    use64bitall=undef
    uselongdouble=undef
    usemymalloc=n
    default_inc_excludes_dot=define
    bincompat5005=undef
  Compiler:
    cc='cc'
    ccflags ='-fwrapv -fno-strict-aliasing -pipe -fstack-protector-strong -I/usr/local/include -D_LARGEFILE_SOURCE -D_FILE_OFFSET_BITS=64 -D_FORTIFY_SOURCE=2'
    optimize='-O2'
    cppflags='-fwrapv -fno-strict-aliasing -pipe -fstack-protector-strong -I/usr/local/include'
    ccversion=''
    gccversion='9.3.0'
    gccosandvers=''
    intsize=4
    longsize=4
    ptrsize=4
    doublesize=8
    byteorder=1234
    doublekind=3
    d_longlong=define
    longlongsize=8
    d_longdbl=define
    longdblsize=8
    longdblkind=0
    ivtype='long'
    ivsize=4
    nvtype='double'
    nvsize=8
    Off_t='off_t'
    lseeksize=8
    alignbytes=8
    prototype=define
  Linker and Libraries:
    ld='cc'
    ldflags =' -fstack-protector-strong -L/usr/local/lib'
    libpth=/usr/local/lib /usr/include/arm-linux-gnueabihf /usr/lib /lib/arm-linux-gnueabihf /lib /usr/lib/arm-linux-gnueabihf
    libs=-lpthread -lnsl -ldb -ldl -lm -lcrypt -lutil -lc
    perllibs=-lpthread -lnsl -ldl -lm -lcrypt -lutil -lc
    libc=libc-2.30.so
    so=so
    useshrplib=false
    libperl=libperl.a
    gnulibc_version='2.30'
  Dynamic Linking:
    dlsrc=dl_dlopen.xs
    dlext=so
    d_dlsymun=undef
    ccdlflags='-Wl,-E'
    cccdlflags='-fPIC'
    lddlflags='-shared -O2 -L/usr/local/lib -fstack-protector-strong'


Characteristics of this binary (from libperl): 
  Compile-time options:
    HAS_TIMES
    PERLIO_LAYERS
    PERL_COPY_ON_WRITE
    PERL_DONT_CREATE_GVSV
    PERL_MALLOC_WRAP
    PERL_OP_PARENT
    PERL_PRESERVE_IVUV
    USE_LARGE_FILES
    USE_LOCALE
    USE_LOCALE_COLLATE
    USE_LOCALE_CTYPE
    USE_LOCALE_NUMERIC
    USE_LOCALE_TIME
    USE_PERLIO
    USE_PERL_ATOF
  Locally applied patches:
    Devel::PatchPerl 1.38
  Built under linux
  Compiled at Jun 21 2020 02:24:10
  %ENV:
    PERL5LIB=""
    PERL5OPT=""
    PERL5_CPANPLUS_IS_RUNNING="7818"
    PERL5_CPAN_IS_RUNNING="7818"
    PERL5_CPAN_IS_RUNNING_IN_RECURSION="6113,7818"
    PERLBREW_HOME="/srv/smoker/.perlbrew"
    PERLBREW_MANPATH="/srv/smoker/perl5/perlbrew/perls/perl-5.32.0/man"
    PERLBREW_PATH="/srv/smoker/perl5/perlbrew/bin:/srv/smoker/perl5/perlbrew/perls/perl-5.32.0/bin"
    PERLBREW_PERL="perl-5.32.0"
    PERLBREW_ROOT="/srv/smoker/perl5/perlbrew"
    PERLBREW_SHELLRC_VERSION="0.89"
    PERLBREW_VERSION="0.89"
    PERL_CPANM_OPT="--verbose --prompt --mirror file:///srv/smoker/minicpan/"
    PERL_CR_SMOKER_CURRENT="Store-Directories-v0.4.2"
    PERL_EXTUTILS_AUTOINSTALL="--defaultdeps"
    PERL_MM_USE_DEFAULT="1"
    PERL_TEST_TIME_OUT_FACTOR="3"
    PERL_USE_UNSAFE_INC="1"
  @INC:
    /srv/smoker/perl5/perlbrew/perls/perl-5.32.0/lib/site_perl/5.32.0/armv6l-linux
    /srv/smoker/perl5/perlbrew/perls/perl-5.32.0/lib/site_perl/5.32.0
    /srv/smoker/perl5/perlbrew/perls/perl-5.32.0/lib/5.32.0/armv6l-linux
    /srv/smoker/perl5/perlbrew/perls/perl-5.32.0/lib/5.32.0
    .