Image-Scale v0.14 Perl 5 v5.26.3 darwin-thread-multi-2level

Status
Fail
From
Roland van Ipenburg (IPENBURG)
Dist
Image-Scale v0.14
Platform
Perl 5 v5.26.3 darwin-thread-multi-2level
Date
2019-08-24 16:30:36
ID
805cb87c-c68c-11e9-8ba4-7270cfea4477
This distribution has been tested as part of the CPAN Testers
project, supporting the Perl programming language.  See
http://wiki.cpantesters.org/ for more information or email
questions to cpan-testers-discuss@perl.org


--
Dear Andy Grundman,

This is a computer-generated report for Image-Scale-0.14
on perl 5.26.3, created by CPAN-Reporter-1.2018.

Thank you for uploading your work to CPAN.  However, there was a problem
testing your distribution.

If you think this report is invalid, please consult the CPAN Testers Wiki
for suggestions on how to avoid getting FAIL reports for missing library
or binary dependencies, unsupported operating systems, and so on:

http://wiki.cpantesters.org/wiki/CPANAuthorNotes

Sections of this report:

    * Tester comments
    * Program output
    * Prerequisites
    * Environment and other context

------------------------------
TESTER COMMENTS
------------------------------

Additional comments from tester:

none provided

------------------------------
PROGRAM OUTPUT
------------------------------

Output from '/usr/bin/make test':

"/opt/local/bin/perl5.26" -MExtUtils::Command::MM -e 'cp_nonempty' -- Scale.bs blib/arch/auto/Image/Scale/Scale.bs 644
PERL_DL_NONLAZY=1 "/opt/local/bin/perl5.26" "-MExtUtils::Command::MM" "-MTest::Harness" "-e" "undef *Test::Harness::Switches; test_harness(0, 'blib/lib', 'blib/arch')" t/*.t

#   Failed test 'use Image::Scale;'
#   at t/01use.t line 3.
#     Tried to use 'Image::Scale'.
#     Error:  Can't load '/Users/roland/.cpan/build/Image-Scale-0.14-1/blib/arch/auto/Image/Scale/Scale.bundle' for module Image::Scale: dlopen(/Users/roland/.cpan/build/Image-Scale-0.14-1/blib/arch/auto/Image/Scale/Scale.bundle, 2): Symbol not found: _PrintGifError
#   Referenced from: /Users/roland/.cpan/build/Image-Scale-0.14-1/blib/arch/auto/Image/Scale/Scale.bundle
#   Expected in: flat namespace
#  in /Users/roland/.cpan/build/Image-Scale-0.14-1/blib/arch/auto/Image/Scale/Scale.bundle at /opt/local/lib/perl5/5.26/darwin-thread-multi-2level/DynaLoader.pm line 197.
#  at t/01use.t line 3.
# Compilation failed in require at t/01use.t line 3.
# BEGIN failed--compilation aborted at t/01use.t line 3.
# Looks like you failed 1 test of 1.
t/01use.t .......... 
Dubious, test returned 1 (wstat 256, 0x100)
Failed 1/1 subtests 
t/02pod.t .......... skipped: set TEST_POD to enable this test
t/03podcoverage.t .. skipped: set TEST_POD to enable this test
t/04critic.t ....... skipped: Critic test only for developers.
Can't load '/Users/roland/.cpan/build/Image-Scale-0.14-1/blib/arch/auto/Image/Scale/Scale.bundle' for module Image::Scale: dlopen(/Users/roland/.cpan/build/Image-Scale-0.14-1/blib/arch/auto/Image/Scale/Scale.bundle, 2): Symbol not found: _PrintGifError
  Referenced from: /Users/roland/.cpan/build/Image-Scale-0.14-1/blib/arch/auto/Image/Scale/Scale.bundle
  Expected in: flat namespace
 in /Users/roland/.cpan/build/Image-Scale-0.14-1/blib/arch/auto/Image/Scale/Scale.bundle at /opt/local/lib/perl5/5.26/darwin-thread-multi-2level/DynaLoader.pm line 197.
 at t/bmp.t line 9.
Compilation failed in require at t/bmp.t line 9.
BEGIN failed--compilation aborted at t/bmp.t line 9.
# Looks like your test exited with 2 before it could output anything.
t/bmp.t ............ 
Dubious, test returned 2 (wstat 512, 0x200)
Failed 30/30 subtests 
Can't load '/Users/roland/.cpan/build/Image-Scale-0.14-1/blib/arch/auto/Image/Scale/Scale.bundle' for module Image::Scale: dlopen(/Users/roland/.cpan/build/Image-Scale-0.14-1/blib/arch/auto/Image/Scale/Scale.bundle, 2): Symbol not found: _PrintGifError
  Referenced from: /Users/roland/.cpan/build/Image-Scale-0.14-1/blib/arch/auto/Image/Scale/Scale.bundle
  Expected in: flat namespace
 in /Users/roland/.cpan/build/Image-Scale-0.14-1/blib/arch/auto/Image/Scale/Scale.bundle at /opt/local/lib/perl5/5.26/darwin-thread-multi-2level/DynaLoader.pm line 197.
 at t/gif.t line 9.
Compilation failed in require at t/gif.t line 9.
BEGIN failed--compilation aborted at t/gif.t line 9.
t/gif.t ............ 
Dubious, test returned 2 (wstat 512, 0x200)
No subtests run 
Can't load '/Users/roland/.cpan/build/Image-Scale-0.14-1/blib/arch/auto/Image/Scale/Scale.bundle' for module Image::Scale: dlopen(/Users/roland/.cpan/build/Image-Scale-0.14-1/blib/arch/auto/Image/Scale/Scale.bundle, 2): Symbol not found: _PrintGifError
  Referenced from: /Users/roland/.cpan/build/Image-Scale-0.14-1/blib/arch/auto/Image/Scale/Scale.bundle
  Expected in: flat namespace
 in /Users/roland/.cpan/build/Image-Scale-0.14-1/blib/arch/auto/Image/Scale/Scale.bundle at /opt/local/lib/perl5/5.26/darwin-thread-multi-2level/DynaLoader.pm line 197.
 at t/jpeg.t line 9.
Compilation failed in require at t/jpeg.t line 9.
BEGIN failed--compilation aborted at t/jpeg.t line 9.
t/jpeg.t ........... 
Dubious, test returned 2 (wstat 512, 0x200)
No subtests run 
Can't load '/Users/roland/.cpan/build/Image-Scale-0.14-1/blib/arch/auto/Image/Scale/Scale.bundle' for module Image::Scale: dlopen(/Users/roland/.cpan/build/Image-Scale-0.14-1/blib/arch/auto/Image/Scale/Scale.bundle, 2): Symbol not found: _PrintGifError
  Referenced from: /Users/roland/.cpan/build/Image-Scale-0.14-1/blib/arch/auto/Image/Scale/Scale.bundle
  Expected in: flat namespace
 in /Users/roland/.cpan/build/Image-Scale-0.14-1/blib/arch/auto/Image/Scale/Scale.bundle at /opt/local/lib/perl5/5.26/darwin-thread-multi-2level/DynaLoader.pm line 197.
 at t/png.t line 9.
Compilation failed in require at t/png.t line 9.
BEGIN failed--compilation aborted at t/png.t line 9.
t/png.t ............ 
Dubious, test returned 2 (wstat 512, 0x200)
No subtests run 
Can't load '/Users/roland/.cpan/build/Image-Scale-0.14-1/blib/arch/auto/Image/Scale/Scale.bundle' for module Image::Scale: dlopen(/Users/roland/.cpan/build/Image-Scale-0.14-1/blib/arch/auto/Image/Scale/Scale.bundle, 2): Symbol not found: _PrintGifError
  Referenced from: /Users/roland/.cpan/build/Image-Scale-0.14-1/blib/arch/auto/Image/Scale/Scale.bundle
  Expected in: flat namespace
 in /Users/roland/.cpan/build/Image-Scale-0.14-1/blib/arch/auto/Image/Scale/Scale.bundle at /opt/local/lib/perl5/5.26/darwin-thread-multi-2level/DynaLoader.pm line 197.
 at t/stringify.t line 8.
Compilation failed in require at t/stringify.t line 8.
BEGIN failed--compilation aborted at t/stringify.t line 8.
t/stringify.t ...... 
Dubious, test returned 2 (wstat 512, 0x200)
No subtests run 

Test Summary Report
-------------------
t/01use.t        (Wstat: 256 Tests: 1 Failed: 1)
  Failed test:  1
  Non-zero exit status: 1
t/bmp.t          (Wstat: 512 Tests: 0 Failed: 0)
  Non-zero exit status: 2
  Parse errors: Bad plan.  You planned 30 tests but ran 0.
t/gif.t          (Wstat: 512 Tests: 0 Failed: 0)
  Non-zero exit status: 2
  Parse errors: No plan found in TAP output
t/jpeg.t         (Wstat: 512 Tests: 0 Failed: 0)
  Non-zero exit status: 2
  Parse errors: No plan found in TAP output
t/png.t          (Wstat: 512 Tests: 0 Failed: 0)
  Non-zero exit status: 2
  Parse errors: No plan found in TAP output
t/stringify.t    (Wstat: 512 Tests: 0 Failed: 0)
  Non-zero exit status: 2
  Parse errors: No plan found in TAP output
Files=9, Tests=1,  1 wallclock secs ( 0.05 usr  0.03 sys +  1.29 cusr  0.19 csys =  1.56 CPU)
Result: FAIL
Failed 6/9 test programs. 1/1 subtests failed.
make: *** [test_dynamic] Error 2

------------------------------
PREREQUISITES
------------------------------

Prerequisite modules loaded:

requires:

    Module              Need  Have    
    ------------------- ----- --------
    perl                5.008 5.026003
    Test::NoWarnings    0     1.04    

build_requires:

    Module              Need  Have    
    ------------------- ----- --------
    ExtUtils::MakeMaker 0     7.36    

configure_requires:

    Module              Need  Have    
    ------------------- ----- --------
    ExtUtils::MakeMaker 0     7.36    


------------------------------
ENVIRONMENT AND OTHER CONTEXT
------------------------------

Environment variables:

    LANG = en_US.UTF-8
    LC_ALL = en_US.UTF-8
    LC_CTYPE = UTF-8
    PATH = /opt/local/bin:/opt/local/sbin:/opt/local/bin:/opt/local/sbin:/opt/local/bin:/opt/local/sbin:/opt/local/bin:/opt/local/sbin:/Users/roland/pebble-dev/PebbleSDK-current/bin:/Applications/Rakudo/bin:/Users/roland/.npm-packages/bin:/Users/roland/pebble-dev3/pebble-sdk-4.2-mac/bin:/Applications/Xcode.app/Contents/Developer/usr/bin/:/Applications/android-sdk-macosx/platform-tools:/Applications/android-sdk-macosx/tools:/usr/local/bin:/opt/local/bin:/usr/local/bin:/usr/bin:/bin:/usr/sbin:/sbin:/usr/local/MacGPG2/bin:/opt/X11/bin:/Applications/Rakudo/bin:/Applications/Rakudo/share/perl6/site/bin
    PERL5LIB = 
    PERL5OPT = 
    PERL5_CPANPLUS_IS_RUNNING = 13602
    PERL5_CPAN_IS_RUNNING = 13602
    PERL_USE_UNSAFE_INC = 1
    SHELL = /bin/sh
    TERM = xterm-256color

Perl special variables (and OS-specific diagnostics, for MSWin32):

    $^X = /opt/local/bin/perl5.26
    $UID/$EUID = 0 / 0
    $GID = 0 0 1 2 3 4 5 8 9 12 20 29 61 80 33 98 100
    $EGID = 0 0 1 2 3 4 5 8 9 12 20 29 61 80 33 98 100

Perl module toolchain versions installed:

    Module              Have    
    ------------------- --------
    CPAN                2.27    
    CPAN::Meta          2.150010
    Cwd                 3.75    
    ExtUtils::CBuilder  0.280231
    ExtUtils::Command   7.36    
    ExtUtils::Install   2.14    
    ExtUtils::MakeMaker 7.36    
    ExtUtils::Manifest  1.72    
    ExtUtils::ParseXS   3.35    
    File::Spec          3.75    
    JSON                4.02    
    JSON::PP            4.04    
    Module::Build       0.4229  
    Module::Signature   0.83    
    Parse::CPAN::Meta   2.150010
    Test::Harness       3.42    
    Test::More          1.302166
    YAML                n/a     
    YAML::Syck          n/a     
    version             0.9924  


--

Summary of my perl5 (revision 5 version 26 subversion 3) configuration:
   
  Platform:
    osname=darwin
    osvers=18.2.0
    archname=darwin-thread-multi-2level
    uname='darwin mojave.internal.macports.net 18.2.0 darwin kernel version 18.2.0: mon nov 12 20:24:46 pst 2018; root:xnu-4903.231.4~2release_x86_64 x86_64 '
    config_args='-des -Dprefix=/opt/local -Dscriptdir=/opt/local/bin -Dvendorprefix=/opt/local -Dusemultiplicity=y -Dusethreads -Duseshrplib -Dcc=/usr/bin/clang -Dman1ext=1pm -Dman3ext=3pm -Dinstallstyle=lib/perl5 -Dman1dir=/opt/local/share/man/man1p -Dman3dir=/opt/local/share/man/man3p -Dsitebin=/opt/local/libexec/perl5.26/sitebin -Dsiteman1dir=/opt/local/share/perl5.26/siteman/man1 -Dsiteman3dir=/opt/local/share/perl5.26/siteman/man3 -Dvendorbin=/opt/local/libexec/perl5.26 -Dvendorman1dir=/opt/local/share/perl5.26/man/man1 -Dvendorman3dir=/opt/local/share/perl5.26/man/man3 -Dpager=/usr/bin/less -sR -Dperlpath=/opt/local/bin/perl5.26 -Dstartperl=#!/opt/local/bin/perl5.26 -Acppflags=-I/opt/local/include -isysroot/Applications/Xcode.app/Contents/Developer/Platforms/MacOSX.platform/Developer/SDKs/MacOSX10.14.sdk -Accflags=-pipe -Os -isysroot/Applications/Xcode.app/Contents/Developer/Platforms/MacOSX.platform/Developer/SDKs/MacOSX10.14.sdk  -Alddlflags=-L/opt/local/lib -Wl,-headerpad_max_install_names -Wl,-syslibroot,/Applications/Xcode.app/Contents/Developer/Platforms/MacOSX.platform/Developer/SDKs/MacOSX10.14.sdk  -Aldflags=-L/opt/local/lib -Wl,-headerpad_max_install_names -Wl,-syslibroot,/Applications/Xcode.app/Contents/Developer/Platforms/MacOSX.platform/Developer/SDKs/MacOSX10.14.sdk '
    hint=recommended
    useposix=true
    d_sigaction=define
    useithreads=define
    usemultiplicity=define
    use64bitint=define
    use64bitall=define
    uselongdouble=undef
    usemymalloc=n
    default_inc_excludes_dot=define
    bincompat5005=undef
  Compiler:
    cc='/usr/bin/clang'
    ccflags ='-fno-common -DPERL_DARWIN -mmacosx-version-min=10.14 -pipe -Os -isysroot/Applications/Xcode.app/Contents/Developer/Platforms/MacOSX.platform/Developer/SDKs/MacOSX10.14.sdk  -fno-strict-aliasing -fstack-protector-strong -I/opt/local/include -DPERL_USE_SAFE_PUTENV'
    optimize='-O3'
    cppflags='-I/opt/local/include -isysroot/Applications/Xcode.app/Contents/Developer/Platforms/MacOSX.platform/Developer/SDKs/MacOSX10.14.sdk -fno-common -DPERL_DARWIN -mmacosx-version-min=10.14 -pipe -Os -isysroot/Applications/Xcode.app/Contents/Developer/Platforms/MacOSX.platform/Developer/SDKs/MacOSX10.14.sdk  -fno-strict-aliasing -fstack-protector-strong -I/opt/local/include'
    ccversion=''
    gccversion='4.2.1 Compatible Apple LLVM 10.0.0 (clang-1000.11.45.5)'
    gccosandvers=''
    intsize=4
    longsize=8
    ptrsize=8
    doublesize=8
    byteorder=12345678
    doublekind=3
    d_longlong=define
    longlongsize=8
    d_longdbl=define
    longdblsize=16
    longdblkind=3
    ivtype='long'
    ivsize=8
    nvtype='double'
    nvsize=8
    Off_t='off_t'
    lseeksize=8
    alignbytes=8
    prototype=define
  Linker and Libraries:
    ld='/usr/bin/clang'
    ldflags =' -mmacosx-version-min=10.14 -L/opt/local/lib -Wl,-headerpad_max_install_names -Wl,-syslibroot,/Applications/Xcode.app/Contents/Developer/Platforms/MacOSX.platform/Developer/SDKs/MacOSX10.14.sdk  -fstack-protector-strong'
    libpth=/opt/local/lib /Applications/Xcode.app/Contents/Developer/Toolchains/XcodeDefault.xctoolchain/usr/lib/clang/10.0.0/lib /Applications/Xcode.app/Contents/Developer/Toolchains/XcodeDefault.xctoolchain/usr/lib /Applications/Xcode.app/Contents/Developer/Platforms/MacOSX.platform/Developer/SDKs/MacOSX10.14.sdk/usr/lib /usr/lib
    libs=-lpthread -lgdbm -ldbm -ldl -lm -lutil -lc
    perllibs=-lpthread -ldl -lm -lutil -lc
    libc=
    so=dylib
    useshrplib=true
    libperl=libperl.dylib
    gnulibc_version=''
  Dynamic Linking:
    dlsrc=dl_dlopen.xs
    dlext=bundle
    d_dlsymun=undef
    ccdlflags=' '
    cccdlflags=' '
    lddlflags=' -mmacosx-version-min=10.14 -bundle -undefined dynamic_lookup -L/opt/local/lib -Wl,-headerpad_max_install_names -Wl,-syslibroot,/Applications/Xcode.app/Contents/Developer/Platforms/MacOSX.platform/Developer/SDKs/MacOSX10.14.sdk  -fstack-protector-strong'


Characteristics of this binary (from libperl): 
  Compile-time options:
    HAS_TIMES
    MULTIPLICITY
    PERLIO_LAYERS
    PERL_COPY_ON_WRITE
    PERL_DONT_CREATE_GVSV
    PERL_IMPLICIT_CONTEXT
    PERL_MALLOC_WRAP
    PERL_OP_PARENT
    PERL_PRESERVE_IVUV
    PERL_USE_SAFE_PUTENV
    USE_64_BIT_ALL
    USE_64_BIT_INT
    USE_ITHREADS
    USE_LARGE_FILES
    USE_LOCALE
    USE_LOCALE_COLLATE
    USE_LOCALE_CTYPE
    USE_LOCALE_NUMERIC
    USE_LOCALE_TIME
    USE_PERLIO
    USE_PERL_ATOF
    USE_REENTRANT_API
  Built under darwin
  Compiled at Dec 31 2018 10:12:11
  %ENV:
    PERL5LIB=""
    PERL5OPT=""
    PERL5_CPANPLUS_IS_RUNNING="13602"
    PERL5_CPAN_IS_RUNNING="13602"
    PERL_USE_UNSAFE_INC="1"
  @INC:
    /opt/local/lib/perl5/site_perl/5.26/darwin-thread-multi-2level
    /opt/local/lib/perl5/site_perl/5.26
    /opt/local/lib/perl5/vendor_perl/5.26/darwin-thread-multi-2level
    /opt/local/lib/perl5/vendor_perl/5.26
    /opt/local/lib/perl5/5.26/darwin-thread-multi-2level
    /opt/local/lib/perl5/5.26
    .