XML-LibXML-SAX-ChunkParser v0.00008 Perl 5 v5.14.4 x86_64-linux
- Status
- Fail
- From
- Andreas J. König (ANDK)
- Dist
-
XML-LibXML-SAX-ChunkParser v0.00008
- Platform
- Perl 5 v5.14.4 x86_64-linux
- Date
- 2018-03-30 01:20:15
- ID
- 8060e16c-33b8-11e8-bb24-8e4f19ccd4f6
This distribution has been tested as part of the CPAN Testers
project, supporting the Perl programming language. See
http://wiki.cpantesters.org/ for more information or email
questions to cpan-testers-discuss@perl.org
--
Dear Daisuke Maki,
This is a computer-generated report for XML-LibXML-SAX-ChunkParser-0.00008
on perl 5.14.4, created by CPAN-Reporter-1.2018.
Thank you for uploading your work to CPAN. However, there was a problem
testing your distribution.
If you think this report is invalid, please consult the CPAN Testers Wiki
for suggestions on how to avoid getting FAIL reports for missing library
or binary dependencies, unsupported operating systems, and so on:
http://wiki.cpantesters.org/wiki/CPANAuthorNotes
Sections of this report:
* Tester comments
* Program output
* Prerequisites
* Environment and other context
------------------------------
TESTER COMMENTS
------------------------------
Additional comments from tester:
this report is from an automated smoke testing program
and was not reviewed by a human for accuracy
------------------------------
PROGRAM OUTPUT
------------------------------
Output from './Build test':
t/00_compile.t .. ok
# parsing chunk '<?xml v'
# parsing chunk 'ersion="1.0"?>'
# Failed test 'event should be start_document'
# at t/01_basic.t line 104.
# got: 'set_document_locator'
# expected: 'start_document'
# Failed test 'event should be xml_decl'
# at t/01_basic.t line 104.
# got: 'start_document'
# expected: 'xml_decl'
# Failed test at t/01_basic.t line 105.
# Structures begin differing at:
# $got->{Version} = Does not exist
# $expected->{Version} = '1.0'
# Failed test 'event should be start_prefix_mapping'
# at t/01_basic.t line 104.
# got: 'xml_decl'
# expected: 'start_prefix_mapping'
# Failed test at t/01_basic.t line 105.
# Structures begin differing at:
# $got->{Prefix} = Does not exist
# $expected->{Prefix} = ''
# parsing chunk '<foo xml'
# parsing chunk 'ns="http://foobar.com">'
# Failed test 'event should be start_element'
# at t/01_basic.t line 104.
# got: 'start_prefix_mapping'
# expected: 'start_element'
# Failed test at t/01_basic.t line 105.
# Structures begin differing at:
# $got->{LocalName} = Does not exist
# $expected->{LocalName} = 'foo'
# Failed test at t/01_basic.t line 105.
# Structures begin differing at:
# $got->{LocalName} = 'foo'
# $expected->{LocalName} = 'bar'
# parsing chunk '<'
# parsing chunk 'bar x="1"'
# parsing chunk '>'
# Failed test at t/01_basic.t line 105.
# Structures begin differing at:
# $got->{LocalName} = 'bar'
# $expected->{LocalName} = 'baz'
# parsing chunk '<baz>whoopla</b'
# Failed test 'event should be characters'
# at t/01_basic.t line 104.
# got: 'start_element'
# expected: 'characters'
# Failed test at t/01_basic.t line 105.
# Structures begin differing at:
# $got->{LocalName} = 'baz'
# $expected->{LocalName} = Does not exist
# Failed test 'event should be end_element'
# at t/01_basic.t line 104.
# got: 'characters'
# expected: 'end_element'
# Failed test at t/01_basic.t line 105.
# Structures begin differing at:
# $got->{Prefix} = Does not exist
# $expected->{Prefix} = ''
# parsing chunk 'az>'
# Failed test at t/01_basic.t line 105.
# Structures begin differing at:
# $got->{LocalName} = 'baz'
# $expected->{LocalName} = 'bar'
# parsing chunk '<'
# parsing chunk '/'
# parsing chunk 'bar>'
# Failed test at t/01_basic.t line 105.
# Structures begin differing at:
# $got->{LocalName} = 'bar'
# $expected->{LocalName} = 'foo'
# parsing chunk '</foo>'
# Failed test 'event should be end_prefix_mapping'
# at t/01_basic.t line 104.
# got: 'end_element'
# expected: 'end_prefix_mapping'
# Failed test at t/01_basic.t line 105.
# Structures begin differing at:
# $got->{LocalName} = 'foo'
# $expected->{LocalName} = Does not exist
# Failed test 'event should be '
# at t/01_basic.t line 104.
# got: 'end_prefix_mapping'
# expected: undef
# Failed test at t/01_basic.t line 105.
# Structures begin differing at:
# $got->{Prefix} = ''
# $expected->{Prefix} = Does not exist
# Looks like you planned 23 tests but ran 25.
# Looks like you failed 19 tests of 25 run.
t/01_basic.t ....
Dubious, test returned 19 (wstat 4864, 0x1300)
Failed 17/23 subtests
t/rt94173.t ..... ok
Test Summary Report
-------------------
t/01_basic.t (Wstat: 4864 Tests: 25 Failed: 19)
Failed tests: 2, 4-9, 11, 13-17, 19, 21-25
Non-zero exit status: 19
Parse errors: Bad plan. You planned 23 tests but ran 25.
Files=3, Tests=29, 1 wallclock secs ( 0.02 usr 0.03 sys + 0.25 cusr 0.07 csys = 0.37 CPU)
Result: FAIL
Failed 1/3 test programs. 19/29 subtests failed.
------------------------------
PREREQUISITES
------------------------------
Prerequisite modules loaded:
requires:
Module Need Have
------------------- ---- --------
XML::LibXML 1.66 2.0132
XML::SAX 0 1.00
build_requires:
Module Need Have
------------------- ---- --------
ExtUtils::CBuilder 0 0.280230
ExtUtils::MakeMaker 6.36 7.32
Test::Fatal 0 0.014
Test::More 0 1.302134
configure_requires:
Module Need Have
------------------- ---- --------
CPAN::Meta 0 2.150010
CPAN::Meta::Prereqs 0 2.150010
Module::Build 0.38 0.4224
------------------------------
ENVIRONMENT AND OTHER CONTEXT
------------------------------
Environment variables:
AUTOMATED_TESTING = 1
LANG = en_US.UTF-8
PATH = /home/sand/bin:/usr/local/bin:/usr/bin:/bin:/usr/games:/usr/local/perl/bin:/usr/X11/bin:/sbin:/usr/sbin
PERL5LIB =
PERL5OPT =
PERL5_CPANPLUS_IS_RUNNING = 3695
PERL5_CPAN_IS_RUNNING = 3695
PERL_CANARY_STABILITY_NOPROMPT = 1
PERL_MM_USE_DEFAULT = 1
PERL_USE_UNSAFE_INC = 1
SHELL = /usr/bin/zsh
TERM = screen
Perl special variables (and OS-specific diagnostics, for MSWin32):
$^X = /home/sand/src/perl/repoperls/installed-perls/host/k93msid/v5.14.4/da1c/bin/perl
$UID/$EUID = 1005 / 1005
$GID = 1005 1005
$EGID = 1005 1005
Perl module toolchain versions installed:
Module Have
------------------- --------
CPAN 2.20
CPAN::Meta 2.150010
Cwd 3.74
ExtUtils::CBuilder 0.280230
ExtUtils::Command 7.32
ExtUtils::Install 2.06
ExtUtils::MakeMaker 7.32
ExtUtils::Manifest 1.70
ExtUtils::ParseXS 3.35
File::Spec 3.74
JSON 2.97001
JSON::PP 2.97001
Module::Build 0.4224
Module::Signature 0.81
Parse::CPAN::Meta 2.150010
Test::Harness 3.43_01
Test::More 1.302134
YAML 1.24
YAML::Syck 1.30
version 0.9918
--
Summary of my perl5 (revision 5 version 14 subversion 4) configuration:
Derived from: 26c5c13a4ece9084f310610bb17fb2f24c72a73e
Platform:
osname=linux, osvers=4.14.0-3-amd64, archname=x86_64-linux
uname='linux k93msid 4.14.0-3-amd64 #1 smp debian 4.14.12-2 (2018-01-06) x86_64 gnulinux '
config_args='-Dprefix=/home/sand/src/perl/repoperls/installed-perls/host/k93msid/v5.14.4/da1c -Dmyhostname=k93msid -Dinstallusrbinperl=n -Uversiononly -Dusedevel -des -Ui_db -Dlibswanted=cl pthread socket inet nsl gdbm dbm malloc dl ld sun m crypt sec util c cposix posix ucb BSD gdbm_compat -Uuseithreads -Uuselongdouble -DEBUGGING=-g'
hint=recommended, useposix=true, d_sigaction=define
useithreads=undef, usemultiplicity=undef
useperlio=define, d_sfio=undef, uselargefiles=define, usesocks=undef
use64bitint=define, use64bitall=define, uselongdouble=undef
usemymalloc=n, bincompat5005=undef
Compiler:
cc='cc', ccflags ='-fno-strict-aliasing -pipe -fstack-protector -I/usr/local/include -D_LARGEFILE_SOURCE -D_FILE_OFFSET_BITS=64',
optimize='-O2 -g',
cppflags='-fno-strict-aliasing -pipe -fstack-protector -I/usr/local/include'
ccversion='', gccversion='7.2.0', gccosandvers=''
intsize=4, longsize=8, ptrsize=8, doublesize=8, byteorder=12345678
d_longlong=define, longlongsize=8, d_longdbl=define, longdblsize=16
ivtype='long', ivsize=8, nvtype='double', nvsize=8, Off_t='off_t', lseeksize=8
alignbytes=8, prototype=define
Linker and Libraries:
ld='cc', ldflags =' -fstack-protector -L/usr/local/lib'
libpth=/usr/local/lib /lib/x86_64-linux-gnu /lib/../lib /usr/lib/x86_64-linux-gnu /usr/lib/../lib /lib /usr/lib
libs=-lpthread -lnsl -ldl -lm -lcrypt -lutil -lc
perllibs=-lpthread -lnsl -ldl -lm -lcrypt -lutil -lc
libc=libc-2.26.so, so=so, useshrplib=false, libperl=libperl.a
gnulibc_version='2.26'
Dynamic Linking:
dlsrc=dl_dlopen.xs, dlext=so, d_dlsymun=undef, ccdlflags='-Wl,-E'
cccdlflags='-fPIC', lddlflags='-shared -O2 -g -L/usr/local/lib -fstack-protector'
Characteristics of this binary (from libperl):
Compile-time options: PERL_DONT_CREATE_GVSV PERL_MALLOC_WRAP
PERL_PRESERVE_IVUV PERL_USE_DEVEL USE_64_BIT_ALL
USE_64_BIT_INT USE_LARGE_FILES USE_PERLIO
USE_PERL_ATOF
Locally applied patches:
uncommitted-changes
Built under linux
Compiled at Mar 6 2018 22:48:50
%ENV:
PERL5LIB=""
PERL5OPT=""
PERL5_CPANPLUS_IS_RUNNING="3695"
PERL5_CPAN_IS_RUNNING="3695"
PERL_CANARY_STABILITY_NOPROMPT="1"
PERL_MM_USE_DEFAULT="1"
PERL_USE_UNSAFE_INC="1"
@INC:
/home/sand/src/perl/repoperls/installed-perls/host/k93msid/v5.14.4/da1c/lib/site_perl/5.14.4/x86_64-linux
/home/sand/src/perl/repoperls/installed-perls/host/k93msid/v5.14.4/da1c/lib/site_perl/5.14.4
/home/sand/src/perl/repoperls/installed-perls/host/k93msid/v5.14.4/da1c/lib/5.14.4/x86_64-linux
/home/sand/src/perl/repoperls/installed-perls/host/k93msid/v5.14.4/da1c/lib/5.14.4
.