Protocol-WebSocket-XS v1.0.1 Perl 5 v5.28.0 x86_64-linux-thread-multi

Status
Fail
From
David Cantrell (DCANTRELL)
Dist
Protocol-WebSocket-XS v1.0.1
Platform
Perl 5 v5.28.0 x86_64-linux-thread-multi
Date
2020-04-07 14:24:34
ID
80b9e96e-78db-11ea-a438-2d37052d0de1
This distribution has been tested as part of the CPAN Testers
project, supporting the Perl programming language.  See
http://wiki.cpantesters.org/ for more information or email
questions to cpan-testers-discuss@perl.org


--
Dear Oleg Pronin,

This is a computer-generated report for Protocol-WebSocket-XS-1.0.1
on perl 5.28.0, created by CPAN-Reporter-1.2018.

Thank you for uploading your work to CPAN.  However, there was a problem
testing your distribution.

If you think this report is invalid, please consult the CPAN Testers Wiki
for suggestions on how to avoid getting FAIL reports for missing library
or binary dependencies, unsupported operating systems, and so on:

http://wiki.cpantesters.org/wiki/CPANAuthorNotes

Sections of this report:

    * Tester comments
    * Program output
    * Prerequisites
    * Environment and other context

------------------------------
TESTER COMMENTS
------------------------------

Additional comments from tester:

this report is from an automated smoke testing program
and was not reviewed by a human for accuracy

------------------------------
PROGRAM OUTPUT
------------------------------

Output from '/usr/bin/make test':

"/home/david/cpantesting/perl-5.28.0/bin/perl" -MExtUtils::Command::MM -e 'cp_nonempty' -- XS.bs blib/arch/auto/Protocol/WebSocket/XS/XS.bs 644
c++ -c  -Isrc -I/usr/local/opt/openssl/include -I/home/david/cpantesting/perl-5.28.0/lib/site_perl/5.28.0/XS/librangeV3.x/i -I/home/david/cpantesting/perl-5.28.0/lib/site_perl/5.28.0/XS/Install.x/i -I/home/david/cpantesting/perl-5.28.0/lib/site_perl/5.28.0/x86_64-linux-thread-multi/Date.x/i -I/home/david/cpantesting/perl-5.28.0/lib/site_perl/5.28.0/x86_64-linux-thread-multi/XS/Framework.x/i -I/home/david/cpantesting/perl-5.28.0/lib/site_perl/5.28.0/x86_64-linux-thread-multi/XS/libpanda.x/i -I/home/david/cpantesting/perl-5.28.0/lib/site_perl/5.28.0/x86_64-linux-thread-multi/next/XS.x/i -I/home/david/cpantesting/perl-5.28.0/lib/site_perl/5.28.0/x86_64-linux-thread-multi/Export/XS.x/i -I/home/david/cpantesting/perl-5.28.0/lib/site_perl/5.28.0/x86_64-linux-thread-multi/Encode/Base2N.x/i -I/home/david/cpantesting/perl-5.28.0/lib/site_perl/5.28.0/x86_64-linux-thread-multi/URI/XS.x/i -I/home/david/cpantesting/perl-5.28.0/lib/site_perl/5.28.0/XS/libboost/mini.x/i -I/home/david/cpantesting/perl-5.28.0/lib/site_perl/5.28.0/x86_64-linux-thread-multi/Protocol/HTTP.x/i -I/home/david/cpantesting/perl-5.28.0/lib/site_perl/5.28.0/XS/libcatch.x/i -D_REENTRANT -D_GNU_SOURCE -fwrapv -fno-strict-aliasing -pipe -fstack-protector-strong -I/usr/local/include -D_LARGEFILE_SOURCE -D_FILE_OFFSET_BITS=64 -D_FORTIFY_SOURCE=2 -Wall -Wextra -std=c++14 -o t/Parser-deflate-frames.o -O0   -DVERSION=\"0.0.0\" -DXS_VERSION=\"0.0.0\" -fPIC "-I/home/david/cpantesting/perl-5.28.0/lib/5.28.0/x86_64-linux-thread-multi/CORE"   t/Parser-deflate-frames.cc
Running Mkbootstrap for MyTest ()
chmod 644 "MyTest.bs"
"/home/david/cpantesting/perl-5.28.0/bin/perl" -MExtUtils::Command::MM -e 'cp_nonempty' -- MyTest.bs blib/arch/auto/MyTest/MyTest.bs 644
rm -f blib/arch/auto/MyTest/MyTest.so
LD_RUN_PATH="/usr/lib/x86_64-linux-gnu:/lib/x86_64-linux-gnu" c++  -shared -O2 -L/usr/local/lib -fstack-protector-strong  t/Parser-deflate-frames.o blib/arch/auto/Protocol/WebSocket/XS/XS.so  -o blib/arch/auto/MyTest/MyTest.so  \
   -lcrypto -lz   \
  
chmod 755 blib/arch/auto/MyTest/MyTest.so
Manifying 12 pod documents
PERL_DL_NONLAZY=1 "/home/david/cpantesting/perl-5.28.0/bin/perl" "-MExtUtils::Command::MM" "-MTest::Harness" "-e" "undef *Test::Harness::Switches; test_harness(0, 'blib/lib', 'blib/arch')" t/*.t
Can't locate Panda/Lib.pm in @INC (you may need to install the Panda::Lib module) (@INC contains: t /home/david/cpantesting/perl-5.28.0/.cpan/build/Protocol-WebSocket-XS-1.0.1-0/blib/lib /home/david/cpantesting/perl-5.28.0/.cpan/build/Protocol-WebSocket-XS-1.0.1-0/blib/arch /home/david/cpantesting/perl-5.28.0/lib/site_perl/5.28.0/x86_64-linux-thread-multi /home/david/cpantesting/perl-5.28.0/lib/site_perl/5.28.0 /home/david/cpantesting/perl-5.28.0/lib/5.28.0/x86_64-linux-thread-multi /home/david/cpantesting/perl-5.28.0/lib/5.28.0) at t/MyTest.pm line 11.
BEGIN failed--compilation aborted at t/MyTest.pm line 11.
Compilation failed in require at t/bug-SRV-1608.t line 3.
BEGIN failed--compilation aborted at t/bug-SRV-1608.t line 3.
t/bug-SRV-1608.t .................. 
Dubious, test returned 2 (wstat 512, 0x200)
No subtests run 
Can't locate Panda/Lib.pm in @INC (you may need to install the Panda::Lib module) (@INC contains: t /home/david/cpantesting/perl-5.28.0/.cpan/build/Protocol-WebSocket-XS-1.0.1-0/blib/lib /home/david/cpantesting/perl-5.28.0/.cpan/build/Protocol-WebSocket-XS-1.0.1-0/blib/arch /home/david/cpantesting/perl-5.28.0/lib/site_perl/5.28.0/x86_64-linux-thread-multi /home/david/cpantesting/perl-5.28.0/lib/site_perl/5.28.0 /home/david/cpantesting/perl-5.28.0/lib/5.28.0/x86_64-linux-thread-multi /home/david/cpantesting/perl-5.28.0/lib/5.28.0) at t/MyTest.pm line 11.
BEGIN failed--compilation aborted at t/MyTest.pm line 11.
Compilation failed in require at t/ClientParser-connect.t line 3.
BEGIN failed--compilation aborted at t/ClientParser-connect.t line 3.
t/ClientParser-connect.t .......... 
Dubious, test returned 2 (wstat 512, 0x200)
No subtests run 
Can't locate Panda/Lib.pm in @INC (you may need to install the Panda::Lib module) (@INC contains: t /home/david/cpantesting/perl-5.28.0/.cpan/build/Protocol-WebSocket-XS-1.0.1-0/blib/lib /home/david/cpantesting/perl-5.28.0/.cpan/build/Protocol-WebSocket-XS-1.0.1-0/blib/arch /home/david/cpantesting/perl-5.28.0/lib/site_perl/5.28.0/x86_64-linux-thread-multi /home/david/cpantesting/perl-5.28.0/lib/site_perl/5.28.0 /home/david/cpantesting/perl-5.28.0/lib/5.28.0/x86_64-linux-thread-multi /home/david/cpantesting/perl-5.28.0/lib/5.28.0) at t/MyTest.pm line 11.
BEGIN failed--compilation aborted at t/MyTest.pm line 11.
Compilation failed in require at t/ClientParser-connect_request.t line 3.
BEGIN failed--compilation aborted at t/ClientParser-connect_request.t line 3.
t/ClientParser-connect_request.t .. 
Dubious, test returned 2 (wstat 512, 0x200)
No subtests run 
Can't locate Panda/Lib.pm in @INC (you may need to install the Panda::Lib module) (@INC contains: t /home/david/cpantesting/perl-5.28.0/.cpan/build/Protocol-WebSocket-XS-1.0.1-0/blib/lib /home/david/cpantesting/perl-5.28.0/.cpan/build/Protocol-WebSocket-XS-1.0.1-0/blib/arch /home/david/cpantesting/perl-5.28.0/lib/site_perl/5.28.0/x86_64-linux-thread-multi /home/david/cpantesting/perl-5.28.0/lib/site_perl/5.28.0 /home/david/cpantesting/perl-5.28.0/lib/5.28.0/x86_64-linux-thread-multi /home/david/cpantesting/perl-5.28.0/lib/5.28.0) at t/MyTest.pm line 11.
BEGIN failed--compilation aborted at t/MyTest.pm line 11.
Compilation failed in require at t/Extension-Deflate-selection.t line 3.
BEGIN failed--compilation aborted at t/Extension-Deflate-selection.t line 3.
t/Extension-Deflate-selection.t ... 
Dubious, test returned 2 (wstat 512, 0x200)
No subtests run 
Can't locate Panda/Lib.pm in @INC (you may need to install the Panda::Lib module) (@INC contains: t /home/david/cpantesting/perl-5.28.0/.cpan/build/Protocol-WebSocket-XS-1.0.1-0/blib/lib /home/david/cpantesting/perl-5.28.0/.cpan/build/Protocol-WebSocket-XS-1.0.1-0/blib/arch /home/david/cpantesting/perl-5.28.0/lib/site_perl/5.28.0/x86_64-linux-thread-multi /home/david/cpantesting/perl-5.28.0/lib/site_perl/5.28.0 /home/david/cpantesting/perl-5.28.0/lib/5.28.0/x86_64-linux-thread-multi /home/david/cpantesting/perl-5.28.0/lib/5.28.0) at t/MyTest.pm line 11.
BEGIN failed--compilation aborted at t/MyTest.pm line 11.
Compilation failed in require at t/FrameBuilder.t line 3.
BEGIN failed--compilation aborted at t/FrameBuilder.t line 3.
t/FrameBuilder.t .................. 
Dubious, test returned 2 (wstat 512, 0x200)
No subtests run 
Can't locate Panda/Lib.pm in @INC (you may need to install the Panda::Lib module) (@INC contains: t /home/david/cpantesting/perl-5.28.0/.cpan/build/Protocol-WebSocket-XS-1.0.1-0/blib/lib /home/david/cpantesting/perl-5.28.0/.cpan/build/Protocol-WebSocket-XS-1.0.1-0/blib/arch /home/david/cpantesting/perl-5.28.0/lib/site_perl/5.28.0/x86_64-linux-thread-multi /home/david/cpantesting/perl-5.28.0/lib/site_perl/5.28.0 /home/david/cpantesting/perl-5.28.0/lib/5.28.0/x86_64-linux-thread-multi /home/david/cpantesting/perl-5.28.0/lib/5.28.0) at t/MyTest.pm line 11.
BEGIN failed--compilation aborted at t/MyTest.pm line 11.
Compilation failed in require at t/Parser-deflate-frames.t line 3.
BEGIN failed--compilation aborted at t/Parser-deflate-frames.t line 3.
t/Parser-deflate-frames.t ......... 
Dubious, test returned 2 (wstat 512, 0x200)
No subtests run 
Can't locate Panda/Lib.pm in @INC (you may need to install the Panda::Lib module) (@INC contains: t /home/david/cpantesting/perl-5.28.0/.cpan/build/Protocol-WebSocket-XS-1.0.1-0/blib/lib /home/david/cpantesting/perl-5.28.0/.cpan/build/Protocol-WebSocket-XS-1.0.1-0/blib/arch /home/david/cpantesting/perl-5.28.0/lib/site_perl/5.28.0/x86_64-linux-thread-multi /home/david/cpantesting/perl-5.28.0/lib/site_perl/5.28.0 /home/david/cpantesting/perl-5.28.0/lib/5.28.0/x86_64-linux-thread-multi /home/david/cpantesting/perl-5.28.0/lib/5.28.0) at t/MyTest.pm line 11.
BEGIN failed--compilation aborted at t/MyTest.pm line 11.
Compilation failed in require at t/Parser-get-mixed-mode.t line 3.
BEGIN failed--compilation aborted at t/Parser-get-mixed-mode.t line 3.
t/Parser-get-mixed-mode.t ......... 
Dubious, test returned 2 (wstat 512, 0x200)
No subtests run 
Can't locate Panda/Lib.pm in @INC (you may need to install the Panda::Lib module) (@INC contains: t /home/david/cpantesting/perl-5.28.0/.cpan/build/Protocol-WebSocket-XS-1.0.1-0/blib/lib /home/david/cpantesting/perl-5.28.0/.cpan/build/Protocol-WebSocket-XS-1.0.1-0/blib/arch /home/david/cpantesting/perl-5.28.0/lib/site_perl/5.28.0/x86_64-linux-thread-multi /home/david/cpantesting/perl-5.28.0/lib/site_perl/5.28.0 /home/david/cpantesting/perl-5.28.0/lib/5.28.0/x86_64-linux-thread-multi /home/david/cpantesting/perl-5.28.0/lib/5.28.0) at t/MyTest.pm line 11.
BEGIN failed--compilation aborted at t/MyTest.pm line 11.
Compilation failed in require at t/Parser-get_frames.t line 3.
BEGIN failed--compilation aborted at t/Parser-get_frames.t line 3.
t/Parser-get_frames.t ............. 
Dubious, test returned 2 (wstat 512, 0x200)
No subtests run 
Can't locate Panda/Lib.pm in @INC (you may need to install the Panda::Lib module) (@INC contains: t /home/david/cpantesting/perl-5.28.0/.cpan/build/Protocol-WebSocket-XS-1.0.1-0/blib/lib /home/david/cpantesting/perl-5.28.0/.cpan/build/Protocol-WebSocket-XS-1.0.1-0/blib/arch /home/david/cpantesting/perl-5.28.0/lib/site_perl/5.28.0/x86_64-linux-thread-multi /home/david/cpantesting/perl-5.28.0/lib/site_perl/5.28.0 /home/david/cpantesting/perl-5.28.0/lib/5.28.0/x86_64-linux-thread-multi /home/david/cpantesting/perl-5.28.0/lib/5.28.0) at t/MyTest.pm line 11.
BEGIN failed--compilation aborted at t/MyTest.pm line 11.
Compilation failed in require at t/Parser-get_messages.t line 3.
BEGIN failed--compilation aborted at t/Parser-get_messages.t line 3.
t/Parser-get_messages.t ........... 
Dubious, test returned 2 (wstat 512, 0x200)
No subtests run 
Can't locate Panda/Lib.pm in @INC (you may need to install the Panda::Lib module) (@INC contains: t /home/david/cpantesting/perl-5.28.0/.cpan/build/Protocol-WebSocket-XS-1.0.1-0/blib/lib /home/david/cpantesting/perl-5.28.0/.cpan/build/Protocol-WebSocket-XS-1.0.1-0/blib/arch /home/david/cpantesting/perl-5.28.0/lib/site_perl/5.28.0/x86_64-linux-thread-multi /home/david/cpantesting/perl-5.28.0/lib/site_perl/5.28.0 /home/david/cpantesting/perl-5.28.0/lib/5.28.0/x86_64-linux-thread-multi /home/david/cpantesting/perl-5.28.0/lib/5.28.0) at t/MyTest.pm line 11.
BEGIN failed--compilation aborted at t/MyTest.pm line 11.
Compilation failed in require at t/Parser-inflate-frames.t line 3.
BEGIN failed--compilation aborted at t/Parser-inflate-frames.t line 3.
t/Parser-inflate-frames.t ......... 
Dubious, test returned 2 (wstat 512, 0x200)
No subtests run 
Can't locate Panda/Lib.pm in @INC (you may need to install the Panda::Lib module) (@INC contains: t /home/david/cpantesting/perl-5.28.0/.cpan/build/Protocol-WebSocket-XS-1.0.1-0/blib/lib /home/david/cpantesting/perl-5.28.0/.cpan/build/Protocol-WebSocket-XS-1.0.1-0/blib/arch /home/david/cpantesting/perl-5.28.0/lib/site_perl/5.28.0/x86_64-linux-thread-multi /home/david/cpantesting/perl-5.28.0/lib/site_perl/5.28.0 /home/david/cpantesting/perl-5.28.0/lib/5.28.0/x86_64-linux-thread-multi /home/david/cpantesting/perl-5.28.0/lib/5.28.0) at t/MyTest.pm line 11.
BEGIN failed--compilation aborted at t/MyTest.pm line 11.
Compilation failed in require at t/Parser-send_control.t line 3.
BEGIN failed--compilation aborted at t/Parser-send_control.t line 3.
t/Parser-send_control.t ........... 
Dubious, test returned 2 (wstat 512, 0x200)
No subtests run 
Can't locate Panda/Lib.pm in @INC (you may need to install the Panda::Lib module) (@INC contains: t /home/david/cpantesting/perl-5.28.0/.cpan/build/Protocol-WebSocket-XS-1.0.1-0/blib/lib /home/david/cpantesting/perl-5.28.0/.cpan/build/Protocol-WebSocket-XS-1.0.1-0/blib/arch /home/david/cpantesting/perl-5.28.0/lib/site_perl/5.28.0/x86_64-linux-thread-multi /home/david/cpantesting/perl-5.28.0/lib/site_perl/5.28.0 /home/david/cpantesting/perl-5.28.0/lib/5.28.0/x86_64-linux-thread-multi /home/david/cpantesting/perl-5.28.0/lib/5.28.0) at t/MyTest.pm line 11.
BEGIN failed--compilation aborted at t/MyTest.pm line 11.
Compilation failed in require at t/Parser-send_frame.t line 3.
BEGIN failed--compilation aborted at t/Parser-send_frame.t line 3.
t/Parser-send_frame.t ............. 
Dubious, test returned 2 (wstat 512, 0x200)
No subtests run 
Can't locate Panda/Lib.pm in @INC (you may need to install the Panda::Lib module) (@INC contains: t /home/david/cpantesting/perl-5.28.0/.cpan/build/Protocol-WebSocket-XS-1.0.1-0/blib/lib /home/david/cpantesting/perl-5.28.0/.cpan/build/Protocol-WebSocket-XS-1.0.1-0/blib/arch /home/david/cpantesting/perl-5.28.0/lib/site_perl/5.28.0/x86_64-linux-thread-multi /home/david/cpantesting/perl-5.28.0/lib/site_perl/5.28.0 /home/david/cpantesting/perl-5.28.0/lib/5.28.0/x86_64-linux-thread-multi /home/david/cpantesting/perl-5.28.0/lib/5.28.0) at t/MyTest.pm line 11.
BEGIN failed--compilation aborted at t/MyTest.pm line 11.
Compilation failed in require at t/Parser-send_message.t line 3.
BEGIN failed--compilation aborted at t/Parser-send_message.t line 3.
t/Parser-send_message.t ........... 
Dubious, test returned 2 (wstat 512, 0x200)
No subtests run 
Can't locate Panda/Lib.pm in @INC (you may need to install the Panda::Lib module) (@INC contains: t /home/david/cpantesting/perl-5.28.0/.cpan/build/Protocol-WebSocket-XS-1.0.1-0/blib/lib /home/david/cpantesting/perl-5.28.0/.cpan/build/Protocol-WebSocket-XS-1.0.1-0/blib/arch /home/david/cpantesting/perl-5.28.0/lib/site_perl/5.28.0/x86_64-linux-thread-multi /home/david/cpantesting/perl-5.28.0/lib/site_perl/5.28.0 /home/david/cpantesting/perl-5.28.0/lib/5.28.0/x86_64-linux-thread-multi /home/david/cpantesting/perl-5.28.0/lib/5.28.0) at t/MyTest.pm line 11.
BEGIN failed--compilation aborted at t/MyTest.pm line 11.
Compilation failed in require at t/ServerParser-accept.t line 3.
BEGIN failed--compilation aborted at t/ServerParser-accept.t line 3.
t/ServerParser-accept.t ........... 
Dubious, test returned 2 (wstat 512, 0x200)
No subtests run 
Can't locate Panda/Lib.pm in @INC (you may need to install the Panda::Lib module) (@INC contains: t /home/david/cpantesting/perl-5.28.0/.cpan/build/Protocol-WebSocket-XS-1.0.1-0/blib/lib /home/david/cpantesting/perl-5.28.0/.cpan/build/Protocol-WebSocket-XS-1.0.1-0/blib/arch /home/david/cpantesting/perl-5.28.0/lib/site_perl/5.28.0/x86_64-linux-thread-multi /home/david/cpantesting/perl-5.28.0/lib/site_perl/5.28.0 /home/david/cpantesting/perl-5.28.0/lib/5.28.0/x86_64-linux-thread-multi /home/david/cpantesting/perl-5.28.0/lib/5.28.0) at t/MyTest.pm line 11.
BEGIN failed--compilation aborted at t/MyTest.pm line 11.
Compilation failed in require at t/ServerParser-accept_error.t line 3.
BEGIN failed--compilation aborted at t/ServerParser-accept_error.t line 3.
t/ServerParser-accept_error.t ..... 
Dubious, test returned 2 (wstat 512, 0x200)
No subtests run 
Can't locate Panda/Lib.pm in @INC (you may need to install the Panda::Lib module) (@INC contains: t /home/david/cpantesting/perl-5.28.0/.cpan/build/Protocol-WebSocket-XS-1.0.1-0/blib/lib /home/david/cpantesting/perl-5.28.0/.cpan/build/Protocol-WebSocket-XS-1.0.1-0/blib/arch /home/david/cpantesting/perl-5.28.0/lib/site_perl/5.28.0/x86_64-linux-thread-multi /home/david/cpantesting/perl-5.28.0/lib/site_perl/5.28.0 /home/david/cpantesting/perl-5.28.0/lib/5.28.0/x86_64-linux-thread-multi /home/david/cpantesting/perl-5.28.0/lib/5.28.0) at t/MyTest.pm line 11.
BEGIN failed--compilation aborted at t/MyTest.pm line 11.
Compilation failed in require at t/ServerParser-accept_response.t line 3.
BEGIN failed--compilation aborted at t/ServerParser-accept_response.t line 3.
t/ServerParser-accept_response.t .. 
Dubious, test returned 2 (wstat 512, 0x200)
No subtests run 
t/zleaks.t ........................ skipped: set WITH_LEAKS=1 to enable leaks test

Test Summary Report
-------------------
t/bug-SRV-1608.t                (Wstat: 512 Tests: 0 Failed: 0)
  Non-zero exit status: 2
  Parse errors: No plan found in TAP output
t/ClientParser-connect.t        (Wstat: 512 Tests: 0 Failed: 0)
  Non-zero exit status: 2
  Parse errors: No plan found in TAP output
t/ClientParser-connect_request.t (Wstat: 512 Tests: 0 Failed: 0)
  Non-zero exit status: 2
  Parse errors: No plan found in TAP output
t/Extension-Deflate-selection.t (Wstat: 512 Tests: 0 Failed: 0)
  Non-zero exit status: 2
  Parse errors: No plan found in TAP output
t/FrameBuilder.t                (Wstat: 512 Tests: 0 Failed: 0)
  Non-zero exit status: 2
  Parse errors: No plan found in TAP output
t/Parser-deflate-frames.t       (Wstat: 512 Tests: 0 Failed: 0)
  Non-zero exit status: 2
  Parse errors: No plan found in TAP output
t/Parser-get-mixed-mode.t       (Wstat: 512 Tests: 0 Failed: 0)
  Non-zero exit status: 2
  Parse errors: No plan found in TAP output
t/Parser-get_frames.t           (Wstat: 512 Tests: 0 Failed: 0)
  Non-zero exit status: 2
  Parse errors: No plan found in TAP output
t/Parser-get_messages.t         (Wstat: 512 Tests: 0 Failed: 0)
  Non-zero exit status: 2
  Parse errors: No plan found in TAP output
t/Parser-inflate-frames.t       (Wstat: 512 Tests: 0 Failed: 0)
  Non-zero exit status: 2
  Parse errors: No plan found in TAP output
t/Parser-send_control.t         (Wstat: 512 Tests: 0 Failed: 0)
  Non-zero exit status: 2
  Parse errors: No plan found in TAP output
t/Parser-send_frame.t           (Wstat: 512 Tests: 0 Failed: 0)
  Non-zero exit status: 2
  Parse errors: No plan found in TAP output
t/Parser-send_message.t         (Wstat: 512 Tests: 0 Failed: 0)
  Non-zero exit status: 2
  Parse errors: No plan found in TAP output
t/ServerParser-accept.t         (Wstat: 512 Tests: 0 Failed: 0)
  Non-zero exit status: 2
  Parse errors: No plan found in TAP output
t/ServerParser-accept_error.t   (Wstat: 512 Tests: 0 Failed: 0)
  Non-zero exit status: 2
  Parse errors: No plan found in TAP output
t/ServerParser-accept_response.t (Wstat: 512 Tests: 0 Failed: 0)
  Non-zero exit status: 2
  Parse errors: No plan found in TAP output
Files=17, Tests=0, 19 wallclock secs ( 0.07 usr  0.01 sys +  1.76 cusr  0.29 csys =  2.13 CPU)
Result: FAIL
Failed 16/17 test programs. 0/0 subtests failed.
Makefile:1225: recipe for target 'test_dynamic' failed
make: *** [test_dynamic] Error 255

------------------------------
PREREQUISITES
------------------------------

Prerequisite modules loaded:

requires:

    Module             Need      Have    
    ------------------ --------- --------
    Date               v5.0.3    5.0.3   
    Encode::Base2N     v1.0.2    1.0.2   
    Export::XS         v3.0.4    3.0.4   
    next::XS           v1.0.7    1.0.7   
    Protocol::HTTP     v1.0.5    1.0.5   
    URI::XS            v2.0.1    2.0.1   
    XS::Framework      v1.2.9    1.2.9   
    XS::Install        v1.2.16   1.2.16  
    XS::libboost::mini v1.68.0.0 1.68.0.0
    XS::libpanda       v1.3.14   1.3.14  
    XS::librangeV3     v1.0.0    1.0.0   

build_requires:

    Module             Need      Have    
    ------------------ --------- --------
    Date               v5.0.3    5.0.3   
    Encode::Base2N     v1.0.2    1.0.2   
    Export::XS         v3.0.4    3.0.4   
    next::XS           v1.0.7    1.0.7   
    Protocol::HTTP     v1.0.5    1.0.5   
    Test::Catch        v1.0.13   1.0.13  
    Test::Deep         0         1.128   
    Test::Exception    0         0.43    
    Test::More         0         1.302174
    Test::Simple       0.96      1.302174
    Test::Warnings     0         0.026   
    URI::XS            v2.0.1    2.0.1   
    XS::Framework      v1.2.9    1.2.9   
    XS::libboost::mini v1.68.0.0 1.68.0.0
    XS::libcatch       v1.1.0    1.1.0   
    XS::libpanda       v1.3.14   1.3.14  
    XS::librangeV3     v1.0.0    1.0.0   

configure_requires:

    Module             Need      Have    
    ------------------ --------- --------
    Date               v5.0.3    5.0.3   
    Encode::Base2N     v1.0.2    1.0.2   
    Export::XS         v3.0.4    3.0.4   
    next::XS           v1.0.7    1.0.7   
    Protocol::HTTP     v1.0.3    1.0.5   
    Test::Catch        v1.0.13   1.0.13  
    URI::XS            v2.0.1    2.0.1   
    XS::Framework      v1.2.9    1.2.9   
    XS::Install        v1.2.16   1.2.16  
    XS::libboost::mini v1.68.0.0 1.68.0.0
    XS::libcatch       v1.1.0    1.1.0   
    XS::libpanda       v1.3.14   1.3.14  
    XS::librangeV3     v1.0.0    1.0.0   


------------------------------
ENVIRONMENT AND OTHER CONTEXT
------------------------------

Environment variables:

    AUTOMATED_TESTING = 1
    LANG = en_US.UTF-8
    NONINTERACTIVE_TESTING = 1
    PATH = /usr/local/bin:/usr/bin:/bin:/usr/local/games:/usr/games
    PERL = 5.28.0
    PERL5LIB = 
    PERL5OPT = 
    PERL5_CPANPLUS_IS_RUNNING = 13170
    PERL5_CPAN_IS_RUNNING = 13170
    PERLVER = 5.28.0
    PERL_INLINE_DIRECTORY = /home/david/.Inline-5.28.0
    PERL_MM_USE_DEFAULT = 1
    PERL_USE_UNSAFE_INC = 0
    SHELL = /bin/bash
    TERM = screen

Perl special variables (and OS-specific diagnostics, for MSWin32):

    $^X = /home/david/cpantesting/perl-5.28.0/bin/perl
    $UID/$EUID = 1000 / 1000
    $GID = 1000 27 1000
    $EGID = 1000 27 1000

Perl module toolchain versions installed:

    Module              Have    
    ------------------- --------
    CPAN                2.20    
    CPAN::Meta          2.150010
    Cwd                 3.74    
    ExtUtils::CBuilder  0.280230
    ExtUtils::Command   7.34    
    ExtUtils::Install   2.14    
    ExtUtils::MakeMaker 7.34    
    ExtUtils::Manifest  1.70    
    ExtUtils::ParseXS   3.39    
    File::Spec          3.74    
    JSON                4.02    
    JSON::PP            2.97001 
    Module::Build       0.4231  
    Module::Signature   n/a     
    Parse::CPAN::Meta   2.150010
    Test::Harness       3.42    
    Test::More          1.302174
    YAML                1.30    
    YAML::Syck          n/a     
    version             0.9923  


--

Summary of my perl5 (revision 5 version 28 subversion 0) configuration:
   
  Platform:
    osname=linux
    osvers=4.9.0-8-amd64
    archname=x86_64-linux-thread-multi
    uname='linux pigsty 4.9.0-8-amd64 #1 smp debian 4.9.144-3 (2019-02-02) x86_64 gnulinux '
    config_args='-de -Duse64bitall -Dusethreads -Dprefix=/home/david/cpantesting/perl-5.28.0'
    hint=recommended
    useposix=true
    d_sigaction=define
    useithreads=define
    usemultiplicity=define
    use64bitint=define
    use64bitall=define
    uselongdouble=undef
    usemymalloc=n
    default_inc_excludes_dot=define
    bincompat5005=undef
  Compiler:
    cc='cc'
    ccflags ='-D_REENTRANT -D_GNU_SOURCE -fwrapv -fno-strict-aliasing -pipe -fstack-protector-strong -I/usr/local/include -D_LARGEFILE_SOURCE -D_FILE_OFFSET_BITS=64 -D_FORTIFY_SOURCE=2'
    optimize='-O2'
    cppflags='-D_REENTRANT -D_GNU_SOURCE -fwrapv -fno-strict-aliasing -pipe -fstack-protector-strong -I/usr/local/include'
    ccversion=''
    gccversion='6.3.0 20170516'
    gccosandvers=''
    intsize=4
    longsize=8
    ptrsize=8
    doublesize=8
    byteorder=12345678
    doublekind=3
    d_longlong=define
    longlongsize=8
    d_longdbl=define
    longdblsize=16
    longdblkind=3
    ivtype='long'
    ivsize=8
    nvtype='double'
    nvsize=8
    Off_t='off_t'
    lseeksize=8
    alignbytes=8
    prototype=define
  Linker and Libraries:
    ld='cc'
    ldflags =' -fstack-protector-strong -L/usr/local/lib'
    libpth=/usr/local/lib /usr/lib/gcc/x86_64-linux-gnu/6/include-fixed /usr/include/x86_64-linux-gnu /usr/lib /lib/x86_64-linux-gnu /lib/../lib /usr/lib/x86_64-linux-gnu /usr/lib/../lib /lib
    libs=-lpthread -lnsl -ldb -ldl -lm -lcrypt -lutil -lc
    perllibs=-lpthread -lnsl -ldl -lm -lcrypt -lutil -lc
    libc=libc-2.24.so
    so=so
    useshrplib=false
    libperl=libperl.a
    gnulibc_version='2.24'
  Dynamic Linking:
    dlsrc=dl_dlopen.xs
    dlext=so
    d_dlsymun=undef
    ccdlflags='-Wl,-E'
    cccdlflags='-fPIC'
    lddlflags='-shared -O2 -L/usr/local/lib -fstack-protector-strong'


Characteristics of this binary (from libperl): 
  Compile-time options:
    HAS_TIMES
    MULTIPLICITY
    PERLIO_LAYERS
    PERL_COPY_ON_WRITE
    PERL_DONT_CREATE_GVSV
    PERL_IMPLICIT_CONTEXT
    PERL_MALLOC_WRAP
    PERL_OP_PARENT
    PERL_PRESERVE_IVUV
    USE_64_BIT_ALL
    USE_64_BIT_INT
    USE_ITHREADS
    USE_LARGE_FILES
    USE_LOCALE
    USE_LOCALE_COLLATE
    USE_LOCALE_CTYPE
    USE_LOCALE_NUMERIC
    USE_LOCALE_TIME
    USE_PERLIO
    USE_PERL_ATOF
    USE_REENTRANT_API
  Built under linux
  Compiled at Apr 25 2019 01:37:18
  %ENV:
    PERL="5.28.0"
    PERL5LIB=""
    PERL5OPT=""
    PERL5_CPANPLUS_IS_RUNNING="13170"
    PERL5_CPAN_IS_RUNNING="13170"
    PERLVER="5.28.0"
    PERL_INLINE_DIRECTORY="/home/david/.Inline-5.28.0"
    PERL_MM_USE_DEFAULT="1"
    PERL_USE_UNSAFE_INC="0"
  @INC:
    /home/david/cpantesting/perl-5.28.0/lib/site_perl/5.28.0/x86_64-linux-thread-multi
    /home/david/cpantesting/perl-5.28.0/lib/site_perl/5.28.0
    /home/david/cpantesting/perl-5.28.0/lib/5.28.0/x86_64-linux-thread-multi
    /home/david/cpantesting/perl-5.28.0/lib/5.28.0