Report for Palm-Magellan-NavCompanion-0.54

Back
From: metabase:user:314402c4-2aae-11df-837a-5e0a49663a4f
Subject: FAIL Palm-Magellan-NavCompanion-0.54 v5.22.2 GNU/Linux
Date: 2016-05-23T08:29:45Z

This distribution has been tested as part of the CPAN Testers
project, supporting the Perl programming language.  See
http://wiki.cpantesters.org/ for more information or email
questions to cpan-testers-discuss@perl.org


--
Dear Adoptable Modules,

This is a computer-generated report for Palm-Magellan-NavCompanion-0.54
on perl 5.22.2, created by CPAN-Reporter-1.2017.

Thank you for uploading your work to CPAN.  However, there was a problem
testing your distribution.

If you think this report is invalid, please consult the CPAN Testers Wiki
for suggestions on how to avoid getting FAIL reports for missing library
or binary dependencies, unsupported operating systems, and so on:

http://wiki.cpantesters.org/wiki/CPANAuthorNotes

Sections of this report:

    * Tester comments
    * Program output
    * Prerequisites
    * Environment and other context

------------------------------
TESTER COMMENTS
------------------------------

Additional comments from tester:

none provided

------------------------------
PROGRAM OUTPUT
------------------------------

Output from '/usr/bin/make test':

PERL_DL_NONLAZY=1 "/opt/perl-5.22.2t/bin/perl" "-MExtUtils::Command::MM" "-MTest::Harness" "-e" "undef *Test::Harness::Switches; test_harness(0, 'blib/lib', 'blib/arch')" t/*.t

#   Failed test 'use Palm::Magellan::NavCompanion;'
#   at t/compile.t line 7.
#     Tried to use 'Palm::Magellan::NavCompanion'.
#     Error:  Can't locate Palm/Magellan/NavCompanion.pm in @INC (you may need to install the Palm::Magellan::NavCompanion module) (@INC contains: /tmpfs/.cpan-build-cpansand/2016052306/Palm-Magellan-NavCompanion-0.54-vYbNHl/blib/lib /tmpfs/.cpan-build-cpansand/2016052306/Palm-Magellan-NavCompanion-0.54-vYbNHl/blib/arch /opt/perl-5.22.2t/lib/site_perl/5.22.2/x86_64-linux-thread-multi /opt/perl-5.22.2t/lib/site_perl/5.22.2 /opt/perl-5.22.2t/lib/5.22.2/x86_64-linux-thread-multi /opt/perl-5.22.2t/lib/5.22.2 .) at t/compile.t line 7.
# BEGIN failed--compilation aborted at t/compile.t line 7.
# Looks like you failed 1 test of 1.
t/compile.t ....... 
Dubious, test returned 1 (wstat 256, 0x100)
Failed 1/1 subtests 

#   Failed test 'use Palm::Magellan::NavCompanion;'
#   at t/fields.t line 3.
#     Tried to use 'Palm::Magellan::NavCompanion'.
#     Error:  Can't locate Palm/Magellan/NavCompanion.pm in @INC (you may need to install the Palm::Magellan::NavCompanion module) (@INC contains: /tmpfs/.cpan-build-cpansand/2016052306/Palm-Magellan-NavCompanion-0.54-vYbNHl/blib/lib /tmpfs/.cpan-build-cpansand/2016052306/Palm-Magellan-NavCompanion-0.54-vYbNHl/blib/arch /opt/perl-5.22.2t/lib/site_perl/5.22.2/x86_64-linux-thread-multi /opt/perl-5.22.2t/lib/site_perl/5.22.2 /opt/perl-5.22.2t/lib/5.22.2/x86_64-linux-thread-multi /opt/perl-5.22.2t/lib/5.22.2 .) at t/fields.t line 3.
# BEGIN failed--compilation aborted at t/fields.t line 3.
Can't locate object method "new" via package "Palm::PDB" (perhaps you forgot to load "Palm::PDB"?) at t/fields.t line 5.
# Looks like your test exited with 255 just after 1.
t/fields.t ........ 
Dubious, test returned 255 (wstat 65280, 0xff00)
Failed 6/6 subtests 

#   Failed test 'use Palm::Magellan::NavCompanion;'
#   at t/Load.t line 3.
#     Tried to use 'Palm::Magellan::NavCompanion'.
#     Error:  Can't locate Palm/Magellan/NavCompanion.pm in @INC (you may need to install the Palm::Magellan::NavCompanion module) (@INC contains: /tmpfs/.cpan-build-cpansand/2016052306/Palm-Magellan-NavCompanion-0.54-vYbNHl/blib/lib /tmpfs/.cpan-build-cpansand/2016052306/Palm-Magellan-NavCompanion-0.54-vYbNHl/blib/arch /opt/perl-5.22.2t/lib/site_perl/5.22.2/x86_64-linux-thread-multi /opt/perl-5.22.2t/lib/site_perl/5.22.2 /opt/perl-5.22.2t/lib/5.22.2/x86_64-linux-thread-multi /opt/perl-5.22.2t/lib/5.22.2 .) at t/Load.t line 3.
# BEGIN failed--compilation aborted at t/Load.t line 3.
No handler defined for creator "MGtz", type "Twpt"
# Looks like your test exited with 255 just after 3.
t/Load.t .......... 
Dubious, test returned 255 (wstat 65280, 0xff00)
Failed 1/3 subtests 
t/pod.t ........... ok

#   Failed test 'Pod coverage on Palm::Magellan::NavCompanion'
#   at t/pod_coverage.t line 12.
# Palm::Magellan::NavCompanion: couldn't find pod
# Looks like you failed 1 test of 1.
t/pod_coverage.t .. 
Dubious, test returned 1 (wstat 256, 0x100)
Failed 1/1 subtests 
t/prereq.t ........ ok

#   Failed test 'use Palm::Magellan::NavCompanion;'
#   at t/raw_records.t line 3.
#     Tried to use 'Palm::Magellan::NavCompanion'.
#     Error:  Can't locate Palm/Magellan/NavCompanion.pm in @INC (you may need to install the Palm::Magellan::NavCompanion module) (@INC contains: /tmpfs/.cpan-build-cpansand/2016052306/Palm-Magellan-NavCompanion-0.54-vYbNHl/blib/lib /tmpfs/.cpan-build-cpansand/2016052306/Palm-Magellan-NavCompanion-0.54-vYbNHl/blib/arch /opt/perl-5.22.2t/lib/site_perl/5.22.2/x86_64-linux-thread-multi /opt/perl-5.22.2t/lib/site_perl/5.22.2 /opt/perl-5.22.2t/lib/5.22.2/x86_64-linux-thread-multi /opt/perl-5.22.2t/lib/5.22.2 .) at t/raw_records.t line 3.
# BEGIN failed--compilation aborted at t/raw_records.t line 3.
Can't locate object method "new" via package "Palm::PDB" (perhaps you forgot to load "Palm::PDB"?) at t/raw_records.t line 5.
# Looks like your test exited with 255 just after 1.
t/raw_records.t ... 
Dubious, test returned 255 (wstat 65280, 0xff00)
Failed 5/5 subtests 

Test Summary Report
-------------------
t/compile.t     (Wstat: 256 Tests: 1 Failed: 1)
  Failed test:  1
  Non-zero exit status: 1
t/fields.t      (Wstat: 65280 Tests: 1 Failed: 1)
  Failed test:  1
  Non-zero exit status: 255
  Parse errors: Bad plan.  You planned 6 tests but ran 1.
t/Load.t        (Wstat: 65280 Tests: 3 Failed: 1)
  Failed test:  1
  Non-zero exit status: 255
t/pod_coverage.t (Wstat: 256 Tests: 1 Failed: 1)
  Failed test:  1
  Non-zero exit status: 1
t/raw_records.t (Wstat: 65280 Tests: 1 Failed: 1)
  Failed test:  1
  Non-zero exit status: 255
  Parse errors: Bad plan.  You planned 5 tests but ran 1.
Files=7, Tests=9,  4 wallclock secs ( 0.03 usr  0.04 sys +  4.08 cusr  0.31 csys =  4.46 CPU)
Result: FAIL
Failed 5/7 test programs. 5/9 subtests failed.
make: *** [test_dynamic] Fehler 255

------------------------------
PREREQUISITES
------------------------------

Prerequisite modules loaded:

requires:

    Module              Need Have    
    ------------------- ---- --------
    Palm::Raw           0    1.400   
    Palm::StdAppInfo    0    1.400   
    Test::More          0    1.302019

build_requires:

    Module              Need Have    
    ------------------- ---- --------
    ExtUtils::MakeMaker 0    7.16    

configure_requires:

    Module              Need Have    
    ------------------- ---- --------
    ExtUtils::MakeMaker 0    7.16    


------------------------------
ENVIRONMENT AND OTHER CONTEXT
------------------------------

Environment variables:

    LANG = C
    LC_ALL = de_DE.UTF-8
    PATH = /usr/local/bin:/usr/bin:/bin:/usr/local/sbin:/usr/sbin:/sbin:/home/cpansand/bin/linux-gnu:/home/cpansand/bin/sh:/home/cpansand/bin:/usr/games:/home/cpansand/devel:/home/eserte/src/srezic-misc/scripts
    PERL5LIB = 
    PERL5OPT = 
    PERL5_CPANPLUS_IS_RUNNING = 21892
    PERL5_CPAN_IS_RUNNING = 21892
    PERL5_CPAN_IS_RUNNING_IN_RECURSION = 7496,21892
    PERLDOC = -MPod::Perldoc::ToTextOverstrike
    PERL_BATCH = yes
    PERL_CANARY_STABILITY_NOPROMPT = 1
    PERL_CPAN_REPORTER_CONFIG = /var/tmp/cpansmoker-1023/2016052303/cpanreporter_001_config.ini
    PERL_EXTUTILS_AUTOINSTALL = --defaultdeps
    PERL_PARALLEL_SMOKER = yes
    SHELL = /bin/zsh
    TERM = screen
    TMPDIR = /var/tmp/cpansmoker-1023/2016052303

Perl special variables (and OS-specific diagnostics, for MSWin32):

    $^X = /opt/perl-5.22.2t/bin/perl
    $UID/$EUID = 1023 / 1023
    $GID = 1023 1023
    $EGID = 1023 1023

Perl module toolchain versions installed:

    Module              Have    
    ------------------- --------
    CPAN                2.11    
    CPAN::Meta          2.150005
    Cwd                 3.62    
    ExtUtils::CBuilder  0.280224
    ExtUtils::Command   7.16    
    ExtUtils::Install   2.04    
    ExtUtils::MakeMaker 7.16    
    ExtUtils::Manifest  1.70    
    ExtUtils::ParseXS   3.30    
    File::Spec          3.62    
    JSON                2.90    
    JSON::PP            2.27400 
    Module::Build       0.4218  
    Module::Signature   0.79    
    Parse::CPAN::Meta   1.4417  
    Test::Harness       3.36    
    Test::More          1.302019
    YAML                1.15    
    YAML::Syck          1.29    
    version             0.9916  


--

Summary of my perl5 (revision 5 version 22 subversion 2) configuration:
   
  Platform:
    osname=linux, osvers=3.2.0-4-amd64, archname=x86_64-linux-thread-multi
    uname='linux eserte 3.2.0-4-amd64 #1 smp debian 3.2.78-1 x86_64 gnulinux '
    config_args='-ds -e -Dprefix=/opt/perl-5.22.2t -Dusethreads -Dcf_email=srezic@cpan.org'
    hint=recommended, useposix=true, d_sigaction=define
    useithreads=define, usemultiplicity=define
    use64bitint=define, use64bitall=define, uselongdouble=undef
    usemymalloc=n, bincompat5005=undef
  Compiler:
    cc='cc', ccflags ='-D_REENTRANT -D_GNU_SOURCE -fwrapv -fno-strict-aliasing -pipe -fstack-protector -I/usr/local/include -D_LARGEFILE_SOURCE -D_FILE_OFFSET_BITS=64 -D_FORTIFY_SOURCE=2',
    optimize='-O2',
    cppflags='-D_REENTRANT -D_GNU_SOURCE -fwrapv -fno-strict-aliasing -pipe -fstack-protector -I/usr/local/include'
    ccversion='', gccversion='4.7.2', gccosandvers=''
    intsize=4, longsize=8, ptrsize=8, doublesize=8, byteorder=12345678, doublekind=3
    d_longlong=define, longlongsize=8, d_longdbl=define, longdblsize=16, longdblkind=3
    ivtype='long', ivsize=8, nvtype='double', nvsize=8, Off_t='off_t', lseeksize=8
    alignbytes=8, prototype=define
  Linker and Libraries:
    ld='cc', ldflags =' -fstack-protector -L/usr/local/lib'
    libpth=/usr/local/lib /usr/lib/gcc/x86_64-linux-gnu/4.7/include-fixed /usr/include/x86_64-linux-gnu /usr/lib /lib/x86_64-linux-gnu /lib/../lib /usr/lib/x86_64-linux-gnu /usr/lib/../lib /lib
    libs=-lpthread -lnsl -ldb -ldl -lm -lcrypt -lutil -lc
    perllibs=-lpthread -lnsl -ldl -lm -lcrypt -lutil -lc
    libc=libc-2.13.so, so=so, useshrplib=false, libperl=libperl.a
    gnulibc_version='2.13'
  Dynamic Linking:
    dlsrc=dl_dlopen.xs, dlext=so, d_dlsymun=undef, ccdlflags='-Wl,-E'
    cccdlflags='-fPIC', lddlflags='-shared -O2 -L/usr/local/lib -fstack-protector'


Characteristics of this binary (from libperl): 
  Compile-time options: HAS_TIMES MULTIPLICITY PERLIO_LAYERS
                        PERL_DONT_CREATE_GVSV
                        PERL_HASH_FUNC_ONE_AT_A_TIME_HARD
                        PERL_IMPLICIT_CONTEXT PERL_MALLOC_WRAP
                        PERL_NEW_COPY_ON_WRITE PERL_PRESERVE_IVUV
                        USE_64_BIT_ALL USE_64_BIT_INT USE_ITHREADS
                        USE_LARGE_FILES USE_LOCALE USE_LOCALE_COLLATE
                        USE_LOCALE_CTYPE USE_LOCALE_NUMERIC USE_LOCALE_TIME
                        USE_PERLIO USE_PERL_ATOF USE_REENTRANT_API
  Built under linux
  Compiled at May 20 2016 19:39:05
  %ENV:
    PERL5LIB=""
    PERL5OPT=""
    PERL5_CPANPLUS_IS_RUNNING="21892"
    PERL5_CPAN_IS_RUNNING="21892"
    PERL5_CPAN_IS_RUNNING_IN_RECURSION="7496,21892"
    PERLDOC="-MPod::Perldoc::ToTextOverstrike"
    PERL_BATCH="yes"
    PERL_CANARY_STABILITY_NOPROMPT="1"
    PERL_CPAN_REPORTER_CONFIG="/var/tmp/cpansmoker-1023/2016052303/cpanreporter_001_config.ini"
    PERL_EXTUTILS_AUTOINSTALL="--defaultdeps"
    PERL_PARALLEL_SMOKER="yes"
  @INC:
    /opt/perl-5.22.2t/lib/site_perl/5.22.2/x86_64-linux-thread-multi
    /opt/perl-5.22.2t/lib/site_perl/5.22.2
    /opt/perl-5.22.2t/lib/5.22.2/x86_64-linux-thread-multi
    /opt/perl-5.22.2t/lib/5.22.2
    .