Report for POE-Component-ResourcePool-0.04

Back
From: metabase:user:3198cbe2-2aae-11df-837a-5e0a49663a4f
Subject: FAIL POE-Component-ResourcePool-0.04 v5.14.2 GNU/Linux
Date: 2012-12-01T15:26:41Z

This distribution has been tested as part of the CPAN Testers
project, supporting the Perl programming language.  See
http://wiki.cpantesters.org/ for more information or email
questions to cpan-testers-discuss@perl.org


--
Dear Yuval Kogman,

This is a computer-generated report for POE-Component-ResourcePool-0.04
on perl 5.14.2, created by CPAN-Reporter-1.2006.

Thank you for uploading your work to CPAN.  However, there was a problem
testing your distribution.

If you think this report is invalid, please consult the CPAN Testers Wiki
for suggestions on how to avoid getting FAIL reports for missing library
or binary dependencies, unsupported operating systems, and so on:

http://wiki.cpantesters.org/wiki/CPANAuthorNotes

Sections of this report:

    * Tester comments
    * Program output
    * Prerequisites
    * Environment and other context

------------------------------
TESTER COMMENTS
------------------------------

Additional comments from tester:

this report is from an automated smoke testing program
and was not reviewed by a human for accuracy

------------------------------
PROGRAM OUTPUT
------------------------------

Output from '/usr/bin/make test':

PERL_DL_NONLAZY=1 /home/graham/perls/perl-5.14.2-thread/bin/perl "-MExtUtils::Command::MM" "-e" "test_harness(0, 'blib/lib', 'blib/arch')" t/*.t
Useless use of a variable in void context at /home/graham/perls/perl-5.14.2-thread/lib/site_perl/5.14.2/x86_64-linux-thread-multi/List/MoreUtils.pm line 362.
Name "Package::DeprecationManager::a" used only once: possible typo at /home/graham/perls/perl-5.14.2-thread/lib/site_perl/5.14.2/x86_64-linux-thread-multi/List/MoreUtils.pm line 362.
Name "Package::DeprecationManager::b" used only once: possible typo at /home/graham/perls/perl-5.14.2-thread/lib/site_perl/5.14.2/x86_64-linux-thread-multi/List/MoreUtils.pm line 362.
t/00_use.t ...... ok
Useless use of a variable in void context at /home/graham/perls/perl-5.14.2-thread/lib/site_perl/5.14.2/x86_64-linux-thread-multi/List/MoreUtils.pm line 362.
Name "Package::DeprecationManager::a" used only once: possible typo at /home/graham/perls/perl-5.14.2-thread/lib/site_perl/5.14.2/x86_64-linux-thread-multi/List/MoreUtils.pm line 362.
Name "Package::DeprecationManager::b" used only once: possible typo at /home/graham/perls/perl-5.14.2-thread/lib/site_perl/5.14.2/x86_64-linux-thread-multi/List/MoreUtils.pm line 362.
Can't locate object method "BUILD" via package "MooseX::POE::Aliased" at /home/graham/perls/caches/perl-5.14.2-thread/build/POE-Component-ResourcePool-0.04-DfcaDh/blib/lib/POE/Component/ResourcePool.pm line 53.
# Looks like you planned 38 tests but ran 3.
# Looks like your test exited with 22 just after 3.
t/basic.t ....... 
Dubious, test returned 22 (wstat 5632, 0x1600)
Failed 35/38 subtests 
Useless use of a variable in void context at /home/graham/perls/perl-5.14.2-thread/lib/site_perl/5.14.2/x86_64-linux-thread-multi/List/MoreUtils.pm line 362.
Name "Package::DeprecationManager::a" used only once: possible typo at /home/graham/perls/perl-5.14.2-thread/lib/site_perl/5.14.2/x86_64-linux-thread-multi/List/MoreUtils.pm line 362.
Name "Package::DeprecationManager::b" used only once: possible typo at /home/graham/perls/perl-5.14.2-thread/lib/site_perl/5.14.2/x86_64-linux-thread-multi/List/MoreUtils.pm line 362.
t/collection.t .. ok
Useless use of a variable in void context at /home/graham/perls/perl-5.14.2-thread/lib/site_perl/5.14.2/x86_64-linux-thread-multi/List/MoreUtils.pm line 362.
Name "Package::DeprecationManager::a" used only once: possible typo at /home/graham/perls/perl-5.14.2-thread/lib/site_perl/5.14.2/x86_64-linux-thread-multi/List/MoreUtils.pm line 362.
Name "Package::DeprecationManager::b" used only once: possible typo at /home/graham/perls/perl-5.14.2-thread/lib/site_perl/5.14.2/x86_64-linux-thread-multi/List/MoreUtils.pm line 362.
Can't locate object method "BUILD" via package "MooseX::POE::Aliased" at /home/graham/perls/caches/perl-5.14.2-thread/build/POE-Component-ResourcePool-0.04-DfcaDh/blib/lib/POE/Component/ResourcePool.pm line 53.
# Looks like your test exited with 255 just after 12.
=== 32638 === Sessions were started, but POE::Kernel's run() method was never
called to execute them.  This usually happens because an error
occurred before POE::Kernel->run() could be called.  Please fix
any errors above this notice, and be sure that POE::Kernel->run()
is called.  See documentation for POE::Kernel's run() method for
another way to disable this warning.
t/fallback.t .... 
Dubious, test returned 255 (wstat 65280, 0xff00)
All 12 subtests passed 

Test Summary Report
-------------------
t/basic.t     (Wstat: 5632 Tests: 3 Failed: 0)
  Non-zero exit status: 22
  Parse errors: Bad plan.  You planned 38 tests but ran 3.
t/fallback.t  (Wstat: 65280 Tests: 12 Failed: 0)
  Non-zero exit status: 255
Files=4, Tests=26,  4 wallclock secs ( 0.05 usr  0.01 sys +  2.14 cusr  0.20 csys =  2.40 CPU)
Result: FAIL
Failed 2/4 test programs. 0/26 subtests failed.
make: *** [test_dynamic] Error 255

------------------------------
PREREQUISITES
------------------------------

Prerequisite modules loaded:

requires:

    Module              Need  Have  
    ------------------- ----- ------
    Carp::Clan          0     6.04  
    Moose               0.37  2.0604
    MooseX::POE         0.205 0.215 
    POE                 0     1.354 
    Set::Object         1.20  1.28  
    Test::use::ok       0     0.11  
    Tie::RefHash        0     1.39  
    Tie::RefHash::Weak  0.08  0.09  

build_requires:

    Module              Need  Have  
    ------------------- ----- ------
    ExtUtils::MakeMaker 0     6.62  

configure_requires:

    Module              Need  Have  
    ------------------- ----- ------
    ExtUtils::MakeMaker 0     6.62  


------------------------------
ENVIRONMENT AND OTHER CONTEXT
------------------------------

Environment variables:

    AUTOMATED_TESTING = 1
    LANG = C
    PATH = /home/graham/perls/perl-5.14.2-thread/bin:/home/graham/perls/perl-5.14.2-thread/bin:/usr/local/bin:/usr/bin:/bin:/usr/local/sbin:/usr/sbin:/sbin:/usr/bin/core_perl
    PERL5LIB = 
    PERL5OPT = 
    PERL5_CPANPLUS_IS_RUNNING = 32570
    PERL5_CPAN_IS_RUNNING = 32570
    PERL5_CPAN_IS_RUNNING_IN_RECURSION = 12888,32570
    PERL_CR_SMOKER_CURRENT = POE-Component-ResourcePool-0.04
    PERL_EXTUTILS_AUTOINSTALL = --defaultdeps
    PERL_MM_USE_DEFAULT = 1
    SHELL = /bin/bash
    TERM = xterm

Perl special variables (and OS-specific diagnostics, for MSWin32):

    $^X = /home/graham/perls/perl-5.14.2-thread/bin/perl
    $UID/$EUID = 1000 / 1000
    $GID = 100 100
    $EGID = 100 100

Perl module toolchain versions installed:

    Module              Have    
    ------------------- --------
    CPAN                1.9800  
    CPAN::Meta          2.120351
    Cwd                 3.33    
    ExtUtils::CBuilder  0.280205
    ExtUtils::Command   1.17    
    ExtUtils::Install   1.56    
    ExtUtils::MakeMaker 6.62    
    ExtUtils::Manifest  1.61    
    ExtUtils::ParseXS   3.18    
    File::Spec          3.33    
    JSON                2.53    
    JSON::PP            2.27008 
    Module::Build       0.4003  
    Module::Signature   0.70    
    Parse::CPAN::Meta   1.4404  
    Test::Harness       3.23    
    Test::More          0.98    
    YAML                0.73    
    YAML::Syck          1.21    
    version             0.9901  


--

Summary of my perl5 (revision 5 version 14 subversion 2) configuration:
   
  Platform:
    osname=linux, osvers=3.5.6-1-arch, archname=x86_64-linux-thread-multi
    uname='linux grosics 3.5.6-1-arch #1 smp preempt sun oct 7 19:30:49 cest 2012 x86_64 gnulinux '
    config_args='-Dusethreads -Dprefix=/home/graham/perls/perl-5.14.2-thread'
    hint=recommended, useposix=true, d_sigaction=define
    useithreads=define, usemultiplicity=define
    useperlio=define, d_sfio=undef, uselargefiles=define, usesocks=undef
    use64bitint=define, use64bitall=define, uselongdouble=undef
    usemymalloc=n, bincompat5005=undef
  Compiler:
    cc='cc', ccflags ='-D_REENTRANT -D_GNU_SOURCE -fno-strict-aliasing -pipe -fstack-protector -I/usr/local/include -D_LARGEFILE_SOURCE -D_FILE_OFFSET_BITS=64',
    optimize='-O2',
    cppflags='-D_REENTRANT -D_GNU_SOURCE -fno-strict-aliasing -pipe -fstack-protector -I/usr/local/include'
    ccversion='', gccversion='4.7.2', gccosandvers=''
    intsize=4, longsize=8, ptrsize=8, doublesize=8, byteorder=12345678
    d_longlong=define, longlongsize=8, d_longdbl=define, longdblsize=16
    ivtype='long', ivsize=8, nvtype='double', nvsize=8, Off_t='off_t', lseeksize=8
    alignbytes=8, prototype=define
  Linker and Libraries:
    ld='cc', ldflags =' -fstack-protector -L/usr/local/lib'
    libpth=/usr/local/lib /lib/../lib /usr/lib/../lib /lib /usr/lib
    libs=-lnsl -lgdbm -ldb -ldl -lm -lcrypt -lutil -lpthread -lc -lgdbm_compat
    perllibs=-lnsl -ldl -lm -lcrypt -lutil -lpthread -lc
    libc=/lib/libc-2.16.so, so=so, useshrplib=false, libperl=libperl.a
    gnulibc_version='2.16'
  Dynamic Linking:
    dlsrc=dl_dlopen.xs, dlext=so, d_dlsymun=undef, ccdlflags='-Wl,-E'
    cccdlflags='-fPIC', lddlflags='-shared -O2 -L/usr/local/lib -fstack-protector'


Characteristics of this binary (from libperl): 
  Compile-time options: MULTIPLICITY PERL_DONT_CREATE_GVSV
                        PERL_IMPLICIT_CONTEXT PERL_MALLOC_WRAP
                        PERL_PRESERVE_IVUV USE_64_BIT_ALL USE_64_BIT_INT
                        USE_ITHREADS USE_LARGE_FILES USE_PERLIO USE_PERL_ATOF
                        USE_REENTRANT_API
  Built under linux
  Compiled at Oct 13 2012 14:36:03
  %ENV:
    PERL5LIB=""
    PERL5OPT=""
    PERL5_CPANPLUS_IS_RUNNING="32570"
    PERL5_CPAN_IS_RUNNING="32570"
    PERL5_CPAN_IS_RUNNING_IN_RECURSION="12888,32570"
    PERL_CR_SMOKER_CURRENT="POE-Component-ResourcePool-0.04"
    PERL_EXTUTILS_AUTOINSTALL="--defaultdeps"
    PERL_MM_USE_DEFAULT="1"
  @INC:
    /home/graham/perls/perl-5.14.2-thread/lib/site_perl/5.14.2/x86_64-linux-thread-multi
    /home/graham/perls/perl-5.14.2-thread/lib/site_perl/5.14.2
    /home/graham/perls/perl-5.14.2-thread/lib/5.14.2/x86_64-linux-thread-multi
    /home/graham/perls/perl-5.14.2-thread/lib/5.14.2
    .