Report for Crypt-NSS-X509-0.05

Back
From: metabase:user:0d96120c-29e2-11e5-b049-ede3035d37de
Subject: FAIL Crypt-NSS-X509-0.05 v5.22.0 GNU/Linux
Date: 2015-07-26T20:40:09Z

This distribution has been tested as part of the CPAN Testers
project, supporting the Perl programming language.  See
http://wiki.cpantesters.org/ for more information or email
questions to cpan-testers-discuss@perl.org


--
Dear Johanna Amann,

This is a computer-generated report for Crypt-NSS-X509-0.05
on perl 5.22.0, created by CPAN-Reporter-1.2014.

Thank you for uploading your work to CPAN.  However, there was a problem
testing your distribution.

If you think this report is invalid, please consult the CPAN Testers Wiki
for suggestions on how to avoid getting FAIL reports for missing library
or binary dependencies, unsupported operating systems, and so on:

http://wiki.cpantesters.org/wiki/CPANAuthorNotes

Sections of this report:

    * Tester comments
    * Program output
    * Prerequisites
    * Environment and other context

------------------------------
TESTER COMMENTS
------------------------------

Additional comments from tester:

this report is from an automated smoke testing program
and was not reviewed by a human for accuracy

------------------------------
PROGRAM OUTPUT
------------------------------

Output from '/usr/bin/make test':

Running Mkbootstrap for Crypt::NSS::X509 ()
chmod 644 "X509.bs"
PERL_DL_NONLAZY=1 "/data/perl5/perlbrew/perls/perl-5.22.0-thread-multi/bin/perl" "-MExtUtils::Command::MM" "-MTest::Harness" "-e" "undef *Test::Harness::Switches; test_harness(0, 'inc', 'blib/lib', 'blib/arch')" t/001-load.t t/002-verify-certlist.t t/003-verify-db.t t/004-db.t t/005-name.t t/006-crl.t t/007-signature.t t/author-critic.t t/author-pod-coverage.t t/author-pod.t t/author-spelling.t t/author-version.t

#   Failed test 'use Crypt::NSS::X509;'
#   at t/001-load.t line 7.
#     Tried to use 'Crypt::NSS::X509'.
#     Error:  Can't load '/data/.cpan/build/Crypt-NSS-X509-0.05-AmSp7h/blib/arch/auto/Crypt/NSS/X509/X509.so' for module Crypt::NSS::X509: /data/.cpan/build/Crypt-NSS-X509-0.05-AmSp7h/blib/arch/auto/Crypt/NSS/X509/X509.so: undefined symbol: PKIX_PLErrorIndex at /home/perltest/perl5/perlbrew/perls/perl-5.22.0-thread-multi/lib/5.22.0/x86_64-linux-thread-multi/DynaLoader.pm line 193.
#  at /data/.cpan/build/Crypt-NSS-X509-0.05-AmSp7h/blib/lib/Crypt/NSS/X509.pm line 35.
# Compilation failed in require at t/001-load.t line 7.
# BEGIN failed--compilation aborted at t/001-load.t line 7.
# Selfsigned certificate
Can't locate object method "new" via package "Crypt::NSS::X509::Certificate" at /data/.cpan/build/Crypt-NSS-X509-0.05-AmSp7h/blib/lib/Crypt/NSS/X509/Certificate.pm line 25.
Can't locate object method "__cleanup" via package "Crypt::NSS::X509" at /data/.cpan/build/Crypt-NSS-X509-0.05-AmSp7h/blib/lib/Crypt/NSS/X509.pm line 99.
END failed--call queue aborted at t/001-load.t line 25.
# Looks like you planned 56 tests but ran 1.
# Looks like you failed 1 test of 1 run.
# Looks like your test exited with 22 just after 1.
t/001-load.t ............. 
Dubious, test returned 22 (wstat 5632, 0x1600)
Failed 56/56 subtests 

#   Failed test 'use Crypt::NSS::X509;'
#   at t/002-verify-certlist.t line 10.
#     Tried to use 'Crypt::NSS::X509'.
#     Error:  Can't load '/data/.cpan/build/Crypt-NSS-X509-0.05-AmSp7h/blib/arch/auto/Crypt/NSS/X509/X509.so' for module Crypt::NSS::X509: /data/.cpan/build/Crypt-NSS-X509-0.05-AmSp7h/blib/arch/auto/Crypt/NSS/X509/X509.so: undefined symbol: PKIX_PLErrorIndex at /home/perltest/perl5/perlbrew/perls/perl-5.22.0-thread-multi/lib/5.22.0/x86_64-linux-thread-multi/DynaLoader.pm line 193.
#  at /data/.cpan/build/Crypt-NSS-X509-0.05-AmSp7h/blib/lib/Crypt/NSS/X509.pm line 35.
# Compilation failed in require at t/002-verify-certlist.t line 10.
# BEGIN failed--compilation aborted at t/002-verify-certlist.t line 10.
Bareword "Crypt::NSS::X509::certUsageSSLServer" not allowed while "strict subs" in use at t/002-verify-certlist.t line 20.
Bareword "Crypt::NSS::X509::certUsageSSLServer" not allowed while "strict subs" in use at t/002-verify-certlist.t line 30.
Bareword "Crypt::NSS::X509::certUsageSSLServer" not allowed while "strict subs" in use at t/002-verify-certlist.t line 31.
Execution of t/002-verify-certlist.t aborted due to compilation errors.
Can't locate object method "__cleanup" via package "Crypt::NSS::X509" at /data/.cpan/build/Crypt-NSS-X509-0.05-AmSp7h/blib/lib/Crypt/NSS/X509.pm line 99.
END failed--call queue aborted at t/002-verify-certlist.t line 62.
# Looks like you planned 9 tests but ran 1.
# Looks like you failed 1 test of 1 run.
# Looks like your test exited with 22 just after 1.
t/002-verify-certlist.t .. 
Dubious, test returned 22 (wstat 5632, 0x1600)
Failed 9/9 subtests 

#   Failed test 'use Crypt::NSS::X509;'
#   at t/003-verify-db.t line 19.
#     Tried to use 'Crypt::NSS::X509'.
#     Error:  Can't load '/data/.cpan/build/Crypt-NSS-X509-0.05-AmSp7h/blib/arch/auto/Crypt/NSS/X509/X509.so' for module Crypt::NSS::X509: /data/.cpan/build/Crypt-NSS-X509-0.05-AmSp7h/blib/arch/auto/Crypt/NSS/X509/X509.so: undefined symbol: PKIX_PLErrorIndex at /home/perltest/perl5/perlbrew/perls/perl-5.22.0-thread-multi/lib/5.22.0/x86_64-linux-thread-multi/DynaLoader.pm line 193.
#  at /data/.cpan/build/Crypt-NSS-X509-0.05-AmSp7h/blib/lib/Crypt/NSS/X509.pm line 35.
# Compilation failed in require at t/003-verify-db.t line 19.
# BEGIN failed--compilation aborted at t/003-verify-db.t line 19.
Bareword "Crypt::NSS::X509::certUsageAnyCA" not allowed while "strict subs" in use at t/003-verify-db.t line 109.
Bareword "Crypt::NSS::X509::certUsageAnyCA" not allowed while "strict subs" in use at t/003-verify-db.t line 110.
Bareword "Crypt::NSS::X509::certUsageAnyCA" not allowed while "strict subs" in use at t/003-verify-db.t line 111.
Bareword "Crypt::NSS::X509::certUsageAnyCA" not allowed while "strict subs" in use at t/003-verify-db.t line 112.
Execution of t/003-verify-db.t aborted due to compilation errors.
Can't locate object method "__cleanup" via package "Crypt::NSS::X509" at /data/.cpan/build/Crypt-NSS-X509-0.05-AmSp7h/blib/lib/Crypt/NSS/X509.pm line 99.
END failed--call queue aborted at t/003-verify-db.t line 141.
# Looks like you planned 45 tests but ran 1.
# Looks like you failed 1 test of 1 run.
# Looks like your test exited with 22 just after 1.
t/003-verify-db.t ........ 
Dubious, test returned 22 (wstat 5632, 0x1600)
Failed 45/45 subtests 

#   Failed test 'use Crypt::NSS::X509;'
#   at t/004-db.t line 16.
#     Tried to use 'Crypt::NSS::X509'.
#     Error:  Can't load '/data/.cpan/build/Crypt-NSS-X509-0.05-AmSp7h/blib/arch/auto/Crypt/NSS/X509/X509.so' for module Crypt::NSS::X509: /data/.cpan/build/Crypt-NSS-X509-0.05-AmSp7h/blib/arch/auto/Crypt/NSS/X509/X509.so: undefined symbol: PKIX_PLErrorIndex at /home/perltest/perl5/perlbrew/perls/perl-5.22.0-thread-multi/lib/5.22.0/x86_64-linux-thread-multi/DynaLoader.pm line 193.
#  at /data/.cpan/build/Crypt-NSS-X509-0.05-AmSp7h/blib/lib/Crypt/NSS/X509.pm line 35.
# Compilation failed in require at t/004-db.t line 16.
# BEGIN failed--compilation aborted at t/004-db.t line 16.
Can't locate object method "new" via package "Crypt::NSS::X509::Certificate" at /data/.cpan/build/Crypt-NSS-X509-0.05-AmSp7h/blib/lib/Crypt/NSS/X509/Certificate.pm line 25.
Can't locate object method "__cleanup" via package "Crypt::NSS::X509" at /data/.cpan/build/Crypt-NSS-X509-0.05-AmSp7h/blib/lib/Crypt/NSS/X509.pm line 99.
END failed--call queue aborted at t/004-db.t line 25.
# Looks like you planned 11 tests but ran 1.
# Looks like you failed 1 test of 1 run.
# Looks like your test exited with 22 just after 1.
t/004-db.t ............... 
Dubious, test returned 22 (wstat 5632, 0x1600)
Failed 11/11 subtests 

#   Failed test 'use Crypt::NSS::X509;'
#   at t/005-name.t line 7.
#     Tried to use 'Crypt::NSS::X509'.
#     Error:  Can't load '/data/.cpan/build/Crypt-NSS-X509-0.05-AmSp7h/blib/arch/auto/Crypt/NSS/X509/X509.so' for module Crypt::NSS::X509: /data/.cpan/build/Crypt-NSS-X509-0.05-AmSp7h/blib/arch/auto/Crypt/NSS/X509/X509.so: undefined symbol: PKIX_PLErrorIndex at /home/perltest/perl5/perlbrew/perls/perl-5.22.0-thread-multi/lib/5.22.0/x86_64-linux-thread-multi/DynaLoader.pm line 193.
#  at /data/.cpan/build/Crypt-NSS-X509-0.05-AmSp7h/blib/lib/Crypt/NSS/X509.pm line 35.
# Compilation failed in require at t/005-name.t line 7.
# BEGIN failed--compilation aborted at t/005-name.t line 7.
Can't locate object method "new" via package "Crypt::NSS::X509::Certificate" at /data/.cpan/build/Crypt-NSS-X509-0.05-AmSp7h/blib/lib/Crypt/NSS/X509/Certificate.pm line 25.
Can't locate object method "__cleanup" via package "Crypt::NSS::X509" at /data/.cpan/build/Crypt-NSS-X509-0.05-AmSp7h/blib/lib/Crypt/NSS/X509.pm line 99.
END failed--call queue aborted at t/005-name.t line 25.
# Looks like you planned 5 tests but ran 1.
# Looks like you failed 1 test of 1 run.
# Looks like your test exited with 22 just after 1.
t/005-name.t ............. 
Dubious, test returned 22 (wstat 5632, 0x1600)
Failed 5/5 subtests 

#   Failed test 'use Crypt::NSS::X509;'
#   at t/006-crl.t line 15.
#     Tried to use 'Crypt::NSS::X509'.
#     Error:  Can't load '/data/.cpan/build/Crypt-NSS-X509-0.05-AmSp7h/blib/arch/auto/Crypt/NSS/X509/X509.so' for module Crypt::NSS::X509: /data/.cpan/build/Crypt-NSS-X509-0.05-AmSp7h/blib/arch/auto/Crypt/NSS/X509/X509.so: undefined symbol: PKIX_PLErrorIndex at /home/perltest/perl5/perlbrew/perls/perl-5.22.0-thread-multi/lib/5.22.0/x86_64-linux-thread-multi/DynaLoader.pm line 193.
#  at /data/.cpan/build/Crypt-NSS-X509-0.05-AmSp7h/blib/lib/Crypt/NSS/X509.pm line 35.
# Compilation failed in require at t/006-crl.t line 15.
# BEGIN failed--compilation aborted at t/006-crl.t line 15.
Can't locate object method "new" via package "Crypt::NSS::X509::Certificate" at t/006-crl.t line 20.
Can't locate object method "__cleanup" via package "Crypt::NSS::X509" at /data/.cpan/build/Crypt-NSS-X509-0.05-AmSp7h/blib/lib/Crypt/NSS/X509.pm line 99.
END failed--call queue aborted at t/006-crl.t line 20.
# Looks like you planned 18 tests but ran 1.
# Looks like you failed 1 test of 1 run.
# Looks like your test exited with 22 just after 1.
t/006-crl.t .............. 
Dubious, test returned 22 (wstat 5632, 0x1600)
Failed 18/18 subtests 
t/007-signature.t ........ skipped: Set the environment variable TEST_SIGNATURE to enable this test.
t/author-critic.t ........ skipped: Author testing disabled
t/author-pod-coverage.t .. skipped: Author testing disabled
t/author-pod.t ........... skipped: Author testing disabled
t/author-spelling.t ...... skipped: Author testing disabled
t/author-version.t ....... skipped: Author testing disabled

Test Summary Report
-------------------
t/001-load.t           (Wstat: 5632 Tests: 1 Failed: 1)
  Failed test:  1
  Non-zero exit status: 22
  Parse errors: Bad plan.  You planned 56 tests but ran 1.
t/002-verify-certlist.t (Wstat: 5632 Tests: 1 Failed: 1)
  Failed test:  1
  Non-zero exit status: 22
  Parse errors: Bad plan.  You planned 9 tests but ran 1.
t/003-verify-db.t      (Wstat: 5632 Tests: 1 Failed: 1)
  Failed test:  1
  Non-zero exit status: 22
  Parse errors: Bad plan.  You planned 45 tests but ran 1.
t/004-db.t             (Wstat: 5632 Tests: 1 Failed: 1)
  Failed test:  1
  Non-zero exit status: 22
  Parse errors: Bad plan.  You planned 11 tests but ran 1.
t/005-name.t           (Wstat: 5632 Tests: 1 Failed: 1)
  Failed test:  1
  Non-zero exit status: 22
  Parse errors: Bad plan.  You planned 5 tests but ran 1.
t/006-crl.t            (Wstat: 5632 Tests: 1 Failed: 1)
  Failed test:  1
  Non-zero exit status: 22
  Parse errors: Bad plan.  You planned 18 tests but ran 1.
Files=12, Tests=6,  0 wallclock secs ( 0.03 usr  0.02 sys +  0.49 cusr  0.07 csys =  0.61 CPU)
Result: FAIL
Failed 6/12 test programs. 6/6 subtests failed.
Makefile:983: recipe for target 'test_dynamic' failed
make: *** [test_dynamic] Error 255

------------------------------
PREREQUISITES
------------------------------

Prerequisite modules loaded:

requires:

    Module              Need     Have    
    ------------------- -------- --------
    Alien::NSS          0.05     0.22    
    autodie             2.1      2.26    
    Encode              2.4      2.75    
    Exporter            5.6      5.72    
    MIME::Base64        3.13     3.15    
    perl                5.010001 5.022000
    Test::More          0.98     1.001014

build_requires:

    Module              Need     Have    
    ------------------- -------- --------
    Alien::NSS          0.05     0.22    
    ExtUtils::MakeMaker 6.59     7.04_01 
    Test::More          0.98     1.001014

configure_requires:

    Module              Need     Have    
    ------------------- -------- --------
    Alien::NSS          0.05     0.22    
    ExtUtils::MakeMaker 6.59     7.04_01 


------------------------------
ENVIRONMENT AND OTHER CONTEXT
------------------------------

Environment variables:

    AUTOMATED_TESTING = 1
    LANG = en_US.UTF-8
    NONINTERACTIVE_TESTING = 1
    PATH = /home/perltest/sysperl/bin:/home/perltest/perl5/perlbrew/bin:/home/perltest/perl5/perlbrew/perls/perl-5.22.0-thread-multi/bin:/home/perltest/perltest/bin:/home/perltest/perltest/bin:/home/perltest/perltest/bin:/home/perltest/perl5/perlbrew/bin:/home/perltest/perl5/perlbrew/perls/perl-5.23.1/bin:/usr/local/sbin:/usr/local/bin:/usr/sbin:/usr/bin:/sbin:/bin:/usr/games:/usr/local/games:/home/perltest/perltest/bin
    PERL5LIB = /home/perltest/.cpan/build/Alien-NSS-0.22-mzsTGA/blib/arch:/home/perltest/.cpan/build/Alien-NSS-0.22-mzsTGA/blib/lib:/home/perltest/.cpan/build/Alien-Base-0.022-WNXAWF/blib/arch:/home/perltest/.cpan/build/Alien-Base-0.022-WNXAWF/blib/lib:/home/perltest/.cpan/build/Shell-Config-Generate-0.22-qObKlq/blib/arch:/home/perltest/.cpan/build/Shell-Config-Generate-0.22-qObKlq/blib/lib:/home/perltest/.cpan/build/File-chdir-0.1010-y4NEnT/blib/arch:/home/perltest/.cpan/build/File-chdir-0.1010-y4NEnT/blib/lib:/home/perltest/.cpan/build/FFI-CheckLib-0.11-N9vXMG/blib/arch:/home/perltest/.cpan/build/FFI-CheckLib-0.11-N9vXMG/blib/lib:/home/perltest/.cpan/build/Shell-Guess-0.06-E9FAw9/blib/arch:/home/perltest/.cpan/build/Shell-Guess-0.06-E9FAw9/blib/lib:/home/perltest/.cpan/build/Sort-Versions-1.61-6Weq_Y/blib/arch:/home/perltest/.cpan/build/Sort-Versions-1.61-6Weq_Y/blib/lib:/home/perltest/sysperl/lib/perl5
    PERL5OPT = 
    PERL5_CPANPLUS_IS_RUNNING = 25166
    PERL5_CPAN_IS_RUNNING = 25166
    PERL5_CPAN_IS_RUNNING_IN_RECURSION = 18230,25166
    PERLBREW_BASHRC_VERSION = 0.73
    PERLBREW_HOME = /home/perltest/.perlbrew
    PERLBREW_LIB = 
    PERLBREW_MANPATH = /home/perltest/perl5/perlbrew/perls/perl-5.22.0-thread-multi/man
    PERLBREW_PATH = /home/perltest/perl5/perlbrew/bin:/home/perltest/perl5/perlbrew/perls/perl-5.22.0-thread-multi/bin
    PERLBREW_PERL = perl-5.22.0-thread-multi
    PERLBREW_ROOT = /home/perltest/perl5/perlbrew
    PERLBREW_VERSION = 0.73
    PERL_CR_SMOKER_CURRENT = Crypt-NSS-X509-0.05
    PERL_EXTUTILS_AUTOINSTALL = --defaultdeps
    PERL_LOCAL_LIB_ROOT = /home/perltest/sysperl:
    PERL_MB_OPT = --install_base "//home/perltest/sysperl"
    PERL_MM_OPT = INSTALL_BASE=/home/perltest/sysperl
    PERL_MM_USE_DEFAULT = 1
    SHELL = /bin/bash
    TERM = screen

Perl special variables (and OS-specific diagnostics, for MSWin32):

    $^X = /data/perl5/perlbrew/perls/perl-5.22.0-thread-multi/bin/perl
    $UID/$EUID = 2000 / 2000
    $GID = 2000 2000
    $EGID = 2000 2000

Perl module toolchain versions installed:

    Module              Have    
    ------------------- --------
    CPAN                2.11    
    CPAN::Meta          2.150001
    Cwd                 3.56    
    ExtUtils::CBuilder  0.280221
    ExtUtils::Command   1.20    
    ExtUtils::Install   2.04    
    ExtUtils::MakeMaker 7.04_01 
    ExtUtils::Manifest  1.70    
    ExtUtils::ParseXS   3.28    
    File::Spec          3.56    
    JSON                2.90    
    JSON::PP            2.27300 
    Module::Build       0.4214  
    Module::Signature   n/a     
    Parse::CPAN::Meta   1.4414  
    Test::Harness       3.35    
    Test::More          1.001014
    YAML                1.15    
    YAML::Syck          n/a     
    version             0.9909  


--

Summary of my perl5 (revision 5 version 22 subversion 0) configuration:
   
  Platform:
    osname=linux, osvers=3.19.0-18-generic, archname=x86_64-linux-thread-multi
    uname='linux perltest.antelope.net 3.19.0-18-generic #18-ubuntu smp tue may 19 18:31:35 utc 2015 x86_64 x86_64 x86_64 gnulinux '
    config_args='-de -Dprefix=/home/perltest/perl5/perlbrew/perls/perl-5.22.0-thread-multi -Dusethreads -Dusemultiplicity -Aeval:scriptdir=/home/perltest/perl5/perlbrew/perls/perl-5.22.0-thread-multi/bin'
    hint=recommended, useposix=true, d_sigaction=define
    useithreads=define, usemultiplicity=define
    use64bitint=define, use64bitall=define, uselongdouble=undef
    usemymalloc=n, bincompat5005=undef
  Compiler:
    cc='cc', ccflags ='-D_REENTRANT -D_GNU_SOURCE -fwrapv -fno-strict-aliasing -pipe -fstack-protector-strong -I/usr/local/include -D_LARGEFILE_SOURCE -D_FILE_OFFSET_BITS=64',
    optimize='-O2',
    cppflags='-D_REENTRANT -D_GNU_SOURCE -fwrapv -fno-strict-aliasing -pipe -fstack-protector-strong -I/usr/local/include'
    ccversion='', gccversion='4.9.2', gccosandvers=''
    intsize=4, longsize=8, ptrsize=8, doublesize=8, byteorder=12345678, doublekind=3
    d_longlong=define, longlongsize=8, d_longdbl=define, longdblsize=16, longdblkind=3
    ivtype='long', ivsize=8, nvtype='double', nvsize=8, Off_t='off_t', lseeksize=8
    alignbytes=8, prototype=define
  Linker and Libraries:
    ld='cc', ldflags =' -fstack-protector-strong -L/usr/local/lib'
    libpth=/usr/local/lib /usr/lib/gcc/x86_64-linux-gnu/4.9/include-fixed /usr/include/x86_64-linux-gnu /usr/lib /lib/x86_64-linux-gnu /lib/../lib /usr/lib/x86_64-linux-gnu /usr/lib/../lib /lib
    libs=-lpthread -lnsl -ldb -ldl -lm -lcrypt -lutil -lc
    perllibs=-lpthread -lnsl -ldl -lm -lcrypt -lutil -lc
    libc=libc-2.21.so, so=so, useshrplib=false, libperl=libperl.a
    gnulibc_version='2.21'
  Dynamic Linking:
    dlsrc=dl_dlopen.xs, dlext=so, d_dlsymun=undef, ccdlflags='-Wl,-E'
    cccdlflags='-fPIC', lddlflags='-shared -O2 -L/usr/local/lib -fstack-protector-strong'


Characteristics of this binary (from libperl): 
  Compile-time options: HAS_TIMES MULTIPLICITY PERLIO_LAYERS
                        PERL_DONT_CREATE_GVSV
                        PERL_HASH_FUNC_ONE_AT_A_TIME_HARD
                        PERL_IMPLICIT_CONTEXT PERL_MALLOC_WRAP
                        PERL_NEW_COPY_ON_WRITE PERL_PRESERVE_IVUV
                        USE_64_BIT_ALL USE_64_BIT_INT USE_ITHREADS
                        USE_LARGE_FILES USE_LOCALE USE_LOCALE_COLLATE
                        USE_LOCALE_CTYPE USE_LOCALE_NUMERIC USE_LOCALE_TIME
                        USE_PERLIO USE_PERL_ATOF USE_REENTRANT_API
  Locally applied patches:
	Devel::PatchPerl 1.38
  Built under linux
  Compiled at Jul 15 2015 23:29:02
  %ENV:
    PERL5LIB="/home/perltest/.cpan/build/Alien-NSS-0.22-mzsTGA/blib/arch:/home/perltest/.cpan/build/Alien-NSS-0.22-mzsTGA/blib/lib:/home/perltest/.cpan/build/Alien-Base-0.022-WNXAWF/blib/arch:/home/perltest/.cpan/build/Alien-Base-0.022-WNXAWF/blib/lib:/home/perltest/.cpan/build/Shell-Config-Generate-0.22-qObKlq/blib/arch:/home/perltest/.cpan/build/Shell-Config-Generate-0.22-qObKlq/blib/lib:/home/perltest/.cpan/build/File-chdir-0.1010-y4NEnT/blib/arch:/home/perltest/.cpan/build/File-chdir-0.1010-y4NEnT/blib/lib:/home/perltest/.cpan/build/FFI-CheckLib-0.11-N9vXMG/blib/arch:/home/perltest/.cpan/build/FFI-CheckLib-0.11-N9vXMG/blib/lib:/home/perltest/.cpan/build/Shell-Guess-0.06-E9FAw9/blib/arch:/home/perltest/.cpan/build/Shell-Guess-0.06-E9FAw9/blib/lib:/home/perltest/.cpan/build/Sort-Versions-1.61-6Weq_Y/blib/arch:/home/perltest/.cpan/build/Sort-Versions-1.61-6Weq_Y/blib/lib:/home/perltest/sysperl/lib/perl5"
    PERL5OPT=""
    PERL5_CPANPLUS_IS_RUNNING="25166"
    PERL5_CPAN_IS_RUNNING="25166"
    PERL5_CPAN_IS_RUNNING_IN_RECURSION="18230,25166"
    PERLBREW_BASHRC_VERSION="0.73"
    PERLBREW_HOME="/home/perltest/.perlbrew"
    PERLBREW_LIB=""
    PERLBREW_MANPATH="/home/perltest/perl5/perlbrew/perls/perl-5.22.0-thread-multi/man"
    PERLBREW_PATH="/home/perltest/perl5/perlbrew/bin:/home/perltest/perl5/perlbrew/perls/perl-5.22.0-thread-multi/bin"
    PERLBREW_PERL="perl-5.22.0-thread-multi"
    PERLBREW_ROOT="/home/perltest/perl5/perlbrew"
    PERLBREW_VERSION="0.73"
    PERL_CR_SMOKER_CURRENT="Crypt-NSS-X509-0.05"
    PERL_EXTUTILS_AUTOINSTALL="--defaultdeps"
    PERL_LOCAL_LIB_ROOT="/home/perltest/sysperl:"
    PERL_MB_OPT="--install_base "//home/perltest/sysperl""
    PERL_MM_OPT="INSTALL_BASE=/home/perltest/sysperl"
    PERL_MM_USE_DEFAULT="1"
  @INC:
    /home/perltest/.cpan/build/Alien-NSS-0.22-mzsTGA/blib/arch
    /home/perltest/.cpan/build/Alien-NSS-0.22-mzsTGA/blib/lib
    /home/perltest/.cpan/build/Alien-Base-0.022-WNXAWF/blib/arch
    /home/perltest/.cpan/build/Alien-Base-0.022-WNXAWF/blib/lib
    /home/perltest/.cpan/build/Shell-Config-Generate-0.22-qObKlq/blib/arch
    /home/perltest/.cpan/build/Shell-Config-Generate-0.22-qObKlq/blib/lib
    /home/perltest/.cpan/build/File-chdir-0.1010-y4NEnT/blib/arch
    /home/perltest/.cpan/build/File-chdir-0.1010-y4NEnT/blib/lib
    /home/perltest/.cpan/build/FFI-CheckLib-0.11-N9vXMG/blib/arch
    /home/perltest/.cpan/build/FFI-CheckLib-0.11-N9vXMG/blib/lib
    /home/perltest/.cpan/build/Shell-Guess-0.06-E9FAw9/blib/arch
    /home/perltest/.cpan/build/Shell-Guess-0.06-E9FAw9/blib/lib
    /home/perltest/.cpan/build/Sort-Versions-1.61-6Weq_Y/blib/arch
    /home/perltest/.cpan/build/Sort-Versions-1.61-6Weq_Y/blib/lib
    /home/perltest/sysperl/lib/perl5/x86_64-linux-thread-multi
    /home/perltest/sysperl/lib/perl5
    /home/perltest/perl5/perlbrew/perls/perl-5.22.0-thread-multi/lib/site_perl/5.22.0/x86_64-linux-thread-multi
    /home/perltest/perl5/perlbrew/perls/perl-5.22.0-thread-multi/lib/site_perl/5.22.0
    /home/perltest/perl5/perlbrew/perls/perl-5.22.0-thread-multi/lib/5.22.0/x86_64-linux-thread-multi
    /home/perltest/perl5/perlbrew/perls/perl-5.22.0-thread-multi/lib/5.22.0
    .