Back
From: metabase:user:320bfe00-2aae-11df-837a-5e0a49663a4f
Subject: FAIL BioX-SeqUtils-Promoter-0.1.1 v5.16.1 GNU/Linux
Date: 2012-09-16T20:17:15Z
This distribution has been tested as part of the CPAN Testers
project, supporting the Perl programming language. See
http://wiki.cpantesters.org/ for more information or email
questions to cpan-testers-discuss@perl.org
--
Dear Charles Stephen Embry,
This is a computer-generated report for BioX-SeqUtils-Promoter-0.1.1
on perl 5.16.1, created by CPAN-Reporter-1.2006.
Thank you for uploading your work to CPAN. However, there was a problem
testing your distribution.
If you think this report is invalid, please consult the CPAN Testers Wiki
for suggestions on how to avoid getting FAIL reports for missing library
or binary dependencies, unsupported operating systems, and so on:
http://wiki.cpantesters.org/wiki/CPANAuthorNotes
Sections of this report:
* Tester comments
* Program output
* Prerequisites
* Environment and other context
------------------------------
TESTER COMMENTS
------------------------------
Additional comments from tester:
this report is from an automated smoke testing program
and was not reviewed by a human for accuracy
------------------------------
PROGRAM OUTPUT
------------------------------
Output from './Build test':
# Testing BioX::SeqUtils::Promoter 0.1.1
t/00.load.t ....... ok
t/10.length.t ..... ok
# Failed test 'use BioX::SeqUtils::Promoter::Alignment;'
# at t/10.load.t line 10.
# Tried to use 'BioX::SeqUtils::Promoter::Alignment'.
# Error: Can't locate DBIx/MySperql.pm in @INC (@INC contains: /tmp/loop_over_bdir-ARiZvE/BioX-SeqUtils-Promoter-VFSH2T/blib/lib /tmp/loop_over_bdir-ARiZvE/BioX-SeqUtils-Promoter-VFSH2T/blib/arch /home/src/perl/repoperls/installed-perls/perl/v5.16.1/a2da/lib/site_perl/5.16.1/x86_64-linux-thread-multi-ld /home/src/perl/repoperls/installed-perls/perl/v5.16.1/a2da/lib/site_perl/5.16.1 /home/src/perl/repoperls/installed-perls/perl/v5.16.1/a2da/lib/5.16.1/x86_64-linux-thread-multi-ld /home/src/perl/repoperls/installed-perls/perl/v5.16.1/a2da/lib/5.16.1 .) at /tmp/loop_over_bdir-ARiZvE/BioX-SeqUtils-Promoter-VFSH2T/blib/lib/BioX/SeqUtils/Promoter/Annotations/Consensus.pm line 13.
# BEGIN failed--compilation aborted at /tmp/loop_over_bdir-ARiZvE/BioX-SeqUtils-Promoter-VFSH2T/blib/lib/BioX/SeqUtils/Promoter/Annotations/Consensus.pm line 13.
# Compilation failed in require at /tmp/loop_over_bdir-ARiZvE/BioX-SeqUtils-Promoter-VFSH2T/blib/lib/BioX/SeqUtils/Promoter/Alignment.pm line 12.
# BEGIN failed--compilation aborted at /tmp/loop_over_bdir-ARiZvE/BioX-SeqUtils-Promoter-VFSH2T/blib/lib/BioX/SeqUtils/Promoter/Alignment.pm line 12.
# Compilation failed in require at t/10.load.t line 10.
# BEGIN failed--compilation aborted at t/10.load.t line 10.
# Failed test 'use BioX::SeqUtils::Promoter::Annotations::Consensus;'
# at t/10.load.t line 34.
# Tried to use 'BioX::SeqUtils::Promoter::Annotations::Consensus'.
# Error: Attempt to reload BioX/SeqUtils/Promoter/Annotations/Consensus.pm aborted.
# Compilation failed in require at t/10.load.t line 34.
# BEGIN failed--compilation aborted at t/10.load.t line 34.
# Failed test 'use BioX::SeqUtils::Promoter::SaveTypes::RImage;'
# at t/10.load.t line 58.
# Tried to use 'BioX::SeqUtils::Promoter::SaveTypes::RImage'.
# Error: Attempt to reload BioX/SeqUtils/Promoter/Alignment.pm aborted.
# Compilation failed in require at /tmp/loop_over_bdir-ARiZvE/BioX-SeqUtils-Promoter-VFSH2T/blib/lib/BioX/SeqUtils/Promoter/SaveTypes/RImage.pm line 16.
# BEGIN failed--compilation aborted at /tmp/loop_over_bdir-ARiZvE/BioX-SeqUtils-Promoter-VFSH2T/blib/lib/BioX/SeqUtils/Promoter/SaveTypes/RImage.pm line 16.
# Compilation failed in require at t/10.load.t line 58.
# BEGIN failed--compilation aborted at t/10.load.t line 58.
# Testing BioX::SeqUtils::Promoter 0.1.1
# Testing BioX::SeqUtils::Promoter::Alignment
# Testing BioX::SeqUtils::Promoter::Annotations 0.1.1
# Testing BioX::SeqUtils::Promoter::Annotations::Base 0.1.1
# Testing BioX::SeqUtils::Promoter::Annotations::CG 0.1.1
# Testing BioX::SeqUtils::Promoter::Annotations::Consensus
# Testing BioX::SeqUtils::Promoter::Base 0.1.1
# Testing BioX::SeqUtils::Promoter::SaveTypes 0.1.1
# Testing BioX::SeqUtils::Promoter::SaveTypes::Base 0.1.1
# Testing BioX::SeqUtils::Promoter::SaveTypes::RImage
# Testing BioX::SeqUtils::Promoter::SaveTypes::Text 0.1.1
# Testing BioX::SeqUtils::Promoter::Sequence 0.1.1
# Testing BioX::SeqUtils::Promoter::Sequences 0.1.1
# Looks like you failed 3 tests of 13.
t/10.load.t .......
Dubious, test returned 3 (wstat 768, 0x300)
Failed 3/13 subtests
t/10.sequence.t ... ok
t/10.sequences.t ..
Failed 1/2 subtests
t/11.new.t ........ ok
Test Summary Report
-------------------
t/10.load.t (Wstat: 768 Tests: 13 Failed: 3)
Failed tests: 2, 6, 10
Non-zero exit status: 3
t/10.sequences.t (Wstat: 0 Tests: 1 Failed: 0)
Parse errors: Tests out of sequence. Found (2) but expected (1)
Bad plan. You planned 2 tests but ran 1.
Files=6, Tests=22, 1 wallclock secs ( 0.03 usr 0.00 sys + 0.20 cusr 0.04 csys = 0.27 CPU)
Result: FAIL
Failed 2/6 test programs. 3/22 subtests failed.
------------------------------
PREREQUISITES
------------------------------
Prerequisite modules loaded:
requires:
Module Need Have
---------- ---- -------
Test::More 0 0.98_03
version 0 0.9901
------------------------------
ENVIRONMENT AND OTHER CONTEXT
------------------------------
Environment variables:
AUTOMATED_TESTING = 1
LANG = en_US.UTF-8
LANGUAGE = en_US:en
PATH = /home/sand/bin:/usr/local/bin:/usr/bin:/bin:/usr/bin/X11:/usr/games:/usr/local/perl/bin:/usr/X11/bin:/sbin:/usr/sbin
PERL5LIB =
PERL5OPT =
PERL5_CPANPLUS_IS_RUNNING = 16064
PERL5_CPAN_IS_RUNNING = 16064
PERL_MM_USE_DEFAULT = 1
SHELL = /usr/bin/zsh
TERM = screen
Perl special variables (and OS-specific diagnostics, for MSWin32):
$^X = /mnt/k75/homesand/src/perl/repoperls/installed-perls/perl/v5.16.1/a2da/bin/perl
$UID/$EUID = 1005 / 1005
$GID = 1005 1005
$EGID = 1005 1005
Perl module toolchain versions installed:
Module Have
------------------- --------
CPAN 1.9800
CPAN::Meta 2.120921
Cwd 3.39_02
ExtUtils::CBuilder 0.280206
ExtUtils::Command 1.17
ExtUtils::Install 1.58
ExtUtils::MakeMaker 6.63_02
ExtUtils::Manifest 1.61
ExtUtils::ParseXS 3.16
File::Spec 3.39_02
JSON 2.53
JSON::PP 2.27200
Module::Build 0.4003
Module::Signature 0.68
Parse::CPAN::Meta 1.4404
Test::Harness 3.25
Test::More 0.98_03
YAML 0.84
YAML::Syck 1.21_01
version 0.9901
--
Summary of my perl5 (revision 5 version 16 subversion 1) configuration:
Commit id: 06d742c02d396d6515581002f376b55ab1972c1b
Platform:
osname=linux, osvers=3.2.0-3-amd64, archname=x86_64-linux-thread-multi-ld
uname='linux k83 3.2.0-3-amd64 #1 smp mon jul 23 02:45:17 utc 2012 x86_64 gnulinux '
config_args='-Dprefix=/home/src/perl/repoperls/installed-perls/perl/v5.16.1/a2da -Dmyhostname=k83 -Dinstallusrbinperl=n -Uversiononly -Dusedevel -des -Ui_db -Duseithreads -Duselongdouble -DDEBUGGING=-g'
hint=recommended, useposix=true, d_sigaction=define
useithreads=define, usemultiplicity=define
useperlio=define, d_sfio=undef, uselargefiles=define, usesocks=undef
use64bitint=define, use64bitall=define, uselongdouble=define
usemymalloc=n, bincompat5005=undef
Compiler:
cc='cc', ccflags ='-D_REENTRANT -D_GNU_SOURCE -fno-strict-aliasing -pipe -fstack-protector -I/usr/local/include -D_LARGEFILE_SOURCE -D_FILE_OFFSET_BITS=64',
optimize='-O2 -g',
cppflags='-D_REENTRANT -D_GNU_SOURCE -fno-strict-aliasing -pipe -fstack-protector -I/usr/local/include'
ccversion='', gccversion='4.7.1', gccosandvers=''
intsize=4, longsize=8, ptrsize=8, doublesize=8, byteorder=12345678
d_longlong=define, longlongsize=8, d_longdbl=define, longdblsize=16
ivtype='long', ivsize=8, nvtype='long double', nvsize=16, Off_t='off_t', lseeksize=8
alignbytes=16, prototype=define
Linker and Libraries:
ld='cc', ldflags =' -fstack-protector -L/usr/local/lib'
libpth=/usr/local/lib /lib/x86_64-linux-gnu /lib/../lib /usr/lib/x86_64-linux-gnu /usr/lib/../lib /lib /usr/lib
libs=-lnsl -ldb -ldl -lm -lcrypt -lutil -lpthread -lc
perllibs=-lnsl -ldl -lm -lcrypt -lutil -lpthread -lc
libc=, so=so, useshrplib=false, libperl=libperl.a
gnulibc_version='2.13'
Dynamic Linking:
dlsrc=dl_dlopen.xs, dlext=so, d_dlsymun=undef, ccdlflags='-Wl,-E'
cccdlflags='-fPIC', lddlflags='-shared -O2 -g -L/usr/local/lib -fstack-protector'
Characteristics of this binary (from libperl):
Compile-time options: HAS_TIMES MULTIPLICITY PERLIO_LAYERS
PERL_DONT_CREATE_GVSV PERL_IMPLICIT_CONTEXT
PERL_MALLOC_WRAP PERL_PRESERVE_IVUV PERL_USE_DEVEL
USE_64_BIT_ALL USE_64_BIT_INT USE_ITHREADS
USE_LARGE_FILES USE_LOCALE USE_LOCALE_COLLATE
USE_LOCALE_CTYPE USE_LOCALE_NUMERIC USE_LONG_DOUBLE
USE_PERLIO USE_PERL_ATOF USE_REENTRANT_API
Built under linux
Compiled at Aug 15 2012 08:07:04
%ENV:
PERL5LIB=""
PERL5OPT=""
PERL5_CPANPLUS_IS_RUNNING="16064"
PERL5_CPAN_IS_RUNNING="16064"
PERL_MM_USE_DEFAULT="1"
@INC:
/home/src/perl/repoperls/installed-perls/perl/v5.16.1/a2da/lib/site_perl/5.16.1/x86_64-linux-thread-multi-ld
/home/src/perl/repoperls/installed-perls/perl/v5.16.1/a2da/lib/site_perl/5.16.1
/home/src/perl/repoperls/installed-perls/perl/v5.16.1/a2da/lib/5.16.1/x86_64-linux-thread-multi-ld
/home/src/perl/repoperls/installed-perls/perl/v5.16.1/a2da/lib/5.16.1
.