Filter-Crypto v2.08 Perl 5 v5.30.1 darwin-2level

Status
Fail
From
Slaven Rezić (SREZIC)
Dist
Filter-Crypto v2.08
Platform
Perl 5 v5.30.1 darwin-2level
Date
2020-03-21 19:23:56
ID
82230b1c-6ba9-11ea-b1ac-3c3e1f24ea8f
This distribution has been tested as part of the CPAN Testers
project, supporting the Perl programming language.  See
http://wiki.cpantesters.org/ for more information or email
questions to cpan-testers-discuss@perl.org


--
Dear Steve Hay,

This is a computer-generated report for Filter-Crypto-2.08
on perl 5.30.1, created by CPAN-Reporter-1.2018.

Thank you for uploading your work to CPAN.  However, there was a problem
testing your distribution.

If you think this report is invalid, please consult the CPAN Testers Wiki
for suggestions on how to avoid getting FAIL reports for missing library
or binary dependencies, unsupported operating systems, and so on:

http://wiki.cpantesters.org/wiki/CPANAuthorNotes

Sections of this report:

    * Tester comments
    * Program output
    * Prerequisites
    * Environment and other context

------------------------------
TESTER COMMENTS
------------------------------

Additional comments from tester:

none provided

------------------------------
PROGRAM OUTPUT
------------------------------

Output from '/usr/bin/make test':

"/opt/perl-5.30.1/bin/perl" -MExtUtils::Command::MM -e 'cp_nonempty' -- CryptFile.bs ../blib/arch/auto/Filter/Crypto/CryptFile/CryptFile.bs 644
Manifying 1 pod document
"/opt/perl-5.30.1/bin/perl" -MExtUtils::Command::MM -e 'cp_nonempty' -- Decrypt.bs ../blib/arch/auto/Filter/Crypto/Decrypt/Decrypt.bs 644
Manifying 1 pod document
PERL_DL_NONLAZY=1 "/opt/perl-5.30.1/bin/perl" "-MExtUtils::Command::MM" "-MTest::Harness" "-e" "undef *Test::Harness::Switches; test_harness(0, 'blib/lib', 'blib/arch')" t/*.t

#   Failed test 'require Filter::Crypto::CryptFile;'
#   at t/01_imports_01.t line 40.
#     Tried to require 'Filter::Crypto::CryptFile'.
#     Error:  Can't load '/Users/slaven.rezic/.cpan/build/2020032120/Filter-Crypto-2.08-2/blib/arch/auto/Filter/Crypto/CryptFile/CryptFile.bundle' for module Filter::Crypto::CryptFile: dlopen(/Users/slaven.rezic/.cpan/build/2020032120/Filter-Crypto-2.08-2/blib/arch/auto/Filter/Crypto/CryptFile/CryptFile.bundle, 2): Symbol not found: _ERR_free_strings
#   Referenced from: /Users/slaven.rezic/.cpan/build/2020032120/Filter-Crypto-2.08-2/blib/arch/auto/Filter/Crypto/CryptFile/CryptFile.bundle
#   Expected in: flat namespace
#  in /Users/slaven.rezic/.cpan/build/2020032120/Filter-Crypto-2.08-2/blib/arch/auto/Filter/Crypto/CryptFile/CryptFile.bundle at /opt/perl-5.30.1/lib/5.30.1/darwin-2level/DynaLoader.pm line 197.
#  at /Users/slaven.rezic/.cpan/build/2020032120/Filter-Crypto-2.08-2/blib/lib/Filter/Crypto/CryptFile.pm line 65.
# BEGIN failed--compilation aborted at /Users/slaven.rezic/.cpan/build/2020032120/Filter-Crypto-2.08-2/blib/lib/Filter/Crypto/CryptFile.pm line 65.
# Compilation failed in require at (eval 9) line 2.
# Looks like you failed 1 test of 7.
t/01_imports_01.t .... 
Dubious, test returned 1 (wstat 256, 0x100)
Failed 1/7 subtests 

#   Failed test 'use Filter::Crypto::CryptFile;'
#   at t/01_imports_02.t line 40.
#     Tried to use 'Filter::Crypto::CryptFile'.
#     Error:  Can't load '/Users/slaven.rezic/.cpan/build/2020032120/Filter-Crypto-2.08-2/blib/arch/auto/Filter/Crypto/CryptFile/CryptFile.bundle' for module Filter::Crypto::CryptFile: dlopen(/Users/slaven.rezic/.cpan/build/2020032120/Filter-Crypto-2.08-2/blib/arch/auto/Filter/Crypto/CryptFile/CryptFile.bundle, 2): Symbol not found: _ERR_free_strings
#   Referenced from: /Users/slaven.rezic/.cpan/build/2020032120/Filter-Crypto-2.08-2/blib/arch/auto/Filter/Crypto/CryptFile/CryptFile.bundle
#   Expected in: flat namespace
#  in /Users/slaven.rezic/.cpan/build/2020032120/Filter-Crypto-2.08-2/blib/arch/auto/Filter/Crypto/CryptFile/CryptFile.bundle at /opt/perl-5.30.1/lib/5.30.1/darwin-2level/DynaLoader.pm line 197.
#  at /Users/slaven.rezic/.cpan/build/2020032120/Filter-Crypto-2.08-2/blib/lib/Filter/Crypto/CryptFile.pm line 65.
# BEGIN failed--compilation aborted at /Users/slaven.rezic/.cpan/build/2020032120/Filter-Crypto-2.08-2/blib/lib/Filter/Crypto/CryptFile.pm line 65.
# Compilation failed in require at t/01_imports_02.t line 40.
# BEGIN failed--compilation aborted at t/01_imports_02.t line 40.

#   Failed test 'crypt_file is imported'
#   at t/01_imports_02.t line 52.

#   Failed test 'CRYPT_MODE_AUTO is imported'
#   at t/01_imports_02.t line 53.

#   Failed test 'CRYPT_MODE_DECRYPT is imported'
#   at t/01_imports_02.t line 54.

#   Failed test 'CRYPT_MODE_ENCRYPT is imported'
#   at t/01_imports_02.t line 55.

#   Failed test 'CRYPT_MODE_DECRYPTED is imported'
#   at t/01_imports_02.t line 56.

#   Failed test 'CRYPT_MODE_ENCRYPTED is imported'
#   at t/01_imports_02.t line 57.
# Looks like you failed 7 tests of 7.
t/01_imports_02.t .... 
Dubious, test returned 7 (wstat 1792, 0x700)
Failed 7/7 subtests 

#   Failed test 'use Filter::Crypto::CryptFile;'
#   at t/01_imports_03.t line 40.
#     Tried to use 'Filter::Crypto::CryptFile'.
#     Error:  Can't load '/Users/slaven.rezic/.cpan/build/2020032120/Filter-Crypto-2.08-2/blib/arch/auto/Filter/Crypto/CryptFile/CryptFile.bundle' for module Filter::Crypto::CryptFile: dlopen(/Users/slaven.rezic/.cpan/build/2020032120/Filter-Crypto-2.08-2/blib/arch/auto/Filter/Crypto/CryptFile/CryptFile.bundle, 2): Symbol not found: _ERR_free_strings
#   Referenced from: /Users/slaven.rezic/.cpan/build/2020032120/Filter-Crypto-2.08-2/blib/arch/auto/Filter/Crypto/CryptFile/CryptFile.bundle
#   Expected in: flat namespace
#  in /Users/slaven.rezic/.cpan/build/2020032120/Filter-Crypto-2.08-2/blib/arch/auto/Filter/Crypto/CryptFile/CryptFile.bundle at /opt/perl-5.30.1/lib/5.30.1/darwin-2level/DynaLoader.pm line 197.
#  at /Users/slaven.rezic/.cpan/build/2020032120/Filter-Crypto-2.08-2/blib/lib/Filter/Crypto/CryptFile.pm line 65.
# BEGIN failed--compilation aborted at /Users/slaven.rezic/.cpan/build/2020032120/Filter-Crypto-2.08-2/blib/lib/Filter/Crypto/CryptFile.pm line 65.
# Compilation failed in require at t/01_imports_03.t line 40.
# BEGIN failed--compilation aborted at t/01_imports_03.t line 40.

#   Failed test 'crypt_file is imported'
#   at t/01_imports_03.t line 52.
# Looks like you failed 2 tests of 7.
t/01_imports_03.t .... 
Dubious, test returned 2 (wstat 512, 0x200)
Failed 2/7 subtests 

#   Failed test 'use Filter::Crypto::CryptFile;'
#   at t/01_imports_04.t line 40.
#     Tried to use 'Filter::Crypto::CryptFile'.
#     Error:  Can't load '/Users/slaven.rezic/.cpan/build/2020032120/Filter-Crypto-2.08-2/blib/arch/auto/Filter/Crypto/CryptFile/CryptFile.bundle' for module Filter::Crypto::CryptFile: dlopen(/Users/slaven.rezic/.cpan/build/2020032120/Filter-Crypto-2.08-2/blib/arch/auto/Filter/Crypto/CryptFile/CryptFile.bundle, 2): Symbol not found: _ERR_free_strings
#   Referenced from: /Users/slaven.rezic/.cpan/build/2020032120/Filter-Crypto-2.08-2/blib/arch/auto/Filter/Crypto/CryptFile/CryptFile.bundle
#   Expected in: flat namespace
#  in /Users/slaven.rezic/.cpan/build/2020032120/Filter-Crypto-2.08-2/blib/arch/auto/Filter/Crypto/CryptFile/CryptFile.bundle at /opt/perl-5.30.1/lib/5.30.1/darwin-2level/DynaLoader.pm line 197.
#  at /Users/slaven.rezic/.cpan/build/2020032120/Filter-Crypto-2.08-2/blib/lib/Filter/Crypto/CryptFile.pm line 65.
# BEGIN failed--compilation aborted at /Users/slaven.rezic/.cpan/build/2020032120/Filter-Crypto-2.08-2/blib/lib/Filter/Crypto/CryptFile.pm line 65.
# Compilation failed in require at t/01_imports_04.t line 40.
# BEGIN failed--compilation aborted at t/01_imports_04.t line 40.

#   Failed test 'CRYPT_MODE_AUTO is imported'
#   at t/01_imports_04.t line 53.
# Looks like you failed 2 tests of 7.
t/01_imports_04.t .... 
Dubious, test returned 2 (wstat 512, 0x200)
Failed 2/7 subtests 
Can't load '/Users/slaven.rezic/.cpan/build/2020032120/Filter-Crypto-2.08-2/blib/arch/auto/Filter/Crypto/CryptFile/CryptFile.bundle' for module Filter::Crypto::CryptFile: dlopen(/Users/slaven.rezic/.cpan/build/2020032120/Filter-Crypto-2.08-2/blib/arch/auto/Filter/Crypto/CryptFile/CryptFile.bundle, 2): Symbol not found: _ERR_free_strings
  Referenced from: /Users/slaven.rezic/.cpan/build/2020032120/Filter-Crypto-2.08-2/blib/arch/auto/Filter/Crypto/CryptFile/CryptFile.bundle
  Expected in: flat namespace
 in /Users/slaven.rezic/.cpan/build/2020032120/Filter-Crypto-2.08-2/blib/arch/auto/Filter/Crypto/CryptFile/CryptFile.bundle at /opt/perl-5.30.1/lib/5.30.1/darwin-2level/DynaLoader.pm line 197.
 at /Users/slaven.rezic/.cpan/build/2020032120/Filter-Crypto-2.08-2/blib/lib/Filter/Crypto/CryptFile.pm line 65.
BEGIN failed--compilation aborted at /Users/slaven.rezic/.cpan/build/2020032120/Filter-Crypto-2.08-2/blib/lib/Filter/Crypto/CryptFile.pm line 65.
Compilation failed in require at t/02_function.t line 57.
BEGIN failed--compilation aborted at t/02_function.t line 66.
t/02_function.t ...... 
Dubious, test returned 2 (wstat 512, 0x200)
No subtests run 
Can't load '/Users/slaven.rezic/.cpan/build/2020032120/Filter-Crypto-2.08-2/blib/arch/auto/Filter/Crypto/CryptFile/CryptFile.bundle' for module Filter::Crypto::CryptFile: dlopen(/Users/slaven.rezic/.cpan/build/2020032120/Filter-Crypto-2.08-2/blib/arch/auto/Filter/Crypto/CryptFile/CryptFile.bundle, 2): Symbol not found: _ERR_free_strings
  Referenced from: /Users/slaven.rezic/.cpan/build/2020032120/Filter-Crypto-2.08-2/blib/arch/auto/Filter/Crypto/CryptFile/CryptFile.bundle
  Expected in: flat namespace
 in /Users/slaven.rezic/.cpan/build/2020032120/Filter-Crypto-2.08-2/blib/arch/auto/Filter/Crypto/CryptFile/CryptFile.bundle at /opt/perl-5.30.1/lib/5.30.1/darwin-2level/DynaLoader.pm line 197.
 at /Users/slaven.rezic/.cpan/build/2020032120/Filter-Crypto-2.08-2/blib/lib/Filter/Crypto/CryptFile.pm line 65.
BEGIN failed--compilation aborted at /Users/slaven.rezic/.cpan/build/2020032120/Filter-Crypto-2.08-2/blib/lib/Filter/Crypto/CryptFile.pm line 65.
Compilation failed in require at t/03_script.t line 90.
# Looks like your test exited with 2 before it could output anything.
t/03_script.t ........ 
Dubious, test returned 2 (wstat 512, 0x200)
Failed 105/105 subtests 
t/04_par.t ........... skipped: PAR::Filter required to test PAR::Filter::Crypto
Can't load '/Users/slaven.rezic/.cpan/build/2020032120/Filter-Crypto-2.08-2/blib/arch/auto/Filter/Crypto/CryptFile/CryptFile.bundle' for module Filter::Crypto::CryptFile: dlopen(/Users/slaven.rezic/.cpan/build/2020032120/Filter-Crypto-2.08-2/blib/arch/auto/Filter/Crypto/CryptFile/CryptFile.bundle, 2): Symbol not found: _ERR_free_strings
  Referenced from: /Users/slaven.rezic/.cpan/build/2020032120/Filter-Crypto-2.08-2/blib/arch/auto/Filter/Crypto/CryptFile/CryptFile.bundle
  Expected in: flat namespace
 in /Users/slaven.rezic/.cpan/build/2020032120/Filter-Crypto-2.08-2/blib/arch/auto/Filter/Crypto/CryptFile/CryptFile.bundle at /opt/perl-5.30.1/lib/5.30.1/darwin-2level/DynaLoader.pm line 197.
 at /Users/slaven.rezic/.cpan/build/2020032120/Filter-Crypto-2.08-2/blib/lib/Filter/Crypto/CryptFile.pm line 65.
BEGIN failed--compilation aborted at /Users/slaven.rezic/.cpan/build/2020032120/Filter-Crypto-2.08-2/blib/lib/Filter/Crypto/CryptFile.pm line 65.
Compilation failed in require at t/05_errstr.t line 42.
BEGIN failed--compilation aborted at t/05_errstr.t line 50.
t/05_errstr.t ........ 
Dubious, test returned 2 (wstat 512, 0x200)
No subtests run 
t/06_changes.t ....... skipped: Author testing only
t/07_critic.t ........ skipped: Author testing only
t/08_pod.t ........... skipped: Author testing only
t/09_pod_coverage.t .. skipped: Author testing only

Test Summary Report
-------------------
t/01_imports_01.t  (Wstat: 256 Tests: 7 Failed: 1)
  Failed test:  1
  Non-zero exit status: 1
t/01_imports_02.t  (Wstat: 1792 Tests: 7 Failed: 7)
  Failed tests:  1-7
  Non-zero exit status: 7
t/01_imports_03.t  (Wstat: 512 Tests: 7 Failed: 2)
  Failed tests:  1-2
  Non-zero exit status: 2
t/01_imports_04.t  (Wstat: 512 Tests: 7 Failed: 2)
  Failed tests:  1, 3
  Non-zero exit status: 2
t/02_function.t    (Wstat: 512 Tests: 0 Failed: 0)
  Non-zero exit status: 2
  Parse errors: No plan found in TAP output
t/03_script.t      (Wstat: 512 Tests: 0 Failed: 0)
  Non-zero exit status: 2
  Parse errors: Bad plan.  You planned 105 tests but ran 0.
t/05_errstr.t      (Wstat: 512 Tests: 0 Failed: 0)
  Non-zero exit status: 2
  Parse errors: No plan found in TAP output
Files=12, Tests=28,  1 wallclock secs ( 0.03 usr  0.02 sys +  0.62 cusr  0.12 csys =  0.79 CPU)
Result: FAIL
Failed 7/12 test programs. 12/28 subtests failed.
make: *** [test_dynamic] Error 255

------------------------------
PREREQUISITES
------------------------------

Prerequisite modules loaded:

requires:

    Module                Need     Have     
    --------------------- -------- ---------
    Carp                  0        1.50     
    Config                0        5.030001 
    constant              0        1.33     
    Cwd                   0        3.78     
    Exporter              0        5.73     
    ExtUtils::MakeMaker   6.66     7.34     
    Fcntl                 0        1.13     
    File::Basename        0        2.85     
    File::Copy            0        2.34     
    File::Find            0        1.36     
    File::Spec::Functions 0        3.78     
    File::Temp            0        0.2309   
    Getopt::Long          0        2.5      
    perl                  5.008001 5.030001 
    Pod::Usage            1.15     1.69     
    Scalar::Util          0        1.50     
    strict                0        1.11     
    Text::ParseWords      0        3.30     
    Text::Wrap            0        2013.0523
    warnings              0        1.44     
    XSLoader              0        0.30     

build_requires:

    Module                Need     Have     
    --------------------- -------- ---------
    blib                  0        1.07     
    ExtUtils::MakeMaker   0        7.34     
    FindBin               0        1.51     
    Test::More            0        1.302162 

configure_requires:

    Module                Need     Have     
    --------------------- -------- ---------
    Carp                  0        1.50     
    Config                0        5.030001 
    constant              0        1.33     
    Cwd                   0        3.78     
    ExtUtils::MakeMaker   6.66     7.34     
    Fcntl                 0        1.13     
    File::Basename        0        2.85     
    File::Copy            0        2.34     
    File::Spec::Functions 0        3.78     
    Getopt::Long          0        2.5      
    perl                  5.008001 5.030001 
    Pod::Usage            1.15     1.69     
    strict                0        1.11     
    Text::Wrap            0        2013.0523
    warnings              0        1.44     


------------------------------
ENVIRONMENT AND OTHER CONTEXT
------------------------------

Environment variables:

    LANG = en_US.UTF-8
    PATH = /usr/local/bin:/usr/bin:/bin:/usr/local/sbin:/usr/sbin:/sbin:/Users/slaven.rezic/bin/darwin18.0:/Users/slaven.rezic/bin/sh:/Users/slaven.rezic/bin:/Users/slaven.rezic/bin/pistachio-perl/bin:/usr/games:/Users/slaven.rezic/devel:/Users/slaven.rezic/work/drafts-slaven.rezic/misc:/Users/slaven.rezic/src/srezic-misc/scripts
    PERL5LIB = 
    PERL5OPT = 
    PERL5_CPANPLUS_IS_RUNNING = 99889
    PERL5_CPAN_IS_RUNNING = 99889
    PERL5_CPAN_IS_RUNNING_IN_RECURSION = 99865,99889
    PERLDOC = -MPod::Perldoc::ToTextOverstrike
    PERL_BATCH = yes
    PERL_CANARY_STABILITY_NOPROMPT = 1
    PERL_CPAN_REPORTER_CONFIG = /var/tmp/cpansmoker-501/2020032120/cpanreporter_002_config.ini
    PERL_EXTUTILS_AUTOINSTALL = --defaultdeps
    PERL_USE_UNSAFE_INC = 1
    SHELL = /bin/zsh
    TERM = screen
    TMPDIR = /var/tmp/cpansmoker-501/2020032120

Perl special variables (and OS-specific diagnostics, for MSWin32):

    $^X = /opt/perl-5.30.1/bin/perl
    $UID/$EUID = 501 / 501
    $GID = 20 20 701 12 61 80 702 33 98 100 204 250 395 398 703
    $EGID = 20 20 701 12 61 80 702 33 98 100 204 250 395 398 703

Perl module toolchain versions installed:

    Module              Have    
    ------------------- --------
    CPAN                2.22    
    CPAN::Meta          2.150010
    Cwd                 3.78    
    ExtUtils::CBuilder  0.280231
    ExtUtils::Command   7.34    
    ExtUtils::Install   2.14    
    ExtUtils::MakeMaker 7.34    
    ExtUtils::Manifest  1.72    
    ExtUtils::ParseXS   3.40    
    File::Spec          3.78    
    JSON                n/a     
    JSON::PP            4.02    
    Module::Build       n/a     
    Module::Signature   n/a     
    Parse::CPAN::Meta   2.150010
    Test::Harness       3.42    
    Test::More          1.302162
    YAML                1.30    
    YAML::Syck          1.32    
    version             0.9924  


--

Summary of my perl5 (revision 5 version 30 subversion 1) configuration:
   
  Platform:
    osname=darwin
    osvers=18.7.0
    archname=darwin-2level
    uname='darwin w3tk 18.7.0 darwin kernel version 18.7.0: thu jan 23 06:52:12 pst 2020; root:xnu-4903.278.25~1release_x86_64 x86_64 '
    config_args='-ds -e -Dprefix=/opt/perl-5.30.1 -Dcf_email=srezic@cpan.org'
    hint=recommended
    useposix=true
    d_sigaction=define
    useithreads=undef
    usemultiplicity=undef
    use64bitint=define
    use64bitall=define
    uselongdouble=undef
    usemymalloc=n
    default_inc_excludes_dot=define
    bincompat5005=undef
  Compiler:
    cc='cc'
    ccflags ='-fno-common -DPERL_DARWIN -mmacosx-version-min=10.14 -fno-strict-aliasing -pipe -fstack-protector-strong -I/usr/local/include -DPERL_USE_SAFE_PUTENV'
    optimize='-O3'
    cppflags='-fno-common -DPERL_DARWIN -mmacosx-version-min=10.14 -fno-strict-aliasing -pipe -fstack-protector-strong -I/usr/local/include'
    ccversion=''
    gccversion='4.2.1 Compatible Apple LLVM 10.0.1 (clang-1001.0.46.4)'
    gccosandvers=''
    intsize=4
    longsize=8
    ptrsize=8
    doublesize=8
    byteorder=12345678
    doublekind=3
    d_longlong=define
    longlongsize=8
    d_longdbl=define
    longdblsize=16
    longdblkind=3
    ivtype='long'
    ivsize=8
    nvtype='double'
    nvsize=8
    Off_t='off_t'
    lseeksize=8
    alignbytes=8
    prototype=define
  Linker and Libraries:
    ld='cc'
    ldflags =' -mmacosx-version-min=10.14 -fstack-protector-strong -L/usr/local/lib'
    libpth=/usr/local/lib /Library/Developer/CommandLineTools/usr/lib/clang/10.0.1/lib /Library/Developer/CommandLineTools/usr/lib /usr/lib
    libs=-lpthread -lgdbm -ldbm -ldb -ldl -lm -lutil -lc
    perllibs=-lpthread -ldl -lm -lutil -lc
    libc=
    so=dylib
    useshrplib=false
    libperl=libperl.a
    gnulibc_version=''
  Dynamic Linking:
    dlsrc=dl_dlopen.xs
    dlext=bundle
    d_dlsymun=undef
    ccdlflags=' '
    cccdlflags=' '
    lddlflags=' -mmacosx-version-min=10.14 -bundle -undefined dynamic_lookup -L/usr/local/lib -fstack-protector-strong'


Characteristics of this binary (from libperl): 
  Compile-time options:
    HAS_TIMES
    PERLIO_LAYERS
    PERL_COPY_ON_WRITE
    PERL_DONT_CREATE_GVSV
    PERL_MALLOC_WRAP
    PERL_OP_PARENT
    PERL_PRESERVE_IVUV
    PERL_USE_SAFE_PUTENV
    USE_64_BIT_ALL
    USE_64_BIT_INT
    USE_LARGE_FILES
    USE_LOCALE
    USE_LOCALE_COLLATE
    USE_LOCALE_CTYPE
    USE_LOCALE_NUMERIC
    USE_LOCALE_TIME
    USE_PERLIO
    USE_PERL_ATOF
  Built under darwin
  Compiled at Mar 21 2020 19:23:08
  %ENV:
    PERL5LIB=""
    PERL5OPT=""
    PERL5_CPANPLUS_IS_RUNNING="99889"
    PERL5_CPAN_IS_RUNNING="99889"
    PERL5_CPAN_IS_RUNNING_IN_RECURSION="99865,99889"
    PERLDOC="-MPod::Perldoc::ToTextOverstrike"
    PERL_BATCH="yes"
    PERL_CANARY_STABILITY_NOPROMPT="1"
    PERL_CPAN_REPORTER_CONFIG="/var/tmp/cpansmoker-501/2020032120/cpanreporter_002_config.ini"
    PERL_EXTUTILS_AUTOINSTALL="--defaultdeps"
    PERL_USE_UNSAFE_INC="1"
  @INC:
    /opt/perl-5.30.1/lib/site_perl/5.30.1/darwin-2level
    /opt/perl-5.30.1/lib/site_perl/5.30.1
    /opt/perl-5.30.1/lib/5.30.1/darwin-2level
    /opt/perl-5.30.1/lib/5.30.1
    .