Report for Net-Statsd-Server-0.20

Back
From: metabase:user:320bfe00-2aae-11df-837a-5e0a49663a4f
Subject: FAIL Net-Statsd-Server-0.20 v5.8.5 GNU/Linux
Date: 2016-06-01T15:07:09Z

This distribution has been tested as part of the CPAN Testers
project, supporting the Perl programming language.  See
http://wiki.cpantesters.org/ for more information or email
questions to cpan-testers-discuss@perl.org


--
Dear Cosimo Streppone,

This is a computer-generated report for Net-Statsd-Server-0.20
on perl 5.8.5, created by CPAN-Reporter-1.2016.

Thank you for uploading your work to CPAN.  However, there was a problem
testing your distribution.

If you think this report is invalid, please consult the CPAN Testers Wiki
for suggestions on how to avoid getting FAIL reports for missing library
or binary dependencies, unsupported operating systems, and so on:

http://wiki.cpantesters.org/wiki/CPANAuthorNotes

Sections of this report:

    * Tester comments
    * Program output
    * Prerequisites
    * Environment and other context

------------------------------
TESTER COMMENTS
------------------------------

Additional comments from tester:

this report is from an automated smoke testing program
and was not reviewed by a human for accuracy

------------------------------
PROGRAM OUTPUT
------------------------------

Output from '/usr/bin/make test':

PERL_DL_NONLAZY=1 "/home/sand/src/perl/repoperls/installed-perls/perl/perl-5.8.5/8942/bin/perl" "-MExtUtils::Command::MM" "-MTest::Harness" "-e" "undef *Test::Harness::Switches; test_harness(0, 'blib/lib', 'blib/arch')" t/*.t t/integration-tests/*.t
t/000-sanity.t ............................. ok
t/config.t ................................. ok
t/graphite.t ............................... ok
2016-06-01 17:06:55.000000 +0200 note  Net::Statsd::Server: Initializing Net::Statsd::Server::Backend::Console backend
2016-06-01 17:06:55.000000 +0200 note  Net::Statsd::Server: Initializing Net::Statsd::Server::Backend::Graphite backend
2016-06-01 17:06:55.000000 +0200 info  AnyEvent: Autoloaded model 'AnyEvent::Impl::EV', using it.
bind: Address already in use at /tmp/loop_over_bdir-13423-isFv8A/Net-Statsd-Server-0.20-0/bin/../lib/Net/Statsd/Server.pm line 734.
Failed to stop statsd (pid: 13725). Please do something manually (No such process) at /tmp/loop_over_bdir-13423-isFv8A/Net-Statsd-Server-0.20-0/blib/lib/Test/Statsd.pm line 119.
t/integration-tests/bad-message.t .......... 
Dubious, test returned 3 (wstat 768, 0x300)
No subtests run 
2016-06-01 17:06:56.000000 +0200 note  Net::Statsd::Server: Initializing Net::Statsd::Server::Backend::Console backend
2016-06-01 17:06:56.000000 +0200 note  Net::Statsd::Server: Initializing Net::Statsd::Server::Backend::Graphite backend
2016-06-01 17:06:56.000000 +0200 info  AnyEvent: Autoloaded model 'AnyEvent::Impl::EV', using it.
bind: Address already in use at /tmp/loop_over_bdir-13423-isFv8A/Net-Statsd-Server-0.20-0/bin/../lib/Net/Statsd/Server.pm line 734.
# stats.counters.a_test_value,category=web,severity=high.rate 0.000000 1464793617
# stats.counters.a_test_value,category=web,severity=high.count 0 1464793617
# stats.counters.statsd.bad_lines_seen.rate 0.000000 1464793617
# stats.counters.statsd.bad_lines_seen.count 0 1464793617
# stats.counters.statsd.packets_received.rate 1.000000 1464793617
# stats.counters.statsd.packets_received.count 1 1464793617
# stats.counters.a_test_value.rate 100.000000 1464793617
# stats.counters.a_test_value.count 100 1464793617
# stats.timers.a_test_value.count 0.000000 1464793617
# stats.timers.a_test_value.count_ps 0.000000 1464793617
# stats.timers.read_latency.count 0.000000 1464793617
# stats.timers.read_latency.count_ps 0.000000 1464793617
# stats.gauges.a_test_gauge 100.000000 1464793617
# stats.statsd.numStats 7 1464793617
# stats.statsd.graphiteStats.calculationtime 0.080000 1464793617
# stats.statsd.processing_time 0.028 1464793617
# stats.statsd.graphiteStats.last_exception 28558376 1464793617
# stats.statsd.graphiteStats.last_flush 28565296 1464793617
Failed to stop statsd (pid: 13774). Please do something manually (No such process) at /tmp/loop_over_bdir-13423-isFv8A/Net-Statsd-Server-0.20-0/blib/lib/Test/Statsd.pm line 119.
# Looks like your test exited with 3 just after 1.
t/integration-tests/counts-are-valid.t ..... 
Dubious, test returned 3 (wstat 768, 0x300)
Failed 3/4 subtests 
2016-06-01 17:06:57.000000 +0200 note  Net::Statsd::Server: Initializing Net::Statsd::Server::Backend::Graphite backend
2016-06-01 17:06:57.000000 +0200 info  AnyEvent: Autoloaded model 'AnyEvent::Impl::EV', using it.
bind: Address already in use at /tmp/loop_over_bdir-13423-isFv8A/Net-Statsd-Server-0.20-0/bin/../lib/Net/Statsd/Server.pm line 734.
# First flush. Test gauge should be there.
# Second flush. deleteGauges=false should keep the test gauge.
Failed to stop statsd (pid: 13808). Please do something manually (No such process) at /tmp/loop_over_bdir-13423-isFv8A/Net-Statsd-Server-0.20-0/blib/lib/Test/Statsd.pm line 119.
# Looks like your test exited with 3 just after 4.
t/integration-tests/delete-gauges-false.t .. 
Dubious, test returned 3 (wstat 768, 0x300)
All 4 subtests passed 
2016-06-01 17:06:59.000000 +0200 note  Net::Statsd::Server: Initializing Net::Statsd::Server::Backend::Graphite backend
2016-06-01 17:06:59.000000 +0200 info  AnyEvent: Autoloaded model 'AnyEvent::Impl::EV', using it.
bind: Address already in use at /tmp/loop_over_bdir-13423-isFv8A/Net-Statsd-Server-0.20-0/bin/../lib/Net/Statsd/Server.pm line 734.
bind: Address already in use at /tmp/loop_over_bdir-13423-isFv8A/Net-Statsd-Server-0.20-0/blib/lib/Test/Statsd.pm line 69.
# Looks like your test exited with 98 before it could output anything.
t/integration-tests/delete-idle-stats.t .... 
Dubious, test returned 98 (wstat 25088, 0x6200)
Failed 4/4 subtests 
2016-06-01 17:07:00.000000 +0200 note  Net::Statsd::Server: Initializing Net::Statsd::Server::Backend::Console backend
2016-06-01 17:07:00.000000 +0200 note  Net::Statsd::Server: Initializing Net::Statsd::Server::Backend::Graphite backend
2016-06-01 17:07:00.000000 +0200 info  AnyEvent: Autoloaded model 'AnyEvent::Impl::EV', using it.
bind: Address already in use at /tmp/loop_over_bdir-13423-isFv8A/Net-Statsd-Server-0.20-0/bin/../lib/Net/Statsd/Server.pm line 734.
bind: Address already in use at /tmp/loop_over_bdir-13423-isFv8A/Net-Statsd-Server-0.20-0/blib/lib/Test/Statsd.pm line 69.
# Looks like your test exited with 98 before it could output anything.
t/integration-tests/keys-with-tags.t ....... 
Dubious, test returned 98 (wstat 25088, 0x6200)
Failed 2/2 subtests 
2016-06-01 17:07:00.000000 +0200 note  Net::Statsd::Server: Initializing Net::Statsd::Server::Backend::Graphite backend
2016-06-01 17:07:00.000000 +0200 info  AnyEvent: Autoloaded model 'AnyEvent::Impl::EV', using it.
bind: Address already in use at /tmp/loop_over_bdir-13423-isFv8A/Net-Statsd-Server-0.20-0/bin/../lib/Net/Statsd/Server.pm line 734.
# Expected mean value is 2007.47
# stats.counters.a_test_value,category=web,severity=high.rate 0.000000 1464793621
# stats.counters.a_test_value,category=web,severity=high.count 0 1464793621
# stats.counters.statsd.bad_lines_seen.rate 0.000000 1464793621
# stats.counters.statsd.bad_lines_seen.count 0 1464793621
# stats.counters.statsd.packets_received.rate 102.000000 1464793621
# stats.counters.statsd.packets_received.count 102 1464793621
# stats.counters.a_test_value.rate 0.000000 1464793621
# stats.counters.a_test_value.count 0 1464793621
# stats.timers.a_test_value.count 0.000000 1464793621
# stats.timers.a_test_value.count_ps 0.000000 1464793621
# stats.timers.read_latency.mean 2007.470000 1464793621
# stats.timers.read_latency.sum_90 171636.000000 1464793621
# stats.timers.read_latency.count_ps 100.000000 1464793621
# stats.timers.read_latency.lower 1001.000000 1464793621
# stats.timers.read_latency.sum_squares_90 352482782.000000 1464793621
# stats.timers.read_latency.count 100.000000 1464793621
# stats.timers.read_latency.count_90 90.000000 1464793621
# stats.timers.read_latency.upper_90 2755.000000 1464793621
# stats.timers.read_latency.std 585.314248 1464793621
# stats.timers.read_latency.median 2023.000000 1464793621
# stats.timers.read_latency.upper 2998.000000 1464793621
# stats.timers.read_latency.mean_90 1907.066667 1464793621
# stats.timers.read_latency.sum_squares 437252857.000000 1464793621
# stats.timers.read_latency.sum 200747.000000 1464793621
# stats.gauges.a_test_gauge 100.000000 1464793621
# stats.statsd.numStats 7 1464793621
# stats.statsd.graphiteStats.calculationtime 0.125000 1464793621
# stats.statsd.processing_time 0.251 1464793621
# stats.statsd.graphiteStats.last_exception 28558376 1464793621
# stats.statsd.graphiteStats.last_flush 28558688 1464793621
Failed to stop statsd (pid: 13867). Please do something manually (No such process) at /tmp/loop_over_bdir-13423-isFv8A/Net-Statsd-Server-0.20-0/blib/lib/Test/Statsd.pm line 119.
# Looks like your test exited with 3 just after 1.
t/integration-tests/percent-threshold.t .... 
Dubious, test returned 3 (wstat 768, 0x300)
Failed 7/8 subtests 
2016-06-01 17:07:01.000000 +0200 note  Net::Statsd::Server: Initializing Net::Statsd::Server::Backend::Console backend
2016-06-01 17:07:01.000000 +0200 note  Net::Statsd::Server: Initializing Net::Statsd::Server::Backend::Graphite backend
2016-06-01 17:07:01.000000 +0200 info  AnyEvent: Autoloaded model 'AnyEvent::Impl::EV', using it.
bind: Address already in use at /tmp/loop_over_bdir-13423-isFv8A/Net-Statsd-Server-0.20-0/bin/../lib/Net/Statsd/Server.pm line 734.
bind: Address already in use at /tmp/loop_over_bdir-13423-isFv8A/Net-Statsd-Server-0.20-0/blib/lib/Test/Statsd.pm line 69.
# Looks like your test exited with 98 before it could output anything.
t/integration-tests/timers-are-valid.t ..... 
Dubious, test returned 98 (wstat 25088, 0x6200)
Failed 5/5 subtests 
t/process-metrics.t ........................ ok
t/trim.t ................................... ok

Test Summary Report
-------------------
t/integration-tests/bad-message.t        (Wstat: 768 Tests: 0 Failed: 0)
  Non-zero exit status: 3
  Parse errors: No plan found in TAP output
t/integration-tests/counts-are-valid.t   (Wstat: 768 Tests: 1 Failed: 0)
  Non-zero exit status: 3
  Parse errors: Bad plan.  You planned 4 tests but ran 1.
t/integration-tests/delete-gauges-false.t (Wstat: 768 Tests: 4 Failed: 0)
  Non-zero exit status: 3
t/integration-tests/delete-idle-stats.t  (Wstat: 25088 Tests: 0 Failed: 0)
  Non-zero exit status: 98
  Parse errors: Bad plan.  You planned 4 tests but ran 0.
t/integration-tests/keys-with-tags.t     (Wstat: 25088 Tests: 0 Failed: 0)
  Non-zero exit status: 98
  Parse errors: Bad plan.  You planned 2 tests but ran 0.
t/integration-tests/percent-threshold.t  (Wstat: 768 Tests: 1 Failed: 0)
  Non-zero exit status: 3
  Parse errors: Bad plan.  You planned 8 tests but ran 1.
t/integration-tests/timers-are-valid.t   (Wstat: 25088 Tests: 0 Failed: 0)
  Non-zero exit status: 98
  Parse errors: Bad plan.  You planned 5 tests but ran 0.
Files=12, Tests=67,  8 wallclock secs ( 0.05 usr  0.07 sys +  1.40 cusr  0.42 csys =  1.94 CPU)
Result: FAIL
Failed 7/12 test programs. 0/67 subtests failed.
Makefile:915: recipe for target 'test_dynamic' failed
make: *** [test_dynamic] Error 255

------------------------------
PREREQUISITES
------------------------------

Prerequisite modules loaded:

requires:

    Module                Need Have    
    --------------------- ---- --------
    AnyEvent::Handle::UDP 0    0.043   
    IO::Socket::INET      0    1.31    
    JSON::XS              0    3.02    

build_requires:

    Module                Need Have    
    --------------------- ---- --------
    ExtUtils::MakeMaker   0    7.18    
    Test::More            0    1.302022

configure_requires:

    Module                Need Have    
    --------------------- ---- --------
    ExtUtils::MakeMaker   0    7.18    


------------------------------
ENVIRONMENT AND OTHER CONTEXT
------------------------------

Environment variables:

    AUTOMATED_TESTING = 1
    LANG = en_US.UTF-8
    LANGUAGE = en_US:en
    PATH = /usr/lib/ccache:/home/sand/bin:/usr/local/bin:/usr/bin:/bin:/usr/games:/usr/local/perl/bin:/usr/X11/bin:/sbin:/usr/sbin
    PERL5LIB = 
    PERL5OPT = 
    PERL5_CPANPLUS_IS_RUNNING = 13424
    PERL5_CPAN_IS_RUNNING = 13424
    PERL_CANARY_STABILITY_NOPROMPT = 1
    PERL_MM_USE_DEFAULT = 1
    SHELL = /usr/bin/zsh
    TERM = screen

Perl special variables (and OS-specific diagnostics, for MSWin32):

    $^X = /home/sand/src/perl/repoperls/installed-perls/perl/perl-5.8.5/8942/bin/perl
    $UID/$EUID = 1005 / 1005
    $GID = 1005 1005
    $EGID = 1005 1005

Perl module toolchain versions installed:

    Module              Have    
    ------------------- --------
    CPAN                2.13    
    CPAN::Meta          2.150005
    Cwd                 3.62    
    ExtUtils::CBuilder  0.280224
    ExtUtils::Command   7.18    
    ExtUtils::Install   1.54    
    ExtUtils::MakeMaker 7.18    
    ExtUtils::Manifest  1.70    
    ExtUtils::ParseXS   3.30    
    File::Spec          3.62    
    JSON                2.90    
    JSON::PP            2.27400 
    Module::Build       0.4218  
    Module::Signature   0.79    
    Parse::CPAN::Meta   1.4419  
    Test::Harness       3.36    
    Test::More          1.302022
    YAML                n/a     
    YAML::Syck          1.29    
    version             0.9917  


--

Summary of my perl5 (revision 5 version 8 subversion 5) configuration:
  Platform:
    osname=linux, osvers=4.3.0-1-amd64, archname=x86_64-linux-ld
    uname='linux k83 4.3.0-1-amd64 #1 smp debian 4.3.3-7 (2016-01-19) x86_64 gnulinux '
    config_args='-Dprefix=/home/sand/src/perl/repoperls/installed-perls/perl/perl-5.8.5/8942 -Dmyhostname=k83 -Dinstallusrbinperl=n -Uversiononly -Dusedevel -des -Ui_db -Dlibswanted=cl pthread socket inet nsl gdbm dbm malloc dl ld sun m crypt sec util c cposix posix ucb BSD gdbm_compat -Uuseithreads -Duselongdouble -DDEBUGGING=-g'
    hint=recommended, useposix=true, d_sigaction=define
    usethreads=undef use5005threads=undef useithreads=undef usemultiplicity=undef
    useperlio=define d_sfio=undef uselargefiles=define usesocks=undef
    use64bitint=define use64bitall=define uselongdouble=define
    usemymalloc=n, bincompat5005=undef
  Compiler:
    cc='cc', ccflags ='-fno-strict-aliasing -pipe -I/usr/local/include -D_LARGEFILE_SOURCE -D_FILE_OFFSET_BITS=64',
    optimize='-O2',
    cppflags='-fno-strict-aliasing -pipe -I/usr/local/include'
    ccversion='', gccversion='5.3.1 20160121', gccosandvers=''
    intsize=4, longsize=8, ptrsize=8, doublesize=8, byteorder=12345678
    d_longlong=define, longlongsize=8, d_longdbl=define, longdblsize=16
    ivtype='long', ivsize=8, nvtype='long double', nvsize=16, Off_t='off_t', lseeksize=8
    alignbytes=16, prototype=define
  Linker and Libraries:
    ld='cc', ldflags =' -L/usr/local/lib'
    libpth=/usr/local/lib /lib/x86_64-linux-gnu /lib/../lib /usr/lib/x86_64-linux-gnu /usr/lib/../lib /lib /usr/lib
    libs=-lpthread -lnsl -lgdbm -ldl -lm -lcrypt -lutil -lc -lgdbm_compat
    perllibs=-lpthread -lnsl -ldl -lm -lcrypt -lutil -lc -lgdbm_compat
    libc=libc-2.21.so, so=so, useshrplib=false, libperl=libperl.a
    gnulibc_version='2.21'
  Dynamic Linking:
    dlsrc=dl_dlopen.xs, dlext=so, d_dlsymun=undef, ccdlflags='-Wl,-E'
    cccdlflags='-fpic', lddlflags='-shared -L/usr/local/lib'


Characteristics of this binary (from libperl): 
  Compile-time options: USE_64_BIT_INT USE_64_BIT_ALL USE_LONG_DOUBLE USE_LARGE_FILES
  Locally applied patches:
	MAINT23136
	Devel::PatchPerl 1.40
  Built under linux
  Compiled at Feb 15 2016 08:07:02
  %ENV:
    PERL5LIB=""
    PERL5OPT=""
    PERL5_CPANPLUS_IS_RUNNING="13424"
    PERL5_CPAN_IS_RUNNING="13424"
    PERL_CANARY_STABILITY_NOPROMPT="1"
    PERL_MM_USE_DEFAULT="1"
  @INC:
    /home/sand/src/perl/repoperls/installed-perls/perl/perl-5.8.5/8942/lib/5.8.5/x86_64-linux-ld
    /home/sand/src/perl/repoperls/installed-perls/perl/perl-5.8.5/8942/lib/5.8.5
    /home/sand/src/perl/repoperls/installed-perls/perl/perl-5.8.5/8942/lib/site_perl/5.8.5/x86_64-linux-ld
    /home/sand/src/perl/repoperls/installed-perls/perl/perl-5.8.5/8942/lib/site_perl/5.8.5
    /home/sand/src/perl/repoperls/installed-perls/perl/perl-5.8.5/8942/lib/site_perl
    .