Back
From: metabase:user:30ae4450-2aae-11df-837a-5e0a49663a4f
Subject: FAIL Ukigumo-Client-0.18 v5.12.3
Date: 2013-07-26T13:24:04Z
This distribution has been tested as part of the CPAN Testers
project, supporting the Perl programming language. See
http://wiki.cpantesters.org/ for more information or email
questions to cpan-testers-discuss@perl.org
--
Dear Masayuki Matsuki,
This is a computer-generated report for Ukigumo-Client-0.18
on perl 5.12.3, created by CPAN-Reporter-1.2010_01.
Thank you for uploading your work to CPAN. However, there was a problem
testing your distribution.
If you think this report is invalid, please consult the CPAN Testers Wiki
for suggestions on how to avoid getting FAIL reports for missing library
or binary dependencies, unsupported operating systems, and so on:
http://wiki.cpantesters.org/wiki/CPANAuthorNotes
Sections of this report:
* Tester comments
* Program output
* Prerequisites
* Environment and other context
------------------------------
TESTER COMMENTS
------------------------------
Additional comments from tester:
this report is from an automated smoke testing program
and was not reviewed by a human for accuracy
------------------------------
PROGRAM OUTPUT
------------------------------
Output from 'C:\strawberry\perl\bin\perl.exe ./Build test':
t\00_compile.t ............. ok
Attempt to free unreferenced scalar: SV 0x14bd7fc, Perl interpreter: 0x3f43ec at C:/strawberry/perl/site/lib/IO/Socket/IP.pm line 35.
mkdir C:\Documents and Settings\c\.ukigumo\work\git%3A...\master: No such file or directory; Ñèñòåìå íå óäàåòñÿ íàéòè óêàçàííûé ïóòü at C:\strawberry\cpan\build\Ukigumo-Client-0.18-OD3qeL\blib\lib/Ukigumo/Client.pm line 108.
t\09_skip_if_unmodified.t ..
Dubious, test returned 2 (wstat 512, 0x200)
No subtests run
Attempt to free unreferenced scalar: SV 0x1499dc4, Perl interpreter: 0x3f43bc at C:/strawberry/perl/site/lib/IO/Socket/IP.pm line 35.
mkdir C:\Documents and Settings\c\.ukigumo\work\git%3A...\master: No such file or directory; Ñèñòåìå íå óäàåòñÿ íàéòè óêàçàííûé ïóòü at C:\strawberry\cpan\build\Ukigumo-Client-0.18-OD3qeL\blib\lib/Ukigumo/Client.pm line 108.
t\basic.t ..................
Dubious, test returned 2 (wstat 512, 0x200)
No subtests run
Attempt to free unreferenced scalar: SV 0x14bc734, Perl interpreter: 0x3f43bc at C:/strawberry/perl/site/lib/IO/Socket/IP.pm line 35.
mkdir C:\Documents and Settings\c\.ukigumo\work\git%3A...\master: No such file or directory; Ñèñòåìå íå óäàåòñÿ íàéòè óêàçàííûé ïóòü at C:\strawberry\cpan\build\Ukigumo-Client-0.18-OD3qeL\blib\lib/Ukigumo/Client.pm line 108.
t\command.t ................
Dubious, test returned 2 (wstat 512, 0x200)
No subtests run
Test Summary Report
-------------------
t\09_skip_if_unmodified.t (Wstat: 512 Tests: 0 Failed: 0)
Non-zero exit status: 2
Parse errors: No plan found in TAP output
t\basic.t (Wstat: 512 Tests: 0 Failed: 0)
Non-zero exit status: 2
Parse errors: No plan found in TAP output
t\command.t (Wstat: 512 Tests: 0 Failed: 0)
Non-zero exit status: 2
Parse errors: No plan found in TAP output
Files=4, Tests=10, 2 wallclock secs ( 0.00 usr + 0.03 sys = 0.03 CPU)
Result: FAIL
Failed 3/4 test programs. 0/10 subtests failed.
------------------------------
PREREQUISITES
------------------------------
Prerequisite modules loaded:
requires:
Module Need Have
--------------------- -------- --------
Capture::Tiny 0 0.21
Encode::Locale 0 1.03
File::HomeDir 0 1.00
HTTP::Request::Common 0 6.04
JSON 2 2.53
LWP::UserAgent 6 6.04
Mouse 0 1.04
perl 5.008001 5.012003
String::IRC 0 0.04
Time::Piece 1.15 1.20
Ukigumo::Common 0.03 0.03
URI::Escape 0 3.31
YAML::Tiny 0 1.48
build_requires:
Module Need Have
--------------------- -------- --------
ExtUtils::CBuilder 0 0.280202
Test::More 0.98 0.98
Test::Requires 0 0.06
configure_requires:
Module Need Have
--------------------- -------- --------
CPAN::Meta 0 2.120921
CPAN::Meta::Prereqs 0 2.120921
Module::Build 0.40 0.4003
perl 5.008001 5.012003
------------------------------
ENVIRONMENT AND OTHER CONTEXT
------------------------------
Environment variables:
AUTOMATED_TESTING = 1
COMSPEC = C:\WINDOWS\system32\cmd.exe
NUMBER_OF_PROCESSORS = 1
PATH = C:\Program Files\Far Manager\;C:\WINDOWS\system32;C:\WINDOWS;C:\WINDOWS\System32\Wbem;C:\strawberry\c\bin;C:\strawberry\perl\site\bin;C:\strawberry\perl\bin
PERL5LIB = C:\strawberry\cpan\build\String-IRC-0.04-s3lHB2/blib/arch;C:\strawberry\cpan\build\String-IRC-0.04-s3lHB2/blib/lib;C:\strawberry\cpan\build\Ukigumo-Common-0.03-NYglFf/blib/arch;C:\strawberry\cpan\build\Ukigumo-Common-0.03-NYglFf/blib/lib
PERL5OPT =
PERL5_CPANPLUS_IS_RUNNING = 720
PERL5_CPAN_IS_RUNNING = 720
PERL5_CPAN_IS_RUNNING_IN_RECURSION = 892,720
PERL_CR_SMOKER_CURRENT = Ukigumo-Client-0.18
PERL_EXTUTILS_AUTOINSTALL = --defaultdeps
PERL_JSON_BACKEND = JSON::XS
PERL_MM_USE_DEFAULT = 1
PERL_YAML_BACKEND = YAML
PROCESSOR_IDENTIFIER = x86 Family 16 Model 5 Stepping 3, AuthenticAMD
TEMP = C:\DOCUME~1\c\LOCALS~1\Temp
TERM = dumb
Perl special variables (and OS-specific diagnostics, for MSWin32):
$^X = C:\strawberry\perl\bin\perl.exe
$UID/$EUID = 0 / 0
$GID = 0
$EGID = 0
Win32::GetOSName = WinXP/.Net
Win32::GetOSVersion = Service Pack 3, 5, 1, 2600, 2, 3, 0, 256, 1
Win32::FsType = NTFS
Win32::IsAdminUser = 1
Perl module toolchain versions installed:
Module Have
------------------- --------
CPAN 1.9800
CPAN::Meta 2.120921
Cwd 3.40
ExtUtils::CBuilder 0.280202
ExtUtils::Command 1.17
ExtUtils::Install 1.55
ExtUtils::MakeMaker 6.64
ExtUtils::Manifest 1.60
ExtUtils::ParseXS 3.18
File::Spec 3.40
JSON 2.53
JSON::PP 2.27200
Module::Build 0.4003
Module::Signature 0.66
Parse::CPAN::Meta 1.4404
Test::Harness 3.23
Test::More 0.98
YAML 0.84
YAML::Syck 1.22
version 0.9901
--
Summary of my perl5 (revision 5 version 12 subversion 3) configuration:
Platform:
osname=MSWin32, osvers=5.1, archname=MSWin32-x86-multi-thread
uname='Win32 strawberryperl 5.12.3.0 #1 Sun May 15 09:44:53 2011 i386'
config_args='undef'
hint=recommended, useposix=true, d_sigaction=undef
useithreads=define, usemultiplicity=define
useperlio=define, d_sfio=undef, uselargefiles=define, usesocks=undef
use64bitint=undef, use64bitall=undef, uselongdouble=undef
usemymalloc=n, bincompat5005=undef
Compiler:
cc='gcc', ccflags =' -s -O2 -DWIN32 -DHAVE_DES_FCRYPT -DUSE_SITECUSTOMIZE -DPERL_IMPLICIT_CONTEXT -DPERL_IMPLICIT_SYS -fno-strict-aliasing -mms-bitfields -DPERL_MSVCRT_READFIX',
optimize='-s -O2',
cppflags='-DWIN32'
ccversion='', gccversion='4.4.3', gccosandvers=''
intsize=4, longsize=4, ptrsize=4, doublesize=8, byteorder=1234
d_longlong=undef, longlongsize=8, d_longdbl=define, longdblsize=12
ivtype='long', ivsize=4, nvtype='double', nvsize=8, Off_t='long long', lseeksize=8
alignbytes=8, prototype=define
Linker and Libraries:
ld='g++', ldflags ='-s -L"C:\strawberry\perl\lib\CORE" -L"C:\strawberry\c\lib"'
libpth=C:\strawberry\c\lib C:\strawberry\c\i686-w64-mingw32\lib
libs=-lmoldname -lkernel32 -luser32 -lgdi32 -lwinspool -lcomdlg32 -ladvapi32 -lshell32 -lole32 -loleaut32 -lnetapi32 -luuid -lws2_32 -lmpr -lwinmm -lversion -lodbc32 -lodbccp32 -lcomctl32
perllibs=-lmoldname -lkernel32 -luser32 -lgdi32 -lwinspool -lcomdlg32 -ladvapi32 -lshell32 -lole32 -loleaut32 -lnetapi32 -luuid -lws2_32 -lmpr -lwinmm -lversion -lodbc32 -lodbccp32 -lcomctl32
libc=, so=dll, useshrplib=true, libperl=libperl512.a
gnulibc_version=''
Dynamic Linking:
dlsrc=dl_win32.xs, dlext=dll, d_dlsymun=undef, ccdlflags=' '
cccdlflags=' ', lddlflags='-mdll -s -L"C:\strawberry\perl\lib\CORE" -L"C:\strawberry\c\lib"'
Characteristics of this binary (from libperl):
Compile-time options: MULTIPLICITY PERL_DONT_CREATE_GVSV
PERL_IMPLICIT_CONTEXT PERL_IMPLICIT_SYS
PERL_MALLOC_WRAP PL_OP_SLAB_ALLOC USE_ITHREADS
USE_LARGE_FILES USE_PERLIO USE_PERL_ATOF
USE_SITECUSTOMIZE
Built under MSWin32
Compiled at May 15 2011 17:02:01
%ENV:
PERL5LIB="C:\strawberry\cpan\build\String-IRC-0.04-s3lHB2/blib/arch;C:\strawberry\cpan\build\String-IRC-0.04-s3lHB2/blib/lib;C:\strawberry\cpan\build\Ukigumo-Common-0.03-NYglFf/blib/arch;C:\strawberry\cpan\build\Ukigumo-Common-0.03-NYglFf/blib/lib"
PERL5_CPANPLUS_IS_RUNNING="720"
PERL5_CPAN_IS_RUNNING="720"
PERL5_CPAN_IS_RUNNING_IN_RECURSION="892,720"
PERL_CR_SMOKER_CURRENT="Ukigumo-Client-0.18"
PERL_EXTUTILS_AUTOINSTALL="--defaultdeps"
PERL_JSON_BACKEND="JSON::XS"
PERL_MM_USE_DEFAULT="1"
PERL_YAML_BACKEND="YAML"
@INC:
C:\strawberry\cpan\build\String-IRC-0.04-s3lHB2/blib/arch
C:\strawberry\cpan\build\String-IRC-0.04-s3lHB2/blib/lib
C:\strawberry\cpan\build\Ukigumo-Common-0.03-NYglFf/blib/arch
C:\strawberry\cpan\build\Ukigumo-Common-0.03-NYglFf/blib/lib
C:/strawberry/perl/site/lib
C:/strawberry/perl/vendor/lib
C:/strawberry/perl/lib
.