Report for DBIx-Table-TestDataGenerator-0.005

Back
From: metabase:user:315f03b2-2aae-11df-837a-5e0a49663a4f
Subject: FAIL DBIx-Table-TestDataGenerator-0.005 v5.14.2 NetBSD
Date: 2013-04-19T01:14:41Z

This distribution has been tested as part of the CPAN Testers
project, supporting the Perl programming language.  See
http://wiki.cpantesters.org/ for more information or email
questions to cpan-testers-discuss@perl.org


--
Dear Jose Diaz Seng,

This is a computer-generated report for DBIx-Table-TestDataGenerator-0.005
on perl 5.14.2, created by CPAN-Reporter-1.2010.

Thank you for uploading your work to CPAN.  However, there was a problem
testing your distribution.

If you think this report is invalid, please consult the CPAN Testers Wiki
for suggestions on how to avoid getting FAIL reports for missing library
or binary dependencies, unsupported operating systems, and so on:

http://wiki.cpantesters.org/wiki/CPANAuthorNotes

Sections of this report:

    * Tester comments
    * Program output
    * Prerequisites
    * Environment and other context

------------------------------
TESTER COMMENTS
------------------------------

Additional comments from tester:

this report is from an automated smoke testing program
and was not reviewed by a human for accuracy

------------------------------
PROGRAM OUTPUT
------------------------------

Output from './Build test':

# Testing DBIx::Table::TestDataGenerator 0.005, Perl 5.014002, /home/smoke/perl5/perlbrew/perls/perl-5.14.2/bin/perl
t/00-load.t ............................. ok

#   Failed test 'no warnings'
#   at /home/smoke/perl5/perlbrew/perls/perl-5.14.2/lib/site_perl/5.14.2/Test/NoWarnings.pm line 45.
# There were 1 warning(s)
# 	Previous test 0 ''
# 	DBIx::Class::Storage::DBI::SQLite::_ping(): Internal transaction state of handle DBI::db=HASH(0xbb3666d0) (apparently NOT in a transaction) does not seem to match its AutoCommit attribute setting of FALSE - this is an indication of a potentially serious bug in your transaction handling logic at /home/smoke/.cpan/build/DBIx-Table-TestDataGenerator-0.005-0V667X/blib/lib/DBIx/Table/TestDataGenerator/DBIxSchemaDumper.pm line 79
#  at /home/smoke/perl5/perlbrew/perls/perl-5.14.2/lib/site_perl/5.14.2/DBIx/Class/Storage/DBI/SQLite.pm line 182.
# 	DBIx::Class::Storage::DBI::SQLite::_ping('DBIx::Class::Storage::DBI::SQLite=HASH(0xbb366f00)') called at /home/smoke/perl5/perlbrew/perls/perl-5.14.2/lib/site_perl/5.14.2/DBIx/Class/Storage/DBI.pm line 886
# 	DBIx::Class::Storage::DBI::connected('DBIx::Class::Storage::DBI::SQLite=HASH(0xbb366f00)') called at /home/smoke/perl5/perlbrew/perls/perl-5.14.2/lib/site_perl/5.14.2/DBIx/Class/Storage/DBI.pm line 911
# 	DBIx::Class::Storage::DBI::ensure_connected('DBIx::Class::Storage::DBI::SQLite=HASH(0xbb366f00)') called at /home/smoke/perl5/perlbrew/perls/perl-5.14.2/lib/site_perl/5.14.2/DBIx/Class/Storage/DBI.pm line 932
# 	DBIx::Class::Storage::DBI::dbh('DBIx::Class::Storage::DBI::SQLite=HASH(0xbb366f00)') called at /home/smoke/perl5/perlbrew/perls/perl-5.14.2/lib/site_perl/5.14.2/DBIx/Class/Schema/Loader/DBI.pm line 636
# 	DBIx::Class::Schema::Loader::DBI::dbh('DBIx::Class::Schema::Loader::DBI::SQLite=HASH(0xbacf8b20)') called at /home/smoke/perl5/perlbrew/perls/perl-5.14.2/lib/site_perl/5.14.2/DBIx/Class/Schema/Loader/DBI.pm line 76
# 	DBIx::Class::Schema::Loader::DBI::_build_quote_char('DBIx::Class::Schema::Loader::DBI::SQLite=HASH(0xbacf8b20)') called at /home/smoke/perl5/perlbrew/perls/perl-5.14.2/lib/site_perl/5.14.2/DBIx/Class/Schema/Loader/DBI.pm line 65
# 	DBIx::Class::Schema::Loader::DBI::new('DBIx::Class::Schema::Loader::DBI', 'schema_class', 'TDG::Schema', 'quiet', 1, 'debug', 0, 'schema', 'TDG::Schema', ...) called at /home/smoke/perl5/perlbrew/perls/perl-5.14.2/lib/site_perl/5.14.2/DBIx/Class/Schema/Loader.pm line 205
# 	DBIx::Class::Schema::Loader::_invoke_loader('TDG::Schema=HASH(0xbb366c30)') called at /home/smoke/perl5/perlbrew/perls/perl-5.14.2/lib/site_perl/5.14.2/DBIx/Class/Schema/Loader.pm line 365
# 	DBIx::Class::Schema::Loader::connection('TDG::Schema=HASH(0xbb366c30)', 'CODE(0xbb599430)') called at /home/smoke/perl5/perlbrew/perls/perl-5.14.2/lib/site_perl/5.14.2/DBIx/Class/Schema.pm line 526
# 	DBIx::Class::Schema::connect('TDG::Schema', 'CODE(0xbb599430)', 'HASH(0xbb366960)') called at /home/smoke/perl5/perlbrew/perls/perl-5.14.2/lib/site_perl/5.14.2/DBIx/Class/Schema/Loader.pm line 535
# 	DBIx::Class::Schema::Loader::make_schema_at('TDG::Schema', 'HASH(0xbb599410)', 'ARRAY(0xbb366980)') called at /home/smoke/.cpan/build/DBIx-Table-TestDataGenerator-0.005-0V667X/blib/lib/DBIx/Table/TestDataGenerator/DBIxSchemaDumper.pm line 79
# 	DBIx::Table::TestDataGenerator::DBIxSchemaDumper::dump_schema('DBIx::Table::TestDataGenerator::DBIxSchemaDumper=HASH(0xbb599...') called at t/01DBIC.t line 30
# 
# Looks like you failed 1 test of 10.
t/01DBIC.t .............................. 
Dubious, test returned 1 (wstat 256, 0x100)
Failed 1/10 subtests 

#   Failed test 'no warnings'
#   at /home/smoke/perl5/perlbrew/perls/perl-5.14.2/lib/site_perl/5.14.2/Test/NoWarnings.pm line 45.
# There were 1 warning(s)
# 	Previous test 0 ''
# 	DBIx::Class::Storage::DBI::SQLite::_ping(): Internal transaction state of handle DBI::db=HASH(0xbb3279f0) (apparently NOT in a transaction) does not seem to match its AutoCommit attribute setting of FALSE - this is an indication of a potentially serious bug in your transaction handling logic at /home/smoke/.cpan/build/DBIx-Table-TestDataGenerator-0.005-0V667X/blib/lib/DBIx/Table/TestDataGenerator/DBIxSchemaDumper.pm line 79
#  at /home/smoke/perl5/perlbrew/perls/perl-5.14.2/lib/site_perl/5.14.2/DBIx/Class/Storage/DBI/SQLite.pm line 182.
# 	DBIx::Class::Storage::DBI::SQLite::_ping('DBIx::Class::Storage::DBI::SQLite=HASH(0xbb3a1240)') called at /home/smoke/perl5/perlbrew/perls/perl-5.14.2/lib/site_perl/5.14.2/DBIx/Class/Storage/DBI.pm line 886
# 	DBIx::Class::Storage::DBI::connected('DBIx::Class::Storage::DBI::SQLite=HASH(0xbb3a1240)') called at /home/smoke/perl5/perlbrew/perls/perl-5.14.2/lib/site_perl/5.14.2/DBIx/Class/Storage/DBI.pm line 911
# 	DBIx::Class::Storage::DBI::ensure_connected('DBIx::Class::Storage::DBI::SQLite=HASH(0xbb3a1240)') called at /home/smoke/perl5/perlbrew/perls/perl-5.14.2/lib/site_perl/5.14.2/DBIx/Class/Storage/DBI.pm line 932
# 	DBIx::Class::Storage::DBI::dbh('DBIx::Class::Storage::DBI::SQLite=HASH(0xbb3a1240)') called at /home/smoke/perl5/perlbrew/perls/perl-5.14.2/lib/site_perl/5.14.2/DBIx/Class/Schema/Loader/DBI.pm line 636
# 	DBIx::Class::Schema::Loader::DBI::dbh('DBIx::Class::Schema::Loader::DBI::SQLite=HASH(0xbab7c150)') called at /home/smoke/perl5/perlbrew/perls/perl-5.14.2/lib/site_perl/5.14.2/DBIx/Class/Schema/Loader/DBI.pm line 76
# 	DBIx::Class::Schema::Loader::DBI::_build_quote_char('DBIx::Class::Schema::Loader::DBI::SQLite=HASH(0xbab7c150)') called at /home/smoke/perl5/perlbrew/perls/perl-5.14.2/lib/site_perl/5.14.2/DBIx/Class/Schema/Loader/DBI.pm line 65
# 	DBIx::Class::Schema::Loader::DBI::new('DBIx::Class::Schema::Loader::DBI', 'schema_class', 'TDG::Schema', 'quiet', 1, 'debug', 0, 'schema', 'TDG::Schema', ...) called at /home/smoke/perl5/perlbrew/perls/perl-5.14.2/lib/site_perl/5.14.2/DBIx/Class/Schema/Loader.pm line 205
# 	DBIx::Class::Schema::Loader::_invoke_loader('TDG::Schema=HASH(0xbb327f50)') called at /home/smoke/perl5/perlbrew/perls/perl-5.14.2/lib/site_perl/5.14.2/DBIx/Class/Schema/Loader.pm line 365
# 	DBIx::Class::Schema::Loader::connection('TDG::Schema=HASH(0xbb327f50)', 'CODE(0xbb598430)') called at /home/smoke/perl5/perlbrew/perls/perl-5.14.2/lib/site_perl/5.14.2/DBIx/Class/Schema.pm line 526
# 	DBIx::Class::Schema::connect('TDG::Schema', 'CODE(0xbb598430)', 'HASH(0xbb327c80)') called at /home/smoke/perl5/perlbrew/perls/perl-5.14.2/lib/site_perl/5.14.2/DBIx/Class/Schema/Loader.pm line 535
# 	DBIx::Class::Schema::Loader::make_schema_at('TDG::Schema', 'HASH(0xbb598410)', 'ARRAY(0xbb327ca0)') called at /home/smoke/.cpan/build/DBIx-Table-TestDataGenerator-0.005-0V667X/blib/lib/DBIx/Table/TestDataGenerator/DBIxSchemaDumper.pm line 79
# 	DBIx::Table::TestDataGenerator::DBIxSchemaDumper::dump_schema('DBIx::Table::TestDataGenerator::DBIxSchemaDumper=HASH(0xbb598...') called at /home/smoke/.cpan/build/DBIx-Table-TestDataGenerator-0.005-0V667X/blib/lib/DBIx/Table/TestDataGenerator.pm line 81
# 	DBIx::Table::TestDataGenerator::create_testdata('DBIx::Table::TestDataGenerator=HASH(0xbb30c380)', 'target_size', 100, 'num_random', 100, 'max_tree_depth', 3, 'min_children', 2, ...) called at t/02DataGeneration.t line 32
# 
# Looks like you failed 1 test of 4.
t/02DataGeneration.t .................... 
Dubious, test returned 1 (wstat 256, 0x100)
Failed 1/4 subtests 

#   Failed test 'no warnings'
#   at /home/smoke/perl5/perlbrew/perls/perl-5.14.2/lib/site_perl/5.14.2/Test/NoWarnings.pm line 45.
# There were 1 warning(s)
# 	Previous test 0 ''
# 	DBIx::Class::Storage::DBI::SQLite::_ping(): Internal transaction state of handle DBI::db=HASH(0xbb327a10) (apparently NOT in a transaction) does not seem to match its AutoCommit attribute setting of FALSE - this is an indication of a potentially serious bug in your transaction handling logic at /home/smoke/.cpan/build/DBIx-Table-TestDataGenerator-0.005-0V667X/blib/lib/DBIx/Table/TestDataGenerator/DBIxSchemaDumper.pm line 79
#  at /home/smoke/perl5/perlbrew/perls/perl-5.14.2/lib/site_perl/5.14.2/DBIx/Class/Storage/DBI/SQLite.pm line 182.
# 	DBIx::Class::Storage::DBI::SQLite::_ping('DBIx::Class::Storage::DBI::SQLite=HASH(0xbb399260)') called at /home/smoke/perl5/perlbrew/perls/perl-5.14.2/lib/site_perl/5.14.2/DBIx/Class/Storage/DBI.pm line 886
# 	DBIx::Class::Storage::DBI::connected('DBIx::Class::Storage::DBI::SQLite=HASH(0xbb399260)') called at /home/smoke/perl5/perlbrew/perls/perl-5.14.2/lib/site_perl/5.14.2/DBIx/Class/Storage/DBI.pm line 911
# 	DBIx::Class::Storage::DBI::ensure_connected('DBIx::Class::Storage::DBI::SQLite=HASH(0xbb399260)') called at /home/smoke/perl5/perlbrew/perls/perl-5.14.2/lib/site_perl/5.14.2/DBIx/Class/Storage/DBI.pm line 932
# 	DBIx::Class::Storage::DBI::dbh('DBIx::Class::Storage::DBI::SQLite=HASH(0xbb399260)') called at /home/smoke/perl5/perlbrew/perls/perl-5.14.2/lib/site_perl/5.14.2/DBIx/Class/Schema/Loader/DBI.pm line 636
# 	DBIx::Class::Schema::Loader::DBI::dbh('DBIx::Class::Schema::Loader::DBI::SQLite=HASH(0xbab7c170)') called at /home/smoke/perl5/perlbrew/perls/perl-5.14.2/lib/site_perl/5.14.2/DBIx/Class/Schema/Loader/DBI.pm line 76
# 	DBIx::Class::Schema::Loader::DBI::_build_quote_char('DBIx::Class::Schema::Loader::DBI::SQLite=HASH(0xbab7c170)') called at /home/smoke/perl5/perlbrew/perls/perl-5.14.2/lib/site_perl/5.14.2/DBIx/Class/Schema/Loader/DBI.pm line 65
# 	DBIx::Class::Schema::Loader::DBI::new('DBIx::Class::Schema::Loader::DBI', 'schema_class', 'TDG::Schema', 'quiet', 1, 'debug', 0, 'schema', 'TDG::Schema', ...) called at /home/smoke/perl5/perlbrew/perls/perl-5.14.2/lib/site_perl/5.14.2/DBIx/Class/Schema/Loader.pm line 205
# 	DBIx::Class::Schema::Loader::_invoke_loader('TDG::Schema=HASH(0xbb327f70)') called at /home/smoke/perl5/perlbrew/perls/perl-5.14.2/lib/site_perl/5.14.2/DBIx/Class/Schema/Loader.pm line 365
# 	DBIx::Class::Schema::Loader::connection('TDG::Schema=HASH(0xbb327f70)', 'CODE(0xbb598430)') called at /home/smoke/perl5/perlbrew/perls/perl-5.14.2/lib/site_perl/5.14.2/DBIx/Class/Schema.pm line 526
# 	DBIx::Class::Schema::connect('TDG::Schema', 'CODE(0xbb598430)', 'HASH(0xbb327ca0)') called at /home/smoke/perl5/perlbrew/perls/perl-5.14.2/lib/site_perl/5.14.2/DBIx/Class/Schema/Loader.pm line 535
# 	DBIx::Class::Schema::Loader::make_schema_at('TDG::Schema', 'HASH(0xbb598410)', 'ARRAY(0xbb327cc0)') called at /home/smoke/.cpan/build/DBIx-Table-TestDataGenerator-0.005-0V667X/blib/lib/DBIx/Table/TestDataGenerator/DBIxSchemaDumper.pm line 79
# 	DBIx::Table::TestDataGenerator::DBIxSchemaDumper::dump_schema('DBIx::Table::TestDataGenerator::DBIxSchemaDumper=HASH(0xbb598...') called at /home/smoke/.cpan/build/DBIx-Table-TestDataGenerator-0.005-0V667X/blib/lib/DBIx/Table/TestDataGenerator.pm line 81
# 	DBIx::Table::TestDataGenerator::create_testdata('DBIx::Table::TestDataGenerator=HASH(0xbb30c380)', 'target_size', 50, 'num_random', 50, 'max_tree_depth', 5, 'min_children', 2, ...) called at t/03DataGeneration_null_root_parents.t line 32
# 
# Looks like you failed 1 test of 4.
t/03DataGeneration_null_root_parents.t .. 
Dubious, test returned 1 (wstat 256, 0x100)
Failed 1/4 subtests 

#   Failed test 'no warnings'
#   at /home/smoke/perl5/perlbrew/perls/perl-5.14.2/lib/site_perl/5.14.2/Test/NoWarnings.pm line 45.
# There were 1 warning(s)
# 	Previous test 0 ''
# 	DBIx::Class::Storage::DBI::SQLite::_ping(): Internal transaction state of handle DBI::db=HASH(0xbb327950) (apparently NOT in a transaction) does not seem to match its AutoCommit attribute setting of FALSE - this is an indication of a potentially serious bug in your transaction handling logic at /home/smoke/.cpan/build/DBIx-Table-TestDataGenerator-0.005-0V667X/blib/lib/DBIx/Table/TestDataGenerator/DBIxSchemaDumper.pm line 79
#  at /home/smoke/perl5/perlbrew/perls/perl-5.14.2/lib/site_perl/5.14.2/DBIx/Class/Storage/DBI/SQLite.pm line 182.
# 	DBIx::Class::Storage::DBI::SQLite::_ping('DBIx::Class::Storage::DBI::SQLite=HASH(0xbb3a11a0)') called at /home/smoke/perl5/perlbrew/perls/perl-5.14.2/lib/site_perl/5.14.2/DBIx/Class/Storage/DBI.pm line 886
# 	DBIx::Class::Storage::DBI::connected('DBIx::Class::Storage::DBI::SQLite=HASH(0xbb3a11a0)') called at /home/smoke/perl5/perlbrew/perls/perl-5.14.2/lib/site_perl/5.14.2/DBIx/Class/Storage/DBI.pm line 911
# 	DBIx::Class::Storage::DBI::ensure_connected('DBIx::Class::Storage::DBI::SQLite=HASH(0xbb3a11a0)') called at /home/smoke/perl5/perlbrew/perls/perl-5.14.2/lib/site_perl/5.14.2/DBIx/Class/Storage/DBI.pm line 932
# 	DBIx::Class::Storage::DBI::dbh('DBIx::Class::Storage::DBI::SQLite=HASH(0xbb3a11a0)') called at /home/smoke/perl5/perlbrew/perls/perl-5.14.2/lib/site_perl/5.14.2/DBIx/Class/Schema/Loader/DBI.pm line 636
# 	DBIx::Class::Schema::Loader::DBI::dbh('DBIx::Class::Schema::Loader::DBI::SQLite=HASH(0xbab770b0)') called at /home/smoke/perl5/perlbrew/perls/perl-5.14.2/lib/site_perl/5.14.2/DBIx/Class/Schema/Loader/DBI.pm line 76
# 	DBIx::Class::Schema::Loader::DBI::_build_quote_char('DBIx::Class::Schema::Loader::DBI::SQLite=HASH(0xbab770b0)') called at /home/smoke/perl5/perlbrew/perls/perl-5.14.2/lib/site_perl/5.14.2/DBIx/Class/Schema/Loader/DBI.pm line 65
# 	DBIx::Class::Schema::Loader::DBI::new('DBIx::Class::Schema::Loader::DBI', 'schema_class', 'TDG::Schema', 'quiet', 1, 'debug', 0, 'schema', 'TDG::Schema', ...) called at /home/smoke/perl5/perlbrew/perls/perl-5.14.2/lib/site_perl/5.14.2/DBIx/Class/Schema/Loader.pm line 205
# 	DBIx::Class::Schema::Loader::_invoke_loader('TDG::Schema=HASH(0xbb327eb0)') called at /home/smoke/perl5/perlbrew/perls/perl-5.14.2/lib/site_perl/5.14.2/DBIx/Class/Schema/Loader.pm line 365
# 	DBIx::Class::Schema::Loader::connection('TDG::Schema=HASH(0xbb327eb0)', 'CODE(0xbb598430)') called at /home/smoke/perl5/perlbrew/perls/perl-5.14.2/lib/site_perl/5.14.2/DBIx/Class/Schema.pm line 526
# 	DBIx::Class::Schema::connect('TDG::Schema', 'CODE(0xbb598430)', 'HASH(0xbb327be0)') called at /home/smoke/perl5/perlbrew/perls/perl-5.14.2/lib/site_perl/5.14.2/DBIx/Class/Schema/Loader.pm line 535
# 	DBIx::Class::Schema::Loader::make_schema_at('TDG::Schema', 'HASH(0xbb598410)', 'ARRAY(0xbb327c00)') called at /home/smoke/.cpan/build/DBIx-Table-TestDataGenerator-0.005-0V667X/blib/lib/DBIx/Table/TestDataGenerator/DBIxSchemaDumper.pm line 79
# 	DBIx::Table::TestDataGenerator::DBIxSchemaDumper::dump_schema('DBIx::Table::TestDataGenerator::DBIxSchemaDumper=HASH(0xbb598...') called at /home/smoke/.cpan/build/DBIx-Table-TestDataGenerator-0.005-0V667X/blib/lib/DBIx/Table/TestDataGenerator.pm line 81
# 	DBIx::Table::TestDataGenerator::create_testdata('DBIx::Table::TestDataGenerator=HASH(0xbb30c380)', 'target_size', 500, 'num_random', 500, 'max_tree_depth', 3, 'min_children', 2, ...) called at t/04DataGeneration_csv.t line 37
# 
# Looks like you failed 1 test of 2.
t/04DataGeneration_csv.t ................ 
Dubious, test returned 1 (wstat 256, 0x100)
Failed 1/2 subtests 
t/boilerplate.t ......................... ok

Test Summary Report
-------------------
t/01DBIC.t                            (Wstat: 256 Tests: 10 Failed: 1)
  Failed test:  10
  Non-zero exit status: 1
t/02DataGeneration.t                  (Wstat: 256 Tests: 4 Failed: 1)
  Failed test:  4
  Non-zero exit status: 1
t/03DataGeneration_null_root_parents.t (Wstat: 256 Tests: 4 Failed: 1)
  Failed test:  4
  Non-zero exit status: 1
t/04DataGeneration_csv.t              (Wstat: 256 Tests: 2 Failed: 1)
  Failed test:  2
  Non-zero exit status: 1
t/boilerplate.t                       (Wstat: 0 Tests: 5 Failed: 0)
  TODO passed:   1-5
Files=6, Tests=28, 11 wallclock secs ( 0.08 usr  0.01 sys +  9.85 cusr  0.52 csys = 10.46 CPU)
Result: FAIL
Failed 4/6 test programs. 4/28 subtests failed.

------------------------------
PREREQUISITES
------------------------------

Prerequisite modules loaded:

requires:

    Module                                 Need     Have    
    -------------------------------------- -------- --------
    aliased                                0        0.31    
    Carp                                   0        1.26    
    Cwd                                    0        3.40    
    Data::GUID                             0        0.046   
    DBD::CSV                               0        0.38    
    DBD::SQLite                            0        1.38_02 
    DBI                                    0        1.625   
    DBI::Const::GetInfoType                0        2.008696
    DBIx::Class::Helper::ResultSet::Random 2.016004 2.016006
    DBIx::Class::Optional::Dependencies    0        0       
    DBIx::Class::Relationship              0        0       
    DBIx::Class::Schema::Loader            0        0.07035 
    DBIx::RunSQL                           0        0.09    
    File::Basename                         0        2.82    
    File::Spec                             0        3.40    
    List::Util                             0        1.27    
    Moo                                    0        1.001000
    perl                                   5.006    5.014002
    Readonly                               0        1.03    
    SQL::Abstract                          0        1.73    
    SQL::Translator                        0.11016  0.11016 
    Test::Exception                        0        0.31    

build_requires:

    Module                                 Need     Have    
    -------------------------------------- -------- --------
    Pod::Coverage                          0        0.22    
    Pod::Coverage::Moose                   0        0.04    
    Test::CheckManifest                    0        1.26    
    Test::More                             0        0.98_04 
    Test::Pod                              0        1.46    
    Test::Pod::Coverage                    0        1.08    

configure_requires:

    Module                                 Need     Have    
    -------------------------------------- -------- --------
    DBIx::Class                            0.08203  0.08210 
    Module::Build                          0.4      0.4004  


------------------------------
ENVIRONMENT AND OTHER CONTEXT
------------------------------

Environment variables:

    AUTOMATED_TESTING = 1
    MANPATH_WITHOUT_PERLBREW = 
    PATH = /home/smoke/perl5/perlbrew/bin:/home/smoke/perl5/perlbrew/perls/perl-5.14.2/bin:/home/smoke/bin:/usr/pkg/sbin:/usr/pkg/bin:/bin:/sbin:/usr/bin:/usr/sbin:/usr/local/bin:/usr/local/sbin:/usr/X11R7/bin:/usr/X11R6/bin:/usr/games
    PATH_WITHOUT_PERLBREW = /home/smoke/bin:/usr/pkg/sbin:/usr/pkg/bin:/bin:/sbin:/usr/bin:/usr/sbin:/usr/local/bin:/usr/local/sbin:/usr/X11R7/bin:/usr/X11R6/bin:/usr/games
    PERL5LIB = 
    PERL5OPT = 
    PERL5_CPANPLUS_IS_RUNNING = 22798
    PERL5_CPAN_IS_RUNNING = 22798
    PERL5_CPAN_IS_RUNNING_IN_RECURSION = 12970,22798
    PERLBREW_BASHRC_VERSION = 0.41
    PERLBREW_HOME = /home/smoke/.perlbrew
    PERLBREW_MANPATH = /home/smoke/perl5/perlbrew/perls/perl-5.14.2/man
    PERLBREW_PATH = /home/smoke/perl5/perlbrew/bin:/home/smoke/perl5/perlbrew/perls/perl-5.14.2/bin
    PERLBREW_PERL = perl-5.14.2
    PERLBREW_ROOT = /home/smoke/perl5/perlbrew
    PERLBREW_VERSION = 0.41
    PERL_CR_SMOKER_CURRENT = DBIx-Table-TestDataGenerator-0.005
    PERL_EXTUTILS_AUTOINSTALL = --defaultdeps
    PERL_MM_USE_DEFAULT = 1
    SHELL = /usr/pkg/bin/bash
    TERM = xterm-color

Perl special variables (and OS-specific diagnostics, for MSWin32):

    $^X = /home/smoke/perl5/perlbrew/perls/perl-5.14.2/bin/perl
    $UID/$EUID = 1002 / 1002
    $GID = 100 100
    $EGID = 100 100

Perl module toolchain versions installed:

    Module              Have    
    ------------------- --------
    CPAN                2.00    
    CPAN::Meta          2.130880
    Cwd                 3.40    
    ExtUtils::CBuilder  0.280205
    ExtUtils::Command   1.17    
    ExtUtils::Install   1.56    
    ExtUtils::MakeMaker 6.65_03 
    ExtUtils::Manifest  1.60    
    ExtUtils::ParseXS   3.18_02 
    File::Spec          3.40    
    JSON                2.57    
    JSON::PP            2.27202 
    Module::Build       0.4004  
    Module::Signature   n/a     
    Parse::CPAN::Meta   1.4404  
    Test::Harness       3.26    
    Test::More          0.98_04 
    YAML                0.84    
    YAML::Syck          1.25    
    version             0.9902  


--

Summary of my perl5 (revision 5 version 14 subversion 2) configuration:
   
  Platform:
    osname=netbsd, osvers=6.0.1_patch, archname=i386-netbsd
    uname='netbsd prickle.zeroclue.com 6.0.1_patch netbsd 6.0.1_patch (generic) i386 '
    config_args='-de -Dprefix=/home/smoke/perl5/perlbrew/perls/perl-5.14.2'
    hint=recommended, useposix=true, d_sigaction=define
    useithreads=undef, usemultiplicity=undef
    useperlio=define, d_sfio=undef, uselargefiles=define, usesocks=undef
    use64bitint=undef, use64bitall=undef, uselongdouble=undef
    usemymalloc=n, bincompat5005=undef
  Compiler:
    cc='cc', ccflags ='-fno-strict-aliasing -pipe -fstack-protector -I/usr/pkg/include',
    optimize='-O',
    cppflags='-fno-strict-aliasing -pipe -fstack-protector -I/usr/pkg/include'
    ccversion='', gccversion='4.5.3', gccosandvers=''
    intsize=4, longsize=4, ptrsize=4, doublesize=8, byteorder=1234
    d_longlong=define, longlongsize=8, d_longdbl=define, longdblsize=12
    ivtype='long', ivsize=4, nvtype='double', nvsize=8, Off_t='off_t', lseeksize=8
    alignbytes=4, prototype=define
  Linker and Libraries:
    ld='cc', ldflags =' -Wl,-rpath,/usr/pkg/lib -Wl,-rpath,/usr/local/lib -fstack-protector -L/usr/pkg/lib'
    libpth=/usr/pkg/lib /lib /usr/lib
    libs=-lm -lcrypt -lutil -lc -lposix
    perllibs=-lm -lcrypt -lutil -lc -lposix
    libc=/lib/libc.so, so=so, useshrplib=false, libperl=libperl.a
    gnulibc_version=''
  Dynamic Linking:
    dlsrc=dl_dlopen.xs, dlext=so, d_dlsymun=undef, ccdlflags='-Wl,-E '
    cccdlflags='-DPIC -fPIC ', lddlflags='--whole-archive -shared  -L/usr/pkg/lib -fstack-protector'


Characteristics of this binary (from libperl): 
  Compile-time options: PERL_DONT_CREATE_GVSV PERL_MALLOC_WRAP
                        PERL_PRESERVE_IVUV USE_LARGE_FILES USE_PERLIO
                        USE_PERL_ATOF
  Built under netbsd
  Compiled at Apr 12 2013 16:41:18
  %ENV:
    PERL5LIB=""
    PERL5OPT=""
    PERL5_CPANPLUS_IS_RUNNING="22798"
    PERL5_CPAN_IS_RUNNING="22798"
    PERL5_CPAN_IS_RUNNING_IN_RECURSION="12970,22798"
    PERLBREW_BASHRC_VERSION="0.41"
    PERLBREW_HOME="/home/smoke/.perlbrew"
    PERLBREW_MANPATH="/home/smoke/perl5/perlbrew/perls/perl-5.14.2/man"
    PERLBREW_PATH="/home/smoke/perl5/perlbrew/bin:/home/smoke/perl5/perlbrew/perls/perl-5.14.2/bin"
    PERLBREW_PERL="perl-5.14.2"
    PERLBREW_ROOT="/home/smoke/perl5/perlbrew"
    PERLBREW_VERSION="0.41"
    PERL_CR_SMOKER_CURRENT="DBIx-Table-TestDataGenerator-0.005"
    PERL_EXTUTILS_AUTOINSTALL="--defaultdeps"
    PERL_MM_USE_DEFAULT="1"
  @INC:
    /home/smoke/perl5/perlbrew/perls/perl-5.14.2/lib/site_perl/5.14.2/i386-netbsd
    /home/smoke/perl5/perlbrew/perls/perl-5.14.2/lib/site_perl/5.14.2
    /home/smoke/perl5/perlbrew/perls/perl-5.14.2/lib/5.14.2/i386-netbsd
    /home/smoke/perl5/perlbrew/perls/perl-5.14.2/lib/5.14.2
    .