AnyEvent-Net-Amazon-S3 vv0.04.0.80 Perl 5 v5.16.3 x86_64-linux
- Status
- Fail
- From
- Slaven Rezić (SREZIC)
- Dist
-
AnyEvent-Net-Amazon-S3 vv0.04.0.80
- Platform
- Perl 5 v5.16.3 x86_64-linux
- Date
- 2018-10-28 07:03:03
- ID
- 837c6e02-da7f-11e8-a8db-db23f4353d34
This distribution has been tested as part of the CPAN Testers
project, supporting the Perl programming language. See
http://wiki.cpantesters.org/ for more information or email
questions to cpan-testers-discuss@perl.org
--
Dear Yasutaka ATARASHI,
This is a computer-generated report for AnyEvent-Net-Amazon-S3-v0.04.0.80
on perl 5.16.3, created by CPAN-Reporter-1.2018.
Thank you for uploading your work to CPAN. However, there was a problem
testing your distribution.
If you think this report is invalid, please consult the CPAN Testers Wiki
for suggestions on how to avoid getting FAIL reports for missing library
or binary dependencies, unsupported operating systems, and so on:
http://wiki.cpantesters.org/wiki/CPANAuthorNotes
Sections of this report:
* Tester comments
* Program output
* Prerequisites
* Environment and other context
------------------------------
TESTER COMMENTS
------------------------------
Additional comments from tester:
none provided
------------------------------
PROGRAM OUTPUT
------------------------------
Output from 'make test':
PERL_DL_NONLAZY=1 "/opt/perl-5.16.3/bin/perl" "-MExtUtils::Command::MM" "-MTest::Harness" "-e" "undef *Test::Harness::Switches; test_harness(0, 'blib/lib', 'blib/arch')" t/*.t
# Failed test 'AnyEvent/Net/Amazon/S3.pm loaded ok'
# at t/00-compile.t line 67.
# got: '512'
# expected: '0'
Can't load Net::Amazon::S3 by Can't load Net::Amazon::S3::HTTPRequest by Can't locate AnyEvent/Net/Amazon/S3/Signature/V2.pm in @INC (@INC contains: /home/cpansand/.cpan/build/2018102806/AnyEvent-Net-Amazon-S3-v0.04.0.80-1/blib/arch /home/cpansand/.cpan/build/2018102806/AnyEvent-Net-Amazon-S3-v0.04.0.80-1/blib/lib /home/cpansand/.cpan/build/2018102806/AnyEvent-Net-Amazon-S3-v0.04.0.80-1/blib/lib /home/cpansand/.cpan/build/2018102806/AnyEvent-Net-Amazon-S3-v0.04.0.80-1/blib/arch /home/cpansand/.cpan/build/2018102806/Module-AnyEvent-Helper-v0.0.5-1/blib/arch /home/cpansand/.cpan/build/2018102806/Module-AnyEvent-Helper-v0.0.5-1/blib/lib /home/cpansand/.cpan/build/2018102806/filtered-v0.0.7-1/blib/arch /home/cpansand/.cpan/build/2018102806/filtered-v0.0.7-1/blib/lib /home/cpansand/.cpan/build/2018102806/PPI-Transform-Sequence-v0.0.3-1/blib/arch /home/cpansand/.cpan/build/2018102806/PPI-Transform-Sequence-v0.0.3-1/blib/lib /home/cpansand/.cpan/build/2018102806/Filter-PPI-Transform-v0.0.2-1/blib/arch /home/cpansand/.cpan/build/2018102806/Filter-PPI-Transform-v0.0.2-1/blib/lib /home/cpansand/.cpan/build/2018102806/Data-Stream-Bulk-AnyEvent-v0.0.2-1/blib/arch /home/cpansand/.cpan/build/2018102806/Data-Stream-Bulk-AnyEvent-v0.0.2-1/blib/lib /home/cpansand/.cpan/build/2018102806/AnyEvent-HTTP-LWP-UserAgent-Determined-v0.05.1.06-1/blib/arch /home/cpansand/.cpan/build/2018102806/AnyEvent-HTTP-LWP-UserAgent-Determined-v0.05.1.06-1/blib/lib /home/cpansand/.cpan/build/2018102806/AnyEvent-HTTP-LWP-UserAgent-0.10-1/blib/arch /home/cpansand/.cpan/build/2018102806/AnyEvent-HTTP-LWP-UserAgent-0.10-1/blib/lib /home/cpansand/.cpan/build/2018102806/Module-AnyEvent-Helper-v0.0.5-1/blib/arch /home/cpansand/.cpan/build/2018102806/Module-AnyEvent-Helper-v0.0.5-1/blib/lib /home/cpansand/.cpan/build/2018102806/filtered-v0.0.7-1/blib/arch /home/cpansand/.cpan/build/2018102806/filtered-v0.0.7-1/blib/lib /home/cpansand/.cpan/build/2018102806/PPI-Transform-Sequence-v0.0.3-1/blib/arch /home/cpansand/.cpan/build/2018102806/PPI-Transform-Sequence-v0.0.3-1/blib/lib /home/cpansand/.cpan/build/2018102806/Filter-PPI-Transform-v0.0.2-1/blib/arch /home/cpansand/.cpan/build/2018102806/Filter-PPI-Transform-v0.0.2-1/blib/lib /home/cpansand/.cpan/build/2018102806/Data-Stream-Bulk-AnyEvent-v0.0.2-1/blib/arch /home/cpansand/.cpan/build/2018102806/Data-Stream-Bulk-AnyEvent-v0.0.2-1/blib/lib /home/cpansand/.cpan/build/2018102806/AnyEvent-HTTP-LWP-UserAgent-Determined-v0.05.1.06-1/blib/arch /home/cpansand/.cpan/build/2018102806/AnyEvent-HTTP-LWP-UserAgent-Determined-v0.05.1.06-1/blib/lib /home/cpansand/.cpan/build/2018102806/AnyEvent-HTTP-LWP-UserAgent-0.10-1/blib/arch /home/cpansand/.cpan/build/2018102806/AnyEvent-HTTP-LWP-UserAgent-0.10-1/blib/lib /opt/perl-5.16.3/lib/site_perl/5.16.3/x86_64-linux /opt/perl-5.16.3/lib/site_perl/5.16.3 /opt/perl-5.16.3/lib/5.16.3/x86_64-linux /opt/perl-5.16.3/lib/5.16.3 .) at /loader/0x105f938/Net/Amazon/S3/HTTPRequest.pm line 21, <$fh> line 112.
BEGIN failed--compilation aborted at /loader/0x105f938/Net/Amazon/S3/HTTPRequest.pm line 21, <$fh> line 112.
Compilation failed in require at (eval 732) line 2, <$fh> line 112.
at /home/cpansand/.cpan/build/2018102806/Module-AnyEvent-Helper-v0.0.5-1/blib/lib/Module/AnyEvent/Helper/Filter.pm line 39.
BEGIN failed--compilation aborted at /home/cpansand/.cpan/build/2018102806/AnyEvent-Net-Amazon-S3-v0.04.0.80-1/blib/lib/AnyEvent/Net/Amazon/S3/HTTPRequest.pm line 11, <$fh> line 112.
Compilation failed in require at /loader/0x105f938/Net/Amazon/S3.pm line 25, <$fh> line 112.
BEGIN failed--compilation aborted at /loader/0x105f938/Net/Amazon/S3.pm line 25, <$fh> line 112.
Compilation failed in require at (eval 29) line 2, <$fh> line 112.
at /home/cpansand/.cpan/build/2018102806/Module-AnyEvent-Helper-v0.0.5-1/blib/lib/Module/AnyEvent/Helper/Filter.pm line 39.
BEGIN failed--compilation aborted at /home/cpansand/.cpan/build/2018102806/AnyEvent-Net-Amazon-S3-v0.04.0.80-1/blib/lib/AnyEvent/Net/Amazon/S3.pm line 53, <$fh> line 112.
Compilation failed in require at -e line 1, <$fh> line 112.
# Failed test 'AnyEvent/Net/Amazon/S3/HTTPRequest.pm loaded ok'
# at t/00-compile.t line 67.
# got: '512'
# expected: '0'
Can't load Net::Amazon::S3::HTTPRequest by Can't locate AnyEvent/Net/Amazon/S3/Signature/V2.pm in @INC (@INC contains: /home/cpansand/.cpan/build/2018102806/AnyEvent-Net-Amazon-S3-v0.04.0.80-1/blib/arch /home/cpansand/.cpan/build/2018102806/AnyEvent-Net-Amazon-S3-v0.04.0.80-1/blib/lib /home/cpansand/.cpan/build/2018102806/AnyEvent-Net-Amazon-S3-v0.04.0.80-1/blib/lib /home/cpansand/.cpan/build/2018102806/AnyEvent-Net-Amazon-S3-v0.04.0.80-1/blib/arch /home/cpansand/.cpan/build/2018102806/Module-AnyEvent-Helper-v0.0.5-1/blib/arch /home/cpansand/.cpan/build/2018102806/Module-AnyEvent-Helper-v0.0.5-1/blib/lib /home/cpansand/.cpan/build/2018102806/filtered-v0.0.7-1/blib/arch /home/cpansand/.cpan/build/2018102806/filtered-v0.0.7-1/blib/lib /home/cpansand/.cpan/build/2018102806/PPI-Transform-Sequence-v0.0.3-1/blib/arch /home/cpansand/.cpan/build/2018102806/PPI-Transform-Sequence-v0.0.3-1/blib/lib /home/cpansand/.cpan/build/2018102806/Filter-PPI-Transform-v0.0.2-1/blib/arch /home/cpansand/.cpan/build/2018102806/Filter-PPI-Transform-v0.0.2-1/blib/lib /home/cpansand/.cpan/build/2018102806/Data-Stream-Bulk-AnyEvent-v0.0.2-1/blib/arch /home/cpansand/.cpan/build/2018102806/Data-Stream-Bulk-AnyEvent-v0.0.2-1/blib/lib /home/cpansand/.cpan/build/2018102806/AnyEvent-HTTP-LWP-UserAgent-Determined-v0.05.1.06-1/blib/arch /home/cpansand/.cpan/build/2018102806/AnyEvent-HTTP-LWP-UserAgent-Determined-v0.05.1.06-1/blib/lib /home/cpansand/.cpan/build/2018102806/AnyEvent-HTTP-LWP-UserAgent-0.10-1/blib/arch /home/cpansand/.cpan/build/2018102806/AnyEvent-HTTP-LWP-UserAgent-0.10-1/blib/lib /home/cpansand/.cpan/build/2018102806/Module-AnyEvent-Helper-v0.0.5-1/blib/arch /home/cpansand/.cpan/build/2018102806/Module-AnyEvent-Helper-v0.0.5-1/blib/lib /home/cpansand/.cpan/build/2018102806/filtered-v0.0.7-1/blib/arch /home/cpansand/.cpan/build/2018102806/filtered-v0.0.7-1/blib/lib /home/cpansand/.cpan/build/2018102806/PPI-Transform-Sequence-v0.0.3-1/blib/arch /home/cpansand/.cpan/build/2018102806/PPI-Transform-Sequence-v0.0.3-1/blib/lib /home/cpansand/.cpan/build/2018102806/Filter-PPI-Transform-v0.0.2-1/blib/arch /home/cpansand/.cpan/build/2018102806/Filter-PPI-Transform-v0.0.2-1/blib/lib /home/cpansand/.cpan/build/2018102806/Data-Stream-Bulk-AnyEvent-v0.0.2-1/blib/arch /home/cpansand/.cpan/build/2018102806/Data-Stream-Bulk-AnyEvent-v0.0.2-1/blib/lib /home/cpansand/.cpan/build/2018102806/AnyEvent-HTTP-LWP-UserAgent-Determined-v0.05.1.06-1/blib/arch /home/cpansand/.cpan/build/2018102806/AnyEvent-HTTP-LWP-UserAgent-Determined-v0.05.1.06-1/blib/lib /home/cpansand/.cpan/build/2018102806/AnyEvent-HTTP-LWP-UserAgent-0.10-1/blib/arch /home/cpansand/.cpan/build/2018102806/AnyEvent-HTTP-LWP-UserAgent-0.10-1/blib/lib /opt/perl-5.16.3/lib/site_perl/5.16.3/x86_64-linux /opt/perl-5.16.3/lib/site_perl/5.16.3 /opt/perl-5.16.3/lib/5.16.3/x86_64-linux /opt/perl-5.16.3/lib/5.16.3 .) at /loader/0x112d840/Net/Amazon/S3/HTTPRequest.pm line 21, <$fh> line 112.
BEGIN failed--compilation aborted at /loader/0x112d840/Net/Amazon/S3/HTTPRequest.pm line 21, <$fh> line 112.
Compilation failed in require at (eval 26) line 2, <$fh> line 112.
at /home/cpansand/.cpan/build/2018102806/Module-AnyEvent-Helper-v0.0.5-1/blib/lib/Module/AnyEvent/Helper/Filter.pm line 39.
BEGIN failed--compilation aborted at /home/cpansand/.cpan/build/2018102806/AnyEvent-Net-Amazon-S3-v0.04.0.80-1/blib/lib/AnyEvent/Net/Amazon/S3/HTTPRequest.pm line 11, <$fh> line 112.
Compilation failed in require at -e line 1, <$fh> line 112.
# Failed test 'AnyEvent/Net/Amazon/S3/Request/AbortMultipartUpload.pm loaded ok'
# at t/00-compile.t line 67.
# got: '65280'
# expected: '0'
Can't load Net::Amazon::S3::Request::AbortMultipartUpload by You can only consume roles, AnyEvent::Net::Amazon::S3::Role::Bucket is not a Moose role at /opt/perl-5.16.3/lib/site_perl/5.16.3/x86_64-linux/Moose/Exporter.pm line 419
Moose::with('AnyEvent::Net::Amazon::S3::Role::Bucket') called at /loader/0x27dc8a0/Net/Amazon/S3/Request/AbortMultipartUpload.pm line 20
require Net/Amazon/S3/Request/AbortMultipartUpload.pm at (eval 26) line 2
eval 'require Net::Amazon::S3::Request::AbortMultipartUpload
;' at /home/cpansand/.cpan/build/2018102806/filtered-v0.0.7-1/blib/lib/filtered.pm line 199
filtered::import('filtered', 'by', 'Filter::PPI::Transform', 'with', '\'PPI::Transform::Sequence\',^JModule::AnyEvent::Helper::PPI::Transform::Net::Amazon::S3 => [],^JModule::AnyEvent::Helper::PPI::Transform => [^J-remove_func => [qw()],^J-translate_func => [qw()],^J-replace_func => [qw()],^J-delete_func => [qw()],^J-exclude_func => [qw()]]^J', 'on', 'Net::Amazon::S3::Request::AbortMultipartUpload', 'as', 'AnyEvent::Net::Amazon::S3::Request::AbortMultipartUpload', 'use_ppi', 1) called at /home/cpansand/.cpan/build/2018102806/Module-AnyEvent-Helper-v0.0.5-1/blib/lib/Module/AnyEvent/Helper/Filter.pm line 39
Module::AnyEvent::Helper::Filter::import('Module::AnyEvent::Helper::Filter', '-as', 'AnyEvent::Net::Amazon::S3::Request::AbortMultipartUpload', '-target', 'Net::Amazon::S3::Request::AbortMultipartUpload', '-transformer', 'Net::Amazon::S3') called at /home/cpansand/.cpan/build/2018102806/AnyEvent-Net-Amazon-S3-v0.04.0.80-1/blib/lib/AnyEvent/Net/Amazon/S3/Request/AbortMultipartUpload.pm line 9
AnyEvent::Net::Amazon::S3::Request::AbortMultipartUpload::BEGIN at /loader/0x27dc8a0/Net/Amazon/S3/Request/AbortMultipartUpload.pm line 0
eval {...} at /loader/0x27dc8a0/Net/Amazon/S3/Request/AbortMultipartUpload.pm line 0
require AnyEvent/Net/Amazon/S3/Request/AbortMultipartUpload.pm at -e line 1
Compilation failed in require at (eval 26) line 2, <$fh> line 113.
at /home/cpansand/.cpan/build/2018102806/Module-AnyEvent-Helper-v0.0.5-1/blib/lib/Module/AnyEvent/Helper/Filter.pm line 39.
BEGIN failed--compilation aborted at /home/cpansand/.cpan/build/2018102806/AnyEvent-Net-Amazon-S3-v0.04.0.80-1/blib/lib/AnyEvent/Net/Amazon/S3/Request/AbortMultipartUpload.pm line 11, <$fh> line 113.
Compilation failed in require at -e line 1, <$fh> line 113.
# Failed test 'AnyEvent/Net/Amazon/S3/Request/CompleteMultipartUpload.pm loaded ok'
# at t/00-compile.t line 67.
# got: '65280'
# expected: '0'
Can't load Net::Amazon::S3::Request::CompleteMultipartUpload by You can only consume roles, AnyEvent::Net::Amazon::S3::Role::Bucket is not a Moose role at /opt/perl-5.16.3/lib/site_perl/5.16.3/x86_64-linux/Moose/Exporter.pm line 419
Moose::with('AnyEvent::Net::Amazon::S3::Role::Bucket') called at /loader/0x1bf7890/Net/Amazon/S3/Request/CompleteMultipartUpload.pm line 20
require Net/Amazon/S3/Request/CompleteMultipartUpload.pm at (eval 26) line 2
eval 'require Net::Amazon::S3::Request::CompleteMultipartUpload
;' at /home/cpansand/.cpan/build/2018102806/filtered-v0.0.7-1/blib/lib/filtered.pm line 199
filtered::import('filtered', 'by', 'Filter::PPI::Transform', 'with', '\'PPI::Transform::Sequence\',^JModule::AnyEvent::Helper::PPI::Transform::Net::Amazon::S3 => [],^JModule::AnyEvent::Helper::PPI::Transform => [^J-remove_func => [qw()],^J-translate_func => [qw()],^J-replace_func => [qw()],^J-delete_func => [qw()],^J-exclude_func => [qw()]]^J', 'on', 'Net::Amazon::S3::Request::CompleteMultipartUpload', 'as', 'AnyEvent::Net::Amazon::S3::Request::CompleteMultipartUpload', 'use_ppi', 1) called at /home/cpansand/.cpan/build/2018102806/Module-AnyEvent-Helper-v0.0.5-1/blib/lib/Module/AnyEvent/Helper/Filter.pm line 39
Module::AnyEvent::Helper::Filter::import('Module::AnyEvent::Helper::Filter', '-as', 'AnyEvent::Net::Amazon::S3::Request::CompleteMultipartUpload', '-target', 'Net::Amazon::S3::Request::CompleteMultipartUpload', '-transformer', 'Net::Amazon::S3') called at /home/cpansand/.cpan/build/2018102806/AnyEvent-Net-Amazon-S3-v0.04.0.80-1/blib/lib/AnyEvent/Net/Amazon/S3/Request/CompleteMultipartUpload.pm line 9
AnyEvent::Net::Amazon::S3::Request::CompleteMultipartUpload::BEGIN at /loader/0x1bf7890/Net/Amazon/S3/Request/CompleteMultipartUpload.pm line 0
eval {...} at /loader/0x1bf7890/Net/Amazon/S3/Request/CompleteMultipartUpload.pm line 0
require AnyEvent/Net/Amazon/S3/Request/CompleteMultipartUpload.pm at -e line 1
Compilation failed in require at (eval 26) line 2, <$fh> line 113.
at /home/cpansand/.cpan/build/2018102806/Module-AnyEvent-Helper-v0.0.5-1/blib/lib/Module/AnyEvent/Helper/Filter.pm line 39.
BEGIN failed--compilation aborted at /home/cpansand/.cpan/build/2018102806/AnyEvent-Net-Amazon-S3-v0.04.0.80-1/blib/lib/AnyEvent/Net/Amazon/S3/Request/CompleteMultipartUpload.pm line 11, <$fh> line 113.
Compilation failed in require at -e line 1, <$fh> line 113.
# Failed test 'AnyEvent/Net/Amazon/S3/Request/CreateBucket.pm loaded ok'
# at t/00-compile.t line 67.
# got: '65280'
# expected: '0'
Can't load Net::Amazon::S3::Request::CreateBucket by You can only consume roles, AnyEvent::Net::Amazon::S3::Role::Bucket is not a Moose role at /opt/perl-5.16.3/lib/site_perl/5.16.3/x86_64-linux/Moose/Exporter.pm line 419
Moose::with('AnyEvent::Net::Amazon::S3::Role::Bucket') called at /loader/0x1e0f780/Net/Amazon/S3/Request/CreateBucket.pm line 16
require Net/Amazon/S3/Request/CreateBucket.pm at (eval 26) line 2
eval 'require Net::Amazon::S3::Request::CreateBucket
;' at /home/cpansand/.cpan/build/2018102806/filtered-v0.0.7-1/blib/lib/filtered.pm line 199
filtered::import('filtered', 'by', 'Filter::PPI::Transform', 'with', '\'PPI::Transform::Sequence\',^JModule::AnyEvent::Helper::PPI::Transform::Net::Amazon::S3 => [],^JModule::AnyEvent::Helper::PPI::Transform => [^J-remove_func => [qw()],^J-translate_func => [qw()],^J-replace_func => [qw()],^J-delete_func => [qw()],^J-exclude_func => [qw()]]^J', 'on', 'Net::Amazon::S3::Request::CreateBucket', 'as', 'AnyEvent::Net::Amazon::S3::Request::CreateBucket', 'use_ppi', 1) called at /home/cpansand/.cpan/build/2018102806/Module-AnyEvent-Helper-v0.0.5-1/blib/lib/Module/AnyEvent/Helper/Filter.pm line 39
Module::AnyEvent::Helper::Filter::import('Module::AnyEvent::Helper::Filter', '-as', 'AnyEvent::Net::Amazon::S3::Request::CreateBucket', '-target', 'Net::Amazon::S3::Request::CreateBucket', '-transformer', 'Net::Amazon::S3') called at /home/cpansand/.cpan/build/2018102806/AnyEvent-Net-Amazon-S3-v0.04.0.80-1/blib/lib/AnyEvent/Net/Amazon/S3/Request/CreateBucket.pm line 9
AnyEvent::Net::Amazon::S3::Request::CreateBucket::BEGIN at /loader/0x1e0f780/Net/Amazon/S3/Request/CreateBucket.pm line 0
eval {...} at /loader/0x1e0f780/Net/Amazon/S3/Request/CreateBucket.pm line 0
require AnyEvent/Net/Amazon/S3/Request/CreateBucket.pm at -e line 1
Compilation failed in require at (eval 26) line 2, <$fh> line 113.
at /home/cpansand/.cpan/build/2018102806/Module-AnyEvent-Helper-v0.0.5-1/blib/lib/Module/AnyEvent/Helper/Filter.pm line 39.
BEGIN failed--compilation aborted at /home/cpansand/.cpan/build/2018102806/AnyEvent-Net-Amazon-S3-v0.04.0.80-1/blib/lib/AnyEvent/Net/Amazon/S3/Request/CreateBucket.pm line 11, <$fh> line 113.
Compilation failed in require at -e line 1, <$fh> line 113.
# Failed test 'AnyEvent/Net/Amazon/S3/Request/DeleteBucket.pm loaded ok'
# at t/00-compile.t line 67.
# got: '65280'
# expected: '0'
Can't load Net::Amazon::S3::Request::DeleteBucket by You can only consume roles, AnyEvent::Net::Amazon::S3::Role::Bucket is not a Moose role at /opt/perl-5.16.3/lib/site_perl/5.16.3/x86_64-linux/Moose/Exporter.pm line 419
Moose::with('AnyEvent::Net::Amazon::S3::Role::Bucket') called at /loader/0x24d6690/Net/Amazon/S3/Request/DeleteBucket.pm line 16
require Net/Amazon/S3/Request/DeleteBucket.pm at (eval 26) line 2
eval 'require Net::Amazon::S3::Request::DeleteBucket
;' at /home/cpansand/.cpan/build/2018102806/filtered-v0.0.7-1/blib/lib/filtered.pm line 199
filtered::import('filtered', 'by', 'Filter::PPI::Transform', 'with', '\'PPI::Transform::Sequence\',^JModule::AnyEvent::Helper::PPI::Transform::Net::Amazon::S3 => [],^JModule::AnyEvent::Helper::PPI::Transform => [^J-remove_func => [qw()],^J-translate_func => [qw()],^J-replace_func => [qw()],^J-delete_func => [qw()],^J-exclude_func => [qw()]]^J', 'on', 'Net::Amazon::S3::Request::DeleteBucket', 'as', 'AnyEvent::Net::Amazon::S3::Request::DeleteBucket', 'use_ppi', 1) called at /home/cpansand/.cpan/build/2018102806/Module-AnyEvent-Helper-v0.0.5-1/blib/lib/Module/AnyEvent/Helper/Filter.pm line 39
Module::AnyEvent::Helper::Filter::import('Module::AnyEvent::Helper::Filter', '-as', 'AnyEvent::Net::Amazon::S3::Request::DeleteBucket', '-target', 'Net::Amazon::S3::Request::DeleteBucket', '-transformer', 'Net::Amazon::S3') called at /home/cpansand/.cpan/build/2018102806/AnyEvent-Net-Amazon-S3-v0.04.0.80-1/blib/lib/AnyEvent/Net/Amazon/S3/Request/DeleteBucket.pm line 9
AnyEvent::Net::Amazon::S3::Request::DeleteBucket::BEGIN at /loader/0x24d6690/Net/Amazon/S3/Request/DeleteBucket.pm line 0
eval {...} at /loader/0x24d6690/Net/Amazon/S3/Request/DeleteBucket.pm line 0
require AnyEvent/Net/Amazon/S3/Request/DeleteBucket.pm at -e line 1
Compilation failed in require at (eval 26) line 2, <$fh> line 113.
at /home/cpansand/.cpan/build/2018102806/Module-AnyEvent-Helper-v0.0.5-1/blib/lib/Module/AnyEvent/Helper/Filter.pm line 39.
BEGIN failed--compilation aborted at /home/cpansand/.cpan/build/2018102806/AnyEvent-Net-Amazon-S3-v0.04.0.80-1/blib/lib/AnyEvent/Net/Amazon/S3/Request/DeleteBucket.pm line 11, <$fh> line 113.
Compilation failed in require at -e line 1, <$fh> line 113.
# Failed test 'AnyEvent/Net/Amazon/S3/Request/DeleteMultiObject.pm loaded ok'
# at t/00-compile.t line 67.
# got: '65280'
# expected: '0'
Can't load Net::Amazon::S3::Request::DeleteMultiObject by You can only consume roles, AnyEvent::Net::Amazon::S3::Role::Bucket is not a Moose role at /opt/perl-5.16.3/lib/site_perl/5.16.3/x86_64-linux/Moose/Exporter.pm line 419
Moose::with('AnyEvent::Net::Amazon::S3::Role::Bucket') called at /loader/0x12df880/Net/Amazon/S3/Request/DeleteMultiObject.pm line 19
require Net/Amazon/S3/Request/DeleteMultiObject.pm at (eval 26) line 2
eval 'require Net::Amazon::S3::Request::DeleteMultiObject
;' at /home/cpansand/.cpan/build/2018102806/filtered-v0.0.7-1/blib/lib/filtered.pm line 199
filtered::import('filtered', 'by', 'Filter::PPI::Transform', 'with', '\'PPI::Transform::Sequence\',^JModule::AnyEvent::Helper::PPI::Transform::Net::Amazon::S3 => [],^JModule::AnyEvent::Helper::PPI::Transform => [^J-remove_func => [qw()],^J-translate_func => [qw()],^J-replace_func => [qw()],^J-delete_func => [qw()],^J-exclude_func => [qw()]]^J', 'on', 'Net::Amazon::S3::Request::DeleteMultiObject', 'as', 'AnyEvent::Net::Amazon::S3::Request::DeleteMultiObject', 'use_ppi', 1) called at /home/cpansand/.cpan/build/2018102806/Module-AnyEvent-Helper-v0.0.5-1/blib/lib/Module/AnyEvent/Helper/Filter.pm line 39
Module::AnyEvent::Helper::Filter::import('Module::AnyEvent::Helper::Filter', '-as', 'AnyEvent::Net::Amazon::S3::Request::DeleteMultiObject', '-target', 'Net::Amazon::S3::Request::DeleteMultiObject', '-transformer', 'Net::Amazon::S3') called at /home/cpansand/.cpan/build/2018102806/AnyEvent-Net-Amazon-S3-v0.04.0.80-1/blib/lib/AnyEvent/Net/Amazon/S3/Request/DeleteMultiObject.pm line 9
AnyEvent::Net::Amazon::S3::Request::DeleteMultiObject::BEGIN at /loader/0x12df880/Net/Amazon/S3/Request/DeleteMultiObject.pm line 0
eval {...} at /loader/0x12df880/Net/Amazon/S3/Request/DeleteMultiObject.pm line 0
require AnyEvent/Net/Amazon/S3/Request/DeleteMultiObject.pm at -e line 1
Compilation failed in require at (eval 26) line 2, <$fh> line 113.
at /home/cpansand/.cpan/build/2018102806/Module-AnyEvent-Helper-v0.0.5-1/blib/lib/Module/AnyEvent/Helper/Filter.pm line 39.
BEGIN failed--compilation aborted at /home/cpansand/.cpan/build/2018102806/AnyEvent-Net-Amazon-S3-v0.04.0.80-1/blib/lib/AnyEvent/Net/Amazon/S3/Request/DeleteMultiObject.pm line 11, <$fh> line 113.
Compilation failed in require at -e line 1, <$fh> line 113.
# Failed test 'AnyEvent/Net/Amazon/S3/Request/DeleteMultipleObjects.pm loaded ok'
# at t/00-compile.t line 67.
# got: '65280'
# expected: '0'
Can't load Net::Amazon::S3::Request::DeleteMultipleObjects by You can only consume roles, AnyEvent::Net::Amazon::S3::Role::Bucket is not a Moose role at /opt/perl-5.16.3/lib/site_perl/5.16.3/x86_64-linux/Moose/Exporter.pm line 419
Moose::with('AnyEvent::Net::Amazon::S3::Role::Bucket') called at /loader/0x18a9880/Net/Amazon/S3/Request/DeleteMultipleObjects.pm line 20
require Net/Amazon/S3/Request/DeleteMultipleObjects.pm at (eval 26) line 2
eval 'require Net::Amazon::S3::Request::DeleteMultipleObjects
;' at /home/cpansand/.cpan/build/2018102806/filtered-v0.0.7-1/blib/lib/filtered.pm line 199
filtered::import('filtered', 'by', 'Filter::PPI::Transform', 'with', '\'PPI::Transform::Sequence\',^JModule::AnyEvent::Helper::PPI::Transform::Net::Amazon::S3 => [],^JModule::AnyEvent::Helper::PPI::Transform => [^J-remove_func => [qw()],^J-translate_func => [qw()],^J-replace_func => [qw()],^J-delete_func => [qw()],^J-exclude_func => [qw()]]^J', 'on', 'Net::Amazon::S3::Request::DeleteMultipleObjects', 'as', 'AnyEvent::Net::Amazon::S3::Request::DeleteMultipleObjects', 'use_ppi', 1) called at /home/cpansand/.cpan/build/2018102806/Module-AnyEvent-Helper-v0.0.5-1/blib/lib/Module/AnyEvent/Helper/Filter.pm line 39
Module::AnyEvent::Helper::Filter::import('Module::AnyEvent::Helper::Filter', '-as', 'AnyEvent::Net::Amazon::S3::Request::DeleteMultipleObjects', '-target', 'Net::Amazon::S3::Request::DeleteMultipleObjects', '-transformer', 'Net::Amazon::S3') called at /home/cpansand/.cpan/build/2018102806/AnyEvent-Net-Amazon-S3-v0.04.0.80-1/blib/lib/AnyEvent/Net/Amazon/S3/Request/DeleteMultipleObjects.pm line 9
AnyEvent::Net::Amazon::S3::Request::DeleteMultipleObjects::BEGIN at /loader/0x18a9880/Net/Amazon/S3/Request/DeleteMultipleObjects.pm line 0
eval {...} at /loader/0x18a9880/Net/Amazon/S3/Request/DeleteMultipleObjects.pm line 0
require AnyEvent/Net/Amazon/S3/Request/DeleteMultipleObjects.pm at -e line 1
Compilation failed in require at (eval 26) line 2, <$fh> line 113.
at /home/cpansand/.cpan/build/2018102806/Module-AnyEvent-Helper-v0.0.5-1/blib/lib/Module/AnyEvent/Helper/Filter.pm line 39.
BEGIN failed--compilation aborted at /home/cpansand/.cpan/build/2018102806/AnyEvent-Net-Amazon-S3-v0.04.0.80-1/blib/lib/AnyEvent/Net/Amazon/S3/Request/DeleteMultipleObjects.pm line 11, <$fh> line 113.
Compilation failed in require at -e line 1, <$fh> line 113.
# Failed test 'AnyEvent/Net/Amazon/S3/Request/DeleteObject.pm loaded ok'
# at t/00-compile.t line 67.
# got: '65280'
# expected: '0'
Can't load Net::Amazon::S3::Request::DeleteObject by You can only consume roles, AnyEvent::Net::Amazon::S3::Role::Bucket is not a Moose role at /opt/perl-5.16.3/lib/site_perl/5.16.3/x86_64-linux/Moose/Exporter.pm line 419
Moose::with('AnyEvent::Net::Amazon::S3::Role::Bucket') called at /loader/0x21016a0/Net/Amazon/S3/Request/DeleteObject.pm line 17
require Net/Amazon/S3/Request/DeleteObject.pm at (eval 26) line 2
eval 'require Net::Amazon::S3::Request::DeleteObject
;' at /home/cpansand/.cpan/build/2018102806/filtered-v0.0.7-1/blib/lib/filtered.pm line 199
filtered::import('filtered', 'by', 'Filter::PPI::Transform', 'with', '\'PPI::Transform::Sequence\',^JModule::AnyEvent::Helper::PPI::Transform::Net::Amazon::S3 => [],^JModule::AnyEvent::Helper::PPI::Transform => [^J-remove_func => [qw()],^J-translate_func => [qw()],^J-replace_func => [qw()],^J-delete_func => [qw()],^J-exclude_func => [qw()]]^J', 'on', 'Net::Amazon::S3::Request::DeleteObject', 'as', 'AnyEvent::Net::Amazon::S3::Request::DeleteObject', 'use_ppi', 1) called at /home/cpansand/.cpan/build/2018102806/Module-AnyEvent-Helper-v0.0.5-1/blib/lib/Module/AnyEvent/Helper/Filter.pm line 39
Module::AnyEvent::Helper::Filter::import('Module::AnyEvent::Helper::Filter', '-as', 'AnyEvent::Net::Amazon::S3::Request::DeleteObject', '-target', 'Net::Amazon::S3::Request::DeleteObject', '-transformer', 'Net::Amazon::S3') called at /home/cpansand/.cpan/build/2018102806/AnyEvent-Net-Amazon-S3-v0.04.0.80-1/blib/lib/AnyEvent/Net/Amazon/S3/Request/DeleteObject.pm line 9
AnyEvent::Net::Amazon::S3::Request::DeleteObject::BEGIN at /loader/0x21016a0/Net/Amazon/S3/Request/DeleteObject.pm line 0
eval {...} at /loader/0x21016a0/Net/Amazon/S3/Request/DeleteObject.pm line 0
require AnyEvent/Net/Amazon/S3/Request/DeleteObject.pm at -e line 1
Compilation failed in require at (eval 26) line 2, <$fh> line 113.
at /home/cpansand/.cpan/build/2018102806/Module-AnyEvent-Helper-v0.0.5-1/blib/lib/Module/AnyEvent/Helper/Filter.pm line 39.
BEGIN failed--compilation aborted at /home/cpansand/.cpan/build/2018102806/AnyEvent-Net-Amazon-S3-v0.04.0.80-1/blib/lib/AnyEvent/Net/Amazon/S3/Request/DeleteObject.pm line 11, <$fh> line 113.
Compilation failed in require at -e line 1, <$fh> line 113.
# Failed test 'AnyEvent/Net/Amazon/S3/Request/GetBucketAccessControl.pm loaded ok'
# at t/00-compile.t line 67.
# got: '65280'
# expected: '0'
Can't load Net::Amazon::S3::Request::GetBucketAccessControl by You can only consume roles, AnyEvent::Net::Amazon::S3::Role::Bucket is not a Moose role at /opt/perl-5.16.3/lib/site_perl/5.16.3/x86_64-linux/Moose/Exporter.pm line 419
Moose::with('AnyEvent::Net::Amazon::S3::Role::Bucket') called at /loader/0x1dda7d0/Net/Amazon/S3/Request/GetBucketAccessControl.pm line 17
require Net/Amazon/S3/Request/GetBucketAccessControl.pm at (eval 26) line 2
eval 'require Net::Amazon::S3::Request::GetBucketAccessControl
;' at /home/cpansand/.cpan/build/2018102806/filtered-v0.0.7-1/blib/lib/filtered.pm line 199
filtered::import('filtered', 'by', 'Filter::PPI::Transform', 'with', '\'PPI::Transform::Sequence\',^JModule::AnyEvent::Helper::PPI::Transform::Net::Amazon::S3 => [],^JModule::AnyEvent::Helper::PPI::Transform => [^J-remove_func => [qw()],^J-translate_func => [qw()],^J-replace_func => [qw()],^J-delete_func => [qw()],^J-exclude_func => [qw()]]^J', 'on', 'Net::Amazon::S3::Request::GetBucketAccessControl', 'as', 'AnyEvent::Net::Amazon::S3::Request::GetBucketAccessControl', 'use_ppi', 1) called at /home/cpansand/.cpan/build/2018102806/Module-AnyEvent-Helper-v0.0.5-1/blib/lib/Module/AnyEvent/Helper/Filter.pm line 39
Module::AnyEvent::Helper::Filter::import('Module::AnyEvent::Helper::Filter', '-as', 'AnyEvent::Net::Amazon::S3::Request::GetBucketAccessControl', '-target', 'Net::Amazon::S3::Request::GetBucketAccessControl', '-transformer', 'Net::Amazon::S3') called at /home/cpansand/.cpan/build/2018102806/AnyEvent-Net-Amazon-S3-v0.04.0.80-1/blib/lib/AnyEvent/Net/Amazon/S3/Request/GetBucketAccessControl.pm line 9
AnyEvent::Net::Amazon::S3::Request::GetBucketAccessControl::BEGIN at /loader/0x1dda7d0/Net/Amazon/S3/Request/GetBucketAccessControl.pm line 0
eval {...} at /loader/0x1dda7d0/Net/Amazon/S3/Request/GetBucketAccessControl.pm line 0
require AnyEvent/Net/Amazon/S3/Request/GetBucketAccessControl.pm at -e line 1
Compilation failed in require at (eval 26) line 2, <$fh> line 113.
at /home/cpansand/.cpan/build/2018102806/Module-AnyEvent-Helper-v0.0.5-1/blib/lib/Module/AnyEvent/Helper/Filter.pm line 39.
BEGIN failed--compilation aborted at /home/cpansand/.cpan/build/2018102806/AnyEvent-Net-Amazon-S3-v0.04.0.80-1/blib/lib/AnyEvent/Net/Amazon/S3/Request/GetBucketAccessControl.pm line 11, <$fh> line 113.
Compilation failed in require at -e line 1, <$fh> line 113.
# Failed test 'AnyEvent/Net/Amazon/S3/Request/GetBucketLocationConstraint.pm loaded ok'
# at t/00-compile.t line 67.
# got: '65280'
# expected: '0'
Can't load Net::Amazon::S3::Request::GetBucketLocationConstraint by You can only consume roles, AnyEvent::Net::Amazon::S3::Role::Bucket is not a Moose role at /opt/perl-5.16.3/lib/site_perl/5.16.3/x86_64-linux/Moose/Exporter.pm line 419
Moose::with('AnyEvent::Net::Amazon::S3::Role::Bucket') called at /loader/0x273f7d0/Net/Amazon/S3/Request/GetBucketLocationConstraint.pm line 17
require Net/Amazon/S3/Request/GetBucketLocationConstraint.pm at (eval 26) line 2
eval 'require Net::Amazon::S3::Request::GetBucketLocationConstraint
;' at /home/cpansand/.cpan/build/2018102806/filtered-v0.0.7-1/blib/lib/filtered.pm line 199
filtered::import('filtered', 'by', 'Filter::PPI::Transform', 'with', '\'PPI::Transform::Sequence\',^JModule::AnyEvent::Helper::PPI::Transform::Net::Amazon::S3 => [],^JModule::AnyEvent::Helper::PPI::Transform => [^J-remove_func => [qw()],^J-translate_func => [qw()],^J-replace_func => [qw()],^J-delete_func => [qw()],^J-exclude_func => [qw()]]^J', 'on', 'Net::Amazon::S3::Request::GetBucketLocationConstraint', 'as', 'AnyEvent::Net::Amazon::S3::Request::GetBucketLocationConstraint', 'use_ppi', 1) called at /home/cpansand/.cpan/build/2018102806/Module-AnyEvent-Helper-v0.0.5-1/blib/lib/Module/AnyEvent/Helper/Filter.pm line 39
Module::AnyEvent::Helper::Filter::import('Module::AnyEvent::Helper::Filter', '-as', 'AnyEvent::Net::Amazon::S3::Request::GetBucketLocationConstraint', '-target', 'Net::Amazon::S3::Request::GetBucketLocationConstraint', '-transformer', 'Net::Amazon::S3') called at /home/cpansand/.cpan/build/2018102806/AnyEvent-Net-Amazon-S3-v0.04.0.80-1/blib/lib/AnyEvent/Net/Amazon/S3/Request/GetBucketLocationConstraint.pm line 9
AnyEvent::Net::Amazon::S3::Request::GetBucketLocationConstraint::BEGIN at /loader/0x273f7d0/Net/Amazon/S3/Request/GetBucketLocationConstraint.pm line 0
eval {...} at /loader/0x273f7d0/Net/Amazon/S3/Request/GetBucketLocationConstraint.pm line 0
require AnyEvent/Net/Amazon/S3/Request/GetBucketLocationConstraint.pm at -e line 1
Compilation failed in require at (eval 26) line 2, <$fh> line 113.
at /home/cpansand/.cpan/build/2018102806/Module-AnyEvent-Helper-v0.0.5-1/blib/lib/Module/AnyEvent/Helper/Filter.pm line 39.
BEGIN failed--compilation aborted at /home/cpansand/.cpan/build/2018102806/AnyEvent-Net-Amazon-S3-v0.04.0.80-1/blib/lib/AnyEvent/Net/Amazon/S3/Request/GetBucketLocationConstraint.pm line 11, <$fh> line 113.
Compilation failed in require at -e line 1, <$fh> line 113.
# Failed test 'AnyEvent/Net/Amazon/S3/Request/GetObject.pm loaded ok'
# at t/00-compile.t line 67.
# got: '65280'
# expected: '0'
Can't load Net::Amazon::S3::Request::GetObject by You can only consume roles, AnyEvent::Net::Amazon::S3::Role::Bucket is not a Moose role at /opt/perl-5.16.3/lib/site_perl/5.16.3/x86_64-linux/Moose/Exporter.pm line 419
Moose::with('AnyEvent::Net::Amazon::S3::Role::Bucket') called at /loader/0x12ec750/Net/Amazon/S3/Request/GetObject.pm line 16
require Net/Amazon/S3/Request/GetObject.pm at (eval 26) line 2
eval 'require Net::Amazon::S3::Request::GetObject
;' at /home/cpansand/.cpan/build/2018102806/filtered-v0.0.7-1/blib/lib/filtered.pm line 199
filtered::import('filtered', 'by', 'Filter::PPI::Transform', 'with', '\'PPI::Transform::Sequence\',^JModule::AnyEvent::Helper::PPI::Transform::Net::Amazon::S3 => [],^JModule::AnyEvent::Helper::PPI::Transform => [^J-remove_func => [qw()],^J-translate_func => [qw()],^J-replace_func => [qw()],^J-delete_func => [qw()],^J-exclude_func => [qw()]]^J', 'on', 'Net::Amazon::S3::Request::GetObject', 'as', 'AnyEvent::Net::Amazon::S3::Request::GetObject', 'use_ppi', 1) called at /home/cpansand/.cpan/build/2018102806/Module-AnyEvent-Helper-v0.0.5-1/blib/lib/Module/AnyEvent/Helper/Filter.pm line 39
Module::AnyEvent::Helper::Filter::import('Module::AnyEvent::Helper::Filter', '-as', 'AnyEvent::Net::Amazon::S3::Request::GetObject', '-target', 'Net::Amazon::S3::Request::GetObject', '-transformer', 'Net::Amazon::S3') called at /home/cpansand/.cpan/build/2018102806/AnyEvent-Net-Amazon-S3-v0.04.0.80-1/blib/lib/AnyEvent/Net/Amazon/S3/Request/GetObject.pm line 9
AnyEvent::Net::Amazon::S3::Request::GetObject::BEGIN at /loader/0x12ec750/Net/Amazon/S3/Request/GetObject.pm line 0
eval {...} at /loader/0x12ec750/Net/Amazon/S3/Request/GetObject.pm line 0
require AnyEvent/Net/Amazon/S3/Request/GetObject.pm at -e line 1
Compilation failed in require at (eval 26) line 2, <$fh> line 113.
at /home/cpansand/.cpan/build/2018102806/Module-AnyEvent-Helper-v0.0.5-1/blib/lib/Module/AnyEvent/Helper/Filter.pm line 39.
BEGIN failed--compilation aborted at /home/cpansand/.cpan/build/2018102806/AnyEvent-Net-Amazon-S3-v0.04.0.80-1/blib/lib/AnyEvent/Net/Amazon/S3/Request/GetObject.pm line 11, <$fh> line 113.
Compilation failed in require at -e line 1, <$fh> line 113.
# Failed test 'AnyEvent/Net/Amazon/S3/Request/GetObjectAccessControl.pm loaded ok'
# at t/00-compile.t line 67.
# got: '65280'
# expected: '0'
Can't load Net::Amazon::S3::Request::GetObjectAccessControl by You can only consume roles, AnyEvent::Net::Amazon::S3::Role::Bucket is not a Moose role at /opt/perl-5.16.3/lib/site_perl/5.16.3/x86_64-linux/Moose/Exporter.pm line 419
Moose::with('AnyEvent::Net::Amazon::S3::Role::Bucket') called at /loader/0x27d9880/Net/Amazon/S3/Request/GetObjectAccessControl.pm line 17
require Net/Amazon/S3/Request/GetObjectAccessControl.pm at (eval 26) line 2
eval 'require Net::Amazon::S3::Request::GetObjectAccessControl
;' at /home/cpansand/.cpan/build/2018102806/filtered-v0.0.7-1/blib/lib/filtered.pm line 199
filtered::import('filtered', 'by', 'Filter::PPI::Transform', 'with', '\'PPI::Transform::Sequence\',^JModule::AnyEvent::Helper::PPI::Transform::Net::Amazon::S3 => [],^JModule::AnyEvent::Helper::PPI::Transform => [^J-remove_func => [qw()],^J-translate_func => [qw()],^J-replace_func => [qw()],^J-delete_func => [qw()],^J-exclude_func => [qw()]]^J', 'on', 'Net::Amazon::S3::Request::GetObjectAccessControl', 'as', 'AnyEvent::Net::Amazon::S3::Request::GetObjectAccessControl', 'use_ppi', 1) called at /home/cpansand/.cpan/build/2018102806/Module-AnyEvent-Helper-v0.0.5-1/blib/lib/Module/AnyEvent/Helper/Filter.pm line 39
Module::AnyEvent::Helper::Filter::import('Module::AnyEvent::Helper::Filter', '-as', 'AnyEvent::Net::Amazon::S3::Request::GetObjectAccessControl', '-target', 'Net::Amazon::S3::Request::GetObjectAccessControl', '-transformer', 'Net::Amazon::S3') called at /home/cpansand/.cpan/build/2018102806/AnyEvent-Net-Amazon-S3-v0.04.0.80-1/blib/lib/AnyEvent/Net/Amazon/S3/Request/GetObjectAccessControl.pm line 9
AnyEvent::Net::Amazon::S3::Request::GetObjectAccessControl::BEGIN at /loader/0x27d9880/Net/Amazon/S3/Request/GetObjectAccessControl.pm line 0
eval {...} at /loader/0x27d9880/Net/Amazon/S3/Request/GetObjectAccessControl.pm line 0
require AnyEvent/Net/Amazon/S3/Request/GetObjectAccessControl.pm at -e line 1
Compilation failed in require at (eval 26) line 2, <$fh> line 113.
at /home/cpansand/.cpan/build/2018102806/Module-AnyEvent-Helper-v0.0.5-1/blib/lib/Module/AnyEvent/Helper/Filter.pm line 39.
BEGIN failed--compilation aborted at /home/cpansand/.cpan/build/2018102806/AnyEvent-Net-Amazon-S3-v0.04.0.80-1/blib/lib/AnyEvent/Net/Amazon/S3/Request/GetObjectAccessControl.pm line 11, <$fh> line 113.
Compilation failed in require at -e line 1, <$fh> line 113.
# Failed test 'AnyEvent/Net/Amazon/S3/Request/InitiateMultipartUpload.pm loaded ok'
# at t/00-compile.t line 67.
# got: '65280'
# expected: '0'
Can't load Net::Amazon::S3::Request::InitiateMultipartUpload by You can only consume roles, AnyEvent::Net::Amazon::S3::Role::Bucket is not a Moose role at /opt/perl-5.16.3/lib/site_perl/5.16.3/x86_64-linux/Moose/Exporter.pm line 419
Moose::with('AnyEvent::Net::Amazon::S3::Role::Bucket') called at /loader/0x1a028a0/Net/Amazon/S3/Request/InitiateMultipartUpload.pm line 16
require Net/Amazon/S3/Request/InitiateMultipartUpload.pm at (eval 26) line 2
eval 'require Net::Amazon::S3::Request::InitiateMultipartUpload
;' at /home/cpansand/.cpan/build/2018102806/filtered-v0.0.7-1/blib/lib/filtered.pm line 199
filtered::import('filtered', 'by', 'Filter::PPI::Transform', 'with', '\'PPI::Transform::Sequence\',^JModule::AnyEvent::Helper::PPI::Transform::Net::Amazon::S3 => [],^JModule::AnyEvent::Helper::PPI::Transform => [^J-remove_func => [qw()],^J-translate_func => [qw()],^J-replace_func => [qw()],^J-delete_func => [qw()],^J-exclude_func => [qw()]]^J', 'on', 'Net::Amazon::S3::Request::InitiateMultipartUpload', 'as', 'AnyEvent::Net::Amazon::S3::Request::InitiateMultipartUpload', 'use_ppi', 1) called at /home/cpansand/.cpan/build/2018102806/Module-AnyEvent-Helper-v0.0.5-1/blib/lib/Module/AnyEvent/Helper/Filter.pm line 39
Module::AnyEvent::Helper::Filter::import('Module::AnyEvent::Helper::Filter', '-as', 'AnyEvent::Net::Amazon::S3::Request::InitiateMultipartUpload', '-target', 'Net::Amazon::S3::Request::InitiateMultipartUpload', '-transformer', 'Net::Amazon::S3') called at /home/cpansand/.cpan/build/2018102806/AnyEvent-Net-Amazon-S3-v0.04.0.80-1/blib/lib/AnyEvent/Net/Amazon/S3/Request/InitiateMultipartUpload.pm line 9
AnyEvent::Net::Amazon::S3::Request::InitiateMultipartUpload::BEGIN at /loader/0x1a028a0/Net/Amazon/S3/Request/InitiateMultipartUpload.pm line 0
eval {...} at /loader/0x1a028a0/Net/Amazon/S3/Request/InitiateMultipartUpload.pm line 0
require AnyEvent/Net/Amazon/S3/Request/InitiateMultipartUpload.pm at -e line 1
Compilation failed in require at (eval 26) line 2, <$fh> line 113.
at /home/cpansand/.cpan/build/2018102806/Module-AnyEvent-Helper-v0.0.5-1/blib/lib/Module/AnyEvent/Helper/Filter.pm line 39.
BEGIN failed--compilation aborted at /home/cpansand/.cpan/build/2018102806/AnyEvent-Net-Amazon-S3-v0.04.0.80-1/blib/lib/AnyEvent/Net/Amazon/S3/Request/InitiateMultipartUpload.pm line 11, <$fh> line 113.
Compilation failed in require at -e line 1, <$fh> line 113.
# Failed test 'AnyEvent/Net/Amazon/S3/Request/ListBucket.pm loaded ok'
# at t/00-compile.t line 67.
# got: '65280'
# expected: '0'
Can't load Net::Amazon::S3::Request::ListBucket by You can only consume roles, AnyEvent::Net::Amazon::S3::Role::Bucket is not a Moose role at /opt/perl-5.16.3/lib/site_perl/5.16.3/x86_64-linux/Moose/Exporter.pm line 419
Moose::with('AnyEvent::Net::Amazon::S3::Role::Bucket') called at /loader/0x18c5750/Net/Amazon/S3/Request/ListBucket.pm line 18
require Net/Amazon/S3/Request/ListBucket.pm at (eval 26) line 2
eval 'require Net::Amazon::S3::Request::ListBucket
;' at /home/cpansand/.cpan/build/2018102806/filtered-v0.0.7-1/blib/lib/filtered.pm line 199
filtered::import('filtered', 'by', 'Filter::PPI::Transform', 'with', '\'PPI::Transform::Sequence\',^JModule::AnyEvent::Helper::PPI::Transform::Net::Amazon::S3 => [],^JModule::AnyEvent::Helper::PPI::Transform => [^J-remove_func => [qw()],^J-translate_func => [qw()],^J-replace_func => [qw()],^J-delete_func => [qw()],^J-exclude_func => [qw()]]^J', 'on', 'Net::Amazon::S3::Request::ListBucket', 'as', 'AnyEvent::Net::Amazon::S3::Request::ListBucket', 'use_ppi', 1) called at /home/cpansand/.cpan/build/2018102806/Module-AnyEvent-Helper-v0.0.5-1/blib/lib/Module/AnyEvent/Helper/Filter.pm line 39
Module::AnyEvent::Helper::Filter::import('Module::AnyEvent::Helper::Filter', '-as', 'AnyEvent::Net::Amazon::S3::Request::ListBucket', '-target', 'Net::Amazon::S3::Request::ListBucket', '-transformer', 'Net::Amazon::S3') called at /home/cpansand/.cpan/build/2018102806/AnyEvent-Net-Amazon-S3-v0.04.0.80-1/blib/lib/AnyEvent/Net/Amazon/S3/Request/ListBucket.pm line 9
AnyEvent::Net::Amazon::S3::Request::ListBucket::BEGIN at /loader/0x18c5750/Net/Amazon/S3/Request/ListBucket.pm line 0
eval {...} at /loader/0x18c5750/Net/Amazon/S3/Request/ListBucket.pm line 0
require AnyEvent/Net/Amazon/S3/Request/ListBucket.pm at -e line 1
Compilation failed in require at (eval 26) line 2, <$fh> line 113.
at /home/cpansand/.cpan/build/2018102806/Module-AnyEvent-Helper-v0.0.5-1/blib/lib/Module/AnyEvent/Helper/Filter.pm line 39.
BEGIN failed--compilation aborted at /home/cpansand/.cpan/build/2018102806/AnyEvent-Net-Amazon-S3-v0.04.0.80-1/blib/lib/AnyEvent/Net/Amazon/S3/Request/ListBucket.pm line 11, <$fh> line 113.
Compilation failed in require at -e line 1, <$fh> line 113.
# Failed test 'AnyEvent/Net/Amazon/S3/Request/ListParts.pm loaded ok'
# at t/00-compile.t line 67.
# got: '65280'
# expected: '0'
Can't load Net::Amazon::S3::Request::ListParts by You can only consume roles, AnyEvent::Net::Amazon::S3::Role::Bucket is not a Moose role at /opt/perl-5.16.3/lib/site_perl/5.16.3/x86_64-linux/Moose/Exporter.pm line 419
Moose::with('AnyEvent::Net::Amazon::S3::Role::Bucket') called at /loader/0x22c16f0/Net/Amazon/S3/Request/ListParts.pm line 17
require Net/Amazon/S3/Request/ListParts.pm at (eval 26) line 2
eval 'require Net::Amazon::S3::Request::ListParts
;' at /home/cpansand/.cpan/build/2018102806/filtered-v0.0.7-1/blib/lib/filtered.pm line 199
filtered::import('filtered', 'by', 'Filter::PPI::Transform', 'with', '\'PPI::Transform::Sequence\',^JModule::AnyEvent::Helper::PPI::Transform::Net::Amazon::S3 => [],^JModule::AnyEvent::Helper::PPI::Transform => [^J-remove_func => [qw()],^J-translate_func => [qw()],^J-replace_func => [qw()],^J-delete_func => [qw()],^J-exclude_func => [qw()]]^J', 'on', 'Net::Amazon::S3::Request::ListParts', 'as', 'AnyEvent::Net::Amazon::S3::Request::ListParts', 'use_ppi', 1) called at /home/cpansand/.cpan/build/2018102806/Module-AnyEvent-Helper-v0.0.5-1/blib/lib/Module/AnyEvent/Helper/Filter.pm line 39
Module::AnyEvent::Helper::Filter::import('Module::AnyEvent::Helper::Filter', '-as', 'AnyEvent::Net::Amazon::S3::Request::ListParts', '-target', 'Net::Amazon::S3::Request::ListParts', '-transformer', 'Net::Amazon::S3') called at /home/cpansand/.cpan/build/2018102806/AnyEvent-Net-Amazon-S3-v0.04.0.80-1/blib/lib/AnyEvent/Net/Amazon/S3/Request/ListParts.pm line 9
AnyEvent::Net::Amazon::S3::Request::ListParts::BEGIN at /loader/0x22c16f0/Net/Amazon/S3/Request/ListParts.pm line 0
eval {...} at /loader/0x22c16f0/Net/Amazon/S3/Request/ListParts.pm line 0
require AnyEvent/Net/Amazon/S3/Request/ListParts.pm at -e line 1
Compilation failed in require at (eval 26) line 2, <$fh> line 113.
at /home/cpansand/.cpan/build/2018102806/Module-AnyEvent-Helper-v0.0.5-1/blib/lib/Module/AnyEvent/Helper/Filter.pm line 39.
BEGIN failed--compilation aborted at /home/cpansand/.cpan/build/2018102806/AnyEvent-Net-Amazon-S3-v0.04.0.80-1/blib/lib/AnyEvent/Net/Amazon/S3/Request/ListParts.pm line 11, <$fh> line 113.
Compilation failed in require at -e line 1, <$fh> line 113.
# Failed test 'AnyEvent/Net/Amazon/S3/Request/PutObject.pm loaded ok'
# at t/00-compile.t line 67.
# got: '65280'
# expected: '0'
Can't load Net::Amazon::S3::Request::PutObject by You can only consume roles, AnyEvent::Net::Amazon::S3::Role::Bucket is not a Moose role at /opt/perl-5.16.3/lib/site_perl/5.16.3/x86_64-linux/Moose/Exporter.pm line 419
Moose::with('AnyEvent::Net::Amazon::S3::Role::Bucket') called at /loader/0x2ce8700/Net/Amazon/S3/Request/PutObject.pm line 17
require Net/Amazon/S3/Request/PutObject.pm at (eval 26) line 2
eval 'require Net::Amazon::S3::Request::PutObject
;' at /home/cpansand/.cpan/build/2018102806/filtered-v0.0.7-1/blib/lib/filtered.pm line 199
filtered::import('filtered', 'by', 'Filter::PPI::Transform', 'with', '\'PPI::Transform::Sequence\',^JModule::AnyEvent::Helper::PPI::Transform::Net::Amazon::S3 => [],^JModule::AnyEvent::Helper::PPI::Transform => [^J-remove_func => [qw()],^J-translate_func => [qw()],^J-replace_func => [qw()],^J-delete_func => [qw()],^J-exclude_func => [qw()]]^J', 'on', 'Net::Amazon::S3::Request::PutObject', 'as', 'AnyEvent::Net::Amazon::S3::Request::PutObject', 'use_ppi', 1) called at /home/cpansand/.cpan/build/2018102806/Module-AnyEvent-Helper-v0.0.5-1/blib/lib/Module/AnyEvent/Helper/Filter.pm line 39
Module::AnyEvent::Helper::Filter::import('Module::AnyEvent::Helper::Filter', '-as', 'AnyEvent::Net::Amazon::S3::Request::PutObject', '-target', 'Net::Amazon::S3::Request::PutObject', '-transformer', 'Net::Amazon::S3') called at /home/cpansand/.cpan/build/2018102806/AnyEvent-Net-Amazon-S3-v0.04.0.80-1/blib/lib/AnyEvent/Net/Amazon/S3/Request/PutObject.pm line 9
AnyEvent::Net::Amazon::S3::Request::PutObject::BEGIN at /loader/0x2ce8700/Net/Amazon/S3/Request/PutObject.pm line 0
eval {...} at /loader/0x2ce8700/Net/Amazon/S3/Request/PutObject.pm line 0
require AnyEvent/Net/Amazon/S3/Request/PutObject.pm at -e line 1
Compilation failed in require at (eval 26) line 2, <$fh> line 113.
at /home/cpansand/.cpan/build/2018102806/Module-AnyEvent-Helper-v0.0.5-1/blib/lib/Module/AnyEvent/Helper/Filter.pm line 39.
BEGIN failed--compilation aborted at /home/cpansand/.cpan/build/2018102806/AnyEvent-Net-Amazon-S3-v0.04.0.80-1/blib/lib/AnyEvent/Net/Amazon/S3/Request/PutObject.pm line 11, <$fh> line 113.
Compilation failed in require at -e line 1, <$fh> line 113.
# Failed test 'AnyEvent/Net/Amazon/S3/Request/PutPart.pm loaded ok'
# at t/00-compile.t line 67.
# got: '65280'
# expected: '0'
Can't load Net::Amazon::S3::Request::PutPart by You can only consume roles, AnyEvent::Net::Amazon::S3::Role::Bucket is not a Moose role at /opt/perl-5.16.3/lib/site_perl/5.16.3/x86_64-linux/Moose/Exporter.pm line 419
Moose::with('AnyEvent::Net::Amazon::S3::Role::Bucket') called at /loader/0x288d750/Net/Amazon/S3/Request/PutPart.pm line 16
require Net/Amazon/S3/Request/PutPart.pm at (eval 26) line 2
eval 'require Net::Amazon::S3::Request::PutPart
;' at /home/cpansand/.cpan/build/2018102806/filtered-v0.0.7-1/blib/lib/filtered.pm line 199
filtered::import('filtered', 'by', 'Filter::PPI::Transform', 'with', '\'PPI::Transform::Sequence\',^JModule::AnyEvent::Helper::PPI::Transform::Net::Amazon::S3 => [],^JModule::AnyEvent::Helper::PPI::Transform => [^J-remove_func => [qw()],^J-translate_func => [qw()],^J-replace_func => [qw()],^J-delete_func => [qw()],^J-exclude_func => [qw()]]^J', 'on', 'Net::Amazon::S3::Request::PutPart', 'as', 'AnyEvent::Net::Amazon::S3::Request::PutPart', 'use_ppi', 1) called at /home/cpansand/.cpan/build/2018102806/Module-AnyEvent-Helper-v0.0.5-1/blib/lib/Module/AnyEvent/Helper/Filter.pm line 39
Module::AnyEvent::Helper::Filter::import('Module::AnyEvent::Helper::Filter', '-as', 'AnyEvent::Net::Amazon::S3::Request::PutPart', '-target', 'Net::Amazon::S3::Request::PutPart', '-transformer', 'Net::Amazon::S3') called at /home/cpansand/.cpan/build/2018102806/AnyEvent-Net-Amazon-S3-v0.04.0.80-1/blib/lib/AnyEvent/Net/Amazon/S3/Request/PutPart.pm line 9
AnyEvent::Net::Amazon::S3::Request::PutPart::BEGIN at /loader/0x288d750/Net/Amazon/S3/Request/PutPart.pm line 0
eval {...} at /loader/0x288d750/Net/Amazon/S3/Request/PutPart.pm line 0
require AnyEvent/Net/Amazon/S3/Request/PutPart.pm at -e line 1
Compilation failed in require at (eval 26) line 2, <$fh> line 113.
at /home/cpansand/.cpan/build/2018102806/Module-AnyEvent-Helper-v0.0.5-1/blib/lib/Module/AnyEvent/Helper/Filter.pm line 39.
BEGIN failed--compilation aborted at /home/cpansand/.cpan/build/2018102806/AnyEvent-Net-Amazon-S3-v0.04.0.80-1/blib/lib/AnyEvent/Net/Amazon/S3/Request/PutPart.pm line 11, <$fh> line 113.
Compilation failed in require at -e line 1, <$fh> line 113.
# Failed test 'AnyEvent/Net/Amazon/S3/Request/SetBucketAccessControl.pm loaded ok'
# at t/00-compile.t line 67.
# got: '65280'
# expected: '0'
Can't load Net::Amazon::S3::Request::SetBucketAccessControl by You can only consume roles, AnyEvent::Net::Amazon::S3::Role::Bucket is not a Moose role at /opt/perl-5.16.3/lib/site_perl/5.16.3/x86_64-linux/Moose/Exporter.pm line 419
Moose::with('AnyEvent::Net::Amazon::S3::Role::Bucket') called at /loader/0x245b8a0/Net/Amazon/S3/Request/SetBucketAccessControl.pm line 17
require Net/Amazon/S3/Request/SetBucketAccessControl.pm at (eval 26) line 2
eval 'require Net::Amazon::S3::Request::SetBucketAccessControl
;' at /home/cpansand/.cpan/build/2018102806/filtered-v0.0.7-1/blib/lib/filtered.pm line 199
filtered::import('filtered', 'by', 'Filter::PPI::Transform', 'with', '\'PPI::Transform::Sequence\',^JModule::AnyEvent::Helper::PPI::Transform::Net::Amazon::S3 => [],^JModule::AnyEvent::Helper::PPI::Transform => [^J-remove_func => [qw()],^J-translate_func => [qw()],^J-replace_func => [qw()],^J-delete_func => [qw()],^J-exclude_func => [qw()]]^J', 'on', 'Net::Amazon::S3::Request::SetBucketAccessControl', 'as', 'AnyEvent::Net::Amazon::S3::Request::SetBucketAccessControl', 'use_ppi', 1) called at /home/cpansand/.cpan/build/2018102806/Module-AnyEvent-Helper-v0.0.5-1/blib/lib/Module/AnyEvent/Helper/Filter.pm line 39
Module::AnyEvent::Helper::Filter::import('Module::AnyEvent::Helper::Filter', '-as', 'AnyEvent::Net::Amazon::S3::Request::SetBucketAccessControl', '-target', 'Net::Amazon::S3::Request::SetBucketAccessControl', '-transformer', 'Net::Amazon::S3') called at /home/cpansand/.cpan/build/2018102806/AnyEvent-Net-Amazon-S3-v0.04.0.80-1/blib/lib/AnyEvent/Net/Amazon/S3/Request/SetBucketAccessControl.pm line 9
AnyEvent::Net::Amazon::S3::Request::SetBucketAccessControl::BEGIN at /loader/0x245b8a0/Net/Amazon/S3/Request/SetBucketAccessControl.pm line 0
eval {...} at /loader/0x245b8a0/Net/Amazon/S3/Request/SetBucketAccessControl.pm line 0
require AnyEvent/Net/Amazon/S3/Request/SetBucketAccessControl.pm at -e line 1
Compilation failed in require at (eval 26) line 2, <$fh> line 113.
at /home/cpansand/.cpan/build/2018102806/Module-AnyEvent-Helper-v0.0.5-1/blib/lib/Module/AnyEvent/Helper/Filter.pm line 39.
BEGIN failed--compilation aborted at /home/cpansand/.cpan/build/2018102806/AnyEvent-Net-Amazon-S3-v0.04.0.80-1/blib/lib/AnyEvent/Net/Amazon/S3/Request/SetBucketAccessControl.pm line 11, <$fh> line 113.
Compilation failed in require at -e line 1, <$fh> line 113.
# Failed test 'AnyEvent/Net/Amazon/S3/Request/SetObjectAccessControl.pm loaded ok'
# at t/00-compile.t line 67.
# got: '65280'
# expected: '0'
Can't load Net::Amazon::S3::Request::SetObjectAccessControl by You can only consume roles, AnyEvent::Net::Amazon::S3::Role::Bucket is not a Moose role at /opt/perl-5.16.3/lib/site_perl/5.16.3/x86_64-linux/Moose/Exporter.pm line 419
Moose::with('AnyEvent::Net::Amazon::S3::Role::Bucket') called at /loader/0x15bd890/Net/Amazon/S3/Request/SetObjectAccessControl.pm line 17
require Net/Amazon/S3/Request/SetObjectAccessControl.pm at (eval 26) line 2
eval 'require Net::Amazon::S3::Request::SetObjectAccessControl
;' at /home/cpansand/.cpan/build/2018102806/filtered-v0.0.7-1/blib/lib/filtered.pm line 199
filtered::import('filtered', 'by', 'Filter::PPI::Transform', 'with', '\'PPI::Transform::Sequence\',^JModule::AnyEvent::Helper::PPI::Transform::Net::Amazon::S3 => [],^JModule::AnyEvent::Helper::PPI::Transform => [^J-remove_func => [qw()],^J-translate_func => [qw()],^J-replace_func => [qw()],^J-delete_func => [qw()],^J-exclude_func => [qw()]]^J', 'on', 'Net::Amazon::S3::Request::SetObjectAccessControl', 'as', 'AnyEvent::Net::Amazon::S3::Request::SetObjectAccessControl', 'use_ppi', 1) called at /home/cpansand/.cpan/build/2018102806/Module-AnyEvent-Helper-v0.0.5-1/blib/lib/Module/AnyEvent/Helper/Filter.pm line 39
Module::AnyEvent::Helper::Filter::import('Module::AnyEvent::Helper::Filter', '-as', 'AnyEvent::Net::Amazon::S3::Request::SetObjectAccessControl', '-target', 'Net::Amazon::S3::Request::SetObjectAccessControl', '-transformer', 'Net::Amazon::S3') called at /home/cpansand/.cpan/build/2018102806/AnyEvent-Net-Amazon-S3-v0.04.0.80-1/blib/lib/AnyEvent/Net/Amazon/S3/Request/SetObjectAccessControl.pm line 9
AnyEvent::Net::Amazon::S3::Request::SetObjectAccessControl::BEGIN at /loader/0x15bd890/Net/Amazon/S3/Request/SetObjectAccessControl.pm line 0
eval {...} at /loader/0x15bd890/Net/Amazon/S3/Request/SetObjectAccessControl.pm line 0
require AnyEvent/Net/Amazon/S3/Request/SetObjectAccessControl.pm at -e line 1
Compilation failed in require at (eval 26) line 2, <$fh> line 113.
at /home/cpansand/.cpan/build/2018102806/Module-AnyEvent-Helper-v0.0.5-1/blib/lib/Module/AnyEvent/Helper/Filter.pm line 39.
BEGIN failed--compilation aborted at /home/cpansand/.cpan/build/2018102806/AnyEvent-Net-Amazon-S3-v0.04.0.80-1/blib/lib/AnyEvent/Net/Amazon/S3/Request/SetObjectAccessControl.pm line 11, <$fh> line 113.
Compilation failed in require at -e line 1, <$fh> line 113.
# Looks like you failed 20 tests of 30.
t/00-compile.t ...............
Dubious, test returned 20 (wstat 5120, 0x1400)
Failed 20/30 subtests
(less 1 skipped subtest: 9 okay)
# Failed test 'use AnyEvent::Net::Amazon::S3;'
# at t/00use.t line 9.
# Tried to use 'AnyEvent::Net::Amazon::S3'.
# Error: Can't load Net::Amazon::S3 by Can't load Net::Amazon::S3::HTTPRequest by Can't locate AnyEvent/Net/Amazon/S3/Signature/V2.pm in @INC (@INC contains: lib /home/cpansand/.cpan/build/2018102806/AnyEvent-Net-Amazon-S3-v0.04.0.80-1/blib/lib /home/cpansand/.cpan/build/2018102806/AnyEvent-Net-Amazon-S3-v0.04.0.80-1/blib/arch /home/cpansand/.cpan/build/2018102806/Module-AnyEvent-Helper-v0.0.5-1/blib/arch /home/cpansand/.cpan/build/2018102806/Module-AnyEvent-Helper-v0.0.5-1/blib/lib /home/cpansand/.cpan/build/2018102806/filtered-v0.0.7-1/blib/arch /home/cpansand/.cpan/build/2018102806/filtered-v0.0.7-1/blib/lib /home/cpansand/.cpan/build/2018102806/PPI-Transform-Sequence-v0.0.3-1/blib/arch /home/cpansand/.cpan/build/2018102806/PPI-Transform-Sequence-v0.0.3-1/blib/lib /home/cpansand/.cpan/build/2018102806/Filter-PPI-Transform-v0.0.2-1/blib/arch /home/cpansand/.cpan/build/2018102806/Filter-PPI-Transform-v0.0.2-1/blib/lib /home/cpansand/.cpan/build/2018102806/Data-Stream-Bulk-AnyEvent-v0.0.2-1/blib/arch /home/cpansand/.cpan/build/2018102806/Data-Stream-Bulk-AnyEvent-v0.0.2-1/blib/lib /home/cpansand/.cpan/build/2018102806/AnyEvent-HTTP-LWP-UserAgent-Determined-v0.05.1.06-1/blib/arch /home/cpansand/.cpan/build/2018102806/AnyEvent-HTTP-LWP-UserAgent-Determined-v0.05.1.06-1/blib/lib /home/cpansand/.cpan/build/2018102806/AnyEvent-HTTP-LWP-UserAgent-0.10-1/blib/arch /home/cpansand/.cpan/build/2018102806/AnyEvent-HTTP-LWP-UserAgent-0.10-1/blib/lib /opt/perl-5.16.3/lib/site_perl/5.16.3/x86_64-linux /opt/perl-5.16.3/lib/site_perl/5.16.3 /opt/perl-5.16.3/lib/5.16.3/x86_64-linux /opt/perl-5.16.3/lib/5.16.3 .) at /loader/0x2d3fa78/Net/Amazon/S3/HTTPRequest.pm line 21, <$fh> line 112.
# BEGIN failed--compilation aborted at /loader/0x2d3fa78/Net/Amazon/S3/HTTPRequest.pm line 21, <$fh> line 112.
# Compilation failed in require at (eval 736) line 2, <$fh> line 112.
# at /home/cpansand/.cpan/build/2018102806/Module-AnyEvent-Helper-v0.0.5-1/blib/lib/Module/AnyEvent/Helper/Filter.pm line 39.
# BEGIN failed--compilation aborted at lib/AnyEvent/Net/Amazon/S3/HTTPRequest.pm line 11, <$fh> line 112.
# Compilation failed in require at /loader/0x2d3fa78/Net/Amazon/S3.pm line 25, <$fh> line 112.
# BEGIN failed--compilation aborted at /loader/0x2d3fa78/Net/Amazon/S3.pm line 25, <$fh> line 112.
# Compilation failed in require at (eval 34) line 2, <$fh> line 112.
# at /home/cpansand/.cpan/build/2018102806/Module-AnyEvent-Helper-v0.0.5-1/blib/lib/Module/AnyEvent/Helper/Filter.pm line 39.
# BEGIN failed--compilation aborted at lib/AnyEvent/Net/Amazon/S3.pm line 53, <$fh> line 112.
# Compilation failed in require at t/00use.t line 9, <$fh> line 112.
# BEGIN failed--compilation aborted at t/00use.t line 9, <$fh> line 112.
# Looks like you failed 1 test of 4.
t/00use.t ....................
Dubious, test returned 1 (wstat 256, 0x100)
Failed 1/4 subtests
t/01api.t .................... skipped: Testing this module for real costs money.
t/02client.t ................. skipped: Testing this module for real costs money.
t/03token.t .................. skipped: Need these vars in ENV: AWS_ACCESS_KEY_ID, AWS_ACCESS_KEY_SECRET, AWS_ACCESS_TOKEN
t/author-critic.t ............ skipped: these tests are for testing by the author
t/author-eol.t ............... skipped: these tests are for testing by the author
t/author-no-tabs.t ........... skipped: these tests are for testing by the author
t/release-cpan-changes.t ..... skipped: these tests are for release candidate testing
t/release-dist-manifest.t .... skipped: these tests are for release candidate testing
t/release-distmeta.t ......... skipped: these tests are for release candidate testing
t/release-kwalitee.t ......... skipped: these tests are for release candidate testing
t/release-meta-json.t ........ skipped: these tests are for release candidate testing
t/release-minimum-version.t .. skipped: these tests are for release candidate testing
t/release-mojibake.t ......... skipped: these tests are for release candidate testing
t/release-pod-coverage.t ..... skipped: these tests are for release candidate testing
t/release-pod-syntax.t ....... skipped: these tests are for release candidate testing
t/release-portability.t ...... skipped: these tests are for release candidate testing
t/release-synopsis.t ......... skipped: these tests are for release candidate testing
t/release-test-version.t ..... skipped: these tests are for release candidate testing
t/release-unused-vars.t ...... skipped: these tests are for release candidate testing
Test Summary Report
-------------------
t/00-compile.t (Wstat: 5120 Tests: 30 Failed: 20)
Failed tests: 1, 6, 8-19, 21-26
Non-zero exit status: 20
t/00use.t (Wstat: 256 Tests: 4 Failed: 1)
Failed test: 1
Non-zero exit status: 1
Files=21, Tests=34, 22 wallclock secs ( 0.07 usr 0.09 sys + 17.53 cusr 2.95 csys = 20.64 CPU)
Result: FAIL
Failed 2/21 test programs. 21/34 subtests failed.
make: *** [test_dynamic] Error 255
------------------------------
PREREQUISITES
------------------------------
Prerequisite modules loaded:
requires:
Module Need Have
------------------------------------------ ----- ----------
AnyEvent 0 7.14
AnyEvent::HTTP::LWP::UserAgent 0.10 0.10
AnyEvent::HTTP::LWP::UserAgent::Determined 0 v0.05.1.06
Data::Stream::Bulk::AnyEvent 0 v0.0.2
filtered 0 v0.0.7
Module::AnyEvent::Helper 0 v0.0.5
Net::Amazon::S3 0.60 0.84
parent 0 0.236
build_requires:
Module Need Have
------------------------------------------ ----- ----------
Digest::MD5::File 0 0.08
File::Spec 0 3.75
File::Temp 0 0.2308
IO::Handle 0 1.39
IPC::Open3 0 1.12
LWP::Simple 0 6.36
Test::Exception 0 0.43
Test::More 0 1.302140
configure_requires:
Module Need Have
------------------------------------------ ----- ----------
ExtUtils::MakeMaker 6.30 7.34
perl 5.006 5.016003
------------------------------
ENVIRONMENT AND OTHER CONTEXT
------------------------------
Environment variables:
LANG = en_US.UTF-8
PATH = /usr/local/bin:/usr/bin:/bin:/usr/local/sbin:/usr/sbin:/sbin:/home/cpansand/bin/linux-gnu:/home/cpansand/bin/sh:/home/cpansand/bin:/usr/games:/home/cpansand/devel:/home/eserte/src/srezic-misc/scripts
PERL5LIB = /home/cpansand/.cpan/build/2018102806/Module-AnyEvent-Helper-v0.0.5-1/blib/arch:/home/cpansand/.cpan/build/2018102806/Module-AnyEvent-Helper-v0.0.5-1/blib/lib:/home/cpansand/.cpan/build/2018102806/filtered-v0.0.7-1/blib/arch:/home/cpansand/.cpan/build/2018102806/filtered-v0.0.7-1/blib/lib:/home/cpansand/.cpan/build/2018102806/PPI-Transform-Sequence-v0.0.3-1/blib/arch:/home/cpansand/.cpan/build/2018102806/PPI-Transform-Sequence-v0.0.3-1/blib/lib:/home/cpansand/.cpan/build/2018102806/Filter-PPI-Transform-v0.0.2-1/blib/arch:/home/cpansand/.cpan/build/2018102806/Filter-PPI-Transform-v0.0.2-1/blib/lib:/home/cpansand/.cpan/build/2018102806/Data-Stream-Bulk-AnyEvent-v0.0.2-1/blib/arch:/home/cpansand/.cpan/build/2018102806/Data-Stream-Bulk-AnyEvent-v0.0.2-1/blib/lib:/home/cpansand/.cpan/build/2018102806/AnyEvent-HTTP-LWP-UserAgent-Determined-v0.05.1.06-1/blib/arch:/home/cpansand/.cpan/build/2018102806/AnyEvent-HTTP-LWP-UserAgent-Determined-v0.05.1.06-1/blib/lib:/home/cpansand/.cpan/build/2018102806/AnyEvent-HTTP-LWP-UserAgent-0.10-1/blib/arch:/home/cpansand/.cpan/build/2018102806/AnyEvent-HTTP-LWP-UserAgent-0.10-1/blib/lib
PERL5OPT =
PERL5_CPANPLUS_IS_RUNNING = 24766
PERL5_CPAN_IS_RUNNING = 24766
PERL5_CPAN_IS_RUNNING_IN_RECURSION = 23335,24766
PERLDOC = -MPod::Perldoc::ToTextOverstrike
PERL_BATCH = yes
PERL_CANARY_STABILITY_NOPROMPT = 1
PERL_CPAN_REPORTER_CONFIG = /var/tmp/cpansmoker-1023/2018102806/cpanreporter_000_config.ini
PERL_EXTUTILS_AUTOINSTALL = --defaultdeps
SHELL = /bin/zsh
TERM = screen
TMPDIR = /var/tmp/cpansmoker-1023/2018102806
Perl special variables (and OS-specific diagnostics, for MSWin32):
$^X = /opt/perl-5.16.3/bin/perl
$UID/$EUID = 1023 / 1023
$GID = 1023 1023
$EGID = 1023 1023
Perl module toolchain versions installed:
Module Have
------------------- --------
CPAN 2.16
CPAN::Meta 2.150010
Cwd 3.75
ExtUtils::CBuilder 0.280230
ExtUtils::Command 7.34
ExtUtils::Install 2.14
ExtUtils::MakeMaker 7.34
ExtUtils::Manifest 1.71
ExtUtils::ParseXS 3.30
File::Spec 3.75
JSON 2.97001
JSON::PP 2.97001
Module::Build 0.4224
Module::Signature 0.83
Parse::CPAN::Meta 2.150010
Test::Harness 3.42
Test::More 1.302140
YAML 1.26
YAML::Syck 1.31
version 0.9919
--
Summary of my perl5 (revision 5 version 16 subversion 3) configuration:
Platform:
osname=linux, osvers=2.6.32-696.3.1.el6.x86_64, archname=x86_64-linux
uname='linux centos6 2.6.32-696.3.1.el6.x86_64 #1 smp tue may 30 19:52:55 utc 2017 x86_64 x86_64 x86_64 gnulinux '
config_args='-ds -e -Dprefix=/opt/perl-5.16.3 -Dcf_email=srezic@cpan.org'
hint=recommended, useposix=true, d_sigaction=define
useithreads=undef, usemultiplicity=undef
useperlio=define, d_sfio=undef, uselargefiles=define, usesocks=undef
use64bitint=define, use64bitall=define, uselongdouble=undef
usemymalloc=n, bincompat5005=undef
Compiler:
cc='cc', ccflags ='-fno-strict-aliasing -pipe -fstack-protector -I/usr/local/include -D_LARGEFILE_SOURCE -D_FILE_OFFSET_BITS=64',
optimize='-O2',
cppflags='-fno-strict-aliasing -pipe -fstack-protector -I/usr/local/include'
ccversion='', gccversion='4.4.7 20120313 (Red Hat 4.4.7-18)', gccosandvers=''
intsize=4, longsize=8, ptrsize=8, doublesize=8, byteorder=12345678
d_longlong=define, longlongsize=8, d_longdbl=define, longdblsize=16
ivtype='long', ivsize=8, nvtype='double', nvsize=8, Off_t='off_t', lseeksize=8
alignbytes=8, prototype=define
Linker and Libraries:
ld='cc', ldflags =' -fstack-protector -L/usr/local/lib'
libpth=/usr/local/lib /lib/../lib64 /usr/lib/../lib64 /lib /usr/lib /lib64 /usr/lib64 /usr/local/lib64
libs=-lnsl -lgdbm -ldb -ldl -lm -lcrypt -lutil -lc
perllibs=-lnsl -ldl -lm -lcrypt -lutil -lc
libc=, so=so, useshrplib=false, libperl=libperl.a
gnulibc_version='2.12'
Dynamic Linking:
dlsrc=dl_dlopen.xs, dlext=so, d_dlsymun=undef, ccdlflags='-Wl,-E'
cccdlflags='-fPIC', lddlflags='-shared -O2 -L/usr/local/lib -fstack-protector'
Characteristics of this binary (from libperl):
Compile-time options: HAS_TIMES PERLIO_LAYERS PERL_DONT_CREATE_GVSV
PERL_MALLOC_WRAP PERL_PRESERVE_IVUV USE_64_BIT_ALL
USE_64_BIT_INT USE_LARGE_FILES USE_LOCALE
USE_LOCALE_COLLATE USE_LOCALE_CTYPE
USE_LOCALE_NUMERIC USE_PERLIO USE_PERL_ATOF
Built under linux
Compiled at Jun 24 2017 09:37:57
%ENV:
PERL5LIB="/home/cpansand/.cpan/build/2018102806/Module-AnyEvent-Helper-v0.0.5-1/blib/arch:/home/cpansand/.cpan/build/2018102806/Module-AnyEvent-Helper-v0.0.5-1/blib/lib:/home/cpansand/.cpan/build/2018102806/filtered-v0.0.7-1/blib/arch:/home/cpansand/.cpan/build/2018102806/filtered-v0.0.7-1/blib/lib:/home/cpansand/.cpan/build/2018102806/PPI-Transform-Sequence-v0.0.3-1/blib/arch:/home/cpansand/.cpan/build/2018102806/PPI-Transform-Sequence-v0.0.3-1/blib/lib:/home/cpansand/.cpan/build/2018102806/Filter-PPI-Transform-v0.0.2-1/blib/arch:/home/cpansand/.cpan/build/2018102806/Filter-PPI-Transform-v0.0.2-1/blib/lib:/home/cpansand/.cpan/build/2018102806/Data-Stream-Bulk-AnyEvent-v0.0.2-1/blib/arch:/home/cpansand/.cpan/build/2018102806/Data-Stream-Bulk-AnyEvent-v0.0.2-1/blib/lib:/home/cpansand/.cpan/build/2018102806/AnyEvent-HTTP-LWP-UserAgent-Determined-v0.05.1.06-1/blib/arch:/home/cpansand/.cpan/build/2018102806/AnyEvent-HTTP-LWP-UserAgent-Determined-v0.05.1.06-1/blib/lib:/home/cpansand/.cpan/build/2018102806/AnyEvent-HTTP-LWP-UserAgent-0.10-1/blib/arch:/home/cpansand/.cpan/build/2018102806/AnyEvent-HTTP-LWP-UserAgent-0.10-1/blib/lib"
PERL5OPT=""
PERL5_CPANPLUS_IS_RUNNING="24766"
PERL5_CPAN_IS_RUNNING="24766"
PERL5_CPAN_IS_RUNNING_IN_RECURSION="23335,24766"
PERLDOC="-MPod::Perldoc::ToTextOverstrike"
PERL_BATCH="yes"
PERL_CANARY_STABILITY_NOPROMPT="1"
PERL_CPAN_REPORTER_CONFIG="/var/tmp/cpansmoker-1023/2018102806/cpanreporter_000_config.ini"
PERL_EXTUTILS_AUTOINSTALL="--defaultdeps"
@INC:
/home/cpansand/.cpan/build/2018102806/Module-AnyEvent-Helper-v0.0.5-1/blib/arch
/home/cpansand/.cpan/build/2018102806/Module-AnyEvent-Helper-v0.0.5-1/blib/lib
/home/cpansand/.cpan/build/2018102806/filtered-v0.0.7-1/blib/arch
/home/cpansand/.cpan/build/2018102806/filtered-v0.0.7-1/blib/lib
/home/cpansand/.cpan/build/2018102806/PPI-Transform-Sequence-v0.0.3-1/blib/arch
/home/cpansand/.cpan/build/2018102806/PPI-Transform-Sequence-v0.0.3-1/blib/lib
/home/cpansand/.cpan/build/2018102806/Filter-PPI-Transform-v0.0.2-1/blib/arch
/home/cpansand/.cpan/build/2018102806/Filter-PPI-Transform-v0.0.2-1/blib/lib
/home/cpansand/.cpan/build/2018102806/Data-Stream-Bulk-AnyEvent-v0.0.2-1/blib/arch
/home/cpansand/.cpan/build/2018102806/Data-Stream-Bulk-AnyEvent-v0.0.2-1/blib/lib
/home/cpansand/.cpan/build/2018102806/AnyEvent-HTTP-LWP-UserAgent-Determined-v0.05.1.06-1/blib/arch
/home/cpansand/.cpan/build/2018102806/AnyEvent-HTTP-LWP-UserAgent-Determined-v0.05.1.06-1/blib/lib
/home/cpansand/.cpan/build/2018102806/AnyEvent-HTTP-LWP-UserAgent-0.10-1/blib/arch
/home/cpansand/.cpan/build/2018102806/AnyEvent-HTTP-LWP-UserAgent-0.10-1/blib/lib
/opt/perl-5.16.3/lib/site_perl/5.16.3/x86_64-linux
/opt/perl-5.16.3/lib/site_perl/5.16.3
/opt/perl-5.16.3/lib/5.16.3/x86_64-linux
/opt/perl-5.16.3/lib/5.16.3
.