Report for TestML-0.08

Back
From: metabase:user:30f4dfbe-2aae-11df-837a-5e0a49663a4f
Subject: FAIL TestML-0.08 v5.10.0 GNU/Linux
Date: 2012-05-26T04:44:44Z

This distribution has been tested as part of the CPAN Testers
project, supporting the Perl programming language.  See
http://wiki.cpantesters.org/ for more information or email
questions to cpan-testers-discuss@perl.org


--
Dear Ingy dot Net,

This is a computer-generated report for TestML-0.08
on perl 5.10.0, created by CPAN-Reporter-1.2006.

Thank you for uploading your work to CPAN.  However, there was a problem
testing your distribution.

If you think this report is invalid, please consult the CPAN Testers Wiki
for suggestions on how to avoid getting FAIL reports for missing library
or binary dependencies, unsupported operating systems, and so on:

http://wiki.cpantesters.org/wiki/CPANAuthorNotes

Sections of this report:

    * Tester comments
    * Program output
    * Prerequisites
    * Environment and other context

------------------------------
TESTER COMMENTS
------------------------------

Additional comments from tester:

this report is from an automated smoke testing program
and was not reviewed by a human for accuracy

------------------------------
PROGRAM OUTPUT
------------------------------

Output from '/usr/bin/make test':

PERL_DL_NONLAZY=1 /home/njh/perl5/perlbrew/perls/perl-5.10.0/bin/perl "-MExtUtils::Command::MM" "-e" "test_harness(0, 'inc', 'blib/lib', 'blib/arch')" t/*.t
Can't locate XXX.pm in @INC (@INC contains: /home/njh/.cpan/build/TestML-0.08-U_eaGg/inc /home/njh/.cpan/build/TestML-0.08-U_eaGg/blib/lib /home/njh/.cpan/build/TestML-0.08-U_eaGg/blib/arch /home/njh/.cpan/build/Pegex-0.19-YVmDgn/blib/arch /home/njh/.cpan/build/Pegex-0.19-YVmDgn/blib/lib /home/njh/.cpan/build/Pegex-0.19-YVmDgn/blib/arch /home/njh/.cpan/build/Pegex-0.19-YVmDgn/blib/lib /home/njh/perl5/perlbrew/perls/perl-5.10.0/lib/5.10.0/x86_64-linux /home/njh/perl5/perlbrew/perls/perl-5.10.0/lib/5.10.0 /home/njh/perl5/perlbrew/perls/perl-5.10.0/lib/site_perl/5.10.0/x86_64-linux /home/njh/perl5/perlbrew/perls/perl-5.10.0/lib/site_perl/5.10.0 .) at /home/njh/.cpan/build/TestML-0.08-U_eaGg/blib/lib/TestML/Runner.pm line 18.
BEGIN failed--compilation aborted at /home/njh/.cpan/build/TestML-0.08-U_eaGg/blib/lib/TestML/Runner.pm line 18.
Compilation failed in require at /home/njh/.cpan/build/TestML-0.08-U_eaGg/blib/lib/TestML/Runner/TAP.pm line 5.
BEGIN failed--compilation aborted at /home/njh/.cpan/build/TestML-0.08-U_eaGg/blib/lib/TestML/Runner/TAP.pm line 5.
Compilation failed in require at (eval 1) line 1.
END failed--call queue aborted.
t/arguments.t .............. 
Dubious, test returned 2 (wstat 512, 0x200)
No subtests run 
Can't locate XXX.pm in @INC (@INC contains: /home/njh/.cpan/build/TestML-0.08-U_eaGg/inc /home/njh/.cpan/build/TestML-0.08-U_eaGg/blib/lib /home/njh/.cpan/build/TestML-0.08-U_eaGg/blib/arch /home/njh/.cpan/build/Pegex-0.19-YVmDgn/blib/arch /home/njh/.cpan/build/Pegex-0.19-YVmDgn/blib/lib /home/njh/.cpan/build/Pegex-0.19-YVmDgn/blib/arch /home/njh/.cpan/build/Pegex-0.19-YVmDgn/blib/lib /home/njh/perl5/perlbrew/perls/perl-5.10.0/lib/5.10.0/x86_64-linux /home/njh/perl5/perlbrew/perls/perl-5.10.0/lib/5.10.0 /home/njh/perl5/perlbrew/perls/perl-5.10.0/lib/site_perl/5.10.0/x86_64-linux /home/njh/perl5/perlbrew/perls/perl-5.10.0/lib/site_perl/5.10.0 .) at /home/njh/.cpan/build/TestML-0.08-U_eaGg/blib/lib/TestML/Runner.pm line 18.
BEGIN failed--compilation aborted at /home/njh/.cpan/build/TestML-0.08-U_eaGg/blib/lib/TestML/Runner.pm line 18.
Compilation failed in require at /home/njh/.cpan/build/TestML-0.08-U_eaGg/blib/lib/TestML/Runner/TAP.pm line 5.
BEGIN failed--compilation aborted at /home/njh/.cpan/build/TestML-0.08-U_eaGg/blib/lib/TestML/Runner/TAP.pm line 5.
Compilation failed in require at (eval 1) line 1.
END failed--call queue aborted.
t/assertions.t ............. 
Dubious, test returned 2 (wstat 512, 0x200)
No subtests run 
Can't locate XXX.pm in @INC (@INC contains: /home/njh/.cpan/build/TestML-0.08-U_eaGg/inc /home/njh/.cpan/build/TestML-0.08-U_eaGg/blib/lib /home/njh/.cpan/build/TestML-0.08-U_eaGg/blib/arch /home/njh/.cpan/build/Pegex-0.19-YVmDgn/blib/arch /home/njh/.cpan/build/Pegex-0.19-YVmDgn/blib/lib /home/njh/.cpan/build/Pegex-0.19-YVmDgn/blib/arch /home/njh/.cpan/build/Pegex-0.19-YVmDgn/blib/lib /home/njh/perl5/perlbrew/perls/perl-5.10.0/lib/5.10.0/x86_64-linux /home/njh/perl5/perlbrew/perls/perl-5.10.0/lib/5.10.0 /home/njh/perl5/perlbrew/perls/perl-5.10.0/lib/site_perl/5.10.0/x86_64-linux /home/njh/perl5/perlbrew/perls/perl-5.10.0/lib/site_perl/5.10.0 .) at /home/njh/.cpan/build/TestML-0.08-U_eaGg/blib/lib/TestML/Runner.pm line 18.
BEGIN failed--compilation aborted at /home/njh/.cpan/build/TestML-0.08-U_eaGg/blib/lib/TestML/Runner.pm line 18.
Compilation failed in require at /home/njh/.cpan/build/TestML-0.08-U_eaGg/blib/lib/TestML/Runner/TAP.pm line 5.
BEGIN failed--compilation aborted at /home/njh/.cpan/build/TestML-0.08-U_eaGg/blib/lib/TestML/Runner/TAP.pm line 5.
Compilation failed in require at t/basic.t line 1.
BEGIN failed--compilation aborted at t/basic.t line 1.
t/basic.t .................. 
Dubious, test returned 2 (wstat 512, 0x200)
No subtests run 
Can't locate XXX.pm in @INC (@INC contains: /home/njh/.cpan/build/TestML-0.08-U_eaGg/inc /home/njh/.cpan/build/TestML-0.08-U_eaGg/blib/lib /home/njh/.cpan/build/TestML-0.08-U_eaGg/blib/arch /home/njh/.cpan/build/Pegex-0.19-YVmDgn/blib/arch /home/njh/.cpan/build/Pegex-0.19-YVmDgn/blib/lib /home/njh/.cpan/build/Pegex-0.19-YVmDgn/blib/arch /home/njh/.cpan/build/Pegex-0.19-YVmDgn/blib/lib /home/njh/perl5/perlbrew/perls/perl-5.10.0/lib/5.10.0/x86_64-linux /home/njh/perl5/perlbrew/perls/perl-5.10.0/lib/5.10.0 /home/njh/perl5/perlbrew/perls/perl-5.10.0/lib/site_perl/5.10.0/x86_64-linux /home/njh/perl5/perlbrew/perls/perl-5.10.0/lib/site_perl/5.10.0 .) at /home/njh/.cpan/build/TestML-0.08-U_eaGg/blib/lib/TestML/Runner.pm line 18.
BEGIN failed--compilation aborted at /home/njh/.cpan/build/TestML-0.08-U_eaGg/blib/lib/TestML/Runner.pm line 18.
Compilation failed in require at /home/njh/.cpan/build/TestML-0.08-U_eaGg/blib/lib/TestML/Runner/TAP.pm line 5.
BEGIN failed--compilation aborted at /home/njh/.cpan/build/TestML-0.08-U_eaGg/blib/lib/TestML/Runner/TAP.pm line 5.
Compilation failed in require at (eval 1) line 1.
END failed--call queue aborted.
t/dataless.t ............... 
Dubious, test returned 2 (wstat 512, 0x200)
No subtests run 
Can't locate XXX.pm in @INC (@INC contains: /home/njh/.cpan/build/TestML-0.08-U_eaGg/inc /home/njh/.cpan/build/TestML-0.08-U_eaGg/blib/lib /home/njh/.cpan/build/TestML-0.08-U_eaGg/blib/arch /home/njh/.cpan/build/Pegex-0.19-YVmDgn/blib/arch /home/njh/.cpan/build/Pegex-0.19-YVmDgn/blib/lib /home/njh/.cpan/build/Pegex-0.19-YVmDgn/blib/arch /home/njh/.cpan/build/Pegex-0.19-YVmDgn/blib/lib /home/njh/perl5/perlbrew/perls/perl-5.10.0/lib/5.10.0/x86_64-linux /home/njh/perl5/perlbrew/perls/perl-5.10.0/lib/5.10.0 /home/njh/perl5/perlbrew/perls/perl-5.10.0/lib/site_perl/5.10.0/x86_64-linux /home/njh/perl5/perlbrew/perls/perl-5.10.0/lib/site_perl/5.10.0 .) at /home/njh/.cpan/build/TestML-0.08-U_eaGg/blib/lib/TestML/Runner.pm line 18.
BEGIN failed--compilation aborted at /home/njh/.cpan/build/TestML-0.08-U_eaGg/blib/lib/TestML/Runner.pm line 18.
Compilation failed in require at /home/njh/.cpan/build/TestML-0.08-U_eaGg/blib/lib/TestML/Runner/TAP.pm line 5.
BEGIN failed--compilation aborted at /home/njh/.cpan/build/TestML-0.08-U_eaGg/blib/lib/TestML/Runner/TAP.pm line 5.
Compilation failed in require at (eval 1) line 1.
END failed--call queue aborted.
t/exceptions.t ............. 
Dubious, test returned 2 (wstat 512, 0x200)
No subtests run 
Can't locate XXX.pm in @INC (@INC contains: /home/njh/.cpan/build/TestML-0.08-U_eaGg/inc /home/njh/.cpan/build/TestML-0.08-U_eaGg/blib/lib /home/njh/.cpan/build/TestML-0.08-U_eaGg/blib/arch /home/njh/.cpan/build/Pegex-0.19-YVmDgn/blib/arch /home/njh/.cpan/build/Pegex-0.19-YVmDgn/blib/lib /home/njh/.cpan/build/Pegex-0.19-YVmDgn/blib/arch /home/njh/.cpan/build/Pegex-0.19-YVmDgn/blib/lib /home/njh/perl5/perlbrew/perls/perl-5.10.0/lib/5.10.0/x86_64-linux /home/njh/perl5/perlbrew/perls/perl-5.10.0/lib/5.10.0 /home/njh/perl5/perlbrew/perls/perl-5.10.0/lib/site_perl/5.10.0/x86_64-linux /home/njh/perl5/perlbrew/perls/perl-5.10.0/lib/site_perl/5.10.0 .) at /home/njh/.cpan/build/TestML-0.08-U_eaGg/blib/lib/TestML/Runner.pm line 18.
BEGIN failed--compilation aborted at /home/njh/.cpan/build/TestML-0.08-U_eaGg/blib/lib/TestML/Runner.pm line 18.
Compilation failed in require at /home/njh/.cpan/build/TestML-0.08-U_eaGg/blib/lib/TestML/Runner/TAP.pm line 5.
BEGIN failed--compilation aborted at /home/njh/.cpan/build/TestML-0.08-U_eaGg/blib/lib/TestML/Runner/TAP.pm line 5.
Compilation failed in require at (eval 1) line 1.
END failed--call queue aborted.
t/external.t ............... 
Dubious, test returned 2 (wstat 512, 0x200)
No subtests run 
Can't locate XXX.pm in @INC (@INC contains: /home/njh/.cpan/build/TestML-0.08-U_eaGg/inc /home/njh/.cpan/build/TestML-0.08-U_eaGg/blib/lib /home/njh/.cpan/build/TestML-0.08-U_eaGg/blib/arch /home/njh/.cpan/build/Pegex-0.19-YVmDgn/blib/arch /home/njh/.cpan/build/Pegex-0.19-YVmDgn/blib/lib /home/njh/.cpan/build/Pegex-0.19-YVmDgn/blib/arch /home/njh/.cpan/build/Pegex-0.19-YVmDgn/blib/lib /home/njh/perl5/perlbrew/perls/perl-5.10.0/lib/5.10.0/x86_64-linux /home/njh/perl5/perlbrew/perls/perl-5.10.0/lib/5.10.0 /home/njh/perl5/perlbrew/perls/perl-5.10.0/lib/site_perl/5.10.0/x86_64-linux /home/njh/perl5/perlbrew/perls/perl-5.10.0/lib/site_perl/5.10.0 .) at /home/njh/.cpan/build/TestML-0.08-U_eaGg/blib/lib/TestML/Runner.pm line 18.
BEGIN failed--compilation aborted at /home/njh/.cpan/build/TestML-0.08-U_eaGg/blib/lib/TestML/Runner.pm line 18.
Compilation failed in require at /home/njh/.cpan/build/TestML-0.08-U_eaGg/blib/lib/TestML/Runner/TAP.pm line 5.
BEGIN failed--compilation aborted at /home/njh/.cpan/build/TestML-0.08-U_eaGg/blib/lib/TestML/Runner/TAP.pm line 5.
Compilation failed in require at (eval 1) line 1.
END failed--call queue aborted.
t/inline-bridge.t .......... 
Dubious, test returned 2 (wstat 512, 0x200)
No subtests run 
Can't locate XXX.pm in @INC (@INC contains: /home/njh/.cpan/build/TestML-0.08-U_eaGg/inc /home/njh/.cpan/build/TestML-0.08-U_eaGg/blib/lib /home/njh/.cpan/build/TestML-0.08-U_eaGg/blib/arch /home/njh/.cpan/build/Pegex-0.19-YVmDgn/blib/arch /home/njh/.cpan/build/Pegex-0.19-YVmDgn/blib/lib /home/njh/.cpan/build/Pegex-0.19-YVmDgn/blib/arch /home/njh/.cpan/build/Pegex-0.19-YVmDgn/blib/lib /home/njh/perl5/perlbrew/perls/perl-5.10.0/lib/5.10.0/x86_64-linux /home/njh/perl5/perlbrew/perls/perl-5.10.0/lib/5.10.0 /home/njh/perl5/perlbrew/perls/perl-5.10.0/lib/site_perl/5.10.0/x86_64-linux /home/njh/perl5/perlbrew/perls/perl-5.10.0/lib/site_perl/5.10.0 .) at /home/njh/.cpan/build/TestML-0.08-U_eaGg/blib/lib/TestML/Runner.pm line 18.
BEGIN failed--compilation aborted at /home/njh/.cpan/build/TestML-0.08-U_eaGg/blib/lib/TestML/Runner.pm line 18.
Compilation failed in require at /home/njh/.cpan/build/TestML-0.08-U_eaGg/blib/lib/TestML/Runner/TAP.pm line 5.
BEGIN failed--compilation aborted at /home/njh/.cpan/build/TestML-0.08-U_eaGg/blib/lib/TestML/Runner/TAP.pm line 5.
Compilation failed in require at (eval 1) line 1.
END failed--call queue aborted.
t/inline.t ................. 
Dubious, test returned 2 (wstat 512, 0x200)
No subtests run 
Can't locate XXX.pm in @INC (@INC contains: /home/njh/.cpan/build/TestML-0.08-U_eaGg/inc /home/njh/.cpan/build/TestML-0.08-U_eaGg/blib/lib /home/njh/.cpan/build/TestML-0.08-U_eaGg/blib/arch /home/njh/.cpan/build/Pegex-0.19-YVmDgn/blib/arch /home/njh/.cpan/build/Pegex-0.19-YVmDgn/blib/lib /home/njh/.cpan/build/Pegex-0.19-YVmDgn/blib/arch /home/njh/.cpan/build/Pegex-0.19-YVmDgn/blib/lib /home/njh/perl5/perlbrew/perls/perl-5.10.0/lib/5.10.0/x86_64-linux /home/njh/perl5/perlbrew/perls/perl-5.10.0/lib/5.10.0 /home/njh/perl5/perlbrew/perls/perl-5.10.0/lib/site_perl/5.10.0/x86_64-linux /home/njh/perl5/perlbrew/perls/perl-5.10.0/lib/site_perl/5.10.0 .) at /home/njh/.cpan/build/TestML-0.08-U_eaGg/blib/lib/TestML/Runner.pm line 18.
BEGIN failed--compilation aborted at /home/njh/.cpan/build/TestML-0.08-U_eaGg/blib/lib/TestML/Runner.pm line 18.
Compilation failed in require at /home/njh/.cpan/build/TestML-0.08-U_eaGg/blib/lib/TestML/Runner/TAP.pm line 5.
BEGIN failed--compilation aborted at /home/njh/.cpan/build/TestML-0.08-U_eaGg/blib/lib/TestML/Runner/TAP.pm line 5.
Compilation failed in require at t/markers.t line 1.
BEGIN failed--compilation aborted at t/markers.t line 1.
t/markers.t ................ 
Dubious, test returned 2 (wstat 512, 0x200)
No subtests run 
Can't locate XXX.pm in @INC (@INC contains: /home/njh/.cpan/build/TestML-0.08-U_eaGg/inc /home/njh/.cpan/build/TestML-0.08-U_eaGg/blib/lib /home/njh/.cpan/build/TestML-0.08-U_eaGg/blib/arch /home/njh/.cpan/build/Pegex-0.19-YVmDgn/blib/arch /home/njh/.cpan/build/Pegex-0.19-YVmDgn/blib/lib /home/njh/.cpan/build/Pegex-0.19-YVmDgn/blib/arch /home/njh/.cpan/build/Pegex-0.19-YVmDgn/blib/lib /home/njh/perl5/perlbrew/perls/perl-5.10.0/lib/5.10.0/x86_64-linux /home/njh/perl5/perlbrew/perls/perl-5.10.0/lib/5.10.0 /home/njh/perl5/perlbrew/perls/perl-5.10.0/lib/site_perl/5.10.0/x86_64-linux /home/njh/perl5/perlbrew/perls/perl-5.10.0/lib/site_perl/5.10.0 .) at t/parse-testml-document.t line 22.
BEGIN failed--compilation aborted at t/parse-testml-document.t line 22.
# Looks like your test exited with 2 before it could output anything.
t/parse-testml-document.t .. 
Dubious, test returned 2 (wstat 512, 0x200)
Failed 23/23 subtests 
Can't locate XXX.pm in @INC (@INC contains: /home/njh/.cpan/build/TestML-0.08-U_eaGg/inc /home/njh/.cpan/build/TestML-0.08-U_eaGg/blib/lib /home/njh/.cpan/build/TestML-0.08-U_eaGg/blib/arch /home/njh/.cpan/build/Pegex-0.19-YVmDgn/blib/arch /home/njh/.cpan/build/Pegex-0.19-YVmDgn/blib/lib /home/njh/.cpan/build/Pegex-0.19-YVmDgn/blib/arch /home/njh/.cpan/build/Pegex-0.19-YVmDgn/blib/lib /home/njh/perl5/perlbrew/perls/perl-5.10.0/lib/5.10.0/x86_64-linux /home/njh/perl5/perlbrew/perls/perl-5.10.0/lib/5.10.0 /home/njh/perl5/perlbrew/perls/perl-5.10.0/lib/site_perl/5.10.0/x86_64-linux /home/njh/perl5/perlbrew/perls/perl-5.10.0/lib/site_perl/5.10.0 .) at /home/njh/.cpan/build/TestML-0.08-U_eaGg/blib/lib/TestML/Runner.pm line 18.
BEGIN failed--compilation aborted at /home/njh/.cpan/build/TestML-0.08-U_eaGg/blib/lib/TestML/Runner.pm line 18.
Compilation failed in require at /home/njh/.cpan/build/TestML-0.08-U_eaGg/blib/lib/TestML/Runner/TAP.pm line 5.
BEGIN failed--compilation aborted at /home/njh/.cpan/build/TestML-0.08-U_eaGg/blib/lib/TestML/Runner/TAP.pm line 5.
Compilation failed in require at (eval 1) line 1.
END failed--call queue aborted.
t/simple-use.t ............. 
Dubious, test returned 2 (wstat 512, 0x200)
No subtests run 
Can't locate XXX.pm in @INC (@INC contains: /home/njh/.cpan/build/TestML-0.08-U_eaGg/inc /home/njh/.cpan/build/TestML-0.08-U_eaGg/blib/lib /home/njh/.cpan/build/TestML-0.08-U_eaGg/blib/arch /home/njh/.cpan/build/Pegex-0.19-YVmDgn/blib/arch /home/njh/.cpan/build/Pegex-0.19-YVmDgn/blib/lib /home/njh/.cpan/build/Pegex-0.19-YVmDgn/blib/arch /home/njh/.cpan/build/Pegex-0.19-YVmDgn/blib/lib /home/njh/perl5/perlbrew/perls/perl-5.10.0/lib/5.10.0/x86_64-linux /home/njh/perl5/perlbrew/perls/perl-5.10.0/lib/5.10.0 /home/njh/perl5/perlbrew/perls/perl-5.10.0/lib/site_perl/5.10.0/x86_64-linux /home/njh/perl5/perlbrew/perls/perl-5.10.0/lib/site_perl/5.10.0 .) at /home/njh/.cpan/build/TestML-0.08-U_eaGg/blib/lib/TestML/Runner.pm line 18.
BEGIN failed--compilation aborted at /home/njh/.cpan/build/TestML-0.08-U_eaGg/blib/lib/TestML/Runner.pm line 18.
Compilation failed in require at /home/njh/.cpan/build/TestML-0.08-U_eaGg/blib/lib/TestML/Runner/TAP.pm line 5.
BEGIN failed--compilation aborted at /home/njh/.cpan/build/TestML-0.08-U_eaGg/blib/lib/TestML/Runner/TAP.pm line 5.
Compilation failed in require at (eval 1) line 1.
END failed--call queue aborted.
t/standard.t ............... 
Dubious, test returned 2 (wstat 512, 0x200)
No subtests run 
Can't locate XXX.pm in @INC (@INC contains: /home/njh/.cpan/build/TestML-0.08-U_eaGg/inc /home/njh/.cpan/build/TestML-0.08-U_eaGg/blib/lib /home/njh/.cpan/build/TestML-0.08-U_eaGg/blib/arch /home/njh/.cpan/build/Pegex-0.19-YVmDgn/blib/arch /home/njh/.cpan/build/Pegex-0.19-YVmDgn/blib/lib /home/njh/.cpan/build/Pegex-0.19-YVmDgn/blib/arch /home/njh/.cpan/build/Pegex-0.19-YVmDgn/blib/lib /home/njh/perl5/perlbrew/perls/perl-5.10.0/lib/5.10.0/x86_64-linux /home/njh/perl5/perlbrew/perls/perl-5.10.0/lib/5.10.0 /home/njh/perl5/perlbrew/perls/perl-5.10.0/lib/site_perl/5.10.0/x86_64-linux /home/njh/perl5/perlbrew/perls/perl-5.10.0/lib/site_perl/5.10.0 .) at /home/njh/.cpan/build/TestML-0.08-U_eaGg/blib/lib/TestML/Runner.pm line 18.
BEGIN failed--compilation aborted at /home/njh/.cpan/build/TestML-0.08-U_eaGg/blib/lib/TestML/Runner.pm line 18.
Compilation failed in require at /home/njh/.cpan/build/TestML-0.08-U_eaGg/blib/lib/TestML/Runner/TAP.pm line 5.
BEGIN failed--compilation aborted at /home/njh/.cpan/build/TestML-0.08-U_eaGg/blib/lib/TestML/Runner/TAP.pm line 5.
Compilation failed in require at (eval 1) line 1.
END failed--call queue aborted.
t/strings.t ................ 
Dubious, test returned 2 (wstat 512, 0x200)
No subtests run 
Can't locate XXX.pm in @INC (@INC contains: /home/njh/.cpan/build/TestML-0.08-U_eaGg/inc /home/njh/.cpan/build/TestML-0.08-U_eaGg/blib/lib /home/njh/.cpan/build/TestML-0.08-U_eaGg/blib/arch /home/njh/.cpan/build/Pegex-0.19-YVmDgn/blib/arch /home/njh/.cpan/build/Pegex-0.19-YVmDgn/blib/lib /home/njh/.cpan/build/Pegex-0.19-YVmDgn/blib/arch /home/njh/.cpan/build/Pegex-0.19-YVmDgn/blib/lib /home/njh/perl5/perlbrew/perls/perl-5.10.0/lib/5.10.0/x86_64-linux /home/njh/perl5/perlbrew/perls/perl-5.10.0/lib/5.10.0 /home/njh/perl5/perlbrew/perls/perl-5.10.0/lib/site_perl/5.10.0/x86_64-linux /home/njh/perl5/perlbrew/perls/perl-5.10.0/lib/site_perl/5.10.0 .) at /home/njh/.cpan/build/TestML-0.08-U_eaGg/blib/lib/TestML/Runner.pm line 18.
BEGIN failed--compilation aborted at /home/njh/.cpan/build/TestML-0.08-U_eaGg/blib/lib/TestML/Runner.pm line 18.
Compilation failed in require at /home/njh/.cpan/build/TestML-0.08-U_eaGg/blib/lib/TestML/Runner/TAP.pm line 5.
BEGIN failed--compilation aborted at /home/njh/.cpan/build/TestML-0.08-U_eaGg/blib/lib/TestML/Runner/TAP.pm line 5.
Compilation failed in require at (eval 1) line 1.
END failed--call queue aborted.
t/truth.t .................. 
Dubious, test returned 2 (wstat 512, 0x200)
No subtests run 
Can't locate XXX.pm in @INC (@INC contains: /home/njh/.cpan/build/TestML-0.08-U_eaGg/inc /home/njh/.cpan/build/TestML-0.08-U_eaGg/blib/lib /home/njh/.cpan/build/TestML-0.08-U_eaGg/blib/arch /home/njh/.cpan/build/Pegex-0.19-YVmDgn/blib/arch /home/njh/.cpan/build/Pegex-0.19-YVmDgn/blib/lib /home/njh/.cpan/build/Pegex-0.19-YVmDgn/blib/arch /home/njh/.cpan/build/Pegex-0.19-YVmDgn/blib/lib /home/njh/perl5/perlbrew/perls/perl-5.10.0/lib/5.10.0/x86_64-linux /home/njh/perl5/perlbrew/perls/perl-5.10.0/lib/5.10.0 /home/njh/perl5/perlbrew/perls/perl-5.10.0/lib/site_perl/5.10.0/x86_64-linux /home/njh/perl5/perlbrew/perls/perl-5.10.0/lib/site_perl/5.10.0 .) at /home/njh/.cpan/build/TestML-0.08-U_eaGg/blib/lib/TestML/Runner.pm line 18.
BEGIN failed--compilation aborted at /home/njh/.cpan/build/TestML-0.08-U_eaGg/blib/lib/TestML/Runner.pm line 18.
Compilation failed in require at /home/njh/.cpan/build/TestML-0.08-U_eaGg/blib/lib/TestML/Runner/TAP.pm line 5.
BEGIN failed--compilation aborted at /home/njh/.cpan/build/TestML-0.08-U_eaGg/blib/lib/TestML/Runner/TAP.pm line 5.
Compilation failed in require at (eval 1) line 1.
END failed--call queue aborted.
t/yaml-tests.t ............. 
Dubious, test returned 2 (wstat 512, 0x200)
No subtests run 

Test Summary Report
-------------------
t/arguments.t            (Wstat: 512 Tests: 0 Failed: 0)
  Non-zero exit status: 2
  Parse errors: No plan found in TAP output
t/assertions.t           (Wstat: 512 Tests: 0 Failed: 0)
  Non-zero exit status: 2
  Parse errors: No plan found in TAP output
t/basic.t                (Wstat: 512 Tests: 0 Failed: 0)
  Non-zero exit status: 2
  Parse errors: No plan found in TAP output
t/dataless.t             (Wstat: 512 Tests: 0 Failed: 0)
  Non-zero exit status: 2
  Parse errors: No plan found in TAP output
t/exceptions.t           (Wstat: 512 Tests: 0 Failed: 0)
  Non-zero exit status: 2
  Parse errors: No plan found in TAP output
t/external.t             (Wstat: 512 Tests: 0 Failed: 0)
  Non-zero exit status: 2
  Parse errors: No plan found in TAP output
t/inline-bridge.t        (Wstat: 512 Tests: 0 Failed: 0)
  Non-zero exit status: 2
  Parse errors: No plan found in TAP output
t/inline.t               (Wstat: 512 Tests: 0 Failed: 0)
  Non-zero exit status: 2
  Parse errors: No plan found in TAP output
t/markers.t              (Wstat: 512 Tests: 0 Failed: 0)
  Non-zero exit status: 2
  Parse errors: No plan found in TAP output
t/parse-testml-document.t (Wstat: 512 Tests: 0 Failed: 0)
  Non-zero exit status: 2
  Parse errors: Bad plan.  You planned 23 tests but ran 0.
t/simple-use.t           (Wstat: 512 Tests: 0 Failed: 0)
  Non-zero exit status: 2
  Parse errors: No plan found in TAP output
t/standard.t             (Wstat: 512 Tests: 0 Failed: 0)
  Non-zero exit status: 2
  Parse errors: No plan found in TAP output
t/strings.t              (Wstat: 512 Tests: 0 Failed: 0)
  Non-zero exit status: 2
  Parse errors: No plan found in TAP output
t/truth.t                (Wstat: 512 Tests: 0 Failed: 0)
  Non-zero exit status: 2
  Parse errors: No plan found in TAP output
t/yaml-tests.t           (Wstat: 512 Tests: 0 Failed: 0)
  Non-zero exit status: 2
  Parse errors: No plan found in TAP output
Files=15, Tests=0,  0 wallclock secs ( 0.03 usr  0.02 sys +  0.17 cusr  0.01 csys =  0.23 CPU)
Result: FAIL
Failed 15/15 test programs. 0/0 subtests failed.
make: *** [test_dynamic] Error 2

------------------------------
PREREQUISITES
------------------------------

Prerequisite modules loaded:

requires:

    Module              Need     Have    
    ------------------- -------- --------
    Pegex               0        0.19    
    perl                5.006001 5.010000

build_requires:

    Module              Need     Have    
    ------------------- -------- --------
    ExtUtils::MakeMaker 6.42     6.62    

configure_requires:

    Module              Need     Have    
    ------------------- -------- --------
    ExtUtils::MakeMaker 6.42     6.62    


------------------------------
ENVIRONMENT AND OTHER CONTEXT
------------------------------

Environment variables:

    AUTOMATED_TESTING = 1
    LANG = en_GB.UTF-8
    LANGUAGE = en_GB:en
    PATH = /home/njh/perl5/perlbrew/bin:/home/njh/perl5/perlbrew/perls/perl-5.10.0/bin:/usr/bin:/bin
    PERL5LIB = /home/njh/.cpan/build/Pegex-0.19-YVmDgn/blib/arch:/home/njh/.cpan/build/Pegex-0.19-YVmDgn/blib/lib
    PERL5OPT = 
    PERL5_CPANPLUS_IS_RUNNING = 29565
    PERL5_CPAN_IS_RUNNING = 29565
    PERL5_MINISMOKEBOX = 0.54
    PERLBREW_MANPATH = /home/njh/perl5/perlbrew/perls/perl-5.10.0/man
    PERLBREW_PATH = /home/njh/perl5/perlbrew/bin:/home/njh/perl5/perlbrew/perls/perl-5.10.0/bin
    PERLBREW_PERL = perl-5.10.0
    PERLBREW_ROOT = /home/njh/perl5/perlbrew
    PERLBREW_VERSION = 0.42
    PERL_EXTUTILS_AUTOINSTALL = --defaultdeps
    PERL_MM_USE_DEFAULT = 1
    SHELL = /bin/sh

Perl special variables (and OS-specific diagnostics, for MSWin32):

    $^X = /home/njh/perl5/perlbrew/perls/perl-5.10.0/bin/perl
    $UID/$EUID = 1000 / 1000
    $GID = 1000 24 25 29 30 44 46 108 112 1000
    $EGID = 1000 24 25 29 30 44 46 108 112 1000

Perl module toolchain versions installed:

    Module              Have    
    ------------------- --------
    CPAN                1.9800  
    CPAN::Meta          2.120921
    Cwd                 3.33    
    ExtUtils::CBuilder  0.280205
    ExtUtils::Command   1.17    
    ExtUtils::Install   1.54    
    ExtUtils::MakeMaker 6.62    
    ExtUtils::Manifest  1.60    
    ExtUtils::ParseXS   3.15    
    File::Spec          3.33    
    JSON                2.53    
    JSON::PP            2.27200 
    Module::Build       0.40    
    Module::Signature   0.68    
    Parse::CPAN::Meta   1.4404  
    Test::Harness       3.23    
    Test::More          0.98    
    YAML                0.81    
    YAML::Syck          1.20    
    version             0.99    


--

Summary of my perl5 (revision 5 version 10 subversion 0) configuration:
  Platform:
    osname=linux, osvers=3.2.0-2-amd64, archname=x86_64-linux
    uname='linux gateway 3.2.0-2-amd64 #1 smp sun apr 15 16:47:38 utc 2012 x86_64 gnulinux '
    config_args='-de -Dprefix=/home/njh/perl5/perlbrew/perls/perl-5.10.0 -Dccflags=-O2 -W -Wformat=2 -Wswitch -Wshadow -Wwrite-strings -Wuninitialized -Wall -pipe -mtune=native -march=native -fomit-frame-pointer -mfpmath=sse -pedantic -D_FORTIFY_SOURCE=2 -Wpointer-arith -Wstrict-prototypes -fstack-protector -Wstack-protector -Wextra -Wbad-function-cast -Wcast-align -Wcast-qual -Wdisabled-optimization -Wendif-labels -Wfloat-equal -Wformat-nonliteral -Winline -Wmissing-declarations -Wmissing-prototypes -Wnested-externs -Wpointer-arith -Wundef -Wformat-security -Accflags=-O2 -W -Wformat=2 -Wswitch -Wshadow -Wwrite-strings -Wuninitialized -Wall -pipe -mtune=native -march=native -fomit-frame-pointer -mfpmath=sse -pedantic -D_FORTIFY_SOURCE=2 -Wpointer-arith -Wstrict-prototypes -fstack-protector -Wstack-protector -Wextra -Wbad-function-cast -Wcast-align -Wcast-qual -Wdisabled-optimization -Wendif-labels -Wfloat-equal -Wformat-nonliteral -Winline -Wmissing-declarations -Wmissing-prototypes -Wnested-externs -Wpointer-arith -Wundef -Wformat-security'
    hint=recommended, useposix=true, d_sigaction=define
    useithreads=undef, usemultiplicity=undef
    useperlio=define, d_sfio=undef, uselargefiles=define, usesocks=undef
    use64bitint=define, use64bitall=define, uselongdouble=undef
    usemymalloc=n, bincompat5005=undef
  Compiler:
    cc='cc', ccflags ='-O2 -W -Wformat=2 -Wswitch -Wshadow -Wwrite-strings -Wuninitialized -Wall -pipe -mtune=native -march=native -fomit-frame-pointer -mfpmath=sse -pedantic -D_FORTIFY_SOURCE=2 -Wpointer-arith -Wstrict-prototypes -fstack-protector -Wstack-protector -Wextra -Wbad-function-cast -Wcast-align -Wcast-qual -Wdisabled-optimization -Wendif-labels -Wfloat-equal -Wformat-nonliteral -Winline -Wmissing-declarations -Wmissing-prototypes -Wnested-externs -Wpointer-arith -Wundef -Wformat-security -O2 -W -Wformat=2 -Wswitch -Wshadow -Wwrite-strings -Wuninitialized -Wall -pipe -mtune=native -march=native -fomit-frame-pointer -mfpmath=sse -pedantic -D_FORTIFY_SOURCE=2 -Wpointer-arith -Wstrict-prototypes -fstack-protector -Wstack-protector -Wextra -Wbad-function-cast -Wcast-align -Wcast-qual -Wdisabled-optimization -Wendif-labels -Wfloat-equal -Wformat-nonliteral -Winline -Wmissing-declarations -Wmissing-prototypes -Wnested-externs -Wpointer-arith -Wundef -Wformat-security -fno-strict-aliasing -I/usr/local/include -D_LARGEFILE_SOURCE -D_FILE_OFFSET_BITS=64',
    optimize='-O2',
    cppflags='-O2 -W -Wformat=2 -Wswitch -Wshadow -Wwrite-strings -Wuninitialized -Wall -pipe -mtune=native -march=native -fomit-frame-pointer -mfpmath=sse -pedantic -D_FORTIFY_SOURCE=2 -Wpointer-arith -Wstrict-prototypes -fstack-protector -Wstack-protector -Wextra -Wbad-function-cast -Wcast-align -Wcast-qual -Wdisabled-optimization -Wendif-labels -Wfloat-equal -Wformat-nonliteral -Winline -Wmissing-declarations -Wmissing-prototypes -Wnested-externs -Wpointer-arith -Wundef -Wformat-security -O2 -W -Wformat=2 -Wswitch -Wshadow -Wwrite-strings -Wuninitialized -Wall -pipe -mtune=native -march=native -fomit-frame-pointer -mfpmath=sse -pedantic -D_FORTIFY_SOURCE=2 -Wpointer-arith -Wstrict-prototypes -fstack-protector -Wstack-protector -Wextra -Wbad-function-cast -Wcast-align -Wcast-qual -Wdisabled-optimization -Wendif-labels -Wfloat-equal -Wformat-nonliteral -Winline -Wmissing-declarations -Wmissing-prototypes -Wnested-externs -Wpointer-arith -Wundef -Wformat-security -fno-strict-aliasing -I/usr/local/include'
    ccversion='', gccversion='4.6.3', gccosandvers=''
    intsize=4, longsize=8, ptrsize=8, doublesize=8, byteorder=12345678
    d_longlong=define, longlongsize=8, d_longdbl=define, longdblsize=16
    ivtype='long', ivsize=8, nvtype='double', nvsize=8, Off_t='off_t', lseeksize=8
    alignbytes=8, prototype=define
  Linker and Libraries:
    ld='cc', ldflags =' -L/usr/local/lib'
    libpth=/usr/local/lib /lib/x86_64-linux-gnu /lib/../lib /usr/lib/x86_64-linux-gnu /usr/lib/../lib /lib /usr/lib
    libs=-lnsl -lgdbm -ldb -ldl -lm -lcrypt -lutil -lc -lgdbm_compat
    perllibs=-lnsl -ldl -lm -lcrypt -lutil -lc -lgdbm_compat
    libc=, so=so, useshrplib=false, libperl=libperl.a
    gnulibc_version='2.13'
  Dynamic Linking:
    dlsrc=dl_dlopen.xs, dlext=so, d_dlsymun=undef, ccdlflags='-Wl,-E'
    cccdlflags='-fPIC', lddlflags='-shared -O2 -L/usr/local/lib'


Characteristics of this binary (from libperl): 
  Compile-time options: PERL_DONT_CREATE_GVSV PERL_MALLOC_WRAP USE_64_BIT_ALL
                        USE_64_BIT_INT USE_LARGE_FILES USE_PERLIO
  Built under linux
  Compiled at Apr 17 2012 11:18:00
  %ENV:
    PERL5LIB="/home/njh/.cpan/build/Pegex-0.19-YVmDgn/blib/arch:/home/njh/.cpan/build/Pegex-0.19-YVmDgn/blib/lib"
    PERL5OPT=""
    PERL5_CPANPLUS_IS_RUNNING="29565"
    PERL5_CPAN_IS_RUNNING="29565"
    PERL5_MINISMOKEBOX="0.54"
    PERLBREW_MANPATH="/home/njh/perl5/perlbrew/perls/perl-5.10.0/man"
    PERLBREW_PATH="/home/njh/perl5/perlbrew/bin:/home/njh/perl5/perlbrew/perls/perl-5.10.0/bin"
    PERLBREW_PERL="perl-5.10.0"
    PERLBREW_ROOT="/home/njh/perl5/perlbrew"
    PERLBREW_VERSION="0.42"
    PERL_EXTUTILS_AUTOINSTALL="--defaultdeps"
    PERL_MM_USE_DEFAULT="1"
  @INC:
    /home/njh/.cpan/build/Pegex-0.19-YVmDgn/blib/arch
    /home/njh/.cpan/build/Pegex-0.19-YVmDgn/blib/lib
    /home/njh/perl5/perlbrew/perls/perl-5.10.0/lib/5.10.0/x86_64-linux
    /home/njh/perl5/perlbrew/perls/perl-5.10.0/lib/5.10.0
    /home/njh/perl5/perlbrew/perls/perl-5.10.0/lib/site_perl/5.10.0/x86_64-linux
    /home/njh/perl5/perlbrew/perls/perl-5.10.0/lib/site_perl/5.10.0
    .