Back
From: metabase:user:9820532a-708b-1014-9a05-b18a96298da1
Subject: FAIL WebService-Booklog-v0.0.1 v5.23.8 GNU/Linux
Date: 2016-03-06T20:53:44Z
This distribution has been tested as part of the CPAN Testers
project, supporting the Perl programming language. See
http://wiki.cpantesters.org/ for more information or email
questions to cpan-testers-discuss@perl.org
--
Dear Yasutaka ATARASHI,
This is a computer-generated report for WebService-Booklog-v0.0.1
on perl 5.23.8, created by CPAN-Reporter-1.2016.
Thank you for uploading your work to CPAN. However, there was a problem
testing your distribution.
If you think this report is invalid, please consult the CPAN Testers Wiki
for suggestions on how to avoid getting FAIL reports for missing library
or binary dependencies, unsupported operating systems, and so on:
http://wiki.cpantesters.org/wiki/CPANAuthorNotes
Sections of this report:
* Tester comments
* Program output
* Prerequisites
* Environment and other context
------------------------------
TESTER COMMENTS
------------------------------
Additional comments from tester:
this report is from an automated smoke testing program
and was not reviewed by a human for accuracy
------------------------------
PROGRAM OUTPUT
------------------------------
Output from '/usr/bin/make test':
PERL_DL_NONLAZY=1 "/opt/perlbrew/perls/perl-5.23.8-thread-multi-ld/bin/perl5.23.8" "-MExtUtils::Command::MM" "-MTest::Harness" "-e" "undef *Test::Harness::Switches; test_harness(0, 'blib/lib', 'blib/arch')" t/*.t
t/01-get_minishelf.t ...... ok
t/02-get_review.t ......... ok
# Failed test 'get_shelf'
# at t/03-get_shelf.t line 10.
# died: malformed JSON string, neither tag, array, object, number, string or atom, at character offset 0 (before "<!DOCTYPE html>\n<ht...") at /opt/perlbrew/perls/perl-5.23.8-thread-multi-ld/lib/site_perl/5.23.8/JSON/Any.pm line 594.
# Failed test 'user->account'
# at t/03-get_shelf.t line 11.
# got: undef
# expected: 'yak1ex'
# Failed test 'no category'
# at t/03-get_shelf.t line 12.
# got: undef
# expected: '0'
# Failed test 'books'
# at t/03-get_shelf.t line 13.
# got: '0'
# expected: '25'
# Failed test 'get_shelf with rank'
# at t/03-get_shelf.t line 16.
# died: malformed JSON string, neither tag, array, object, number, string or atom, at character offset 0 (before "<!DOCTYPE html>\n<ht...") at /opt/perlbrew/perls/perl-5.23.8-thread-multi-ld/lib/site_perl/5.23.8/JSON/Any.pm line 594.
# Failed test 'user->account'
# at t/03-get_shelf.t line 17.
# got: undef
# expected: 'yak1ex'
# Failed test 'no category'
# at t/03-get_shelf.t line 18.
# got: undef
# expected: '0'
# Failed test 'books'
# at t/03-get_shelf.t line 19.
# '0'
# >
# '0'
# Failed test 'get_shelf with category'
# at t/03-get_shelf.t line 22.
# died: malformed JSON string, neither tag, array, object, number, string or atom, at character offset 0 (before "<!DOCTYPE html>\n<ht...") at /opt/perlbrew/perls/perl-5.23.8-thread-multi-ld/lib/site_perl/5.23.8/JSON/Any.pm line 594.
# Failed test 'user->account'
# at t/03-get_shelf.t line 23.
# got: undef
# expected: 'yak1ex'
# Failed test 'category id'
# at t/03-get_shelf.t line 24.
# got: undef
# expected: '2275669'
# Failed test 'books'
# at t/03-get_shelf.t line 25.
# '0'
# >
# '0'
# Failed test 'get_shelf'
# at t/03-get_shelf.t line 28.
# died: malformed JSON string, neither tag, array, object, number, string or atom, at character offset 0 (before "<!DOCTYPE html>\n<ht...") at /opt/perlbrew/perls/perl-5.23.8-thread-multi-ld/lib/site_perl/5.23.8/JSON/Any.pm line 594.
# Failed test 'user->account'
# at t/03-get_shelf.t line 29.
# got: undef
# expected: 'yak1ex'
# Failed test 'no category'
# at t/03-get_shelf.t line 30.
# got: undef
# expected: '0'
# Failed test 'sort'
# at t/03-get_shelf.t line 31.
# got: undef
# expected: 'release_desc'
# Failed test 'books'
# at t/03-get_shelf.t line 32.
# got: '0'
# expected: '25'
# Failed test 'release date'
# at t/03-get_shelf.t line 34.
# got: '0'
# expected: '25'
# Looks like you failed 18 tests of 24.
t/03-get_shelf.t ..........
Dubious, test returned 18 (wstat 4608, 0x1200)
Failed 18/24 subtests
t/author-critic.t ......... skipped: these tests are for testing by the author
t/release-kwalitee.t ...... skipped: these tests are for release candidate testing
t/release-pod-coverage.t .. skipped: these tests are for release candidate testing
t/release-pod-syntax.t .... skipped: these tests are for release candidate testing
Test Summary Report
-------------------
t/03-get_shelf.t (Wstat: 4608 Tests: 24 Failed: 18)
Failed tests: 3-10, 12-15, 17-22
Non-zero exit status: 18
Files=7, Tests=45, 7 wallclock secs ( 0.03 usr 0.00 sys + 0.36 cusr 0.09 csys = 0.48 CPU)
Result: FAIL
Failed 1/7 test programs. 18/45 subtests failed.
make: *** [test_dynamic] Error 255
------------------------------
PREREQUISITES
------------------------------
Prerequisite modules loaded:
requires:
Module Need Have
------------------- ---- --------
JSON::Any 0 1.39
LWP::UserAgent 0 6.15
build_requires:
Module Need Have
------------------- ---- --------
Test::Exception 0 0.43
Test::More 0 1.001014
configure_requires:
Module Need Have
------------------- ---- --------
ExtUtils::MakeMaker 6.30 7.10_01
------------------------------
ENVIRONMENT AND OTHER CONTEXT
------------------------------
Environment variables:
AUTOMATED_TESTING = 1
LANG = en_GB.UTF-8
LANGUAGE = en_GB:en
PATH = /opt/perlbrew/bin:/opt/perlbrew/perls/perl-5.23.8-thread-multi-ld/bin:/home/perlbrew/bin:/usr/local/sbin:/usr/local/bin:/usr/sbin:/usr/bin:/sbin:/bin:/usr/games:/usr/local/games:/home/perlbrew/.rvm/bin
PERL5LIB =
PERL5OPT =
PERL5_CPANPLUS_IS_RUNNING = 22633
PERL5_CPAN_IS_RUNNING = 22633
PERL5_CPAN_IS_RUNNING_IN_RECURSION = 1750,22633
PERLBREW_BASHRC_VERSION = 0.74
PERLBREW_HOME = /home/perlbrew/.perlbrew
PERLBREW_MANPATH = /opt/perlbrew/perls/perl-5.23.8-thread-multi-ld/man
PERLBREW_PATH = /opt/perlbrew/bin:/opt/perlbrew/perls/perl-5.23.8-thread-multi-ld/bin
PERLBREW_PERL = perl-5.23.8-thread-multi-ld
PERLBREW_ROOT = /opt/perlbrew
PERLBREW_VERSION = 0.74
PERL_CPANM_OPT = --mirror http://cpan.cpantesters.org
PERL_CR_SMOKER_CURRENT = App-booklog2amazon-v0.0.1
PERL_EXTUTILS_AUTOINSTALL = --defaultdeps
PERL_MM_USE_DEFAULT = 1
SHELL = /bin/bash
TERM = xterm
Perl special variables (and OS-specific diagnostics, for MSWin32):
$^X = /opt/perlbrew/perls/perl-5.23.8-thread-multi-ld/bin/perl5.23.8
$UID/$EUID = 1001 / 1001
$GID = 1001 27 1001
$EGID = 1001 27 1001
Perl module toolchain versions installed:
Module Have
------------------- --------
CPAN 2.11
CPAN::Meta 2.150005
Cwd 3.63
ExtUtils::CBuilder 0.280225
ExtUtils::Command 7.10
ExtUtils::Install 2.04
ExtUtils::MakeMaker 7.10_01
ExtUtils::Manifest 1.70
ExtUtils::ParseXS 3.31
File::Spec 3.63
JSON 2.90
JSON::PP 2.27300
Module::Build 0.4216
Module::Signature 0.79
Parse::CPAN::Meta 1.4417
Test::Harness 3.36
Test::More 1.001014
YAML 1.15
YAML::Syck 1.29
version 0.9914
--
Summary of my perl5 (revision 5 version 23 subversion 8) configuration:
Platform:
osname=linux, osvers=4.2.0-30-generic, archname=x86_64-linux-thread-multi-ld
uname='linux ubuntu 4.2.0-30-generic #36~14.04.1-ubuntu smp fri feb 26 18:49:23 utc 2016 x86_64 x86_64 x86_64 gnulinux '
config_args='-de -Dprefix=/opt/perlbrew/perls/perl-5.23.8-thread-multi-ld -Duselongdouble -Dusemultiplicity -Dusethreads -Dusedevel -Aeval:scriptdir=/opt/perlbrew/perls/perl-5.23.8-thread-multi-ld/bin'
hint=recommended, useposix=true, d_sigaction=define
useithreads=define, usemultiplicity=define
use64bitint=define, use64bitall=define, uselongdouble=define
usemymalloc=n, bincompat5005=undef
Compiler:
cc='cc', ccflags ='-D_REENTRANT -D_GNU_SOURCE -fwrapv -fno-strict-aliasing -pipe -fstack-protector -I/usr/local/include -D_LARGEFILE_SOURCE -D_FILE_OFFSET_BITS=64',
optimize='-O2',
cppflags='-D_REENTRANT -D_GNU_SOURCE -fwrapv -fno-strict-aliasing -pipe -fstack-protector -I/usr/local/include'
ccversion='', gccversion='4.8.4', gccosandvers=''
intsize=4, longsize=8, ptrsize=8, doublesize=8, byteorder=12345678, doublekind=3
d_longlong=define, longlongsize=8, d_longdbl=define, longdblsize=16, longdblkind=3
ivtype='long', ivsize=8, nvtype='long double', nvsize=16, Off_t='off_t', lseeksize=8
alignbytes=16, prototype=define
Linker and Libraries:
ld='cc', ldflags =' -fstack-protector -L/usr/local/lib'
libpth=/usr/local/lib /usr/lib/gcc/x86_64-linux-gnu/4.8/include-fixed /usr/include/x86_64-linux-gnu /usr/lib /lib/x86_64-linux-gnu /lib/../lib /usr/lib/x86_64-linux-gnu /usr/lib/../lib /lib
libs=-lpthread -lnsl -lgdbm -ldl -lm -lcrypt -lutil -lc -lgdbm_compat
perllibs=-lpthread -lnsl -ldl -lm -lcrypt -lutil -lc
libc=libc-2.19.so, so=so, useshrplib=false, libperl=libperl.a
gnulibc_version='2.19'
Dynamic Linking:
dlsrc=dl_dlopen.xs, dlext=so, d_dlsymun=undef, ccdlflags='-Wl,-E'
cccdlflags='-fPIC', lddlflags='-shared -O2 -L/usr/local/lib -fstack-protector'
Characteristics of this binary (from libperl):
Compile-time options: HAS_TIMES MULTIPLICITY PERLIO_LAYERS
PERL_COPY_ON_WRITE PERL_DONT_CREATE_GVSV
PERL_HASH_FUNC_ONE_AT_A_TIME_HARD
PERL_IMPLICIT_CONTEXT PERL_MALLOC_WRAP
PERL_PRESERVE_IVUV PERL_USE_DEVEL USE_64_BIT_ALL
USE_64_BIT_INT USE_ITHREADS USE_LARGE_FILES
USE_LOCALE USE_LOCALE_COLLATE USE_LOCALE_CTYPE
USE_LOCALE_NUMERIC USE_LOCALE_TIME USE_LONG_DOUBLE
USE_PERLIO USE_PERL_ATOF USE_REENTRANT_API
Locally applied patches:
Devel::PatchPerl 1.38
Built under linux
Compiled at Feb 29 2016 11:35:07
%ENV:
PERL5LIB=""
PERL5OPT=""
PERL5_CPANPLUS_IS_RUNNING="22633"
PERL5_CPAN_IS_RUNNING="22633"
PERL5_CPAN_IS_RUNNING_IN_RECURSION="1750,22633"
PERLBREW_BASHRC_VERSION="0.74"
PERLBREW_HOME="/home/perlbrew/.perlbrew"
PERLBREW_MANPATH="/opt/perlbrew/perls/perl-5.23.8-thread-multi-ld/man"
PERLBREW_PATH="/opt/perlbrew/bin:/opt/perlbrew/perls/perl-5.23.8-thread-multi-ld/bin"
PERLBREW_PERL="perl-5.23.8-thread-multi-ld"
PERLBREW_ROOT="/opt/perlbrew"
PERLBREW_VERSION="0.74"
PERL_CPANM_OPT="--mirror http://cpan.cpantesters.org"
PERL_CR_SMOKER_CURRENT="App-booklog2amazon-v0.0.1"
PERL_EXTUTILS_AUTOINSTALL="--defaultdeps"
PERL_MM_USE_DEFAULT="1"
@INC:
/opt/perlbrew/perls/perl-5.23.8-thread-multi-ld/lib/site_perl/5.23.8/x86_64-linux-thread-multi-ld
/opt/perlbrew/perls/perl-5.23.8-thread-multi-ld/lib/site_perl/5.23.8
/opt/perlbrew/perls/perl-5.23.8-thread-multi-ld/lib/5.23.8/x86_64-linux-thread-multi-ld
/opt/perlbrew/perls/perl-5.23.8-thread-multi-ld/lib/5.23.8
.