Class-Date v1.1.17 Perl 5 v5.16.3 MSWin32-x64-multi-thread

Status
Fail
From
LNATION
Dist
Class-Date v1.1.17
Platform
Perl 5 v5.16.3 MSWin32-x64-multi-thread
Date
2025-05-19 15:02:51
ID
847015db-6e94-1014-a6c9-8f4b6beebf25
This distribution has been tested as part of the CPAN Testers
project, supporting the Perl programming language.  See
http://wiki.cpantesters.org/ for more information or email
questions to cpan-testers-discuss@perl.org


--
Dear Yanick Champoux,

This is a computer-generated report for Class-Date-1.1.17
on perl 5.16.3, created by CPAN-Reporter-1.2020.

Thank you for uploading your work to CPAN.  However, there was a problem
testing your distribution.

If you think this report is invalid, please consult the CPAN Testers Wiki
for suggestions on how to avoid getting FAIL reports for missing library
or binary dependencies, unsupported operating systems, and so on:

http://wiki.cpantesters.org/wiki/CPANAuthorNotes

Sections of this report:

    * Tester comments
    * Program output
    * Prerequisites
    * Environment and other context

------------------------------
TESTER COMMENTS
------------------------------

Additional comments from tester:

this report is from an automated smoke testing program
and was not reviewed by a human for accuracy

------------------------------
PROGRAM OUTPUT
------------------------------

Output from 'C:\strawberry\c\bin\dmake.exe test':

"C:\strawberry\perl\bin\perl.exe" "-MExtUtils::Command::MM" "-MTest::Harness" "-e" "undef *Test::Harness::Switches; test_harness(0, 'blib\lib', 'blib\arch')" t/*.t

#   Failed test 'Class/Date.pm loaded ok'
#   at t/00-compile.t line 40.
#          got: '65280'
#     expected: '0'
POSIX::tzset not implemented on this architecture at C:\strawberry\cpan\build\Class-Date-1.1.17-1S9kXC\blib\lib/Class/Date.pm line 71.
Compilation failed in require at -e line 1.
# Looks like you failed 1 test of 4.
t/00-compile.t .......... 
Dubious, test returned 1 (wstat 256, 0x100)
Failed 1/4 subtests 
# 
# Versions for all modules listed in MYMETA.json (including optional ones):
# 
# === Configure Requires ===
# 
#     Module              Want Have
#     ------------------- ---- ----
#     ExtUtils::MakeMaker  any 7.74
# 
# === Build Requires ===
# 
#     Module              Want Have
#     ------------------- ---- ----
#     ExtUtils::MakeMaker  any 7.74
# 
# === Test Requires ===
# 
#     Module              Want     Have
#     ------------------- ---- --------
#     ExtUtils::MakeMaker  any     7.74
#     File::Spec           any     3.40
#     IO::Handle           any     1.33
#     IPC::Open3           any     1.12
#     Test::More           any 1.302213
#     Test::Warnings       any    0.038
# 
# === Test Recommends ===
# 
#     Module         Want     Have
#     ---------- -------- --------
#     CPAN::Meta 2.120900 2.150010
# 
# === Runtime Requires ===
# 
#     Module       Want Have
#     ------------ ---- ----
#     Carp          any 1.50
#     Date::Parse   any 2.30
#     Exporter      any 5.78
#     POSIX         any 1.30
#     Scalar::Util  any 1.69
#     Time::Local   any 1.35
#     constant      any 1.25
#     overload      any 1.18
#     strict        any 1.07
#     vars          any 1.02
#     warnings      any 1.13
# 
t/00-report-prereqs.t ... ok
POSIX::tzset not implemented on this architecture at C:\strawberry\cpan\build\Class-Date-1.1.17-1S9kXC\blib\lib/Class/Date.pm line 71.
Compilation failed in require at t/00_base.t line 7.
BEGIN failed--compilation aborted at t/00_base.t line 7.
t/00_base.t ............. 
Dubious, test returned 255 (wstat 65280, 0xff00)
No subtests run 
POSIX::tzset not implemented on this architecture at C:\strawberry\cpan\build\Class-Date-1.1.17-1S9kXC\blib\lib/Class/Date.pm line 71.
Compilation failed in require at t/05_parsing.t line 7.
BEGIN failed--compilation aborted at t/05_parsing.t line 7.
t/05_parsing.t .......... 
Dubious, test returned 255 (wstat 65280, 0xff00)
No subtests run 
POSIX::tzset not implemented on this architecture at C:\strawberry\cpan\build\Class-Date-1.1.17-1S9kXC\blib\lib/Class/Date.pm line 71.
Compilation failed in require at t/10_fields.t line 7.
BEGIN failed--compilation aborted at t/10_fields.t line 7.
t/10_fields.t ........... 
Dubious, test returned 255 (wstat 65280, 0xff00)
No subtests run 
POSIX::tzset not implemented on this architecture at C:\strawberry\cpan\build\Class-Date-1.1.17-1S9kXC\blib\lib/Class/Date.pm line 71.
Compilation failed in require at t/20_gmdate.t line 7.
BEGIN failed--compilation aborted at t/20_gmdate.t line 7.
t/20_gmdate.t ........... 
Dubious, test returned 255 (wstat 65280, 0xff00)
No subtests run 
POSIX::tzset not implemented on this architecture at C:\strawberry\cpan\build\Class-Date-1.1.17-1S9kXC\blib\lib/Class/Date.pm line 71.
Compilation failed in require at t/30_localdate.t line 7.
BEGIN failed--compilation aborted at t/30_localdate.t line 7.
t/30_localdate.t ........ 
Dubious, test returned 255 (wstat 65280, 0xff00)
No subtests run 
POSIX::tzset not implemented on this architecture at C:\strawberry\cpan\build\Class-Date-1.1.17-1S9kXC\blib\lib/Class/Date.pm line 71.
Compilation failed in require at t/40_errors.t line 7.
BEGIN failed--compilation aborted at t/40_errors.t line 7.
t/40_errors.t ........... 
Dubious, test returned 255 (wstat 65280, 0xff00)
No subtests run 
POSIX::tzset not implemented on this architecture at C:\strawberry\cpan\build\Class-Date-1.1.17-1S9kXC\blib\lib/Class/Date.pm line 71.
Compilation failed in require at t/50_timezone.t line 5.
BEGIN failed--compilation aborted at t/50_timezone.t line 5.
t/50_timezone.t ......... 
Dubious, test returned 255 (wstat 65280, 0xff00)
Failed 8/8 subtests 
POSIX::tzset not implemented on this architecture at C:\strawberry\cpan\build\Class-Date-1.1.17-1S9kXC\blib\lib/Class/Date.pm line 71.
Compilation failed in require at t/bug-reports.t line 3.
BEGIN failed--compilation aborted at t/bug-reports.t line 3.
t/bug-reports.t ......... 
Dubious, test returned 255 (wstat 65280, 0xff00)
Failed 1/1 subtests 
t/class-date-invalid.t .. ok

Test Summary Report
-------------------
t/00-compile.t        (Wstat: 256 (exited 1) Tests: 4 Failed: 1)
  Failed test:  1
  Non-zero exit status: 1
t/00_base.t           (Wstat: 65280 (exited 255) Tests: 0 Failed: 0)
  Non-zero exit status: 255
  Parse errors: No plan found in TAP output
t/05_parsing.t        (Wstat: 65280 (exited 255) Tests: 0 Failed: 0)
  Non-zero exit status: 255
  Parse errors: No plan found in TAP output
t/10_fields.t         (Wstat: 65280 (exited 255) Tests: 0 Failed: 0)
  Non-zero exit status: 255
  Parse errors: No plan found in TAP output
t/20_gmdate.t         (Wstat: 65280 (exited 255) Tests: 0 Failed: 0)
  Non-zero exit status: 255
  Parse errors: No plan found in TAP output
t/30_localdate.t      (Wstat: 65280 (exited 255) Tests: 0 Failed: 0)
  Non-zero exit status: 255
  Parse errors: No plan found in TAP output
t/40_errors.t         (Wstat: 65280 (exited 255) Tests: 0 Failed: 0)
  Non-zero exit status: 255
  Parse errors: No plan found in TAP output
t/50_timezone.t       (Wstat: 65280 (exited 255) Tests: 0 Failed: 0)
  Non-zero exit status: 255
  Parse errors: Bad plan.  You planned 8 tests but ran 0.
t/bug-reports.t       (Wstat: 65280 (exited 255) Tests: 0 Failed: 0)
  Non-zero exit status: 255
  Parse errors: Bad plan.  You planned 1 tests but ran 0.
Files=11, Tests=7,  3 wallclock secs ( 0.05 usr +  0.09 sys =  0.14 CPU)
Result: FAIL
Failed 9/11 test programs. 1/7 subtests failed.
dmake.exe:  Error code 255, while making 'test_dynamic'

------------------------------
PREREQUISITES
------------------------------

Prerequisite modules loaded:

requires:

    Module              Need  Have    
    ------------------- ----- --------
    Carp                0     1.50    
    constant            0     1.25    
    Date::Parse         0     2.30    
    Exporter            0     5.78    
    overload            0     1.18    
    perl                5.006 5.016003
    POSIX               0     1.30    
    Scalar::Util        0     1.69    
    strict              0     1.07    
    Time::Local         0     1.35    
    vars                0     1.02    
    warnings            0     1.13    

build_requires:

    Module              Need  Have    
    ------------------- ----- --------
    ExtUtils::MakeMaker 0     7.74    
    File::Spec          0     3.40    
    IO::Handle          0     1.33    
    IPC::Open3          0     1.12    
    Test::More          0     1.302213
    Test::Warnings      0     0.038   

configure_requires:

    Module              Need  Have    
    ------------------- ----- --------
    ExtUtils::MakeMaker 0     7.74    


------------------------------
ENVIRONMENT AND OTHER CONTEXT
------------------------------

Environment variables:

    AUTOMATED_TESTING = 1
    COMSPEC = C:\Windows\system32\cmd.exe
    NUMBER_OF_PROCESSORS = 2
    PATH = C:\Windows\system32;C:\Windows;C:\Windows\System32\Wbem;C:\Windows\System32\WindowsPowerShell\v1.0\;C:\Windows\System32\OpenSSH\;C:\Program Files\Amazon\cfn-bootstrap\;C:\strawberry\c\bin;C:\strawberry\perl\site\bin;C:\strawberry\perl\bin;C:\Users\Administrator\AppData\Local\Microsoft\WindowsApps;C:\Users\Administrator\AppData\Local\Microsoft\WinGet\Links;
    PERL5LIB = 
    PERL5OPT = 
    PERL5_CPANPLUS_IS_RUNNING = 6444
    PERL5_CPAN_IS_RUNNING = 6444
    PERL5_CPAN_IS_RUNNING_IN_RECURSION = 7556,6444
    PERL_CR_SMOKER_CURRENT = App-D-1.3.2
    PERL_EXTUTILS_AUTOINSTALL = --defaultdeps
    PERL_MM_USE_DEFAULT = 1
    PROCESSOR_IDENTIFIER = Intel64 Family 6 Model 85 Stepping 7, GenuineIntel
    TEMP = C:\Users\ADMINI~1\AppData\Local\Temp\2
    TERM = dumb

Perl special variables (and OS-specific diagnostics, for MSWin32):

    $^X = C:\strawberry\perl\bin\perl.exe
    $UID/$EUID = 0 / 0
    $GID = 0
    $EGID = 0
    Win32::GetOSName = Win2012
    Win32::GetOSVersion = , 6, 2, 9200, 2, 0, 0, 400, 3
    Win32::FsType = NTFS
    Win32::IsAdminUser = 1

Perl module toolchain versions installed:

    Module              Have    
    ------------------- --------
    CPAN                1.9800  
    CPAN::Meta          2.150010
    Cwd                 3.40    
    ExtUtils::CBuilder  0.280206
    ExtUtils::Command   7.74    
    ExtUtils::Install   2.06    
    ExtUtils::MakeMaker 7.74    
    ExtUtils::Manifest  1.70    
    ExtUtils::ParseXS   3.57    
    File::Spec          3.40    
    JSON                4.10    
    JSON::PP            4.16    
    Module::Build       0.4234  
    Module::Signature   n/a     
    Parse::CPAN::Meta   2.150010
    Test2               1.302213
    Test::Harness       3.52    
    Test::More          1.302213
    YAML                1.31    
    YAML::Syck          1.23    
    version             0.9933  


--

Summary of my perl5 (revision 5 version 16 subversion 3) configuration:
   
  Platform:
    osname=MSWin32, osvers=4.0, archname=MSWin32-x64-multi-thread
    uname='Win32 strawberry-perl 5.16.3.1 #1 Tue Mar 12 12:12:07 2013 x64'
    config_args='undef'
    hint=recommended, useposix=true, d_sigaction=undef
    useithreads=define, usemultiplicity=define
    useperlio=define, d_sfio=undef, uselargefiles=define, usesocks=undef
    use64bitint=define, use64bitall=undef, uselongdouble=undef
    usemymalloc=n, bincompat5005=undef
  Compiler:
    cc='gcc', ccflags =' -s -O2 -DWIN32 -DWIN64 -DCONSERVATIVE  -DPERL_TEXTMODE_SCRIPTS -DPERL_IMPLICIT_CONTEXT -DPERL_IMPLICIT_SYS -fno-strict-aliasing -mms-bitfields',
    optimize='-s -O2',
    cppflags='-DWIN32'
    ccversion='', gccversion='4.6.3', gccosandvers=''
    intsize=4, longsize=4, ptrsize=8, doublesize=8, byteorder=12345678
    d_longlong=define, longlongsize=8, d_longdbl=define, longdblsize=12
    ivtype='long long', ivsize=8, nvtype='double', nvsize=8, Off_t='long long', lseeksize=8
    alignbytes=8, prototype=define
  Linker and Libraries:
    ld='g++', ldflags ='-s -L"C:\strawberry\perl\lib\CORE" -L"C:\strawberry\c\lib"'
    libpth=C:\strawberry\c\lib C:\strawberry\c\x86_64-w64-mingw32\lib
    libs=-lmoldname -lkernel32 -luser32 -lgdi32 -lwinspool -lcomdlg32 -ladvapi32 -lshell32 -lole32 -loleaut32 -lnetapi32 -luuid -lws2_32 -lmpr -lwinmm -lversion -lodbc32 -lodbccp32 -lcomctl32
    perllibs=-lmoldname -lkernel32 -luser32 -lgdi32 -lwinspool -lcomdlg32 -ladvapi32 -lshell32 -lole32 -loleaut32 -lnetapi32 -luuid -lws2_32 -lmpr -lwinmm -lversion -lodbc32 -lodbccp32 -lcomctl32
    libc=, so=dll, useshrplib=true, libperl=libperl516.a
    gnulibc_version=''
  Dynamic Linking:
    dlsrc=dl_win32.xs, dlext=dll, d_dlsymun=undef, ccdlflags=' '
    cccdlflags=' ', lddlflags='-mdll -s -L"C:\strawberry\perl\lib\CORE" -L"C:\strawberry\c\lib"'


Characteristics of this binary (from libperl): 
  Compile-time options: HAS_TIMES HAVE_INTERP_INTERN MULTIPLICITY
                        PERLIO_LAYERS PERL_DONT_CREATE_GVSV
                        PERL_IMPLICIT_CONTEXT PERL_IMPLICIT_SYS
                        PERL_MALLOC_WRAP PERL_PRESERVE_IVUV PL_OP_SLAB_ALLOC
                        USE_64_BIT_INT USE_ITHREADS USE_LARGE_FILES
                        USE_LOCALE USE_LOCALE_COLLATE USE_LOCALE_CTYPE
                        USE_LOCALE_NUMERIC USE_PERLIO USE_PERL_ATOF
  Built under MSWin32
  Compiled at Mar 12 2013 12:16:40
  %ENV:
    PERL5_CPANPLUS_IS_RUNNING="6444"
    PERL5_CPAN_IS_RUNNING="6444"
    PERL5_CPAN_IS_RUNNING_IN_RECURSION="7556,6444"
    PERL_CR_SMOKER_CURRENT="App-D-1.3.2"
    PERL_EXTUTILS_AUTOINSTALL="--defaultdeps"
    PERL_MM_USE_DEFAULT="1"
  @INC:
    C:/strawberry/perl/site/lib
    C:/strawberry/perl/vendor/lib
    C:/strawberry/perl/lib
    .