Report for Proc-BackOff-0.02

Back
From: metabase:user:9c36dc84-a30f-11e0-a9fc-0a18abbd4f2f
Subject: FAIL Proc-BackOff-0.02 v5.20.2 OpenBSD
Date: 2016-08-27T03:22:43Z

This distribution has been tested as part of the CPAN Testers
project, supporting the Perl programming language.  See
http://wiki.cpantesters.org/ for more information or email
questions to cpan-testers-discuss@perl.org


--
Dear Daniel Lo,

This is a computer-generated report for Proc-BackOff-0.02
on perl 5.20.2, created by CPAN-Reporter-1.2018.

Thank you for uploading your work to CPAN.  However, there was a problem
testing your distribution.

If you think this report is invalid, please consult the CPAN Testers Wiki
for suggestions on how to avoid getting FAIL reports for missing library
or binary dependencies, unsupported operating systems, and so on:

http://wiki.cpantesters.org/wiki/CPANAuthorNotes

Sections of this report:

    * Tester comments
    * Program output
    * Prerequisites
    * Environment and other context

------------------------------
TESTER COMMENTS
------------------------------

Additional comments from tester:

this report is from an automated smoke testing program
and was not reviewed by a human for accuracy

------------------------------
PROGRAM OUTPUT
------------------------------

Output from './Build test':

t/01_require.t ............. ok
"my" variable $package masks earlier declaration in same statement at t/02_basic.t line 15.
"my" variable $package masks earlier declaration in same scope at t/02_basic.t line 16.
"my" variable $obj masks earlier declaration in same statement at t/02_basic.t line 22.
"my" variable $obj masks earlier declaration in same scope at t/02_basic.t line 23.
"my" variable $obj masks earlier declaration in same scope at t/02_basic.t line 25.
"my" variable $obj masks earlier declaration in same statement at t/02_basic.t line 25.
"my" variable $obj masks earlier declaration in same scope at t/02_basic.t line 26.
"my" variable $obj masks earlier declaration in same statement at t/02_basic.t line 26.
"my" variable $obj masks earlier declaration in same scope at t/02_basic.t line 27.
"my" variable $obj masks earlier declaration in same scope at t/02_basic.t line 28.
"my" variable $obj masks earlier declaration in same statement at t/02_basic.t line 28.
"my" variable $obj masks earlier declaration in same scope at t/02_basic.t line 30.
"my" variable $obj masks earlier declaration in same scope at t/02_basic.t line 31.
"my" variable $obj masks earlier declaration in same scope at t/02_basic.t line 32.
"my" variable $obj masks earlier declaration in same statement at t/02_basic.t line 32.
"my" variable $obj masks earlier declaration in same scope at t/02_basic.t line 33.
"my" variable $obj masks earlier declaration in same statement at t/02_basic.t line 33.
"my" variable $obj masks earlier declaration in same scope at t/02_basic.t line 35.
"my" variable $obj masks earlier declaration in same scope at t/02_basic.t line 36.
"my" variable $obj masks earlier declaration in same scope at t/02_basic.t line 38.
"my" variable $obj masks earlier declaration in same statement at t/02_basic.t line 38.
"my" variable $obj masks earlier declaration in same statement at t/02_basic.t line 40.
"my" variable $obj masks earlier declaration in same statement at t/02_basic.t line 40.
"my" variable $obj masks earlier declaration in same statement at t/02_basic.t line 42.
"my" variable $obj masks earlier declaration in same statement at t/02_basic.t line 42.
"my" variable $obj masks earlier declaration in same scope at t/02_basic.t line 46.
"my" variable $obj masks earlier declaration in same scope at t/02_basic.t line 51.
"my" variable $obj masks earlier declaration in same scope at t/02_basic.t line 52.
"my" variable $obj masks earlier declaration in same scope at t/02_basic.t line 54.
"my" variable $obj masks earlier declaration in same scope at t/02_basic.t line 55.
"my" variable $obj masks earlier declaration in same scope at t/02_basic.t line 57.
"my" variable $obj masks earlier declaration in same scope at t/02_basic.t line 58.
"my" variable $obj masks earlier declaration in same scope at t/02_basic.t line 60.
"my" variable $obj masks earlier declaration in same scope at t/02_basic.t line 61.
"my" variable $obj masks earlier declaration in same scope at t/02_basic.t line 63.
"my" variable $obj masks earlier declaration in same scope at t/02_basic.t line 64.
"my" variable $obj masks earlier declaration in same scope at t/02_basic.t line 66.
"my" variable $obj masks earlier declaration in same scope at t/02_basic.t line 67.
"my" variable $obj masks earlier declaration in same scope at t/02_basic.t line 68.
"my" variable $obj masks earlier declaration in same scope at t/02_basic.t line 72.
"my" variable $obj masks earlier declaration in same scope at t/02_basic.t line 73.
"my" variable $obj masks earlier declaration in same scope at t/02_basic.t line 75.
"my" variable $obj masks earlier declaration in same scope at t/02_basic.t line 76.
"my" variable $obj masks earlier declaration in same scope at t/02_basic.t line 78.
"my" variable $obj masks earlier declaration in same scope at t/02_basic.t line 79.
"my" variable $obj masks earlier declaration in same scope at t/02_basic.t line 81.
"my" variable $obj masks earlier declaration in same scope at t/02_basic.t line 82.
"my" variable $obj masks earlier declaration in same scope at t/02_basic.t line 84.
"my" variable $obj masks earlier declaration in same scope at t/02_basic.t line 85.
"my" variable $obj masks earlier declaration in same scope at t/02_basic.t line 87.
"my" variable $obj masks earlier declaration in same scope at t/02_basic.t line 88.
"my" variable $obj masks earlier declaration in same scope at t/02_basic.t line 89.
"my" variable $obj masks earlier declaration in same scope at t/02_basic.t line 93.
"my" variable $obj masks earlier declaration in same scope at t/02_basic.t line 94.
"my" variable $obj masks earlier declaration in same scope at t/02_basic.t line 96.
"my" variable $obj masks earlier declaration in same scope at t/02_basic.t line 97.
"my" variable $obj masks earlier declaration in same scope at t/02_basic.t line 99.
"my" variable $obj masks earlier declaration in same scope at t/02_basic.t line 100.
"my" variable $obj masks earlier declaration in same scope at t/02_basic.t line 102.
"my" variable $obj masks earlier declaration in same scope at t/02_basic.t line 103.
"my" variable $obj masks earlier declaration in same scope at t/02_basic.t line 105.
"my" variable $obj masks earlier declaration in same scope at t/02_basic.t line 106.
"my" variable $obj masks earlier declaration in same scope at t/02_basic.t line 108.
"my" variable $obj masks earlier declaration in same scope at t/02_basic.t line 109.
"my" variable $obj masks earlier declaration in same scope at t/02_basic.t line 110.
syntax error at t/02_basic.t line 12, near "$p qw | Random Linear Exponential |"
syntax error at t/02_basic.t line 17, near "}"
syntax error at t/02_basic.t line 44, near "}"
Execution of t/02_basic.t aborted due to compilation errors.
# Looks like your test exited with 255 just after 3.
t/02_basic.t ............... 
Dubious, test returned 255 (wstat 65280, 0xff00)
Failed 24/27 subtests 
t/03_timing_exponential.t .. ok
t/03_timing_linear.t ....... ok
t/03_timing_random.t ....... ok

Test Summary Report
-------------------
t/02_basic.t             (Wstat: 65280 Tests: 3 Failed: 0)
  Non-zero exit status: 255
  Parse errors: Bad plan.  You planned 27 tests but ran 3.
Files=5, Tests=63,  1 wallclock secs ( 0.00 usr  0.06 sys +  0.12 cusr  0.30 csys =  0.48 CPU)
Result: FAIL
Failed 1/5 test programs. 0/63 subtests failed.

------------------------------
PREREQUISITES
------------------------------

Prerequisite modules loaded:

requires:

    Module          Need Have
    --------------- ---- ----
    Class::Accessor 0    0.34


------------------------------
ENVIRONMENT AND OTHER CONTEXT
------------------------------

Environment variables:

    AUTOMATED_TESTING = 1
    PATH = /home/arfreitas/bin:/home/arfreitas/perl5/bin:/usr/bin:/bin:/usr/sbin:/sbin:/usr/X11R6/bin:/usr/local/bin:/usr/local/sbin
    PERL5LIB = /home/arfreitas/perl5/lib/perl5
    PERL5OPT = 
    PERL5_CPANPLUS_IS_RUNNING = 28686
    PERL5_CPAN_IS_RUNNING = 28686
    PERL5_CPAN_IS_RUNNING_IN_RECURSION = 9083,28686
    PERL_AUTOINSTALL = --skip
    PERL_CR_SMOKER_CURRENT = Proc-BackOff-0.02
    PERL_EXTUTILS_AUTOINSTALL = --defaultdeps
    PERL_LOCAL_LIB_ROOT = /home/arfreitas/perl5
    PERL_MB_OPT = --install_base "/home/arfreitas/perl5"
    PERL_MM_OPT = INSTALL_BASE=/home/arfreitas/perl5
    PERL_MM_USE_DEFAULT = 1
    SHELL = /usr/local/bin/bash
    TERM = vt220

Perl special variables (and OS-specific diagnostics, for MSWin32):

    $^X = /usr/bin/perl
    $UID/$EUID = 1000 / 1000
    $GID = 1000 1000 0
    $EGID = 1000 1000 0

Perl module toolchain versions installed:

    Module              Have    
    ------------------- --------
    CPAN                2.15    
    CPAN::Meta          2.150009
    Cwd                 3.62    
    ExtUtils::CBuilder  0.280224
    ExtUtils::Command   7.22    
    ExtUtils::Install   2.04    
    ExtUtils::MakeMaker 7.22    
    ExtUtils::Manifest  1.70    
    ExtUtils::ParseXS   3.30    
    File::Spec          3.62    
    JSON                2.90    
    JSON::PP            2.27400 
    Module::Build       0.4220  
    Module::Signature   n/a     
    Parse::CPAN::Meta   1.4422  
    Test::Harness       3.36    
    Test::More          1.302052
    YAML                1.18    
    YAML::Syck          1.29    
    version             0.9912  


--

Summary of my perl5 (revision 5 version 20 subversion 2) configuration:
   
  Platform:
    osname=openbsd, osvers=5.9, archname=amd64-openbsd
    uname='openbsd'
    config_args='-dsE -Dopenbsd_distribution=defined -Dccflags=-DNO_LOCALE_NUMERIC -DNO_LOCALE_COLLATE -Dmksymlinks'
    hint=recommended, useposix=true, d_sigaction=define
    useithreads=undef, usemultiplicity=undef
    use64bitint=define, use64bitall=define, uselongdouble=undef
    usemymalloc=n, bincompat5005=undef
  Compiler:
    cc='cc', ccflags ='-DNO_LOCALE_NUMERIC -DNO_LOCALE_COLLATE -fno-strict-aliasing -fno-delete-null-pointer-checks -pipe -fstack-protector -I/usr/local/include',
    optimize='-O2',
    cppflags='-DNO_LOCALE_NUMERIC -DNO_LOCALE_COLLATE -fno-strict-aliasing -fno-delete-null-pointer-checks -pipe -fstack-protector -I/usr/local/include'
    ccversion='', gccversion='4.2.1 20070719 ', gccosandvers='openbsd5.9'
    intsize=4, longsize=8, ptrsize=8, doublesize=8, byteorder=12345678
    d_longlong=define, longlongsize=8, d_longdbl=define, longdblsize=16
    ivtype='long', ivsize=8, nvtype='double', nvsize=8, Off_t='off_t', lseeksize=8
    alignbytes=8, prototype=define
  Linker and Libraries:
    ld='cc', ldflags ='-Wl,-E  -fstack-protector -L/usr/local/lib'
    libpth=/usr/lib /usr/local/lib
    libs=-lm -lutil -lc
    perllibs=-lm -lutil -lc
    libc=/usr/lib/libc.a, so=so, useshrplib=true, libperl=libperl.so.17.1
    gnulibc_version=''
  Dynamic Linking:
    dlsrc=dl_dlopen.xs, dlext=so, d_dlsymun=undef, ccdlflags='-Wl,-R/usr/libdata/perl5/amd64-openbsd/5.20.2/CORE'
    cccdlflags='-DPIC -fPIC ', lddlflags='-shared -fPIC  -fstack-protector -L/usr/local/lib'


Characteristics of this binary (from libperl): 
  Compile-time options: HAS_TIMES PERLIO_LAYERS PERL_DONT_CREATE_GVSV
                        PERL_HASH_FUNC_ONE_AT_A_TIME_HARD PERL_MALLOC_WRAP
                        PERL_NEW_COPY_ON_WRITE PERL_PRESERVE_IVUV
                        USE_64_BIT_ALL USE_64_BIT_INT USE_LARGE_FILES
                        USE_LOCALE USE_LOCALE_CTYPE USE_PERLIO USE_PERL_ATOF
  Built under openbsd
  Compiled at Feb 26 2016 01:02:08
  %ENV:
    PERL5LIB="/home/arfreitas/perl5/lib/perl5"
    PERL5OPT=""
    PERL5_CPANPLUS_IS_RUNNING="28686"
    PERL5_CPAN_IS_RUNNING="28686"
    PERL5_CPAN_IS_RUNNING_IN_RECURSION="9083,28686"
    PERL_AUTOINSTALL="--skip"
    PERL_CR_SMOKER_CURRENT="Proc-BackOff-0.02"
    PERL_EXTUTILS_AUTOINSTALL="--defaultdeps"
    PERL_LOCAL_LIB_ROOT="/home/arfreitas/perl5"
    PERL_MB_OPT="--install_base "/home/arfreitas/perl5""
    PERL_MM_OPT="INSTALL_BASE=/home/arfreitas/perl5"
    PERL_MM_USE_DEFAULT="1"
  @INC:
    /home/arfreitas/perl5/lib/perl5/5.20.2/amd64-openbsd
    /home/arfreitas/perl5/lib/perl5/5.20.2
    /home/arfreitas/perl5/lib/perl5/amd64-openbsd
    /home/arfreitas/perl5/lib/perl5
    /usr/local/libdata/perl5/site_perl/amd64-openbsd
    /usr/libdata/perl5/site_perl/amd64-openbsd
    /usr/local/libdata/perl5/site_perl
    /usr/libdata/perl5/site_perl
    /usr/libdata/perl5/amd64-openbsd/5.20.2
    /usr/local/libdata/perl5/amd64-openbsd/5.20.2
    /usr/libdata/perl5
    /usr/local/libdata/perl5
    .