Back
From: metabase:user:314402c4-2aae-11df-837a-5e0a49663a4f
Subject: FAIL OCBNET-WebSprite-v1.0.2 v5.18.2 GNU/Linux
Date: 2014-08-19T20:00:50Z
This distribution has been tested as part of the CPAN Testers
project, supporting the Perl programming language. See
http://wiki.cpantesters.org/ for more information or email
questions to cpan-testers-discuss@perl.org
--
Dear Marcel Greter,
This is a computer-generated report for OCBNET-WebSprite-v1.0.2
on perl 5.18.2, created by CPAN-Reporter-1.2011.
Thank you for uploading your work to CPAN. However, there was a problem
testing your distribution.
If you think this report is invalid, please consult the CPAN Testers Wiki
for suggestions on how to avoid getting FAIL reports for missing library
or binary dependencies, unsupported operating systems, and so on:
http://wiki.cpantesters.org/wiki/CPANAuthorNotes
Sections of this report:
* Tester comments
* Program output
* Prerequisites
* Environment and other context
------------------------------
TESTER COMMENTS
------------------------------
Additional comments from tester:
none provided
------------------------------
PROGRAM OUTPUT
------------------------------
Output from './Build test':
t/01_base.t ... ok
t/02_math.t ... ok
t/03_css.t .... ok
# Failed test 'generated image matches expected'
# at t/98_fam.t line 59.
# got: '1'
# expected: '0'
# Looks like you failed 1 test of 14.
t/98_fam.t ....
Dubious, test returned 1 (wstat 256, 0x100)
Failed 1/14 subtests
WARNING: Some sprites have been configured to be included within a
spriteset, but are not possible to distribute to any area, due to
invalid styles (like repeating and/or beeing flexible in both axes)!
url(imgs/fixed-left-top-2.png) enc(0/0), rep(0/0), pos(5/5)
url(mgs/fixed-right-top-1.png) enc(0/0), rep(0/0), pos(right/5)
url(mgs/fixed-right-top-2.png) enc(0/0), rep(0/0), pos(right/5)
url(s/fixed-left-bottom-1.png) enc(0/0), rep(0/0), pos(5/bottom)
url(s/fixed-left-bottom-2.png) enc(0/0), rep(0/0), pos(5/bottom)
url(/fixed-right-bottom-1.png) enc(0/0), rep(0/0), pos(right/bottom)
url(/fixed-right-bottom-2.png) enc(0/0), rep(0/0), pos(right/bottom)
url(imgs/fixed-left-top-1.png) enc(0/0), rep(1/0), pos(5/5)
url(imgs/fixed-left-top-2.png) enc(0/0), rep(1/0), pos(5/5)
url(mgs/fixed-right-top-1.png) enc(0/0), rep(1/0), pos(right/5)
url(mgs/fixed-right-top-2.png) enc(0/0), rep(1/0), pos(right/5)
url(s/fixed-left-bottom-1.png) enc(0/0), rep(1/0), pos(5/bottom)
url(s/fixed-left-bottom-2.png) enc(0/0), rep(1/0), pos(5/bottom)
url(/fixed-right-bottom-1.png) enc(0/0), rep(1/0), pos(right/bottom)
url(/fixed-right-bottom-2.png) enc(0/0), rep(1/0), pos(right/bottom)
url(imgs/fixed-left-top-1.png) enc(0/0), rep(0/1), pos(5/5)
url(imgs/fixed-left-top-2.png) enc(0/0), rep(0/1), pos(5/5)
url(mgs/fixed-right-top-1.png) enc(0/0), rep(0/1), pos(right/5)
url(mgs/fixed-right-top-2.png) enc(0/0), rep(0/1), pos(right/5)
url(s/fixed-left-bottom-1.png) enc(0/0), rep(0/1), pos(5/bottom)
url(s/fixed-left-bottom-2.png) enc(0/0), rep(0/1), pos(5/bottom)
url(/fixed-right-bottom-1.png) enc(0/0), rep(0/1), pos(right/bottom)
url(/fixed-right-bottom-2.png) enc(0/0), rep(0/1), pos(right/bottom)
WARNING: Some sprites have been configured to be included within a
spriteset, but are not possible to distribute to any area, due to
invalid styles (like repeating and/or beeing flexible in both axes)!
url(imgs/fixed-left-top-2.png) enc(0/0), rep(0/0), pos(5/5)
url(mgs/fixed-right-top-1.png) enc(0/0), rep(0/0), pos(right/5)
url(mgs/fixed-right-top-2.png) enc(0/0), rep(0/0), pos(right/5)
url(s/fixed-left-bottom-1.png) enc(0/0), rep(0/0), pos(5/bottom)
url(s/fixed-left-bottom-2.png) enc(0/0), rep(0/0), pos(5/bottom)
url(/fixed-right-bottom-1.png) enc(0/0), rep(0/0), pos(right/bottom)
url(/fixed-right-bottom-2.png) enc(0/0), rep(0/0), pos(right/bottom)
url(imgs/fixed-left-top-1.png) enc(0/0), rep(1/0), pos(5/5)
url(imgs/fixed-left-top-2.png) enc(0/0), rep(1/0), pos(5/5)
url(mgs/fixed-right-top-1.png) enc(0/0), rep(1/0), pos(right/5)
url(mgs/fixed-right-top-2.png) enc(0/0), rep(1/0), pos(right/5)
url(s/fixed-left-bottom-1.png) enc(0/0), rep(1/0), pos(5/bottom)
url(s/fixed-left-bottom-2.png) enc(0/0), rep(1/0), pos(5/bottom)
url(/fixed-right-bottom-1.png) enc(0/0), rep(1/0), pos(right/bottom)
url(/fixed-right-bottom-2.png) enc(0/0), rep(1/0), pos(right/bottom)
url(imgs/fixed-left-top-1.png) enc(0/0), rep(0/1), pos(5/5)
url(imgs/fixed-left-top-2.png) enc(0/0), rep(0/1), pos(5/5)
url(mgs/fixed-right-top-1.png) enc(0/0), rep(0/1), pos(right/5)
url(mgs/fixed-right-top-2.png) enc(0/0), rep(0/1), pos(right/5)
url(s/fixed-left-bottom-1.png) enc(0/0), rep(0/1), pos(5/bottom)
url(s/fixed-left-bottom-2.png) enc(0/0), rep(0/1), pos(5/bottom)
url(/fixed-right-bottom-1.png) enc(0/0), rep(0/1), pos(right/bottom)
url(/fixed-right-bottom-2.png) enc(0/0), rep(0/1), pos(right/bottom)
t/99_hires.t .. ok
Test Summary Report
-------------------
t/98_fam.t (Wstat: 256 Tests: 14 Failed: 1)
Failed test: 14
Non-zero exit status: 1
Files=5, Tests=55, 6 wallclock secs ( 0.03 usr 0.03 sys + 4.49 cusr 0.60 csys = 5.15 CPU)
Result: FAIL
Failed 1/5 test programs. 1/55 subtests failed.
------------------------------
PREREQUISITES
------------------------------
Prerequisite modules loaded:
requires:
Module Need Have
----------------- ---- --------
File::Slurp 0 9999.19
GD 0 2.53
OCBNET::CSS3 0 0.2.7
build_requires:
Module Need Have
----------------- ---- --------
File::Which 0 1.09
Test::More 0 1.001003
configure_requires:
Module Need Have
----------------- ---- --------
Module::Build 0 0.4206
Software::License 0 0.103010
------------------------------
ENVIRONMENT AND OTHER CONTEXT
------------------------------
Environment variables:
DBIC_NO_WARN_BAD_PERL = 1
LANG = C
LC_ALL = de_DE.UTF-8
PATH = /usr/local/bin:/usr/bin:/bin:/usr/local/sbin:/usr/sbin:/sbin:/home/eserte/bin/linux-gnu:/home/eserte/bin/sh:/home/eserte/bin:/usr/games:/home/eserte/devel:/home/eserte/src/srezic-misc/scripts
PERL5LIB = /home/eserte/.cpan/build/OCBNET-CSS3-v0.2.7-BPAmQv/blib/arch:/home/eserte/.cpan/build/OCBNET-CSS3-v0.2.7-BPAmQv/blib/lib
PERL5OPT =
PERL5_CPANPLUS_IS_RUNNING = 27903
PERL5_CPAN_IS_RUNNING = 27903
PERL5_CPAN_IS_RUNNING_IN_RECURSION = 27826,27903
PERLDOC = -MPod::Perldoc::ToTextOverstrike
PERL_BATCH = yes
PERL_CPAN_REPORTER_CONFIG = /var/tmp/cpansmoker-1001/PKoDCJ_Xg3_config.ini
PERL_EXTUTILS_AUTOINSTALL = --defaultdeps
PERL_HTML_DISPLAY_CLASS = HTML::Display::Mozilla
PERL_PARALLEL_SMOKER = yes
SHELL = /bin/zsh
TERM = screen
TMPDIR = /var/tmp/cpansmoker-1001
Perl special variables (and OS-specific diagnostics, for MSWin32):
$^X = /bbbike/perl-5.18.2/bin/perl5.18.2
$UID/$EUID = 1001 / 1001
$GID = 1001 109 1001
$EGID = 1001 109 1001
Perl module toolchain versions installed:
Module Have
------------------- --------
CPAN 2.05
CPAN::Meta 2.142060
Cwd 3.47
ExtUtils::CBuilder 0.280216
ExtUtils::Command 1.18
ExtUtils::Install 1.68
ExtUtils::MakeMaker 6.98
ExtUtils::Manifest 1.65
ExtUtils::ParseXS 3.24
File::Spec 3.47
JSON 2.90
JSON::PP 2.27203
Module::Build 0.4206
Module::Signature 0.73
Parse::CPAN::Meta 1.4414
Test::Harness 3.33
Test::More 1.001003
YAML 1.06
YAML::Syck 1.27
version 0.9909
--
Summary of my perl5 (revision 5 version 18 subversion 2) configuration:
Platform:
osname=linux, osvers=3.2.0-4-amd64, archname=x86_64-linux
uname='linux eserte 3.2.0-4-amd64 #1 smp debian 3.2.57-3 x86_64 gnulinux '
config_args='-ds -e -Dprefix=/opt/perl-5.18.2'
hint=recommended, useposix=true, d_sigaction=define
useithreads=undef, usemultiplicity=undef
useperlio=define, d_sfio=undef, uselargefiles=define, usesocks=undef
use64bitint=define, use64bitall=define, uselongdouble=undef
usemymalloc=n, bincompat5005=undef
Compiler:
cc='cc', ccflags ='-fno-strict-aliasing -pipe -fstack-protector -I/usr/local/include -D_LARGEFILE_SOURCE -D_FILE_OFFSET_BITS=64',
optimize='-O2',
cppflags='-fno-strict-aliasing -pipe -fstack-protector -I/usr/local/include'
ccversion='', gccversion='4.7.2', gccosandvers=''
intsize=4, longsize=8, ptrsize=8, doublesize=8, byteorder=12345678
d_longlong=define, longlongsize=8, d_longdbl=define, longdblsize=16
ivtype='long', ivsize=8, nvtype='double', nvsize=8, Off_t='off_t', lseeksize=8
alignbytes=8, prototype=define
Linker and Libraries:
ld='cc', ldflags =' -fstack-protector -L/usr/local/lib'
libpth=/usr/local/lib /lib/x86_64-linux-gnu /lib/../lib /usr/lib/x86_64-linux-gnu /usr/lib/../lib /lib /usr/lib
libs=-lnsl -ldb -ldl -lm -lcrypt -lutil -lc
perllibs=-lnsl -ldl -lm -lcrypt -lutil -lc
libc=, so=so, useshrplib=false, libperl=libperl.a
gnulibc_version='2.13'
Dynamic Linking:
dlsrc=dl_dlopen.xs, dlext=so, d_dlsymun=undef, ccdlflags='-Wl,-E'
cccdlflags='-fPIC', lddlflags='-shared -O2 -L/usr/local/lib -fstack-protector'
Characteristics of this binary (from libperl):
Compile-time options: HAS_TIMES PERLIO_LAYERS PERL_DONT_CREATE_GVSV
PERL_HASH_FUNC_ONE_AT_A_TIME_HARD PERL_MALLOC_WRAP
PERL_PRESERVE_IVUV PERL_SAWAMPERSAND USE_64_BIT_ALL
USE_64_BIT_INT USE_LARGE_FILES USE_LOCALE
USE_LOCALE_COLLATE USE_LOCALE_CTYPE
USE_LOCALE_NUMERIC USE_PERLIO USE_PERL_ATOF
Built under linux
Compiled at May 7 2014 07:25:45
%ENV:
PERL5LIB="/home/eserte/.cpan/build/OCBNET-CSS3-v0.2.7-BPAmQv/blib/arch:/home/eserte/.cpan/build/OCBNET-CSS3-v0.2.7-BPAmQv/blib/lib"
PERL5OPT=""
PERL5_CPANPLUS_IS_RUNNING="27903"
PERL5_CPAN_IS_RUNNING="27903"
PERL5_CPAN_IS_RUNNING_IN_RECURSION="27826,27903"
PERLDOC="-MPod::Perldoc::ToTextOverstrike"
PERL_BATCH="yes"
PERL_CPAN_REPORTER_CONFIG="/var/tmp/cpansmoker-1001/PKoDCJ_Xg3_config.ini"
PERL_EXTUTILS_AUTOINSTALL="--defaultdeps"
PERL_HTML_DISPLAY_CLASS="HTML::Display::Mozilla"
PERL_PARALLEL_SMOKER="yes"
@INC:
/home/eserte/.cpan/build/OCBNET-CSS3-v0.2.7-BPAmQv/blib/arch
/home/eserte/.cpan/build/OCBNET-CSS3-v0.2.7-BPAmQv/blib/lib
/opt/perl-5.18.2/lib/site_perl/5.18.2/x86_64-linux
/opt/perl-5.18.2/lib/site_perl/5.18.2
/opt/perl-5.18.2/lib/5.18.2/x86_64-linux
/opt/perl-5.18.2/lib/5.18.2
.