Report for Scalar-Construct-0.000

Back
From: metabase:user:322078bc-2aae-11df-837a-5e0a49663a4f
Subject: FAIL Scalar-Construct-0.000 v5.10.0 FreeBSD
Date: 2012-02-09T17:14:26Z

This distribution has been tested as part of the CPAN Testers
project, supporting the Perl programming language.  See
http://wiki.cpantesters.org/ for more information or email
questions to cpan-testers-discuss@perl.org


--

Dear ZEFRAM,

This is a computer-generated error report created automatically by
CPANPLUS, version 0.9116. Testers personal comments may appear
at the end of this report.


Thank you for uploading your work to CPAN.  However, it appears that
there were some problems testing your distribution.

TEST RESULTS:

Below is the error stack from stage 'make test':

[MSG] [Thu Feb  9 17:14:26 2012] Building Scalar-Construct
cc -I/usr/home/cpan/pit/thr/perl-5.10.0/lib/5.10.0/amd64-freebsd-thread-multi/CORE -DXS_VERSION="0.000" -DVERSION="0.000" -DPIC -fPIC -c -DHAS_FPSETMASK -DHAS_FLOATINGPOINT_H -fno-strict-aliasing -pipe -I/usr/local/include -O -o lib/Scalar/Construct.o lib/Scalar/Construct.c
ExtUtils::Mkbootstrap::Mkbootstrap('blib/arch/auto/Scalar/Construct/Construct.bs')
cc -shared -L/usr/local/lib -o blib/arch/auto/Scalar/Construct/Construct.so lib/Scalar/Construct.o

[ERROR] [Thu Feb  9 17:14:26 2012] MAKE TEST failed:

#   Failed test 'use Scalar::Construct;'
#   at t/aliasobj.t line 6.
#     Tried to use 'Scalar::Construct'.
#     Error:  Can't locate parent.pm in @INC (@INC contains: /usr/home/cpan/pit/thr/conf/perl-5.10.0/.cpanplus/5.10.0/build/Scalar-Construct-0.000/blib/lib /usr/home/cpan/pit/thr/conf/perl-5.10.0/.cpanplus/5.10.0/build/Scalar-Construct-0.000/blib/arch /usr/home/cpan/pit/thr/conf/perl-5.10.0/.cpanplus/5.10.0/build/Scalar-Construct-0.000/blib/lib /usr/home/cpan/pit/thr/conf/perl-5.10.0/.cpanplus/5.10.0/build/Scalar-Construct-0.000/blib/arch /usr/home/cpan/pit/thr/perl-5.10.0/lib/5.10.0/amd64-freebsd-thread-multi /usr/home/cpan/pit/thr/perl-5.10.0/lib/5.10.0 /usr/home/cpan/pit/thr/perl-5.10.0/lib/site_perl/5.10.0/amd64-freebsd-thread-multi /usr/home/cpan/pit/thr/perl-5.10.0/lib/site_perl/5.10.0 .) at /usr/home/cpan/pit/thr/conf/perl-5.10.0/.cpanplus/5.10.0/build/Scalar-Construct-0.000/blib/lib/Scalar/Construct.pm line 31.
# BEGIN failed--compilation aborted at /usr/home/cpan/pit/thr/conf/perl-5.10.0/.cpanplus/5.10.0/build/Scalar-Construct-0.000/blib/lib/Scalar/Construct.pm line 31.
# Compilation failed in require at (eval 4) line 2.
# BEGIN failed--compilation aborted at (eval 4) line 2.
Undefined subroutine &main::aliasobj called at t/aliasobj.t line 11.
# Looks like you planned 23 tests but ran 1.
# Looks like you failed 1 test of 1 run.
# Looks like your test exited with 255 just after 1.
t/aliasobj.t ..... 
Dubious, test returned 255 (wstat 65280, 0xff00)
Failed 23/23 subtests 

#   Failed test 'use Scalar::Construct;'
#   at t/aliasref.t line 6.
#     Tried to use 'Scalar::Construct'.
#     Error:  Can't locate parent.pm in @INC (@INC contains: /usr/home/cpan/pit/thr/conf/perl-5.10.0/.cpanplus/5.10.0/build/Scalar-Construct-0.000/blib/lib /usr/home/cpan/pit/thr/conf/perl-5.10.0/.cpanplus/5.10.0/build/Scalar-Construct-0.000/blib/arch /usr/home/cpan/pit/thr/conf/perl-5.10.0/.cpanplus/5.10.0/build/Scalar-Construct-0.000/blib/lib /usr/home/cpan/pit/thr/conf/perl-5.10.0/.cpanplus/5.10.0/build/Scalar-Construct-0.000/blib/arch /usr/home/cpan/pit/thr/perl-5.10.0/lib/5.10.0/amd64-freebsd-thread-multi /usr/home/cpan/pit/thr/perl-5.10.0/lib/5.10.0 /usr/home/cpan/pit/thr/perl-5.10.0/lib/site_perl/5.10.0/amd64-freebsd-thread-multi /usr/home/cpan/pit/thr/perl-5.10.0/lib/site_perl/5.10.0 .) at /usr/home/cpan/pit/thr/conf/perl-5.10.0/.cpanplus/5.10.0/build/Scalar-Construct-0.000/blib/lib/Scalar/Construct.pm line 31.
# BEGIN failed--compilation aborted at /usr/home/cpan/pit/thr/conf/perl-5.10.0/.cpanplus/5.10.0/build/Scalar-Construct-0.000/blib/lib/Scalar/Construct.pm line 31.
# Compilation failed in require at (eval 4) line 2.
# BEGIN failed--compilation aborted at (eval 4) line 2.

#   Failed test at t/aliasref.t line 8.
#                   'Undefined subroutine &main::aliasref called at t/aliasref.t line 8.
# '
#     doesn't match '(?-xism:\Anot a scalar reference)'

#   Failed test at t/aliasref.t line 9.
#                   'Undefined subroutine &main::aliasref called at t/aliasref.t line 9.
# '
#     doesn't match '(?-xism:\Anot a scalar reference)'
Undefined subroutine &main::aliasref called at t/aliasref.t line 14.
# Looks like you planned 25 tests but ran 3.
# Looks like you failed 3 tests of 3 run.
# Looks like your test exited with 255 just after 3.
t/aliasref.t ..... 
Dubious, test returned 255 (wstat 65280, 0xff00)
Failed 25/25 subtests 

#   Failed test 'use Scalar::Construct;'
#   at t/constant.t line 6.
#     Tried to use 'Scalar::Construct'.
#     Error:  Can't locate parent.pm in @INC (@INC contains: /usr/home/cpan/pit/thr/conf/perl-5.10.0/.cpanplus/5.10.0/build/Scalar-Construct-0.000/blib/lib /usr/home/cpan/pit/thr/conf/perl-5.10.0/.cpanplus/5.10.0/build/Scalar-Construct-0.000/blib/arch /usr/home/cpan/pit/thr/conf/perl-5.10.0/.cpanplus/5.10.0/build/Scalar-Construct-0.000/blib/lib /usr/home/cpan/pit/thr/conf/perl-5.10.0/.cpanplus/5.10.0/build/Scalar-Construct-0.000/blib/arch /usr/home/cpan/pit/thr/perl-5.10.0/lib/5.10.0/amd64-freebsd-thread-multi /usr/home/cpan/pit/thr/perl-5.10.0/lib/5.10.0 /usr/home/cpan/pit/thr/perl-5.10.0/lib/site_perl/5.10.0/amd64-freebsd-thread-multi /usr/home/cpan/pit/thr/perl-5.10.0/lib/site_perl/5.10.0 .) at /usr/home/cpan/pit/thr/conf/perl-5.10.0/.cpanplus/5.10.0/build/Scalar-Construct-0.000/blib/lib/Scalar/Construct.pm line 31.
# BEGIN failed--compilation aborted at /usr/home/cpan/pit/thr/conf/perl-5.10.0/.cpanplus/5.10.0/build/Scalar-Construct-0.000/blib/lib/Scalar/Construct.pm line 31.
# Compilation failed in require at (eval 4) line 2.
# BEGIN failed--compilation aborted at (eval 4) line 2.
Undefined subroutine &main::constant called at t/constant.t line 10.
# Looks like you planned 28 tests but ran 1.
# Looks like you failed 1 test of 1 run.
# Looks like your test exited with 255 just after 1.
t/constant.t ..... 
Dubious, test returned 255 (wstat 65280, 0xff00)
Failed 28/28 subtests 
t/pod_cvg.t ...... skipped: Test::Pod::Coverage not available
t/pod_syn.t ...... skipped: Test::Pod not available

#   Failed test 'require Scalar::Construct;'
#   at t/short_names.t line 6.
#     Tried to require 'Scalar::Construct'.
#     Error:  Can't locate parent.pm in @INC (@INC contains: /usr/home/cpan/pit/thr/conf/perl-5.10.0/.cpanplus/5.10.0/build/Scalar-Construct-0.000/blib/lib /usr/home/cpan/pit/thr/conf/perl-5.10.0/.cpanplus/5.10.0/build/Scalar-Construct-0.000/blib/arch /usr/home/cpan/pit/thr/conf/perl-5.10.0/.cpanplus/5.10.0/build/Scalar-Construct-0.000/blib/lib /usr/home/cpan/pit/thr/conf/perl-5.10.0/.cpanplus/5.10.0/build/Scalar-Construct-0.000/blib/arch /usr/home/cpan/pit/thr/perl-5.10.0/lib/5.10.0/amd64-freebsd-thread-multi /usr/home/cpan/pit/thr/perl-5.10.0/lib/5.10.0 /usr/home/cpan/pit/thr/perl-5.10.0/lib/site_perl/5.10.0/amd64-freebsd-thread-multi /usr/home/cpan/pit/thr/perl-5.10.0/lib/site_perl/5.10.0 .) at /usr/home/cpan/pit/thr/conf/perl-5.10.0/.cpanplus/5.10.0/build/Scalar-Construct-0.000/blib/lib/Scalar/Construct.pm line 31.
# BEGIN failed--compilation aborted at /usr/home/cpan/pit/thr/conf/perl-5.10.0/.cpanplus/5.10.0/build/Scalar-Construct-0.000/blib/lib/Scalar/Construct.pm line 31.
# Compilation failed in require at (eval 4) line 2.

#   Failed test at t/short_names.t line 16.

#   Failed test at t/short_names.t line 17.

#   Failed test 'use Scalar::Construct;'
#   at t/short_names.t line 18.
#     Tried to use 'Scalar::Construct'.
#     Error:  Attempt to reload Scalar/Construct.pm aborted.
# Compilation failed in require at (eval 5) line 2.
# BEGIN failed--compilation aborted at (eval 5) line 2.

#   Failed test at t/short_names.t line 16.

#   Failed test at t/short_names.t line 17.

#   Failed test 'use Scalar::Construct;'
#   at t/short_names.t line 18.
#     Tried to use 'Scalar::Construct'.
#     Error:  Attempt to reload Scalar/Construct.pm aborted.
# Compilation failed in require at (eval 6) line 2.
# BEGIN failed--compilation aborted at (eval 6) line 2.

#   Failed test at t/short_names.t line 16.

#   Failed test at t/short_names.t line 17.

#   Failed test 'use Scalar::Construct;'
#   at t/short_names.t line 18.
#     Tried to use 'Scalar::Construct'.
#     Error:  Attempt to reload Scalar/Construct.pm aborted.
# Compilation failed in require at (eval 7) line 2.
# BEGIN failed--compilation aborted at (eval 7) line 2.

#   Failed test at t/short_names.t line 16.

#   Failed test at t/short_names.t line 17.

#   Failed test 'use Scalar::Construct;'
#   at t/short_names.t line 18.
#     Tried to use 'Scalar::Construct'.
#     Error:  Attempt to reload Scalar/Construct.pm aborted.
# Compilation failed in require at (eval 8) line 2.
# BEGIN failed--compilation aborted at (eval 8) line 2.
# Looks like you failed 13 tests of 13.
t/short_names.t .. 
Dubious, test returned 13 (wstat 3328, 0xd00)
Failed 13/13 subtests 

#   Failed test 'use Scalar::Construct;'
#   at t/variable.t line 6.
#     Tried to use 'Scalar::Construct'.
#     Error:  Can't locate parent.pm in @INC (@INC contains: /usr/home/cpan/pit/thr/conf/perl-5.10.0/.cpanplus/5.10.0/build/Scalar-Construct-0.000/blib/lib /usr/home/cpan/pit/thr/conf/perl-5.10.0/.cpanplus/5.10.0/build/Scalar-Construct-0.000/blib/arch /usr/home/cpan/pit/thr/conf/perl-5.10.0/.cpanplus/5.10.0/build/Scalar-Construct-0.000/blib/lib /usr/home/cpan/pit/thr/conf/perl-5.10.0/.cpanplus/5.10.0/build/Scalar-Construct-0.000/blib/arch /usr/home/cpan/pit/thr/perl-5.10.0/lib/5.10.0/amd64-freebsd-thread-multi /usr/home/cpan/pit/thr/perl-5.10.0/lib/5.10.0 /usr/home/cpan/pit/thr/perl-5.10.0/lib/site_perl/5.10.0/amd64-freebsd-thread-multi /usr/home/cpan/pit/thr/perl-5.10.0/lib/site_perl/5.10.0 .) at /usr/home/cpan/pit/thr/conf/perl-5.10.0/.cpanplus/5.10.0/build/Scalar-Construct-0.000/blib/lib/Scalar/Construct.pm line 31.
# BEGIN failed--compilation aborted at /usr/home/cpan/pit/thr/conf/perl-5.10.0/.cpanplus/5.10.0/build/Scalar-Construct-0.000/blib/lib/Scalar/Construct.pm line 31.
# Compilation failed in require at (eval 4) line 2.
# BEGIN failed--compilation aborted at (eval 4) line 2.
Undefined subroutine &main::variable called at t/variable.t line 10.
# Looks like you planned 30 tests but ran 1.
# Looks like you failed 1 test of 1 run.
# Looks like your test exited with 255 just after 1.
t/variable.t ..... 
Dubious, test returned 255 (wstat 65280, 0xff00)
Failed 30/30 subtests 

Test Summary Report
-------------------
t/aliasobj.t   (Wstat: 65280 Tests: 1 Failed: 1)
  Failed test:  1
  Non-zero exit status: 255
  Parse errors: Bad plan.  You planned 23 tests but ran 1.
t/aliasref.t   (Wstat: 65280 Tests: 3 Failed: 3)
  Failed tests:  1-3
  Non-zero exit status: 255
  Parse errors: Bad plan.  You planned 25 tests but ran 3.
t/constant.t   (Wstat: 65280 Tests: 1 Failed: 1)
  Failed test:  1
  Non-zero exit status: 255
  Parse errors: Bad plan.  You planned 28 tests but ran 1.
t/short_names.t (Wstat: 3328 Tests: 13 Failed: 13)
  Failed tests:  1-13
  Non-zero exit status: 13
t/variable.t   (Wstat: 65280 Tests: 1 Failed: 1)
  Failed test:  1
  Non-zero exit status: 255
  Parse errors: Bad plan.  You planned 30 tests but ran 1.
Files=7, Tests=19,  0 wallclock secs ( 0.03 usr  0.02 sys +  0.17 cusr  0.00 csys =  0.22 CPU)
Result: FAIL
Failed 5/7 test programs. 19/19 subtests failed.
BEGIN failed--compilation aborted at -e line 1.
 
[MSG] [Thu Feb  9 17:14:26 2012] DEFAULT 'proceed_on_test_failure' HANDLER RETURNING 'sub return value'


MISSING PREREQUISITES:

It was observed that the test suite seem to fail without these modules:

parent

As such, adding the prerequisite module(s) to 'PREREQ_PM' in your
Makefile.PL should solve this problem.  For example:

WriteMakefile(
    AUTHOR      => 'ZEFRAM (cpanplus-info@lists.sf.net)',
    ... # other information
    PREREQ_PM   => {
	'parent'	=> '0', # or a minimum working version
    }
);

Thanks! :-)

PREREQUISITES:

Here is a list of prerequisites you specified and versions we
managed to load:

	  Module Name                        Have     Want
	  ExtUtils::CBuilder             0.280202     0.15
	  Module::Build                    0.3800        0
	  Test::More                         0.98        0
	  XSLoader                           0.08        0
	  strict                             1.04        0
	  warnings                           1.06        0

Perl module toolchain versions installed:
	Module Name                        Have
	CPANPLUS                         0.9116
	CPANPLUS::Dist::Build              0.60
	Cwd                                3.33
	ExtUtils::CBuilder             0.280202
	ExtUtils::Command                  1.16
	ExtUtils::Install                  1.54
	ExtUtils::MakeMaker                6.62
	ExtUtils::Manifest                 1.60
	ExtUtils::ParseXS                  3.15
	File::Spec                         3.33
	Module::Build                    0.3800
	Test::Harness                      3.23
	Test::More                         0.98
	version                            0.95

******************************** NOTE ********************************
The comments above are created mechanically, possibly without manual
checking by the sender.  As there are many people performing automatic
tests on each upload to CPAN, it is likely that you will receive
identical messages about the same problem.

If you believe that the message is mistaken, please reply to the first
one with correction and/or additional informations, and do not take
it personally.  We appreciate your patience. :)
**********************************************************************

Additional comments:


This report was machine-generated by CPANPLUS::Dist::YACSmoke 0.66.
Powered by minismokebox version 0.54

------------------------------
ENVIRONMENT AND OTHER CONTEXT
------------------------------

Environment variables:

    AUTOMATED_TESTING = 1
    PATH = /sbin:/bin:/usr/sbin:/usr/bin:/usr/games:/usr/local/sbin:/usr/local/bin:/home/cpan/bin
    PERL5LIB = :/usr/home/cpan/pit/thr/conf/perl-5.10.0/.cpanplus/5.10.0/build/Scalar-Construct-0.000/blib/lib:/usr/home/cpan/pit/thr/conf/perl-5.10.0/.cpanplus/5.10.0/build/Scalar-Construct-0.000/blib/arch
    PERL5_CPANPLUS_IS_RUNNING = 3780
    PERL5_CPANPLUS_IS_VERSION = 0.9116
    PERL5_MINISMOKEBOX = 0.54
    PERL5_YACSMOKE_BASE = /usr/home/cpan/pit/thr/conf/perl-5.10.0
    PERL_EXTUTILS_AUTOINSTALL = --defaultdeps
    PERL_MM_USE_DEFAULT = 1
    SHELL = /usr/local/bin/bash
    TERM = screen

Perl special variables (and OS-specific diagnostics, for MSWin32):

    Perl: $^X = /usr/home/cpan/pit/thr/perl-5.10.0/bin/perl
    UID:  $<  = 1002
    EUID: $>  = 1002
    GID:  $(  = 1002 1002
    EGID: $)  = 1002 1002


-------------------------------


--

Summary of my perl5 (revision 5 version 10 subversion 0) configuration:
  Platform:
    osname=freebsd, osvers=9.0-release, archname=amd64-freebsd-thread-multi
    uname='freebsd fremen 9.0-release freebsd 9.0-release #0: tue jan 3 07:46:30 utc 2012 root@farrell.cse.buffalo.edu:usrobjusrsrcsysgeneric amd64 '
    config_args='-des -Dprefix=/usr/home/cpan/pit/thr/perl-5.10.0 -Dusethreads'
    hint=recommended, useposix=true, d_sigaction=define
    useithreads=define, usemultiplicity=define
    useperlio=define, d_sfio=undef, uselargefiles=define, usesocks=undef
    use64bitint=define, use64bitall=define, uselongdouble=undef
    usemymalloc=n, bincompat5005=undef
  Compiler:
    cc='cc', ccflags ='-DHAS_FPSETMASK -DHAS_FLOATINGPOINT_H -fno-strict-aliasing -pipe -I/usr/local/include',
    optimize='-O',
    cppflags='-DHAS_FPSETMASK -DHAS_FLOATINGPOINT_H -fno-strict-aliasing -pipe -I/usr/local/include'
    ccversion='', gccversion='4.2.1 20070831 patched [FreeBSD]', gccosandvers=''
    intsize=4, longsize=8, ptrsize=8, doublesize=8, byteorder=12345678
    d_longlong=define, longlongsize=8, d_longdbl=define, longdblsize=16
    ivtype='long', ivsize=8, nvtype='double', nvsize=8, Off_t='off_t', lseeksize=8
    alignbytes=8, prototype=define
  Linker and Libraries:
    ld='cc', ldflags ='-pthread -Wl,-E  -L/usr/local/lib'
    libpth=/usr/lib /usr/local/lib
    libs=-lgdbm -lm -lcrypt
    perllibs=-lm -lcrypt
    libc=, so=so, useshrplib=false, libperl=libperl.a
    gnulibc_version=''
  Dynamic Linking:
    dlsrc=dl_dlopen.xs, dlext=so, d_dlsymun=undef, ccdlflags=' '
    cccdlflags='-DPIC -fPIC', lddlflags='-shared  -L/usr/local/lib'


Characteristics of this binary (from libperl): 
  Compile-time options: MULTIPLICITY PERL_DONT_CREATE_GVSV
                        PERL_IMPLICIT_CONTEXT PERL_MALLOC_WRAP USE_64_BIT_ALL
                        USE_64_BIT_INT USE_ITHREADS USE_LARGE_FILES
                        USE_PERLIO USE_REENTRANT_API
  Built under freebsd
  Compiled at Jan 11 2012 23:31:50
  %ENV:
    PERL5LIB=":/usr/home/cpan/pit/thr/conf/perl-5.10.0/.cpanplus/5.10.0/build/Scalar-Construct-0.000/blib/lib:/usr/home/cpan/pit/thr/conf/perl-5.10.0/.cpanplus/5.10.0/build/Scalar-Construct-0.000/blib/arch"
    PERL5_CPANPLUS_IS_RUNNING="3780"
    PERL5_CPANPLUS_IS_VERSION="0.9116"
    PERL5_MINISMOKEBOX="0.54"
    PERL5_YACSMOKE_BASE="/usr/home/cpan/pit/thr/conf/perl-5.10.0"
    PERL_EXTUTILS_AUTOINSTALL="--defaultdeps"
    PERL_MM_USE_DEFAULT="1"
  @INC:
    /usr/home/cpan/pit/thr/conf/perl-5.10.0/.cpanplus/5.10.0/build/Scalar-Construct-0.000/blib/lib
    /usr/home/cpan/pit/thr/conf/perl-5.10.0/.cpanplus/5.10.0/build/Scalar-Construct-0.000/blib/arch
    /usr/home/cpan/pit/thr/perl-5.10.0/lib/5.10.0/amd64-freebsd-thread-multi
    /usr/home/cpan/pit/thr/perl-5.10.0/lib/5.10.0
    /usr/home/cpan/pit/thr/perl-5.10.0/lib/site_perl/5.10.0/amd64-freebsd-thread-multi
    /usr/home/cpan/pit/thr/perl-5.10.0/lib/site_perl/5.10.0
    .