HTTP-Cache-Transparent v1.4 Perl 5 v5.10.1 i86pc-solaris

Status
Fail
From
Nigel Horne
Dist
HTTP-Cache-Transparent v1.4
Platform
Perl 5 v5.10.1 i86pc-solaris
Date
2021-09-28 16:45:43
ID
854c1e2c-207b-11ec-8f66-1036f19c70a7
This distribution has been tested as part of the CPAN Testers
project, supporting the Perl programming language.  See
http://wiki.cpantesters.org/ for more information or email
questions to cpan-testers-discuss@perl.org


--
Dear Mattias Holmlund,

This is a computer-generated report for HTTP-Cache-Transparent-1.4
on perl 5.10.1, created by CPAN-Reporter-1.2018.

Thank you for uploading your work to CPAN.  However, there was a problem
testing your distribution.

If you think this report is invalid, please consult the CPAN Testers Wiki
for suggestions on how to avoid getting FAIL reports for missing library
or binary dependencies, unsupported operating systems, and so on:

http://wiki.cpantesters.org/wiki/CPANAuthorNotes

Sections of this report:

    * Tester comments
    * Program output
    * Prerequisites
    * Environment and other context

------------------------------
TESTER COMMENTS
------------------------------

Additional comments from tester:

none provided

------------------------------
PROGRAM OUTPUT
------------------------------

Output from '/usr/bin/make test':

PERL_DL_NONLAZY=1 "/export/home/njh/perl5/perlbrew/perls/perl-5.10.1/bin/perl" "-MExtUtils::Command::MM" "-MTest::Harness" "-e" "undef *Test::Harness::Switches; test_harness(0, 'blib/lib', 'blib/arch')" t/*.t
Can't locate Test/RequiresInternet.pm in @INC (@INC contains: /export/home/njh/.cpan/build/HTTP-Cache-Transparent-1.4-PsYqHF/blib/lib /export/home/njh/.cpan/build/HTTP-Cache-Transparent-1.4-PsYqHF/blib/arch /export/home/njh/perl5/perlbrew/perls/perl-5.10.1/lib/5.10.1/i86pc-solaris /export/home/njh/perl5/perlbrew/perls/perl-5.10.1/lib/5.10.1 /export/home/njh/perl5/perlbrew/perls/perl-5.10.1/lib/site_perl/5.10.1/i86pc-solaris /export/home/njh/perl5/perlbrew/perls/perl-5.10.1/lib/site_perl/5.10.1 .) at t/cache.t line 4.
BEGIN failed--compilation aborted at t/cache.t line 4.
t/cache.t ................... 
Dubious, test returned 2 (wstat 512, 0x200)
No subtests run 
t/HTTP-Cache-Transparent.t .. ok
t/pod-coverage.t ............ skipped: Test::Pod::Coverage 1.00 required for testing POD coverage
t/pod.t ..................... skipped: Test::Pod 1.00 required for testing POD

Test Summary Report
-------------------
t/cache.t                 (Wstat: 512 Tests: 0 Failed: 0)
  Non-zero exit status: 2
  Parse errors: No plan found in TAP output
Files=4, Tests=1,  1 wallclock secs ( 0.03 usr  0.01 sys +  0.30 cusr  0.08 csys =  0.43 CPU)
Result: FAIL
Failed 1/4 test programs. 0/1 subtests failed.
*** Error code 255
make: Fatal error: Command failed for target `test_dynamic'

------------------------------
PREREQUISITES
------------------------------

Prerequisite modules loaded:

requires:

    Module              Need Have
    ------------------- ---- ----
    LWP                 0    6.57

configure_requires:

    Module              Need Have
    ------------------- ---- ----
    ExtUtils::MakeMaker 0    7.62


------------------------------
ENVIRONMENT AND OTHER CONTEXT
------------------------------

Environment variables:

    PATH = /export/home/njh/perl5/perlbrew/bin:/export/home/njh/perl5/perlbrew/perls/perl-5.10.1/bin:/export/home/njh/perl5/perlbrew/bin:/export/home/njh/src/njh/smoker/bin:/usr/bin
    PERL5LIB = 
    PERL5OPT = 
    PERL5_CPANPLUS_IS_RUNNING = 20596
    PERL5_CPAN_IS_RUNNING = 20596
    PERL5_CPAN_IS_RUNNING_IN_RECURSION = 20542,20596
    PERLBREW_LIB = 
    PERLBREW_MANPATH = /export/home/njh/perl5/perlbrew/perls/perl-5.10.1/man
    PERLBREW_PATH = /export/home/njh/perl5/perlbrew/bin:/export/home/njh/perl5/perlbrew/perls/perl-5.10.1/bin
    PERLBREW_PERL = perl-5.10.1
    PERLBREW_ROOT = /export/home/njh/perl5/perlbrew
    PERLBREW_SHELLRC_VERSION = 0.92
    PERLBREW_VERSION = 0.92
    PERL_LOCAL_LIB_ROOT = 
    SHELL = /usr/bin/bash

Perl special variables (and OS-specific diagnostics, for MSWin32):

    $^X = /export/home/njh/perl5/perlbrew/perls/perl-5.10.1/bin/perl
    $UID/$EUID = 101 / 101
    $GID = 10 10
    $EGID = 10 10

Perl module toolchain versions installed:

    Module              Have    
    ------------------- --------
    CPAN                1.9402  
    CPAN::Meta          2.143240
    Cwd                 3.30    
    ExtUtils::CBuilder  0.2602  
    ExtUtils::Command   7.62    
    ExtUtils::Install   2.06    
    ExtUtils::MakeMaker 7.62    
    ExtUtils::Manifest  1.70    
    ExtUtils::ParseXS   2.2002  
    File::Spec          3.30    
    JSON                n/a     
    JSON::PP            4.06    
    Module::Build       0.340201
    Module::Signature   n/a     
    Parse::CPAN::Meta   1.4414  
    Test::Harness       3.17    
    Test::More          1.302187
    YAML                n/a     
    YAML::Syck          n/a     
    version             0.9929  


--

Summary of my perl5 (revision 5 version 10 subversion 1) configuration:
   
  Platform:
    osname=solaris, osvers=2.11, archname=i86pc-solaris
    uname='sunos njh1 5.11 illumos-06524cf4e4 i86pc i386 i86pc '
    config_args='-de -Dprefix=/export/home/njh/perl5/perlbrew/perls/perl-5.10.1 -Aeval:scriptdir=/export/home/njh/perl5/perlbrew/perls/perl-5.10.1/bin'
    hint=recommended, useposix=true, d_sigaction=define
    useithreads=undef, usemultiplicity=undef
    useperlio=define, d_sfio=undef, uselargefiles=define, usesocks=undef
    use64bitint=undef, use64bitall=undef, uselongdouble=undef
    usemymalloc=n, bincompat5005=undef
  Compiler:
    cc='cc', ccflags ='-fwrapv -fno-strict-aliasing -pipe -fstack-protector -I/usr/gnu/include -D_LARGEFILE_SOURCE -D_FILE_OFFSET_BITS=64 -DPERL_USE_SAFE_PUTENV',
    optimize='-O',
    cppflags='-fwrapv -fno-strict-aliasing -pipe -fstack-protector -I/usr/gnu/include'
    ccversion='', gccversion='7.5.0', gccosandvers=''
    intsize=4, longsize=4, ptrsize=4, doublesize=8, byteorder=1234
    d_longlong=define, longlongsize=8, d_longdbl=define, longdblsize=12
    ivtype='long', ivsize=4, nvtype='double', nvsize=8, Off_t='off_t', lseeksize=8
    alignbytes=4, prototype=define
  Linker and Libraries:
    ld='cc', ldflags =' -fstack-protector -L/usr/gnu/lib '
    libpth=/usr/gnu/lib /usr/lib /usr/ccs/lib
    libs=-lsocket -lnsl -lgdbm -ldb -ldl -lm -lc
    perllibs=-lsocket -lnsl -ldl -lm -lc
    libc=/lib/libc.so, so=so, useshrplib=true, libperl=libperl.so
    gnulibc_version=''
  Dynamic Linking:
    dlsrc=dl_dlopen.xs, dlext=so, d_dlsymun=undef, ccdlflags='  -R /export/home/njh/perl5/perlbrew/perls/perl-5.10.1/lib/5.10.1/i86pc-solaris/CORE'
    cccdlflags='-fPIC', lddlflags='-shared -L/usr/gnu/lib -fstack-protector'


Characteristics of this binary (from libperl): 
  Compile-time options: PERL_DONT_CREATE_GVSV PERL_MALLOC_WRAP
                        PERL_USE_SAFE_PUTENV USE_LARGE_FILES USE_PERLIO
  Locally applied patches:
	Devel::PatchPerl 2.06
  Built under solaris
  Compiled at Sep 26 2021 00:33:01
  %ENV:
    PERL5LIB=""
    PERL5OPT=""
    PERL5_CPANPLUS_IS_RUNNING="20596"
    PERL5_CPAN_IS_RUNNING="20596"
    PERL5_CPAN_IS_RUNNING_IN_RECURSION="20542,20596"
    PERLBREW_LIB=""
    PERLBREW_MANPATH="/export/home/njh/perl5/perlbrew/perls/perl-5.10.1/man"
    PERLBREW_PATH="/export/home/njh/perl5/perlbrew/bin:/export/home/njh/perl5/perlbrew/perls/perl-5.10.1/bin"
    PERLBREW_PERL="perl-5.10.1"
    PERLBREW_ROOT="/export/home/njh/perl5/perlbrew"
    PERLBREW_SHELLRC_VERSION="0.92"
    PERLBREW_VERSION="0.92"
    PERL_LOCAL_LIB_ROOT=""
  @INC:
    /export/home/njh/perl5/perlbrew/perls/perl-5.10.1/lib/5.10.1/i86pc-solaris
    /export/home/njh/perl5/perlbrew/perls/perl-5.10.1/lib/5.10.1
    /export/home/njh/perl5/perlbrew/perls/perl-5.10.1/lib/site_perl/5.10.1/i86pc-solaris
    /export/home/njh/perl5/perlbrew/perls/perl-5.10.1/lib/site_perl/5.10.1
    .