Report for Apache2-Authen-OdinAuth-0.8

Back
From: metabase:user:30f4dfbe-2aae-11df-837a-5e0a49663a4f
Subject: FAIL Apache2-Authen-OdinAuth-0.8 v5.21.7 Mac OS X
Date: 2015-02-07T01:56:24Z

This distribution has been tested as part of the CPAN Testers
project, supporting the Perl programming language.  See
http://wiki.cpantesters.org/ for more information or email
questions to cpan-testers-discuss@perl.org


--
Dear Maciej Pasternacki,

This is a computer-generated report for Apache2-Authen-OdinAuth-0.8
on perl 5.21.7, created by CPAN-Reporter-1.2011.

Thank you for uploading your work to CPAN.  However, there was a problem
testing your distribution.

If you think this report is invalid, please consult the CPAN Testers Wiki
for suggestions on how to avoid getting FAIL reports for missing library
or binary dependencies, unsupported operating systems, and so on:

http://wiki.cpantesters.org/wiki/CPANAuthorNotes

Sections of this report:

    * Tester comments
    * Program output
    * Prerequisites
    * Environment and other context

------------------------------
TESTER COMMENTS
------------------------------

Additional comments from tester:

this report is from an automated smoke testing program
and was not reviewed by a human for accuracy

------------------------------
PROGRAM OUTPUT
------------------------------

Output from './Build test':

# Testing Crypt::OdinAuth 0.2.1, Perl 5.021007, /Users/hornenj/perl5/perlbrew/perls/perl-5.21.7/bin/perl5.21.7
t/00-load.t ....... ok
t/crypto.t ........ ok
t/manifest.t ...... skipped: Author tests not required for installation

#   Failed test 'Pod coverage on Apache2::Authen::OdinAuth'
#   at /Users/hornenj/perl5/perlbrew/perls/perl-5.21.7/lib/site_perl/5.21.7/Test/Pod/Coverage.pm line 133.
# Apache2::Authen::OdinAuth: requiring 'Apache2::Authen::OdinAuth' failed
# Looks like you failed 1 test of 2.
t/pod-coverage.t .. 
Dubious, test returned 1 (wstat 256, 0x100)
Failed 1/2 subtests 
t/pod.t ........... ok

Test Summary Report
-------------------
t/pod-coverage.t (Wstat: 256 Tests: 2 Failed: 1)
  Failed test:  2
  Non-zero exit status: 1
Files=5, Tests=15,  0 wallclock secs ( 0.03 usr  0.02 sys +  0.29 cusr  0.05 csys =  0.39 CPU)
Result: FAIL
Failed 1/5 test programs. 1/15 subtests failed.

------------------------------
PREREQUISITES
------------------------------

Prerequisite modules loaded:

requires:

    Module              Need  Have        
    ------------------- ----- ------------
    Digest::HMAC        0     1.03        
    Digest::SHA256      0     0.01        
    MIME::Base64        3.13  3.15        
    perl                5.006 5.021007    
    YAML::XS            0     0.58        

build_requires:

    Module              Need  Have        
    ------------------- ----- ------------
    Test::Exception     0     0.36        
    Test::More          0     1.301001_090
    Test::Pod           0     1.48        
    Test::Pod::Coverage 0     1.10        

configure_requires:

    Module              Need  Have        
    ------------------- ----- ------------
    Module::Build       0.42  0.4211      


------------------------------
ENVIRONMENT AND OTHER CONTEXT
------------------------------

Environment variables:

    AUTOMATED_TESTING = 1
    LANG = en_US.UTF-8
    LC_ALL = POSIX
    LD_LIBRARY_PATH = :/net/traces01.be-md.ncbi.nlm.nih.gov/trace_software/vdb/mac/release/x86_64/lib
    PATH = /Users/hornenj/perl5/perlbrew/bin:/Users/hornenj/perl5/perlbrew/perls/perl-5.21.7/bin:/Users/hornenj/perl5/perlbrew/bin:/Users/hornenj/perl5/perlbrew/perls/perl-5.14.2/bin:/Users/hornenj/bin:/sw/lib/perl5/ExtUtils:/sw/bin:/am/ncbiapdata/bin:/usr/bin:/bin:/usr/X11R6/bin:/netopt/ncbi_tools/bin:/usr/local/ncbi/blast/bin:/net/traces01.be-md.ncbi.nlm.nih.gov/trace_software/vdb/mac/release/x86_64/bin
    PERL5LIB = /Users/hornenj/.cpan/build/Test-Exception-0.36-Ujkj0e/blib/arch:/Users/hornenj/.cpan/build/Test-Exception-0.36-Ujkj0e/blib/lib:/Users/hornenj/.cpan/build/Sub-Uplevel-0.25-wLgoR9/blib/arch:/Users/hornenj/.cpan/build/Sub-Uplevel-0.25-wLgoR9/blib/lib:/Users/hornenj/.cpan/build/SHA256-0.01-C1P63Y/blib/arch:/Users/hornenj/.cpan/build/SHA256-0.01-C1P63Y/blib/lib
    PERL5OPT = 
    PERL5_CPANPLUS_IS_RUNNING = 77082
    PERL5_CPAN_IS_RUNNING = 77082
    PERL5_MINISMOKEBOX = 0.58
    PERLBREW_BASHRC_VERSION = 0.69
    PERLBREW_HOME = /Users/hornenj/.perlbrew
    PERLBREW_MANPATH = /Users/hornenj/perl5/perlbrew/perls/perl-5.21.7/man
    PERLBREW_PATH = /Users/hornenj/perl5/perlbrew/bin:/Users/hornenj/perl5/perlbrew/perls/perl-5.21.7/bin
    PERLBREW_PERL = perl-5.21.7
    PERLBREW_ROOT = /Users/hornenj/perl5/perlbrew
    PERLBREW_VERSION = 0.69
    PERL_EXTUTILS_AUTOINSTALL = --defaultdeps
    PERL_MM_USE_DEFAULT = 1
    SHELL = /bin/bash
    TERM = xterm-256color
    TMPDIR = /var/folders/pz/pd7y1qjs6s3cbk170cw50fjc000c61/T/
    VERSIONER_PERL_PREFER_32_BIT = no
    VERSIONER_PERL_VERSION = 5.16
    ac_cv_path_INTLTOOL_PERL = /usr/bin/perl

Perl special variables (and OS-specific diagnostics, for MSWin32):

    $^X = /Users/hornenj/perl5/perlbrew/perls/perl-5.21.7/bin/perl5.21.7
    $UID/$EUID = 12481 / 12481
    $GID = 14 14 5344 527 241
    $EGID = 14 14 5344 527 241

Perl module toolchain versions installed:

    Module              Have        
    ------------------- ------------
    CPAN                2.05        
    CPAN::Meta          2.143240    
    Cwd                 3.54        
    ExtUtils::CBuilder  0.280221    
    ExtUtils::Command   1.20        
    ExtUtils::Install   2.04        
    ExtUtils::MakeMaker 7.04        
    ExtUtils::Manifest  1.70        
    ExtUtils::ParseXS   3.27        
    File::Spec          3.53        
    JSON                2.90        
    JSON::PP            2.27300     
    Module::Build       0.4211      
    Module::Signature   n/a         
    Parse::CPAN::Meta   1.4414      
    Test::Harness       3.35        
    Test::More          1.301001_090
    YAML                n/a         
    YAML::Syck          1.29        
    version             0.9912      


--

Summary of my perl5 (revision 5 version 21 subversion 7) configuration:
   
  Platform:
    osname=darwin, osvers=13.4.0, archname=darwin-thread-multi-2level
    uname='darwin ncbimac2008.ncbi.nlm.nih.gov 13.4.0 darwin kernel version 13.4.0: sun aug 17 19:50:11 pdt 2014; root:xnu-2422.115.4~1release_x86_64 x86_64 '
    config_args='-de -Dprefix=/Users/hornenj/perl5/perlbrew/perls/perl-5.21.7 -Duseithreads -Dusemultiplicity -Dusedevel -Dusedevel -Accflags=-O2 -W -Wformat=2 -Wswitch -Wshadow -Wwrite-strings -Wuninitialized -Wall -pipe -mtune=native -march=native -fomit-frame-pointer -msse2 -msse -mmmx -pedantic -D_FORTIFY_SOURCE=2 -Wpointer-arith -Wstrict-prototypes -fstack-protector -Wstack-protector -Wextra -Wbad-function-cast -Wcast-align -Wcast-qual -Wdisabled-optimization -Wendif-labels -Wfloat-equal -Wformat-nonliteral -Winline -Wmissing-declarations -Wmissing-prototypes -Wnested-externs -Wpointer-arith -Wundef -Wformat-security -fassociative-math -Acc=cc -Aeval:scriptdir=/Users/hornenj/perl5/perlbrew/perls/perl-5.21.7/bin'
    hint=recommended, useposix=true, d_sigaction=define
    useithreads=define, usemultiplicity=define
    use64bitint=define, use64bitall=define, uselongdouble=undef
    usemymalloc=n, bincompat5005=undef
  Compiler:
    cc=' cc', ccflags ='-fno-common -DPERL_DARWIN -O2 -W -Wformat=2 -Wswitch -Wshadow -Wwrite-strings -Wuninitialized -Wall -pipe -mtune=native -march=native -fomit-frame-pointer -msse2 -msse -mmmx -pedantic -D_FORTIFY_SOURCE=2 -Wpointer-arith -Wstrict-prototypes -fstack-protector -Wstack-protector -Wextra -Wbad-function-cast -Wcast-align -Wcast-qual -Wdisabled-optimization -Wendif-labels -Wfloat-equal -Wformat-nonliteral -Winline -Wmissing-declarations -Wmissing-prototypes -Wnested-externs -Wpointer-arith -Wundef -Wformat-security -fassociative-math -fno-strict-aliasing -I/usr/local/include',
    optimize='-O3',
    cppflags='-fno-common -DPERL_DARWIN -O2 -W -Wformat=2 -Wswitch -Wshadow -Wwrite-strings -Wuninitialized -Wall -pipe -mtune=native -march=native -fomit-frame-pointer -msse2 -msse -mmmx -pedantic -D_FORTIFY_SOURCE=2 -Wpointer-arith -Wstrict-prototypes -fstack-protector -Wstack-protector -Wextra -Wbad-function-cast -Wcast-align -Wcast-qual -Wdisabled-optimization -Wendif-labels -Wfloat-equal -Wformat-nonliteral -Winline -Wmissing-declarations -Wmissing-prototypes -Wnested-externs -Wpointer-arith -Wundef -Wformat-security -fassociative-math -fno-strict-aliasing -I/usr/local/include'
    ccversion='', gccversion='4.2.1 Compatible Apple LLVM 6.0 (clang-600.0.51)', gccosandvers=''
    intsize=4, longsize=8, ptrsize=8, doublesize=8, byteorder=12345678, doublekind=3
    d_longlong=define, longlongsize=8, d_longdbl=define, longdblsize=16, longdblkind=3
    ivtype='long', ivsize=8, nvtype='double', nvsize=8, Off_t='off_t', lseeksize=8
    alignbytes=8, prototype=define
  Linker and Libraries:
    ld='env MACOSX_DEPLOYMENT_TARGET=10.3 cc', ldflags =' -fstack-protector -L/usr/local/lib'
    libpth=/Applications/Xcode.app/Contents/Developer/Toolchains/XcodeDefault.xctoolchain/usr/bin/../lib/clang/6.0/lib /Applications/Xcode.app/Contents/Developer/Toolchains/XcodeDefault.xctoolchain/usr/lib /Applications/Xcode.app/Contents/Developer/Platforms/MacOSX.platform/Developer/SDKs/MacOSX10.9.sdk/usr/lib /usr/local/lib /usr/lib
    libs=-ldbm -ldl -lm -lutil -lc -lpthread
    perllibs=-ldl -lm -lutil -lc -lpthread
    libc=, so=dylib, useshrplib=false, libperl=libperl.a
    gnulibc_version=''
  Dynamic Linking:
    dlsrc=dl_dlopen.xs, dlext=bundle, d_dlsymun=undef, ccdlflags=' '
    cccdlflags=' ', lddlflags=' -bundle -undefined dynamic_lookup -L/usr/local/lib -fstack-protector'


Characteristics of this binary (from libperl): 
  Compile-time options: HAS_TIMES MULTIPLICITY PERLIO_LAYERS
                        PERL_DONT_CREATE_GVSV
                        PERL_HASH_FUNC_ONE_AT_A_TIME_HARD
                        PERL_IMPLICIT_CONTEXT PERL_MALLOC_WRAP
                        PERL_NEW_COPY_ON_WRITE PERL_PRESERVE_IVUV
                        PERL_USE_DEVEL USE_64_BIT_ALL USE_64_BIT_INT
                        USE_ITHREADS USE_LARGE_FILES USE_LOCALE
                        USE_LOCALE_COLLATE USE_LOCALE_CTYPE
                        USE_LOCALE_NUMERIC USE_LOCALE_TIME USE_PERLIO
                        USE_PERL_ATOF USE_REENTRANT_API
  Built under darwin
  Compiled at Jan 22 2015 08:02:01
  %ENV:
    PERL5LIB="/Users/hornenj/.cpan/build/Test-Exception-0.36-Ujkj0e/blib/arch:/Users/hornenj/.cpan/build/Test-Exception-0.36-Ujkj0e/blib/lib:/Users/hornenj/.cpan/build/Sub-Uplevel-0.25-wLgoR9/blib/arch:/Users/hornenj/.cpan/build/Sub-Uplevel-0.25-wLgoR9/blib/lib:/Users/hornenj/.cpan/build/SHA256-0.01-C1P63Y/blib/arch:/Users/hornenj/.cpan/build/SHA256-0.01-C1P63Y/blib/lib"
    PERL5OPT=""
    PERL5_CPANPLUS_IS_RUNNING="77082"
    PERL5_CPAN_IS_RUNNING="77082"
    PERL5_MINISMOKEBOX="0.58"
    PERLBREW_BASHRC_VERSION="0.69"
    PERLBREW_HOME="/Users/hornenj/.perlbrew"
    PERLBREW_MANPATH="/Users/hornenj/perl5/perlbrew/perls/perl-5.21.7/man"
    PERLBREW_PATH="/Users/hornenj/perl5/perlbrew/bin:/Users/hornenj/perl5/perlbrew/perls/perl-5.21.7/bin"
    PERLBREW_PERL="perl-5.21.7"
    PERLBREW_ROOT="/Users/hornenj/perl5/perlbrew"
    PERLBREW_VERSION="0.69"
    PERL_EXTUTILS_AUTOINSTALL="--defaultdeps"
    PERL_MM_USE_DEFAULT="1"
  @INC:
    /Users/hornenj/.cpan/build/Test-Exception-0.36-Ujkj0e/blib/arch
    /Users/hornenj/.cpan/build/Test-Exception-0.36-Ujkj0e/blib/lib
    /Users/hornenj/.cpan/build/Sub-Uplevel-0.25-wLgoR9/blib/arch
    /Users/hornenj/.cpan/build/Sub-Uplevel-0.25-wLgoR9/blib/lib
    /Users/hornenj/.cpan/build/SHA256-0.01-C1P63Y/blib/arch
    /Users/hornenj/.cpan/build/SHA256-0.01-C1P63Y/blib/lib
    /Users/hornenj/perl5/perlbrew/perls/perl-5.21.7/lib/site_perl/5.21.7/darwin-thread-multi-2level
    /Users/hornenj/perl5/perlbrew/perls/perl-5.21.7/lib/site_perl/5.21.7
    /Users/hornenj/perl5/perlbrew/perls/perl-5.21.7/lib/5.21.7/darwin-thread-multi-2level
    /Users/hornenj/perl5/perlbrew/perls/perl-5.21.7/lib/5.21.7
    .