Report for Web-Simple-0.004

Back
From: metabase:user:320bfe00-2aae-11df-837a-5e0a49663a4f
Subject: FAIL Web-Simple-0.004 v5.19.5 GNU/Linux
Date: 2013-10-15T12:51:34Z

This distribution has been tested as part of the CPAN Testers
project, supporting the Perl programming language.  See
http://wiki.cpantesters.org/ for more information or email
questions to cpan-testers-discuss@perl.org


--
Dear Arthur Axel 'fREW' Schmidt,

This is a computer-generated report for Web-Simple-0.004
on perl 5.19.5, created by CPAN-Reporter-1.2010.

Thank you for uploading your work to CPAN.  However, there was a problem
testing your distribution.

If you think this report is invalid, please consult the CPAN Testers Wiki
for suggestions on how to avoid getting FAIL reports for missing library
or binary dependencies, unsupported operating systems, and so on:

http://wiki.cpantesters.org/wiki/CPANAuthorNotes

Sections of this report:

    * Tester comments
    * Program output
    * Prerequisites
    * Environment and other context

------------------------------
TESTER COMMENTS
------------------------------

Additional comments from tester:

this report is from an automated smoke testing program
and was not reviewed by a human for accuracy

------------------------------
PROGRAM OUTPUT
------------------------------

Output from '/usr/bin/make test':

PERL_DL_NONLAZY=1 /tmp/basesmoker-reloperl-hhYN/bin/perl "-MExtUtils::Command::MM" "-MTest::Harness" "-e" "undef *Test::Harness::Switches; test_harness(0, 'inc', 'blib/lib', 'blib/arch')" t/*.t

#   Failed test 'require 'examples/bloggery/bloggery.cgi';'
#   at t/bloggery.t line 6.
#     Tried to require ''examples/bloggery/bloggery.cgi''.
#     Error:  Error parsing dispatch specification: No valid combinator - expected + or |
# 
# GET + /
#    ^ here
# Compilation failed in require at (eval 4) line 2.
# Looks like you failed 1 test of 1.
t/bloggery.t ......... 
Dubious, test returned 1 (wstat 256, 0x100)
Failed 1/1 subtests 
t/buildall.t ......... ok
t/css_declare.t ...... ok
t/dispatch_parser.t .. ok
Can't locate Plack/Server/CGI.pm in @INC (you may need to install the Plack::Server::CGI module) (@INC contains: /tmp/loop_over_bdir-1401-QROKhQ/Web-Simple-0.004-460V94/inc /tmp/loop_over_bdir-1401-QROKhQ/Web-Simple-0.004-460V94/blib/lib /tmp/loop_over_bdir-1401-QROKhQ/Web-Simple-0.004-460V94/blib/arch /home/sand/src/perl/repoperls/installed-perls/perl/v5.19.4-195-g0438091/9980/lib/site_perl/5.19.5/x86_64-linux-thread-multi /home/sand/src/perl/repoperls/installed-perls/perl/v5.19.4-195-g0438091/9980/lib/site_perl/5.19.5 /home/sand/src/perl/repoperls/installed-perls/perl/v5.19.4-195-g0438091/9980/lib/5.19.5/x86_64-linux-thread-multi /home/sand/src/perl/repoperls/installed-perls/perl/v5.19.4-195-g0438091/9980/lib/5.19.5 .) at /tmp/loop_over_bdir-1401-QROKhQ/Web-Simple-0.004-460V94/blib/lib/Web/Simple/Application.pm line 252.
# Looks like your test exited with 2 before it could output anything.
t/env.t .............. 
Dubious, test returned 2 (wstat 512, 0x200)
No subtests run 
t/param_parser.t ..... ok
Can't locate Plack/Server/CGI.pm in @INC (you may need to install the Plack::Server::CGI module) (@INC contains: /tmp/loop_over_bdir-1401-QROKhQ/Web-Simple-0.004-460V94/inc /tmp/loop_over_bdir-1401-QROKhQ/Web-Simple-0.004-460V94/blib/lib /tmp/loop_over_bdir-1401-QROKhQ/Web-Simple-0.004-460V94/blib/arch /home/sand/src/perl/repoperls/installed-perls/perl/v5.19.4-195-g0438091/9980/lib/site_perl/5.19.5/x86_64-linux-thread-multi /home/sand/src/perl/repoperls/installed-perls/perl/v5.19.4-195-g0438091/9980/lib/site_perl/5.19.5 /home/sand/src/perl/repoperls/installed-perls/perl/v5.19.4-195-g0438091/9980/lib/5.19.5/x86_64-linux-thread-multi /home/sand/src/perl/repoperls/installed-perls/perl/v5.19.4-195-g0438091/9980/lib/5.19.5 .) at /tmp/loop_over_bdir-1401-QROKhQ/Web-Simple-0.004-460V94/blib/lib/Web/Simple/Application.pm line 252.
# Looks like your test exited with 2 before it could output anything.
t/post.t ............. 
Dubious, test returned 2 (wstat 512, 0x200)
No subtests run 
t/tags.t ............. ok

Test Summary Report
-------------------
t/bloggery.t       (Wstat: 256 Tests: 1 Failed: 1)
  Failed test:  1
  Non-zero exit status: 1
t/env.t            (Wstat: 512 Tests: 0 Failed: 0)
  Non-zero exit status: 2
  Parse errors: No plan found in TAP output
t/post.t           (Wstat: 512 Tests: 0 Failed: 0)
  Non-zero exit status: 2
  Parse errors: No plan found in TAP output
Files=8, Tests=133,  1 wallclock secs ( 0.04 usr  0.01 sys +  0.34 cusr  0.02 csys =  0.41 CPU)
Result: FAIL
Failed 3/8 test programs. 1/133 subtests failed.
make: *** [test_dynamic] Error 255

------------------------------
PREREQUISITES
------------------------------

Prerequisite modules loaded:

requires:

    Module                  Need  Have    
    ----------------------- ----- --------
    perl                    5.008 5.019005
    Plack                   0     1.0029  
    Syntax::Keyword::Gather 0     1.002003

build_requires:

    Module                  Need  Have    
    ----------------------- ----- --------
    ExtUtils::MakeMaker     6.42  6.79_01 

configure_requires:

    Module                  Need  Have    
    ----------------------- ----- --------
    ExtUtils::MakeMaker     6.42  6.79_01 


------------------------------
ENVIRONMENT AND OTHER CONTEXT
------------------------------

Environment variables:

    AUTOMATED_TESTING = 1
    LANG = en_US.UTF-8
    LANGUAGE = en_US:en
    PATH = /usr/lib/ccache:/home/sand/bin:/usr/local/bin:/usr/bin:/bin:/usr/bin/X11:/usr/games:/usr/local/perl/bin:/usr/X11/bin:/sbin:/usr/sbin
    PERL5LIB = 
    PERL5OPT = 
    PERL5_CPANPLUS_IS_RUNNING = 1404
    PERL5_CPAN_IS_RUNNING = 1404
    PERL_MM_USE_DEFAULT = 1
    SHELL = /usr/bin/zsh
    TERM = screen

Perl special variables (and OS-specific diagnostics, for MSWin32):

    $^X = /tmp/basesmoker-reloperl-hhYN/bin/perl
    $UID/$EUID = 1005 / 1005
    $GID = 1005 1005
    $EGID = 1005 1005

Perl module toolchain versions installed:

    Module              Have      
    ------------------- ----------
    CPAN                2.03      
    CPAN::Meta          2.132830  
    Cwd                 3.45      
    ExtUtils::CBuilder  0.280212  
    ExtUtils::Command   1.18      
    ExtUtils::Install   1.61      
    ExtUtils::MakeMaker 6.79_01   
    ExtUtils::Manifest  1.63      
    ExtUtils::ParseXS   3.23      
    File::Spec          3.45      
    JSON                2.59      
    JSON::PP            2.27202_01
    Module::Build       0.4007    
    Module::Signature   0.73      
    Parse::CPAN::Meta   1.4409    
    Test::Harness       3.29      
    Test::More          0.99      
    YAML                0.84      
    YAML::Syck          1.27      
    version             0.9904    


--

Summary of my perl5 (revision 5 version 19 subversion 5) configuration:
  Commit id: 0438091222af3f484c50c95c499ee36f03f29f54
  Platform:
    osname=linux, osvers=3.10-3-amd64, archname=x86_64-linux-thread-multi
    uname='linux k83 3.10-3-amd64 #1 smp debian 3.10.11-1 (2013-09-10) x86_64 gnulinux '
    config_args='-Dprefix=/home/sand/src/perl/repoperls/installed-perls/perl/v5.19.4-195-g0438091/9980 -Dmyhostname=k83 -Dinstallusrbinperl=n -Uversiononly -Dusedevel -des -Ui_db -Duseithreads -Uuselongdouble -DDEBUGGING=-g'
    hint=recommended, useposix=true, d_sigaction=define
    useithreads=define, usemultiplicity=define
    useperlio=define, d_sfio=undef, uselargefiles=define, usesocks=undef
    use64bitint=define, use64bitall=define, uselongdouble=undef
    usemymalloc=n, bincompat5005=undef
  Compiler:
    cc='cc', ccflags ='-D_REENTRANT -D_GNU_SOURCE -fno-strict-aliasing -pipe -fstack-protector -I/usr/local/include -D_LARGEFILE_SOURCE -D_FILE_OFFSET_BITS=64',
    optimize='-O2 -g',
    cppflags='-D_REENTRANT -D_GNU_SOURCE -fno-strict-aliasing -pipe -fstack-protector -I/usr/local/include'
    ccversion='', gccversion='4.8.1', gccosandvers=''
    intsize=4, longsize=8, ptrsize=8, doublesize=8, byteorder=12345678
    d_longlong=define, longlongsize=8, d_longdbl=define, longdblsize=16
    ivtype='long', ivsize=8, nvtype='double', nvsize=8, Off_t='off_t', lseeksize=8
    alignbytes=8, prototype=define
  Linker and Libraries:
    ld='cc', ldflags =' -fstack-protector -L/usr/local/lib'
    libpth=/usr/local/lib /lib/x86_64-linux-gnu /lib/../lib /usr/lib/x86_64-linux-gnu /usr/lib/../lib /lib /usr/lib
    libs=-lnsl -lgdbm -ldb -ldl -lm -lcrypt -lutil -lpthread -lc -lgdbm_compat
    perllibs=-lnsl -ldl -lm -lcrypt -lutil -lpthread -lc
    libc=, so=so, useshrplib=false, libperl=libperl.a
    gnulibc_version='2.17'
  Dynamic Linking:
    dlsrc=dl_dlopen.xs, dlext=so, d_dlsymun=undef, ccdlflags='-Wl,-E'
    cccdlflags='-fPIC', lddlflags='-shared -O2 -g -L/usr/local/lib -fstack-protector'


Characteristics of this binary (from libperl): 
  Compile-time options: HAS_TIMES MULTIPLICITY PERLIO_LAYERS
                        PERL_DONT_CREATE_GVSV
                        PERL_HASH_FUNC_ONE_AT_A_TIME_HARD
                        PERL_IMPLICIT_CONTEXT PERL_MALLOC_WRAP
                        PERL_NEW_COPY_ON_WRITE PERL_PRESERVE_IVUV
                        PERL_USE_DEVEL USE_64_BIT_ALL USE_64_BIT_INT
                        USE_ITHREADS USE_LARGE_FILES USE_LOCALE
                        USE_LOCALE_COLLATE USE_LOCALE_CTYPE
                        USE_LOCALE_NUMERIC USE_PERLIO USE_PERL_ATOF
                        USE_REENTRANT_API
  Built under linux
  Compiled at Oct 14 2013 15:29:49
  %ENV:
    PERL5LIB=""
    PERL5OPT=""
    PERL5_CPANPLUS_IS_RUNNING="1404"
    PERL5_CPAN_IS_RUNNING="1404"
    PERL_MM_USE_DEFAULT="1"
  @INC:
    /home/sand/src/perl/repoperls/installed-perls/perl/v5.19.4-195-g0438091/9980/lib/site_perl/5.19.5/x86_64-linux-thread-multi
    /home/sand/src/perl/repoperls/installed-perls/perl/v5.19.4-195-g0438091/9980/lib/site_perl/5.19.5
    /home/sand/src/perl/repoperls/installed-perls/perl/v5.19.4-195-g0438091/9980/lib/5.19.5/x86_64-linux-thread-multi
    /home/sand/src/perl/repoperls/installed-perls/perl/v5.19.4-195-g0438091/9980/lib/5.19.5
    .