Report for Shell-Perl-0.0024

Back
From: metabase:user:322078bc-2aae-11df-837a-5e0a49663a4f
Subject: FAIL Shell-Perl-0.0024 v5.18.2 GNU/Linux
Date: 2017-01-08T12:18:12Z

This distribution has been tested as part of the CPAN Testers
project, supporting the Perl programming language.  See
http://wiki.cpantesters.org/ for more information or email
questions to cpan-testers-discuss@perl.org


--

Dear FERREIRA,

This is a computer-generated error report created automatically by
CPANPLUS, version 0.9160. Testers personal comments may appear
at the end of this report.


Thank you for uploading your work to CPAN.  However, it appears that
there were some problems testing your distribution.

TEST RESULTS:

Below is the error stack from stage 'make test':

PERL_DL_NONLAZY=1 "/home/cpan/pit/thr/perl-5.18.2/bin/perl" "-MExtUtils::Command::MM" "-MTest::Harness" "-e" "undef *Test::Harness::Switches; test_harness(0, 'blib/lib', 'blib/arch')" t/*.t

#   Failed test 'use Shell::Perl;'
#   at t/01use.t line 5.
#     Tried to use 'Shell::Perl'.
#     Error:  Getopt::Long: unknown or erroneous config parameter "bundling_values"
# BEGIN failed--compilation aborted at /home/cpan/pit/thr/conf/perl-5.18.2/.cpanplus/5.18.2/build/OmOzkAnbPR/Shell-Perl-0.0024/blib/lib/Shell/Perl.pm line 21.
# Compilation failed in require at t/01use.t line 5.
# BEGIN failed--compilation aborted at t/01use.t line 5.
# Testing Shell::Perl , Perl 5.018002, /home/cpan/pit/thr/perl-5.18.2/bin/perl
# Looks like you failed 1 test of 1.
t/01use.t ........... 
Dubious, test returned 1 (wstat 256, 0x100)
Failed 1/1 subtests 

#   Failed test 'use Shell::Perl;'
#   at t/02basic.t line 5.
#     Tried to use 'Shell::Perl'.
#     Error:  Getopt::Long: unknown or erroneous config parameter "bundling_values"
# BEGIN failed--compilation aborted at /home/cpan/pit/thr/conf/perl-5.18.2/.cpanplus/5.18.2/build/OmOzkAnbPR/Shell-Perl-0.0024/blib/lib/Shell/Perl.pm line 21.
# Compilation failed in require at t/02basic.t line 5.
# BEGIN failed--compilation aborted at t/02basic.t line 5.
# Looks like you failed 1 test of 3.
t/02basic.t ......... 
Dubious, test returned 1 (wstat 256, 0x100)
Failed 1/3 subtests 
t/10compile.t ....... skipped: Test::Script required for testing

#   Failed test ''pirl -v' run ok'
#   at t/11version.t line 11.

#   Failed test 'no error'
#   at t/11version.t line 12.

#   Failed test 'printed version info'
#   at t/11version.t line 13.
# Compared array length of $data
#    got : array with 0 element(s)
# expect : array with 1 element(s)

#   Failed test 'no output to STDERR'
#   at t/11version.t line 17.
# Compared array length of $data
#    got : array with 1 element(s)
# expect : array with 0 element(s)
# err_buf= (Getopt::Long: unknown or erroneous config parameter "bundling_values"
# BEGIN failed--compilation aborted at /home/cpan/pit/thr/conf/perl-5.18.2/.cpanplus/5.18.2/build/OmOzkAnbPR/Shell-Perl-0.0024/blib/lib/Shell/Perl.pm line 21.
# Compilation failed in require at blib/script/pirl line 11.
# BEGIN failed--compilation aborted at blib/script/pirl line 11.
# )

#   Failed test ''pirl --version' run ok'
#   at t/11version.t line 11.

#   Failed test 'no error'
#   at t/11version.t line 12.

#   Failed test 'printed version info'
#   at t/11version.t line 13.
# Compared array length of $data
#    got : array with 0 element(s)
# expect : array with 1 element(s)

#   Failed test 'no output to STDERR'
#   at t/11version.t line 17.
# Compared array length of $data
#    got : array with 1 element(s)
# expect : array with 0 element(s)
# err_buf= (Getopt::Long: unknown or erroneous config parameter "bundling_values"
# BEGIN failed--compilation aborted at /home/cpan/pit/thr/conf/perl-5.18.2/.cpanplus/5.18.2/build/OmOzkAnbPR/Shell-Perl-0.0024/blib/lib/Shell/Perl.pm line 21.
# Compilation failed in require at blib/script/pirl line 11.
# BEGIN failed--compilation aborted at blib/script/pirl line 11.
# )
# Looks like you failed 8 tests of 8.
t/11version.t ....... 
Dubious, test returned 8 (wstat 2048, 0x800)
Failed 8/8 subtests 
t/20expect_quit.t ... skipped: Test::Expect required for testing

#   Failed test 'use Shell::Perl;'
#   at t/50isolated.t line 5.
#     Tried to use 'Shell::Perl'.
#     Error:  Getopt::Long: unknown or erroneous config parameter "bundling_values"
# BEGIN failed--compilation aborted at /home/cpan/pit/thr/conf/perl-5.18.2/.cpanplus/5.18.2/build/OmOzkAnbPR/Shell-Perl-0.0024/blib/lib/Shell/Perl.pm line 21.
# Compilation failed in require at t/50isolated.t line 5.
# BEGIN failed--compilation aborted at t/50isolated.t line 5.
Can't locate object method "eval" via package "Shell::Perl" at t/50isolated.t line 11.
# Looks like your test exited with 255 just after 1.
t/50isolated.t ...... 
Dubious, test returned 255 (wstat 65280, 0xff00)
Failed 1/1 subtests 
t/90pod.t ........... skipped: Test::Pod 1.18 required for testing POD
t/98pod-coverage.t .. skipped: Test::Pod::Coverage 1.04 required for testing POD coverage

Test Summary Report
-------------------
t/01use.t         (Wstat: 256 Tests: 1 Failed: 1)
  Failed test:  1
  Non-zero exit status: 1
t/02basic.t       (Wstat: 256 Tests: 3 Failed: 1)
  Failed test:  1
  Non-zero exit status: 1
t/11version.t     (Wstat: 2048 Tests: 8 Failed: 8)
  Failed tests:  1-8
  Non-zero exit status: 8
t/50isolated.t    (Wstat: 65280 Tests: 1 Failed: 1)
  Failed test:  1
  Non-zero exit status: 255
Files=8, Tests=13,  1 wallclock secs ( 0.02 usr  0.01 sys +  0.25 cusr  0.06 csys =  0.34 CPU)
Result: FAIL
Failed 4/8 test programs. 11/13 subtests failed.
Makefile:900: recipe for target 'test_dynamic' failed
make: *** [test_dynamic] Error 255


PREREQUISITES:

Here is a list of prerequisites you specified and versions we
managed to load:

	  Module Name                        Have     Want
	  Class::Accessor                    0.34        0
	  ExtUtils::MakeMaker                7.18        0
	  File::Basename                     2.84        0
	  File::HomeDir                      1.00        0
	  Getopt::Long                       2.39        0
	  IPC::Cmd                           0.94        0
	  Path::Class                        0.37     0.34
	  Term::ReadLine                     1.12        0
	  Test::Deep                        1.126        0
	  Test::More                     1.302047        0

Perl module toolchain versions installed:
	Module Name                        Have
	CPANPLUS                         0.9160
	CPANPLUS::Dist::Build              0.80
	Cwd                                3.62
	ExtUtils::CBuilder             0.280224
	ExtUtils::Command                  7.18
	ExtUtils::Install                  2.04
	ExtUtils::MakeMaker                7.18
	ExtUtils::Manifest                 1.70
	ExtUtils::ParseXS                  3.30
	File::Spec                         3.62
	Module::Build                    0.4218
	Pod::Parser                        1.60
	Pod::Simple                        3.28
	Test2                          1.302047
	Test::Harness                      3.36
	Test::More                     1.302047
	version                          0.9917

******************************** NOTE ********************************
The comments above are created mechanically, possibly without manual
checking by the sender.  As there are many people performing automatic
tests on each upload to CPAN, it is likely that you will receive
identical messages about the same problem.

If you believe that the message is mistaken, please reply to the first
one with correction and/or additional informations, and do not take
it personally.  We appreciate your patience. :)
**********************************************************************

Additional comments:


This report was machine-generated by CPANPLUS::Dist::YACSmoke 0.98.
Powered by minismokebox version 0.58

------------------------------
ENVIRONMENT AND OTHER CONTEXT
------------------------------

Environment variables:

    AUTOMATED_TESTING = 1
    LANG = en_GB.UTF-8
    LANGUAGE = en_GB:en
    NONINTERACTIVE_TESTING = 1
    PATH = /home/cpan/pit/thr/conf/perl-5.18.2/.cpanplus/5.18.2/build/OmOzkAnbPR/Shell-Perl-0.0024/blib/script:/usr/local/sbin:/usr/local/bin:/usr/sbin:/usr/bin:/sbin:/bin:/usr/games:/usr/local/games:/snap/bin
    PERL5LIB = :/home/cpan/pit/thr/conf/perl-5.18.2/.cpanplus/5.18.2/build/Ibh4EluQb3/Class-Accessor-0.34/blib/lib:/home/cpan/pit/thr/conf/perl-5.18.2/.cpanplus/5.18.2/build/Ibh4EluQb3/Class-Accessor-0.34/blib/arch:/home/cpan/pit/thr/conf/perl-5.18.2/.cpanplus/5.18.2/build/U3IVTtAt8x/File-Which-1.21/blib/lib:/home/cpan/pit/thr/conf/perl-5.18.2/.cpanplus/5.18.2/build/U3IVTtAt8x/File-Which-1.21/blib/arch:/home/cpan/pit/thr/conf/perl-5.18.2/.cpanplus/5.18.2/build/fNA0mivaY2/File-HomeDir-1.00/blib/lib:/home/cpan/pit/thr/conf/perl-5.18.2/.cpanplus/5.18.2/build/fNA0mivaY2/File-HomeDir-1.00/blib/arch:/home/cpan/pit/thr/conf/perl-5.18.2/.cpanplus/5.18.2/build/vnvp2tdPjF/Path-Class-0.37/blib/lib:/home/cpan/pit/thr/conf/perl-5.18.2/.cpanplus/5.18.2/build/vnvp2tdPjF/Path-Class-0.37/blib/arch:/home/cpan/pit/thr/conf/perl-5.18.2/.cpanplus/5.18.2/build/bfmj4VDW03/Test-Deep-1.126/blib/lib:/home/cpan/pit/thr/conf/perl-5.18.2/.cpanplus/5.18.2/build/bfmj4VDW03/Test-Deep-1.126/blib/arch:/home/cpan/pit/thr/conf/perl-5.18.2/.cpanplus/5.18.2/build/OmOzkAnbPR/Shell-Perl-0.0024/blib/lib:/home/cpan/pit/thr/conf/perl-5.18.2/.cpanplus/5.18.2/build/OmOzkAnbPR/Shell-Perl-0.0024/blib/arch
    PERL5_CPANPLUS_IS_RUNNING = 29751
    PERL5_CPANPLUS_IS_VERSION = 0.9160
    PERL5_MINISMOKEBOX = 0.58
    PERL5_YACSMOKE_BASE = /home/cpan/pit/thr/conf/perl-5.18.2
    PERL_EXTUTILS_AUTOINSTALL = --defaultdeps
    PERL_MM_USE_DEFAULT = 1
    SHELL = /bin/bash
    TERM = screen

Perl special variables (and OS-specific diagnostics, for MSWin32):

    Perl: $^X = /home/cpan/pit/thr/perl-5.18.2/bin/perl
    UID:  $<  = 1001
    EUID: $>  = 1001
    GID:  $(  = 1001 1001
    EGID: $)  = 1001 1001


-------------------------------


--

Summary of my perl5 (revision 5 version 18 subversion 2) configuration:
   
  Platform:
    osname=linux, osvers=4.4.0-21-generic, archname=x86_64-linux-thread-multi
    uname='linux uchder 4.4.0-21-generic #37-ubuntu smp mon apr 18 18:33:37 utc 2016 x86_64 x86_64 x86_64 gnulinux '
    config_args='-des -Dprefix=/home/cpan/pit/thr/perl-5.18.2 -Dusethreads'
    hint=recommended, useposix=true, d_sigaction=define
    useithreads=define, usemultiplicity=define
    useperlio=define, d_sfio=undef, uselargefiles=define, usesocks=undef
    use64bitint=define, use64bitall=define, uselongdouble=undef
    usemymalloc=n, bincompat5005=undef
  Compiler:
    cc='cc', ccflags ='-D_REENTRANT -D_GNU_SOURCE -fno-strict-aliasing -pipe -fstack-protector -I/usr/local/include -D_LARGEFILE_SOURCE -D_FILE_OFFSET_BITS=64',
    optimize='-O2',
    cppflags='-D_REENTRANT -D_GNU_SOURCE -fno-strict-aliasing -pipe -fstack-protector -I/usr/local/include'
    ccversion='', gccversion='5.3.1 20160413', gccosandvers=''
    intsize=4, longsize=8, ptrsize=8, doublesize=8, byteorder=12345678
    d_longlong=define, longlongsize=8, d_longdbl=define, longdblsize=16
    ivtype='long', ivsize=8, nvtype='double', nvsize=8, Off_t='off_t', lseeksize=8
    alignbytes=8, prototype=define
  Linker and Libraries:
    ld='cc', ldflags =' -fstack-protector -L/usr/local/lib'
    libpth=/usr/local/lib /lib/x86_64-linux-gnu /lib/../lib /usr/lib/x86_64-linux-gnu /usr/lib/../lib /lib /usr/lib
    libs=-lnsl -lgdbm -ldl -lm -lcrypt -lutil -lpthread -lc -lgdbm_compat
    perllibs=-lnsl -ldl -lm -lcrypt -lutil -lpthread -lc
    libc=libc-2.23.so, so=so, useshrplib=false, libperl=libperl.a
    gnulibc_version='2.23'
  Dynamic Linking:
    dlsrc=dl_dlopen.xs, dlext=so, d_dlsymun=undef, ccdlflags='-Wl,-E'
    cccdlflags='-fPIC', lddlflags='-shared -O2 -L/usr/local/lib -fstack-protector'


Characteristics of this binary (from libperl): 
  Compile-time options: HAS_TIMES MULTIPLICITY PERLIO_LAYERS
                        PERL_DONT_CREATE_GVSV
                        PERL_HASH_FUNC_ONE_AT_A_TIME_HARD
                        PERL_IMPLICIT_CONTEXT PERL_MALLOC_WRAP
                        PERL_PRESERVE_IVUV PERL_SAWAMPERSAND USE_64_BIT_ALL
                        USE_64_BIT_INT USE_ITHREADS USE_LARGE_FILES
                        USE_LOCALE USE_LOCALE_COLLATE USE_LOCALE_CTYPE
                        USE_LOCALE_NUMERIC USE_PERLIO USE_PERL_ATOF
                        USE_REENTRANT_API
  Locally applied patches:
	Devel::PatchPerl 1.42
  Built under linux
  Compiled at May  2 2016 03:36:48
  %ENV:
    PERL5LIB=":/home/cpan/pit/thr/conf/perl-5.18.2/.cpanplus/5.18.2/build/Ibh4EluQb3/Class-Accessor-0.34/blib/lib:/home/cpan/pit/thr/conf/perl-5.18.2/.cpanplus/5.18.2/build/Ibh4EluQb3/Class-Accessor-0.34/blib/arch:/home/cpan/pit/thr/conf/perl-5.18.2/.cpanplus/5.18.2/build/U3IVTtAt8x/File-Which-1.21/blib/lib:/home/cpan/pit/thr/conf/perl-5.18.2/.cpanplus/5.18.2/build/U3IVTtAt8x/File-Which-1.21/blib/arch:/home/cpan/pit/thr/conf/perl-5.18.2/.cpanplus/5.18.2/build/fNA0mivaY2/File-HomeDir-1.00/blib/lib:/home/cpan/pit/thr/conf/perl-5.18.2/.cpanplus/5.18.2/build/fNA0mivaY2/File-HomeDir-1.00/blib/arch:/home/cpan/pit/thr/conf/perl-5.18.2/.cpanplus/5.18.2/build/vnvp2tdPjF/Path-Class-0.37/blib/lib:/home/cpan/pit/thr/conf/perl-5.18.2/.cpanplus/5.18.2/build/vnvp2tdPjF/Path-Class-0.37/blib/arch:/home/cpan/pit/thr/conf/perl-5.18.2/.cpanplus/5.18.2/build/bfmj4VDW03/Test-Deep-1.126/blib/lib:/home/cpan/pit/thr/conf/perl-5.18.2/.cpanplus/5.18.2/build/bfmj4VDW03/Test-Deep-1.126/blib/arch:/home/cpan/pit/thr/conf/perl-5.18.2/.cpanplus/5.18.2/build/OmOzkAnbPR/Shell-Perl-0.0024/blib/lib:/home/cpan/pit/thr/conf/perl-5.18.2/.cpanplus/5.18.2/build/OmOzkAnbPR/Shell-Perl-0.0024/blib/arch"
    PERL5_CPANPLUS_IS_RUNNING="29751"
    PERL5_CPANPLUS_IS_VERSION="0.9160"
    PERL5_MINISMOKEBOX="0.58"
    PERL5_YACSMOKE_BASE="/home/cpan/pit/thr/conf/perl-5.18.2"
    PERL_EXTUTILS_AUTOINSTALL="--defaultdeps"
    PERL_MM_USE_DEFAULT="1"
  @INC:
    /home/cpan/pit/thr/conf/perl-5.18.2/.cpanplus/5.18.2/build/Ibh4EluQb3/Class-Accessor-0.34/blib/lib
    /home/cpan/pit/thr/conf/perl-5.18.2/.cpanplus/5.18.2/build/Ibh4EluQb3/Class-Accessor-0.34/blib/arch
    /home/cpan/pit/thr/conf/perl-5.18.2/.cpanplus/5.18.2/build/U3IVTtAt8x/File-Which-1.21/blib/lib
    /home/cpan/pit/thr/conf/perl-5.18.2/.cpanplus/5.18.2/build/U3IVTtAt8x/File-Which-1.21/blib/arch
    /home/cpan/pit/thr/conf/perl-5.18.2/.cpanplus/5.18.2/build/fNA0mivaY2/File-HomeDir-1.00/blib/lib
    /home/cpan/pit/thr/conf/perl-5.18.2/.cpanplus/5.18.2/build/fNA0mivaY2/File-HomeDir-1.00/blib/arch
    /home/cpan/pit/thr/conf/perl-5.18.2/.cpanplus/5.18.2/build/vnvp2tdPjF/Path-Class-0.37/blib/lib
    /home/cpan/pit/thr/conf/perl-5.18.2/.cpanplus/5.18.2/build/vnvp2tdPjF/Path-Class-0.37/blib/arch
    /home/cpan/pit/thr/conf/perl-5.18.2/.cpanplus/5.18.2/build/bfmj4VDW03/Test-Deep-1.126/blib/lib
    /home/cpan/pit/thr/conf/perl-5.18.2/.cpanplus/5.18.2/build/bfmj4VDW03/Test-Deep-1.126/blib/arch
    /home/cpan/pit/thr/conf/perl-5.18.2/.cpanplus/5.18.2/build/OmOzkAnbPR/Shell-Perl-0.0024/blib/lib
    /home/cpan/pit/thr/conf/perl-5.18.2/.cpanplus/5.18.2/build/OmOzkAnbPR/Shell-Perl-0.0024/blib/arch
    /home/cpan/pit/thr/perl-5.18.2/lib/site_perl/5.18.2/x86_64-linux-thread-multi
    /home/cpan/pit/thr/perl-5.18.2/lib/site_perl/5.18.2
    /home/cpan/pit/thr/perl-5.18.2/lib/5.18.2/x86_64-linux-thread-multi
    /home/cpan/pit/thr/perl-5.18.2/lib/5.18.2
    .